388
CDUS43 KDMX 132338
CLIALO

CLIMATE REPORT
NATIONAL WEATHER SERVICE DES MOINES IA
534 PM CST SAT FEB 13 2016


...................................

...THE WATERLOO IA CLIMATE SUMMARY FOR FEBRUARY 13 2016...
VALID TODAY AS OF 0500 PM LOCAL TIME.

CLIMATE NORMAL PERIOD 1981 TO 2010
CLIMATE RECORD PERIOD 1895 TO 2016


WEATHER ITEM   OBSERVED TIME   RECORD YEAR NORMAL DEPARTURE LAST
                VALUE   (LST)  VALUE       VALUE  FROM      YEAR
                                                  NORMAL
..................................................................
TEMPERATURE (F)
 TODAY
  MAXIMUM          9    217 PM  55    1921  31    -22       31
  MINIMUM         -6    517 AM -27    1905  14    -20        9
  AVERAGE          2                        22    -20       20

PRECIPITATION (IN)
  TODAY            0.00          0.95 1906   0.03  -0.03     0.00
  MONTH TO DATE    0.67                      0.40   0.27     0.58
  SINCE DEC 1      7.37                      2.43   4.94     3.22
  SINCE JAN 1      1.45                      1.23   0.22     1.58

SNOWFALL (IN)
  TODAY            0.0           5.2  1949   0.2   -0.2      0.0
  MONTH TO DATE    8.7                       3.8    4.9      6.7
  SINCE DEC 1     26.2                      21.9    4.3     17.9
  SINCE JUL 1     38.9                      25.3   13.6     23.3
  SNOW DEPTH       4

DEGREE DAYS
 HEATING
  TODAY           63                        42     21       45
  MONTH TO DATE  614                       573     41      638
  SINCE DEC 1   2996                      3344   -348     3144
  SINCE JUL 1   4211                      4827   -616     4893

 COOLING
  TODAY            0                         0      0        0
  MONTH TO DATE    0                         0      0        0
  SINCE DEC 1      0                         0      0        0
  SINCE JAN 1      0                         0      0        0
..................................................................


WIND (MPH)
  HIGHEST WIND SPEED    12   HIGHEST WIND DIRECTION     E (80)
  HIGHEST GUST SPEED    13   HIGHEST GUST DIRECTION     E (100)
  AVERAGE WIND SPEED     4.7


SKY COVER
  POSSIBLE SUNSHINE  MM
  AVERAGE SKY COVER 0.2


WEATHER CONDITIONS
 THE FOLLOWING WEATHER WAS RECORDED TODAY.
  NO SIGNIFICANT WEATHER WAS OBSERVED.


RELATIVE HUMIDITY (PERCENT)
 HIGHEST    75           500 AM
 LOWEST     55           100 PM
 AVERAGE    65

..........................................................


THE WATERLOO IA CLIMATE NORMALS FOR TOMORROW
                         NORMAL    RECORD    YEAR
 MAXIMUM TEMPERATURE (F)   32        62      1934
 MINIMUM TEMPERATURE (F)   14       -20      1951


SUNRISE AND SUNSET
FEBRUARY 13 2016......SUNRISE   710 AM CST   SUNSET   538 PM CST
FEBRUARY 14 2016......SUNRISE   708 AM CST   SUNSET   540 PM CST


-  INDICATES NEGATIVE NUMBERS.
R  INDICATES RECORD WAS SET OR TIED.
MM INDICATES DATA IS MISSING.
T  INDICATES TRACE AMOUNT.




$$
