000
CDUS43 KDMX 010632 RRA
CLIALO

CLIMATE REPORT
NATIONAL WEATHER SERVICE DES MOINES IA
131 AM CDT MON SEP 1 2014


...................................

...THE WATERLOO IA CLIMATE SUMMARY FOR AUGUST 31 2014...

CLIMATE NORMAL PERIOD 1981 TO 2010
CLIMATE RECORD PERIOD 1895 TO 2014


WEATHER ITEM   OBSERVED TIME   RECORD YEAR NORMAL DEPARTURE LAST
                VALUE   (LST)  VALUE       VALUE  FROM      YEAR
                                                  NORMAL
..................................................................
TEMPERATURE (F)
 YESTERDAY
  MAXIMUM         87    314 PM  99    2000  80      7       83
  MINIMUM         57    353 AM  36    1915  57      0       66
  AVERAGE         72                        69      3       75

PRECIPITATION (IN)
  YESTERDAY        0.49          1.96 2010   0.12   0.37     0.00
  MONTH TO DATE    2.49                      4.27  -1.78     1.93
  SINCE JUN 1     13.26                     14.16  -0.90    10.64
  SINCE JAN 1     27.29                     26.28   1.01    34.22

SNOWFALL (IN)
  YESTERDAY        0.0          MM      MM   0.0    0.0      0.0
  MONTH TO DATE    0.0                       0.0    0.0      0.0
  SINCE JUN 1      0.0                       0.0    0.0      0.0
  SINCE JUL 1      0.0                       0.0    0.0      0.0
  SNOW DEPTH       0

DEGREE DAYS
 HEATING
  YESTERDAY        0                         1     -1        0
  MONTH TO DATE    0                        14    -14        6
  SINCE JUN 1     24                        46    -22       58
  SINCE JUL 1     17                        20     -3       20

 COOLING
  YESTERDAY        7                         5      2       10
  MONTH TO DATE  221                       208     13      220
  SINCE JUN 1    540                       656   -116      643
  SINCE JAN 1    607                       712   -105      696
..................................................................


WIND (MPH)
  HIGHEST WIND SPEED    41   HIGHEST WIND DIRECTION     W (270)
  HIGHEST GUST SPEED    55   HIGHEST GUST DIRECTION     W (270)
  AVERAGE WIND SPEED    10.4


SKY COVER
  POSSIBLE SUNSHINE  MM
  AVERAGE SKY COVER 0.3


WEATHER CONDITIONS
 THE FOLLOWING WEATHER WAS RECORDED YESTERDAY.
  THUNDERSTORM
  HEAVY RAIN
  RAIN
  LIGHT RAIN
  FOG
  FOG W/VISIBILITY <= 1/4 MILE


RELATIVE HUMIDITY (PERCENT)
 HIGHEST   100           200 AM
 LOWEST     57           100 PM
 AVERAGE    79

..........................................................


THE WATERLOO IA CLIMATE NORMALS FOR TODAY
                         NORMAL    RECORD    YEAR
 MAXIMUM TEMPERATURE (F)   80        97      1984
                                             1922
 MINIMUM TEMPERATURE (F)   57        36      1967
                                             1949


SUNRISE AND SUNSET
SEPTEMBER  1 2014.....SUNRISE   635 AM CDT   SUNSET   744 PM CDT
SEPTEMBER  2 2014.....SUNRISE   636 AM CDT   SUNSET   742 PM CDT


-  INDICATES NEGATIVE NUMBERS.
R  INDICATES RECORD WAS SET OR TIED.
MM INDICATES DATA IS MISSING.
T  INDICATES TRACE AMOUNT.




$$
