630
CDUS43 KDMX 170641
CLIALO

CLIMATE REPORT
NATIONAL WEATHER SERVICE DES MOINES IA
1239 AM CST TUE JAN 17 2017


...................................

...THE WATERLOO IA CLIMATE SUMMARY FOR JANUARY 16 2017...

CLIMATE NORMAL PERIOD 1981 TO 2010
CLIMATE RECORD PERIOD 1895 TO 2017


WEATHER ITEM   OBSERVED TIME   RECORD YEAR NORMAL DEPARTURE LAST
                VALUE   (LST)  VALUE       VALUE  FROM      YEAR
                                                  NORMAL
..................................................................
TEMPERATURE (F)
 YESTERDAY
  MAXIMUM         33   1159 PM  56    1914  27      6       14
  MINIMUM         29    339 AM -34    2009   9     20       -5
  AVERAGE         31                        18     13        5

PRECIPITATION (IN)
  YESTERDAY        0.63          0.91 1980   0.02   0.61      T
  MONTH TO DATE    1.93                      0.42   1.51     0.54
  SINCE DEC 1      3.80                      1.62   2.18     6.46
  SINCE JAN 1      1.93                      0.42   1.51     0.54

SNOWFALL (IN)
  YESTERDAY        0.0           2.3  1994   0.3   -0.3       T
  MONTH TO DATE    0.6                       4.0   -3.4      0.8
  SINCE DEC 1     11.1                      13.9   -2.8     14.8
  SINCE JUL 1     11.1                      17.3   -6.2     27.5
  SNOW DEPTH       T

DEGREE DAYS
 HEATING
  YESTERDAY       34                        47    -13       60
  MONTH TO DATE  764                       748     16      742
  SINCE DEC 1   2087                      2076     11     1698
  SINCE JUL 1   3076                      3559   -483     2913

 COOLING
  YESTERDAY        0                         0      0        0
  MONTH TO DATE    0                         0      0        0
  SINCE DEC 1      0                         0      0        0
  SINCE JAN 1      0                         0      0        0
..................................................................


WIND (MPH)
  HIGHEST WIND SPEED    13   HIGHEST WIND DIRECTION     E (80)
  HIGHEST GUST SPEED    16   HIGHEST GUST DIRECTION     E (100)
  AVERAGE WIND SPEED     7.5


SKY COVER
  POSSIBLE SUNSHINE  MM
  AVERAGE SKY COVER 1.0


WEATHER CONDITIONS
 THE FOLLOWING WEATHER WAS RECORDED YESTERDAY.
  RAIN
  LIGHT RAIN
  LT FREEZING RAIN
  FOG


RELATIVE HUMIDITY (PERCENT)
 HIGHEST    96           400 PM
 LOWEST     69          1200 AM
 AVERAGE    83

..........................................................


THE WATERLOO IA CLIMATE NORMALS FOR TODAY
                         NORMAL    RECORD    YEAR
 MAXIMUM TEMPERATURE (F)   27        54      1996
 MINIMUM TEMPERATURE (F)    9       -28      1977


SUNRISE AND SUNSET
JANUARY 17 2017.......SUNRISE   735 AM CST   SUNSET   505 PM CST
JANUARY 18 2017.......SUNRISE   735 AM CST   SUNSET   506 PM CST


-  INDICATES NEGATIVE NUMBERS.
R  INDICATES RECORD WAS SET OR TIED.
MM INDICATES DATA IS MISSING.
T  INDICATES TRACE AMOUNT.

$$
