000
CDUS45 KPUB 191145
CLIALS


CLIMATE REPORT
NATIONAL WEATHER SERVICE PUEBLO
445 AM MST MON FEB 19 2018


...................................

...THE ALAMOSA CO CLIMATE SUMMARY FOR FEBRUARY 18 2018...

CLIMATE NORMAL PERIOD 1981 TO 2010
CLIMATE RECORD PERIOD 1932 TO 2018


WEATHER ITEM   OBSERVED TIME   RECORD YEAR NORMAL DEPARTURE LAST
                VALUE   (LST)  VALUE       VALUE  FROM      YEAR
                                                  NORMAL
..................................................................
TEMPERATURE (F)
 YESTERDAY
  MAXIMUM         55    235 PM  61    2016  41     14       50
  MINIMUM         27   1244 AM -22    1960   7     20       26
  AVERAGE         41                        24     17       38

PRECIPITATION (IN)
  YESTERDAY        0.00          0.12 1980   0.01  -0.01     0.00
  MONTH TO DATE    0.21                      0.16   0.05     0.27
  SINCE DEC 1      0.43                      0.77  -0.34     2.71
  SINCE JAN 1      0.29                      0.42  -0.13     1.63

SNOWFALL (IN)
  YESTERDAY        0.0           1.1  1987   0.2   -0.2      0.0
  MONTH TO DATE    3.0                       2.5    0.5      2.1
  SINCE DEC 1      5.8                      11.0   -5.2     34.2
  SINCE JUL 1      6.2                      16.8  -10.6     35.2
  SNOW DEPTH       0

DEGREE DAYS
 HEATING
  YESTERDAY       24                        41    -17       27
  MONTH TO DATE  610                       793   -183      652
  SINCE DEC 1   3105                      3765   -660     3589
  SINCE JUL 1   4871                      5940  -1069     5453

 COOLING
  YESTERDAY        0                         0      0        0
  MONTH TO DATE    0                         0      0        0
  SINCE DEC 1      0                         0      0        0
  SINCE JAN 1      0                         0      0        0
..................................................................


WIND (MPH)
  HIGHEST WIND SPEED    36   HIGHEST WIND DIRECTION    SW (240)
  HIGHEST GUST SPEED    43   HIGHEST GUST DIRECTION    SW (210)
  AVERAGE WIND SPEED    18.4


SKY COVER
  POSSIBLE SUNSHINE  MM
  AVERAGE SKY COVER 0.1


WEATHER CONDITIONS
 THE FOLLOWING WEATHER WAS RECORDED YESTERDAY.
  NO SIGNIFICANT WEATHER WAS OBSERVED.


RELATIVE HUMIDITY (PERCENT)
 HIGHEST    64          1100 PM
 LOWEST     14           200 PM
 AVERAGE    39

..........................................................


THE ALAMOSA CO CLIMATE NORMALS FOR TODAY
                         NORMAL    RECORD    YEAR
 MAXIMUM TEMPERATURE (F)   41        60      2016
                                             1981
 MINIMUM TEMPERATURE (F)    8       -17      1992


SUNRISE AND SUNSET
FEBRUARY 19 2018......SUNRISE   648 AM MST   SUNSET   547 PM MST
FEBRUARY 20 2018......SUNRISE   646 AM MST   SUNSET   548 PM MST


-  INDICATES NEGATIVE NUMBERS.
R  INDICATES RECORD WAS SET OR TIED.
MM INDICATES DATA IS MISSING.
T  INDICATES TRACE AMOUNT.




$$
