000
CDUS45 KPUB 021050
CLIALS


CLIMATE REPORT
NATIONAL WEATHER SERVICE PUEBLO
445 AM MDT MON MAY 2 2016


...................................

...THE ALAMOSA CO CLIMATE SUMMARY FOR MAY 1 2016...

CLIMATE NORMAL PERIOD 1981 TO 2010
CLIMATE RECORD PERIOD 1932 TO 2016


WEATHER ITEM   OBSERVED TIME   RECORD YEAR NORMAL DEPARTURE LAST
                VALUE   (LST)  VALUE       VALUE  FROM      YEAR
                                                  NORMAL
..................................................................
TEMPERATURE (F)
 YESTERDAY
  MAXIMUM         45    259 PM  78    2001  64    -19       74
  MINIMUM         28    622 AM  11    1967  29     -1       39
  AVERAGE         37                        47    -10       57

PRECIPITATION (IN)
  YESTERDAY        0.08          0.50 1990   0.02   0.06     0.00
  MONTH TO DATE    0.08                      0.02   0.06     0.00
  SINCE MAR 1      2.35                      1.14   1.21     0.83
  SINCE JAN 1      3.33                      1.66   1.67     2.17

SNOWFALL (IN)
  YESTERDAY        0.8           3.1  1999   0.1    0.7      0.0
  MONTH TO DATE    0.8                       0.1    0.7      0.0
  SINCE MAR 1     24.2                       8.7   15.5      0.7
  SINCE JUL 1     43.0                      26.8   16.2     23.8
  SNOW DEPTH       0

DEGREE DAYS
 HEATING
  YESTERDAY       28                        18     10        8
  MONTH TO DATE   28                        18     10        8
  SINCE MAR 1   1630                      1689    -59     1433
  SINCE JUL 1   7396                      8018   -622     6925

 COOLING
  YESTERDAY        0                         0      0        0
  MONTH TO DATE    0                         0      0        0
  SINCE MAR 1      0                         0      0        0
  SINCE JAN 1      0                         0      0        0
..................................................................


WIND (MPH)
  HIGHEST WIND SPEED    25   HIGHEST WIND DIRECTION     E (110)
  HIGHEST GUST SPEED    30   HIGHEST GUST DIRECTION     E (110)
  AVERAGE WIND SPEED    11.3


SKY COVER
  POSSIBLE SUNSHINE  MM
  AVERAGE SKY COVER 0.9


WEATHER CONDITIONS
 THE FOLLOWING WEATHER WAS RECORDED YESTERDAY.
  SNOW
  LIGHT SNOW
  FOG
  FOG W/VISIBILITY <= 1/4 MILE


RELATIVE HUMIDITY (PERCENT)
 HIGHEST   100           600 AM
 LOWEST     51           500 PM
 AVERAGE    76

..........................................................


THE ALAMOSA CO CLIMATE NORMALS FOR TODAY
                         NORMAL    RECORD    YEAR
 MAXIMUM TEMPERATURE (F)   65        81      1943
 MINIMUM TEMPERATURE (F)   30        13      2008


SUNRISE AND SUNSET
MAY  2 2016...........SUNRISE   607 AM MDT   SUNSET   755 PM MDT
MAY  3 2016...........SUNRISE   605 AM MDT   SUNSET   756 PM MDT


-  INDICATES NEGATIVE NUMBERS.
R  INDICATES RECORD WAS SET OR TIED.
MM INDICATES DATA IS MISSING.
T  INDICATES TRACE AMOUNT.




$$
