000
CDUS45 KPUB 081145
CLIALS


CLIMATE REPORT
NATIONAL WEATHER SERVICE PUEBLO
445 AM MST MON FEB 8 2016


...................................

...THE ALAMOSA CO CLIMATE SUMMARY FOR FEBRUARY 7 2016...

CLIMATE NORMAL PERIOD 1981 TO 2010
CLIMATE RECORD PERIOD 1932 TO 2016


WEATHER ITEM   OBSERVED TIME   RECORD YEAR NORMAL DEPARTURE LAST
                VALUE   (LST)  VALUE       VALUE  FROM      YEAR
                                                  NORMAL
..................................................................
TEMPERATURE (F)
 YESTERDAY
  MAXIMUM         45    358 PM  57    2015  37      8       57
  MINIMUM         -3    624 AM -30    1989   2     -5       11
  AVERAGE         21                        20      1       34

PRECIPITATION (IN)
  YESTERDAY        0.00          0.10 2012   0.01  -0.01     0.00
                                      1937
  MONTH TO DATE    0.15                      0.06   0.09     0.00
  SINCE DEC 1      0.98                      0.67   0.31     0.54
  SINCE JAN 1      0.73                      0.32   0.41     0.33

SNOWFALL (IN)
  YESTERDAY        0.0           2.0  2012   0.2   -0.2      0.0
                                      1937
  MONTH TO DATE    2.0                       1.0    1.0      0.0
  SINCE DEC 1     12.4                       9.5    2.9      5.6
  SINCE JUL 1     16.7                      15.3    1.4      7.2
  SNOW DEPTH       0

DEGREE DAYS
 HEATING
  YESTERDAY       44                        45     -1       31
  MONTH TO DATE  370                       321     49      236
  SINCE DEC 1   3306                      3293     13     2853
  SINCE JUL 1   5084                      5468   -384     4696

 COOLING
  YESTERDAY        0                         0      0        0
  MONTH TO DATE    0                         0      0        0
  SINCE DEC 1      0                         0      0        0
  SINCE JAN 1      0                         0      0        0
..................................................................


WIND (MPH)
  HIGHEST WIND SPEED    12   HIGHEST WIND DIRECTION     W (280)
  HIGHEST GUST SPEED    15   HIGHEST GUST DIRECTION     W (280)
  AVERAGE WIND SPEED     3.6


SKY COVER
  POSSIBLE SUNSHINE  MM
  AVERAGE SKY COVER 0.0


WEATHER CONDITIONS
 THE FOLLOWING WEATHER WAS RECORDED YESTERDAY.
  NO SIGNIFICANT WEATHER WAS OBSERVED.


RELATIVE HUMIDITY (PERCENT)
 HIGHEST    88          1100 PM
 LOWEST     30           300 PM
 AVERAGE    59

..........................................................


THE ALAMOSA CO CLIMATE NORMALS FOR TODAY
                         NORMAL    RECORD    YEAR
 MAXIMUM TEMPERATURE (F)   38        59      2015
 MINIMUM TEMPERATURE (F)    3       -32      1933


SUNRISE AND SUNSET
FEBRUARY  8 2016......SUNRISE   701 AM MST   SUNSET   535 PM MST
FEBRUARY  9 2016......SUNRISE   700 AM MST   SUNSET   536 PM MST


-  INDICATES NEGATIVE NUMBERS.
R  INDICATES RECORD WAS SET OR TIED.
MM INDICATES DATA IS MISSING.
T  INDICATES TRACE AMOUNT.




$$
