000
CDUS45 KPUB 281058
CLIALS


CLIMATE REPORT
NATIONAL WEATHER SERVICE PUEBLO
458 AM MDT SAT MAR 28 2015


...................................

...THE ALAMOSA CO CLIMATE SUMMARY FOR MARCH 27 2015...

CLIMATE NORMAL PERIOD 1981 TO 2010
CLIMATE RECORD PERIOD 1932 TO 2015


WEATHER ITEM   OBSERVED TIME   RECORD YEAR NORMAL DEPARTURE LAST
                VALUE   (LST)  VALUE       VALUE  FROM      YEAR
                                                  NORMAL
..................................................................
TEMPERATURE (F)
 YESTERDAY
  MAXIMUM         69R   356 PM  69    2012  54     15       51
  MINIMUM         22    613 AM   2    1955  20      2       25
  AVERAGE         46                        37      9       38

PRECIPITATION (IN)
  YESTERDAY        0.00          0.81 1973   0.02  -0.02     0.00
  MONTH TO DATE    0.40                      0.45  -0.05     0.40
  SINCE MAR 1      0.40                      0.45  -0.05     0.40
  SINCE JAN 1      1.74                      0.97   0.77     0.52

SNOWFALL (IN)
  YESTERDAY        0.0          11.4  1973   0.2   -0.2      0.0
  MONTH TO DATE    T                         4.3   -4.3      3.4
  SINCE MAR 1      T                         4.3   -4.3      3.4
  SINCE JUL 1     23.1                      22.4    0.7     31.5
  SNOW DEPTH       0

DEGREE DAYS
 HEATING
  YESTERDAY       19                        28     -9       27
  MONTH TO DATE  720                       865   -145      771
  SINCE MAR 1    720                       865   -145      771
  SINCE JUL 1   6212                      7194   -982     7339

 COOLING
  YESTERDAY        0                         0      0        0
  MONTH TO DATE    0                         0      0        0
  SINCE MAR 1      0                         0      0        0
  SINCE JAN 1      0                         0      0        0
..................................................................


WIND (MPH)
  HIGHEST WIND SPEED    24   HIGHEST WIND DIRECTION     N (350)
  HIGHEST GUST SPEED    32   HIGHEST GUST DIRECTION    NW (330)
  AVERAGE WIND SPEED     7.8


SKY COVER
  POSSIBLE SUNSHINE  MM
  AVERAGE SKY COVER 0.0


WEATHER CONDITIONS
 THE FOLLOWING WEATHER WAS RECORDED YESTERDAY.
  NO SIGNIFICANT WEATHER WAS OBSERVED.


RELATIVE HUMIDITY (PERCENT)
 HIGHEST    74           600 AM
 LOWEST     11           400 PM
 AVERAGE    43

..........................................................


THE ALAMOSA CO CLIMATE NORMALS FOR TODAY
                         NORMAL    RECORD    YEAR
 MAXIMUM TEMPERATURE (F)   54        69      2012
                                             1986
 MINIMUM TEMPERATURE (F)   20        -5      1984
                                             1970


SUNRISE AND SUNSET
MARCH 28 2015.........SUNRISE   655 AM MDT   SUNSET   722 PM MDT
MARCH 29 2015.........SUNRISE   654 AM MDT   SUNSET   723 PM MDT


-  INDICATES NEGATIVE NUMBERS.
R  INDICATES RECORD WAS SET OR TIED.
MM INDICATES DATA IS MISSING.
T  INDICATES TRACE AMOUNT.




$$
