000
CDUS44 KAMA 162133
CLIAMA


CLIMATE REPORT
NATIONAL WEATHER SERVICE AMARILLO TX
432 PM CDT WED APR 16 2014


...................................

...THE AMARILLO CLIMATE SUMMARY FOR APRIL 16 2014...
VALID TODAY AS OF 0400 PM LOCAL TIME.

CLIMATE NORMAL PERIOD 1981 TO 2010
CLIMATE RECORD PERIOD 1892 TO 2014


WEATHER ITEM   OBSERVED TIME   RECORD YEAR NORMAL DEPARTURE LAST
                VALUE   (LST)  VALUE       VALUE  FROM      YEAR
                                                  NORMAL
..................................................................
TEMPERATURE (F)
 TODAY
  MAXIMUM         76    322 PM  94    1937  71      5       70
  MINIMUM         45    724 AM  29    1974  42      3       39
                                      1951
                                      1947
  AVERAGE         61                        56      5       55

PRECIPITATION (IN)
  TODAY            0.00          1.23 2010   0.05  -0.05     0.00
                                      1988
  MONTH TO DATE    0.51                      0.68  -0.17     0.02
  SINCE MAR 1      0.71                      2.07  -1.36     0.17
  SINCE JAN 1      1.10                      3.35  -2.25     3.46

SNOWFALL (IN)
  TODAY            0.0           0.8  1947   0.0    0.0      0.0
  MONTH TO DATE    0.4                       0.5   -0.1       T
  SINCE MAR 1      0.7                       3.4   -2.7      0.1
  SINCE JUL 1     12.8                      17.4   -4.6     29.7
  SNOW DEPTH       0

DEGREE DAYS
 HEATING
  TODAY            4                         9     -5       10
  MONTH TO DATE  168                       179    -11      188
  SINCE MAR 1    727                       711     16      625
  SINCE JUL 1   4080                      3988     92     3490

 COOLING
  TODAY            0                         1     -1        0
  MONTH TO DATE    5                         2      3       11
  SINCE MAR 1      5                         4      1       11
  SINCE JAN 1      5                         4      1       11
..................................................................


WIND (MPH)
  RESULTANT WIND SPEED  11   RESULTANT WIND DIRECTION   S (190)
  HIGHEST WIND SPEED    26   HIGHEST WIND DIRECTION     S (190)
  HIGHEST GUST SPEED    33   HIGHEST GUST DIRECTION     S (190)
  AVERAGE WIND SPEED    15.5


SKY COVER
  AVERAGE SKY COVER 0.0


WEATHER CONDITIONS
 THE FOLLOWING WEATHER WAS RECORDED TODAY.
  NO SIGNIFICANT WEATHER WAS OBSERVED.


RELATIVE HUMIDITY (PERCENT)
 HIGHEST    25           700 AM
 LOWEST      9           100 PM
 AVERAGE    17

..........................................................


THE AMARILLO CLIMATE NORMALS FOR TOMORROW
                         NORMAL    RECORD    YEAR
 MAXIMUM TEMPERATURE (F)   72        90      1955
                                             1928
 MINIMUM TEMPERATURE (F)   42        23      1921


SUNRISE AND SUNSET
APRIL 16 2014.........SUNRISE   713 AM CDT   SUNSET   820 PM CDT
APRIL 17 2014.........SUNRISE   712 AM CDT   SUNSET   821 PM CDT


-  INDICATES NEGATIVE NUMBERS.
R  INDICATES RECORD WAS SET OR TIED.
MM INDICATES DATA IS MISSING.
T  INDICATES TRACE AMOUNT.




$$
