000
CDUS44 KAMA 200729
CLIAMA


CLIMATE REPORT
NATIONAL WEATHER SERVICE AMARILLO TX
127 AM CST MON NOV 20 2017


...................................

...THE AMARILLO CLIMATE SUMMARY FOR NOVEMBER 19 2017...

CLIMATE NORMAL PERIOD 1981 TO 2010
CLIMATE RECORD PERIOD 1892 TO 2017


WEATHER ITEM   OBSERVED TIME   RECORD YEAR NORMAL DEPARTURE LAST
                VALUE   (LST)  VALUE       VALUE  FROM      YEAR
                                                  NORMAL
..................................................................
TEMPERATURE (F)
 YESTERDAY
  MAXIMUM         60    325 PM  82    2007  58      2       56
  MINIMUM         25    646 AM  13    1906  31     -6       19
  AVERAGE         43                        45     -2       38

PRECIPITATION (IN)
  YESTERDAY        0.00          0.71 1906   0.02  -0.02     0.00
  MONTH TO DATE    T                         0.57  -0.57     1.05
  SINCE SEP 1      5.60                      4.15   1.45     2.00
  SINCE JAN 1     26.48                     19.42   7.06    16.88

SNOWFALL (IN)
  YESTERDAY        0.0           8.5  1906   0.1   -0.1      0.0
  MONTH TO DATE    T                         1.3   -1.3      0.0
  SINCE SEP 1      T                         1.5   -1.5      0.0
  SINCE JUL 1      T                         1.5   -1.5       T
  SNOW DEPTH       0

DEGREE DAYS
 HEATING
  YESTERDAY       22                        20      2       27
  MONTH TO DATE  215                       310    -95      199
  SINCE SEP 1    483                       589   -106      285
  SINCE JUL 1    483                       590   -107      285

 COOLING
  YESTERDAY        0                         0      0        0
  MONTH TO DATE    8                         0      8        3
  SINCE SEP 1    240                       206     34      320
  SINCE JAN 1   1487                      1398     89     1694
..................................................................


WIND (MPH)
  RESULTANT WIND SPEED  14   RESULTANT WIND DIRECTION   S (200)
  HIGHEST WIND SPEED    25   HIGHEST WIND DIRECTION    SW (210)
  HIGHEST GUST SPEED    30   HIGHEST GUST DIRECTION     S (200)
  AVERAGE WIND SPEED    14.2


SKY COVER
  AVERAGE SKY COVER 0.0


WEATHER CONDITIONS
 THE FOLLOWING WEATHER WAS RECORDED YESTERDAY.
  NO SIGNIFICANT WEATHER WAS OBSERVED.


RELATIVE HUMIDITY (PERCENT)
 HIGHEST    63           400 AM
 LOWEST     16           400 PM
 AVERAGE    40

..........................................................


THE AMARILLO CLIMATE NORMALS FOR TODAY
                         NORMAL    RECORD    YEAR
 MAXIMUM TEMPERATURE (F)   58        85      2007
                                             1996
 MINIMUM TEMPERATURE (F)   30         4      1906


SUNRISE AND SUNSET
NOVEMBER 20 2017......SUNRISE   727 AM CST   SUNSET   538 PM CST
NOVEMBER 21 2017......SUNRISE   728 AM CST   SUNSET   537 PM CST


-  INDICATES NEGATIVE NUMBERS.
R  INDICATES RECORD WAS SET OR TIED.
MM INDICATES DATA IS MISSING.
T  INDICATES TRACE AMOUNT.




$$
