000
CDUS44 KAMA 250629
CLIAMA


CLIMATE REPORT
NATIONAL WEATHER SERVICE AMARILLO TX
129 AM CDT MON SEP 25 2017


...................................

...THE AMARILLO CLIMATE SUMMARY FOR SEPTEMBER 24 2017...

CLIMATE NORMAL PERIOD 1981 TO 2010
CLIMATE RECORD PERIOD 1892 TO 2017


WEATHER ITEM   OBSERVED TIME   RECORD YEAR NORMAL DEPARTURE LAST
                VALUE   (LST)  VALUE       VALUE  FROM      YEAR
                                                  NORMAL
..................................................................
TEMPERATURE (F)
 YESTERDAY
  MAXIMUM         78    433 PM  98    1998  80     -2       86
  MINIMUM         61    210 AM  35    1989  53      8       58
  AVERAGE         70                        66      4       72

PRECIPITATION (IN)
  YESTERDAY        0.46          1.61 1959   0.06   0.40     0.00
  MONTH TO DATE    0.96                      1.55  -0.59     0.82
  SINCE SEP 1      0.96                      1.55  -0.59     0.82
  SINCE JAN 1     21.84                     16.82   5.02    15.70

SNOWFALL (IN)
  YESTERDAY        0.0           T    2014   0.0    0.0      0.0
  MONTH TO DATE    0.0                       0.0    0.0      0.0
  SINCE SEP 1      0.0                       0.0    0.0      0.0
  SINCE JUL 1      T                         0.0    0.0       T
  SNOW DEPTH      MM

DEGREE DAYS
 HEATING
  YESTERDAY        0                         3     -3        0
  MONTH TO DATE    2                        23    -21        1
  SINCE SEP 1      2                        23    -21        1
  SINCE JUL 1      2                        24    -22        1

 COOLING
  YESTERDAY        5                         4      1        7
  MONTH TO DATE  191                       160     31      207
  SINCE SEP 1    191                       160     31      207
  SINCE JAN 1   1438                      1352     86     1581
..................................................................


WIND (MPH)
  RESULTANT WIND SPEED  17   RESULTANT WIND DIRECTION   S (160)
  HIGHEST WIND SPEED    23   HIGHEST WIND DIRECTION    SE (140)
  HIGHEST GUST SPEED    28   HIGHEST GUST DIRECTION    SE (140)
  AVERAGE WIND SPEED    15.6


SKY COVER
  AVERAGE SKY COVER 0.8


WEATHER CONDITIONS
 THE FOLLOWING WEATHER WAS RECORDED YESTERDAY.
  THUNDERSTORM
  HEAVY RAIN
  RAIN
  LIGHT RAIN
  FOG


RELATIVE HUMIDITY (PERCENT)
 HIGHEST    90           800 PM
 LOWEST     64           400 PM
 AVERAGE    77

..........................................................


THE AMARILLO CLIMATE NORMALS FOR TODAY
                         NORMAL    RECORD    YEAR
 MAXIMUM TEMPERATURE (F)   79        94      1951
                                             1910
 MINIMUM TEMPERATURE (F)   53        32      1926


SUNRISE AND SUNSET
SEPTEMBER 25 2017.....SUNRISE   737 AM CDT   SUNSET   739 PM CDT
SEPTEMBER 26 2017.....SUNRISE   738 AM CDT   SUNSET   737 PM CDT


-  INDICATES NEGATIVE NUMBERS.
R  INDICATES RECORD WAS SET OR TIED.
MM INDICATES DATA IS MISSING.
T  INDICATES TRACE AMOUNT.




$$
