000
CDUS44 KAMA 052238
CLIAMA


CLIMATE REPORT
NATIONAL WEATHER SERVICE AMARILLO TX
437 PM CST THU MAR 5 2015


...................................

...THE AMARILLO CLIMATE SUMMARY FOR MARCH 5 2015...
VALID TODAY AS OF 0400 PM LOCAL TIME.

CLIMATE NORMAL PERIOD 1981 TO 2010
CLIMATE RECORD PERIOD 1892 TO 2015


WEATHER ITEM   OBSERVED TIME   RECORD YEAR NORMAL DEPARTURE LAST
                VALUE   (LST)  VALUE       VALUE  FROM      YEAR
                                                  NORMAL
..................................................................
TEMPERATURE (F)
 TODAY
  MAXIMUM         46    420 PM  87    1910  59    -13       45
  MINIMUM         12    707 AM   4    1948  31    -19       24
  AVERAGE         29                        45    -16       35

PRECIPITATION (IN)
  TODAY            0.00          0.50 1892   0.03  -0.03     0.02
  MONTH TO DATE    0.03                      0.16  -0.13     0.09
  SINCE MAR 1      0.03                      0.16  -0.13     0.09
  SINCE JAN 1      2.11                      1.44   0.67     0.48

SNOWFALL (IN)
  TODAY            0.0           2.2  1969   0.1   -0.1       T
  MONTH TO DATE    0.1                       0.4   -0.3      0.3
  SINCE MAR 1      0.1                       0.4   -0.3      0.3
  SINCE JUL 1     23.9                      14.4    9.5     12.4
  SNOW DEPTH       0

DEGREE DAYS
 HEATING
  TODAY           36                        20     16       30
  MONTH TO DATE  161                       103     58      174
  SINCE MAR 1    161                       103     58      174
  SINCE JUL 1   3286                      3380    -94     3527

 COOLING
  TODAY            0                         0      0        0
  MONTH TO DATE    0                         0      0        0
  SINCE MAR 1      0                         0      0        0
  SINCE JAN 1      0                         0      0        0
..................................................................


WIND (MPH)
  RESULTANT WIND SPEED   8   RESULTANT WIND DIRECTION   W (260)
  HIGHEST WIND SPEED    18   HIGHEST WIND DIRECTION    SW (220)
  HIGHEST GUST SPEED    24   HIGHEST GUST DIRECTION    SW (220)
  AVERAGE WIND SPEED     9.5


SKY COVER
  AVERAGE SKY COVER 0.1


WEATHER CONDITIONS
 THE FOLLOWING WEATHER WAS RECORDED TODAY.
  NO SIGNIFICANT WEATHER WAS OBSERVED.


RELATIVE HUMIDITY (PERCENT)
 HIGHEST    92           200 AM
 LOWEST     40           400 PM
 AVERAGE    66

..........................................................


THE AMARILLO CLIMATE NORMALS FOR TOMORROW
                         NORMAL    RECORD    YEAR
 MAXIMUM TEMPERATURE (F)   59        84      1934
                                             1925
 MINIMUM TEMPERATURE (F)   31         4      1948
                                             1943


SUNRISE AND SUNSET
MARCH  5 2015.........SUNRISE   711 AM CST   SUNSET   646 PM CST
MARCH  6 2015.........SUNRISE   710 AM CST   SUNSET   647 PM CST


-  INDICATES NEGATIVE NUMBERS.
R  INDICATES RECORD WAS SET OR TIED.
MM INDICATES DATA IS MISSING.
T  INDICATES TRACE AMOUNT.




$$
