000
CDUS44 KAMA 211406
CLIAMA


CLIMATE REPORT
NATIONAL WEATHER SERVICE AMARILLO TX
906 AM CDT SUN SEP 21 2014


...................................

...THE AMARILLO CLIMATE SUMMARY FOR SEPTEMBER 21 2014...
VALID AS OF 0900 AM LOCAL TIME.

CLIMATE NORMAL PERIOD 1981 TO 2010
CLIMATE RECORD PERIOD 1892 TO 2014


WEATHER ITEM   OBSERVED TIME   RECORD YEAR NORMAL DEPARTURE LAST
                VALUE   (LST)  VALUE       VALUE  FROM      YEAR
                                                  NORMAL
..................................................................
TEMPERATURE (F)
 TODAY
  MINIMUM         64    652 AM  31    1983  54     10       51

PRECIPITATION (IN)
  TODAY            0.00          3.48 1900   0.06  -0.06     0.00
  MONTH TO DATE    2.54                      1.37   1.17     1.29
  SINCE SEP 1      2.54                      1.37   1.17     1.29
  SINCE JAN 1     16.23                     16.64  -0.41    13.66

SNOWFALL (IN)
  TODAY            0.0           T    1995   0.0    0.0      0.0
  MONTH TO DATE    T                         0.0    0.0      0.0
  SINCE SEP 1      T                         0.0    0.0      0.0
  SINCE JUL 1      T                         0.0    0.0      0.0
  SNOW DEPTH       0

..................................................................


WIND (MPH)
  RESULTANT WIND SPEED   4   RESULTANT WIND DIRECTION   W (250)
  HIGHEST WIND SPEED    10   HIGHEST WIND DIRECTION    NW (320)
  HIGHEST GUST SPEED    13   HIGHEST GUST DIRECTION    NW (330)
  AVERAGE WIND SPEED     6.3


SKY COVER
  AVERAGE SKY COVER 0.3


WEATHER CONDITIONS
 THE FOLLOWING WEATHER WAS RECORDED TODAY.
  FOG


RELATIVE HUMIDITY (PERCENT)
 HIGHEST   100           100 AM
 LOWEST     93          1200 AM
 AVERAGE    97

..........................................................


THE AMARILLO CLIMATE NORMALS FOR TOMORROW
                         NORMAL    RECORD    YEAR
 MAXIMUM TEMPERATURE (F)   80        95      2000
                                             1977
                                             1933
 MINIMUM TEMPERATURE (F)   54        38      1995


SUNRISE AND SUNSET
SEPTEMBER 21 2014.....SUNRISE   734 AM CDT   SUNSET   745 PM CDT
SEPTEMBER 22 2014.....SUNRISE   735 AM CDT   SUNSET   744 PM CDT


-  INDICATES NEGATIVE NUMBERS.
R  INDICATES RECORD WAS SET OR TIED.
MM INDICATES DATA IS MISSING.
T  INDICATES TRACE AMOUNT.




$$
