000
CDUS44 KAMA 280731
CLIAMA


CLIMATE REPORT
NATIONAL WEATHER SERVICE AMARILLO TX
130 AM CST SUN DEC 28 2014


...................................

...THE AMARILLO CLIMATE SUMMARY FOR DECEMBER 27 2014...

CLIMATE NORMAL PERIOD 1981 TO 2010
CLIMATE RECORD PERIOD 1892 TO 2014


WEATHER ITEM   OBSERVED TIME   RECORD YEAR NORMAL DEPARTURE LAST
                VALUE   (LST)  VALUE       VALUE  FROM      YEAR
                                                  NORMAL
..................................................................
TEMPERATURE (F)
 YESTERDAY
  MAXIMUM         36    423 PM  72    2006  49    -13       57
  MINIMUM         18   1125 PM   2    1911  23     -5       26
  AVERAGE         27                        36     -9       42

PRECIPITATION (IN)
  YESTERDAY        0.00          0.36 1943   0.03  -0.03     0.00
  MONTH TO DATE    0.12                      0.63  -0.51     0.32
  SINCE DEC 1      0.12                      0.63  -0.51     0.32
  SINCE JAN 1     19.39                     20.28  -0.89    15.20

SNOWFALL (IN)
  YESTERDAY        0.0           4.5  1943   0.1   -0.1      0.0
  MONTH TO DATE    T                         3.3   -3.3      2.2
  SINCE DEC 1      T                         3.3   -3.3      2.2
  SINCE JUL 1      2.5                       6.0   -3.5      6.5
  SNOW DEPTH       0

DEGREE DAYS
 HEATING
  YESTERDAY       38                        29      9       23
  MONTH TO DATE  608                       757   -149      785
  SINCE DEC 1    608                       757   -149      785
  SINCE JUL 1   1402                      1601   -199     1623

 COOLING
  YESTERDAY        0                         0      0        0
  MONTH TO DATE    0                         0      0        0
  SINCE DEC 1      0                         0      0        0
  SINCE JAN 1   1534                      1399    135     1806
..................................................................


WIND (MPH)
  RESULTANT WIND SPEED   7   RESULTANT WIND DIRECTION   N (340)
  HIGHEST WIND SPEED    17   HIGHEST WIND DIRECTION     N (350)
  HIGHEST GUST SPEED    21   HIGHEST GUST DIRECTION     N (360)
  AVERAGE WIND SPEED     8.6


SKY COVER
  AVERAGE SKY COVER 0.2


WEATHER CONDITIONS
 THE FOLLOWING WEATHER WAS RECORDED YESTERDAY.
  NO SIGNIFICANT WEATHER WAS OBSERVED.


RELATIVE HUMIDITY (PERCENT)
 HIGHEST    88           100 AM
 LOWEST     38           400 PM
 AVERAGE    63

..........................................................


THE AMARILLO CLIMATE NORMALS FOR TODAY
                         NORMAL    RECORD    YEAR
 MAXIMUM TEMPERATURE (F)   49        73      1955
 MINIMUM TEMPERATURE (F)   23        -2      1983


SUNRISE AND SUNSET
DECEMBER 28 2014......SUNRISE   754 AM CST   SUNSET   543 PM CST
DECEMBER 29 2014......SUNRISE   755 AM CST   SUNSET   543 PM CST


-  INDICATES NEGATIVE NUMBERS.
R  INDICATES RECORD WAS SET OR TIED.
MM INDICATES DATA IS MISSING.
T  INDICATES TRACE AMOUNT.




$$
