000
CDUS44 KAMA 260637
CLIAMA


CLIMATE REPORT
NATIONAL WEATHER SERVICE AMARILLO TX
136 AM CDT SUN OCT 26 2014


...................................

...THE AMARILLO CLIMATE SUMMARY FOR OCTOBER 25 2014...

CLIMATE NORMAL PERIOD 1981 TO 2010
CLIMATE RECORD PERIOD 1892 TO 2014


WEATHER ITEM   OBSERVED TIME   RECORD YEAR NORMAL DEPARTURE LAST
                VALUE   (LST)  VALUE       VALUE  FROM      YEAR
                                                  NORMAL
..................................................................
TEMPERATURE (F)
 YESTERDAY
  MAXIMUM         85    346 PM  88    1959  69     16       67
                                      1927
  MINIMUM         53    617 AM  26    1997  42     11       34
                                      1898
  AVERAGE         69                        55     14       51

PRECIPITATION (IN)
  YESTERDAY        0.00          1.39 1923   0.04  -0.04     0.00
  MONTH TO DATE    1.08                      1.41  -0.33     0.13
  SINCE SEP 1      5.24                      3.33   1.91     1.96
  SINCE JAN 1     18.93                     18.60   0.33    14.33

SNOWFALL (IN)
  YESTERDAY        0.0           1.3  1918   0.0    0.0      0.0
  MONTH TO DATE    0.0                       0.1   -0.1      0.0
  SINCE SEP 1      T                         0.1   -0.1      0.0
  SINCE JUL 1      T                         0.1   -0.1      0.0
  SNOW DEPTH       0

DEGREE DAYS
 HEATING
  YESTERDAY        0                        10    -10       14
  MONTH TO DATE   88                       167    -79      189
  SINCE SEP 1    112                       210    -98      198
  SINCE JUL 1    112                       211    -99      198

 COOLING
  YESTERDAY        4                         0      4        0
  MONTH TO DATE   35                        25     10       31
  SINCE SEP 1    197                       203     -6      307
  SINCE JAN 1   1527                      1395    132     1803
..................................................................


WIND (MPH)
  RESULTANT WIND SPEED  12   RESULTANT WIND DIRECTION   S (200)
  HIGHEST WIND SPEED    21   HIGHEST WIND DIRECTION     S (190)
  HIGHEST GUST SPEED    26   HIGHEST GUST DIRECTION    SW (210)
  AVERAGE WIND SPEED    13.2


SKY COVER
  AVERAGE SKY COVER 0.0


WEATHER CONDITIONS
 THE FOLLOWING WEATHER WAS RECORDED YESTERDAY.
  NO SIGNIFICANT WEATHER WAS OBSERVED.


RELATIVE HUMIDITY (PERCENT)
 HIGHEST    83           700 AM
 LOWEST     27           200 PM
 AVERAGE    55

..........................................................


THE AMARILLO CLIMATE NORMALS FOR TODAY
                         NORMAL    RECORD    YEAR
 MAXIMUM TEMPERATURE (F)   69        90      1979
 MINIMUM TEMPERATURE (F)   41        19      1997


SUNRISE AND SUNSET
OCTOBER 26 2014.......SUNRISE   803 AM CDT   SUNSET   658 PM CDT
OCTOBER 27 2014.......SUNRISE   804 AM CDT   SUNSET   657 PM CDT


-  INDICATES NEGATIVE NUMBERS.
R  INDICATES RECORD WAS SET OR TIED.
MM INDICATES DATA IS MISSING.
T  INDICATES TRACE AMOUNT.




$$
