000
CDUS44 KAMA 311414
CLIAMA


CLIMATE REPORT
NATIONAL WEATHER SERVICE AMARILLO TX
912 AM CDT WED AUG 31 2016


...................................

...THE AMARILLO CLIMATE SUMMARY FOR AUGUST 31 2016...
VALID AS OF 0912 AM LOCAL TIME.

CLIMATE NORMAL PERIOD 1981 TO 2010
CLIMATE RECORD PERIOD 1892 TO 2016


WEATHER ITEM   OBSERVED TIME   RECORD YEAR NORMAL DEPARTURE LAST
                VALUE   (LST)  VALUE       VALUE  FROM      YEAR
                                                  NORMAL
..................................................................
TEMPERATURE (F)
 TODAY
  MINIMUM         64    659 AM  49    1915  62      2       61

PRECIPITATION (IN)
  TODAY            0.00          2.09 1986   0.08  -0.08     0.00
  MONTH TO DATE    4.10                      2.91   1.19     3.68
  SINCE JUN 1      8.99                      8.91   0.08    14.16
  SINCE JAN 1     14.88                     15.27  -0.39    28.71

SNOWFALL (IN)
  TODAY            0.0           0.0    MM   0.0    0.0      0.0
  MONTH TO DATE    0.0                       0.0    0.0      0.0
  SINCE JUN 1      T                         0.0    0.0      0.0
  SINCE JUL 1      T                         0.0    0.0      0.0
  SNOW DEPTH       0

..................................................................


WIND (MPH)
  RESULTANT WIND SPEED   3   RESULTANT WIND DIRECTION   N (0)
  HIGHEST WIND SPEED     7   HIGHEST WIND DIRECTION     N (20)
  HIGHEST GUST SPEED     7   HIGHEST GUST DIRECTION     N (10)
  AVERAGE WIND SPEED     2.9


SKY COVER
  AVERAGE SKY COVER 0.9


WEATHER CONDITIONS
 THE FOLLOWING WEATHER WAS RECORDED TODAY.
  FOG


RELATIVE HUMIDITY (PERCENT)
 HIGHEST   100          1200 AM
 LOWEST     87           600 AM
 AVERAGE    94

..........................................................


THE AMARILLO CLIMATE NORMALS FOR TOMORROW
                         NORMAL    RECORD    YEAR
 MAXIMUM TEMPERATURE (F)   87       101      1947
 MINIMUM TEMPERATURE (F)   62        48      1915


SUNRISE AND SUNSET
AUGUST 31 2016........SUNRISE   719 AM CDT   SUNSET   814 PM CDT
SEPTEMBER  1 2016.....SUNRISE   720 AM CDT   SUNSET   813 PM CDT


-  INDICATES NEGATIVE NUMBERS.
R  INDICATES RECORD WAS SET OR TIED.
MM INDICATES DATA IS MISSING.
T  INDICATES TRACE AMOUNT.




$$
