765
CDUS44 KAMA 182231
CLIAMA


CLIMATE REPORT
NATIONAL WEATHER SERVICE AMARILLO TX
431 PM CST THU JAN 18 2018


...................................

...THE AMARILLO CLIMATE SUMMARY FOR JANUARY 18 2018...
VALID TODAY AS OF 0400 PM LOCAL TIME.

CLIMATE NORMAL PERIOD 1981 TO 2010
CLIMATE RECORD PERIOD 1892 TO 2018


WEATHER ITEM   OBSERVED TIME   RECORD YEAR NORMAL DEPARTURE LAST
                VALUE   (LST)  VALUE       VALUE  FROM      YEAR
                                                  NORMAL
..................................................................
TEMPERATURE (F)
 TODAY
  MAXIMUM         57    353 PM  74    1914  51      6       58
  MINIMUM         15    750 AM -11    1984  23     -8       35
  AVERAGE         36                        37     -1       47

PRECIPITATION (IN)
  TODAY            0.00          0.94 1990   0.03  -0.03      T
  MONTH TO DATE    T                         0.37  -0.37     2.74
  SINCE DEC 1      T                         1.08  -1.08     3.01
  SINCE JAN 1      T                         0.37  -0.37     2.74

SNOWFALL (IN)
  TODAY            0.0           7.0  1990   0.2   -0.2      0.0
  MONTH TO DATE    T                         2.2   -2.2      6.4
  SINCE DEC 1      T                         5.9   -5.9      6.9
  SINCE JUL 1      T                         8.6   -8.6      6.9
  SNOW DEPTH       0

DEGREE DAYS
 HEATING
  TODAY           29                        28      1       18
  MONTH TO DATE  538                       510     28      501
  SINCE DEC 1   1347                      1383    -36     1327
  SINCE JUL 1   1979                      2227   -248     1792

 COOLING
  TODAY            0                         0      0        0
  MONTH TO DATE    0                         0      0        0
  SINCE DEC 1      0                         0      0        0
  SINCE JAN 1      0                         0      0        0
..................................................................


WIND (MPH)
  RESULTANT WIND SPEED  12   RESULTANT WIND DIRECTION  SW (210)
  HIGHEST WIND SPEED    18   HIGHEST WIND DIRECTION    SW (230)
  HIGHEST GUST SPEED    23   HIGHEST GUST DIRECTION    SW (240)
  AVERAGE WIND SPEED    12.3


SKY COVER
  AVERAGE SKY COVER 0.0


WEATHER CONDITIONS
 THE FOLLOWING WEATHER WAS RECORDED TODAY.
  NO SIGNIFICANT WEATHER WAS OBSERVED.


RELATIVE HUMIDITY (PERCENT)
 HIGHEST    67           700 AM
 LOWEST     15           400 PM
 AVERAGE    41

..........................................................


THE AMARILLO CLIMATE NORMALS FOR TOMORROW
                         NORMAL    RECORD    YEAR
 MAXIMUM TEMPERATURE (F)   51        75      1986
 MINIMUM TEMPERATURE (F)   23        -7      1984
                                             1943


SUNRISE AND SUNSET
JANUARY 18 2018.......SUNRISE   754 AM CST   SUNSET   601 PM CST
JANUARY 19 2018.......SUNRISE   753 AM CST   SUNSET   602 PM CST


-  INDICATES NEGATIVE NUMBERS.
R  INDICATES RECORD WAS SET OR TIED.
MM INDICATES DATA IS MISSING.
T  INDICATES TRACE AMOUNT.




$$
