000
CDUS44 KAMA 291415
CLIAMA


CLIMATE REPORT
NATIONAL WEATHER SERVICE AMARILLO TX
915 AM CDT SUN MAR 29 2015


...................................

...THE AMARILLO CLIMATE SUMMARY FOR MARCH 29 2015...
VALID AS OF 0900 AM LOCAL TIME.

CLIMATE NORMAL PERIOD 1981 TO 2010
CLIMATE RECORD PERIOD 1892 TO 2015


WEATHER ITEM   OBSERVED TIME   RECORD YEAR NORMAL DEPARTURE LAST
                VALUE   (LST)  VALUE       VALUE  FROM      YEAR
                                                  NORMAL
..................................................................
TEMPERATURE (F)
 TODAY
  MINIMUM         47    503 AM  13    1944  36     11       34

PRECIPITATION (IN)
  TODAY            0.00          1.12 1926   0.05  -0.05     0.00
  MONTH TO DATE    0.21                      1.29  -1.08     0.20
  SINCE MAR 1      0.21                      1.29  -1.08     0.20
  SINCE JAN 1      2.29                      2.57  -0.28     0.59

SNOWFALL (IN)
  TODAY            0.0           9.8  1926   0.0    0.0      0.0
  MONTH TO DATE    0.1                       2.7   -2.6      0.3
  SINCE MAR 1      0.1                       2.7   -2.6      0.3
  SINCE JUL 1     23.9                      16.7    7.2     12.4
  SNOW DEPTH       0

..................................................................


WIND (MPH)
  RESULTANT WIND SPEED   8   RESULTANT WIND DIRECTION  SW (210)
  HIGHEST WIND SPEED    21   HIGHEST WIND DIRECTION    NW (310)
  HIGHEST GUST SPEED    26   HIGHEST GUST DIRECTION    NW (310)
  AVERAGE WIND SPEED    12.9


SKY COVER
  AVERAGE SKY COVER 0.0


WEATHER CONDITIONS
 THE FOLLOWING WEATHER WAS RECORDED TODAY.
  NO SIGNIFICANT WEATHER WAS OBSERVED.


RELATIVE HUMIDITY (PERCENT)
 HIGHEST    71           500 AM
 LOWEST     36          1200 AM
 AVERAGE    54

..........................................................


THE AMARILLO CLIMATE NORMALS FOR TOMORROW
                         NORMAL    RECORD    YEAR
 MAXIMUM TEMPERATURE (F)   67        87      2010
                                             1946
 MINIMUM TEMPERATURE (F)   37        12      1987


SUNRISE AND SUNSET
MARCH 29 2015.........SUNRISE   738 AM CDT   SUNSET   806 PM CDT
MARCH 30 2015.........SUNRISE   737 AM CDT   SUNSET   806 PM CDT


-  INDICATES NEGATIVE NUMBERS.
R  INDICATES RECORD WAS SET OR TIED.
MM INDICATES DATA IS MISSING.
T  INDICATES TRACE AMOUNT.




$$
