000
CDUS42 KJAX 220535
CLIAMG


CLIMATE REPORT
NATIONAL WEATHER SERVICE JACKSONVILLE FL
1234 AM EST SUN JAN 22 2017


...................................

...THE ALMA CLIMATE SUMMARY FOR JANUARY 21 2017...

CLIMATE NORMAL PERIOD 1981 TO 2010
CLIMATE RECORD PERIOD 1948 TO 2017


WEATHER ITEM   OBSERVED TIME   RECORD YEAR NORMAL DEPARTURE LAST
                VALUE   (LST)  VALUE       VALUE  FROM      YEAR
                                                  NORMAL
..................................................................
TEMPERATURE (F)
 YESTERDAY
  MAXIMUM         77    134 PM  81    1959  62     15       60
  MINIMUM         60    618 PM  -1    1985  40     20       40
  AVERAGE         69                        51     18       50

PRECIPITATION (IN)
  YESTERDAY        1.89          2.91 1983   0.15   1.74      T
  MONTH TO DATE    3.85                      2.80   1.05     3.22
  SINCE DEC 1      8.57                      6.09   2.48     5.19
  SINCE JAN 1      3.85                      2.80   1.05     3.22

SNOWFALL (IN)
  YESTERDAY        0.0           0.0    MM   0.0    0.0      0.0
  MONTH TO DATE    0.0                       0.0    0.0      0.0
  SINCE DEC 1      0.0                       0.1   -0.1      0.0
  SINCE JUL 1      0.0                       0.1   -0.1      0.0
  SNOW DEPTH       0

DEGREE DAYS
 HEATING
  YESTERDAY        0                        14    -14       15
  MONTH TO DATE  147                       312   -165      346
  SINCE DEC 1    415                       708   -293      487
  SINCE JUL 1    603                       952   -349      605

 COOLING
  YESTERDAY        4                         0      4        0
  MONTH TO DATE   26                         0     26        0
  SINCE DEC 1     39                        11     28       97
  SINCE JAN 1     26                         0     26        0
..................................................................


WIND (MPH)
  HIGHEST WIND SPEED    29   HIGHEST WIND DIRECTION    NW (310)
  HIGHEST GUST SPEED    40   HIGHEST GUST DIRECTION     W (290)
  AVERAGE WIND SPEED     8.9


SKY COVER
  POSSIBLE SUNSHINE  MM
  AVERAGE SKY COVER 0.8


WEATHER CONDITIONS
 THE FOLLOWING WEATHER WAS RECORDED YESTERDAY.
  THUNDERSTORM
  HEAVY RAIN
  RAIN
  LIGHT RAIN
  FOG
  FOG W/VISIBILITY <= 1/4 MILE


RELATIVE HUMIDITY (PERCENT)
 HIGHEST   100           700 AM
 LOWEST     69           100 PM
 AVERAGE    85

..........................................................


THE ALMA CLIMATE NORMALS FOR TODAY
                         NORMAL    RECORD    YEAR
 MAXIMUM TEMPERATURE (F)   62        81      1999
 MINIMUM TEMPERATURE (F)   40        16      1985


SUNRISE AND SUNSET
JANUARY 22 2017.......SUNRISE   728 AM EST   SUNSET   556 PM EST
JANUARY 23 2017.......SUNRISE   727 AM EST   SUNSET   557 PM EST


-  INDICATES NEGATIVE NUMBERS.
R  INDICATES RECORD WAS SET OR TIED.
MM INDICATES DATA IS MISSING.
T  INDICATES TRACE AMOUNT.




$$
