000
CDUS42 KJAX 210530
CLIAMG


CLIMATE REPORT
NATIONAL WEATHER SERVICE JACKSONVILLE FL
130 AM EDT TUE OCT 21 2014


...................................

...THE ALMA CLIMATE SUMMARY FOR OCTOBER 20 2014...

CLIMATE NORMAL PERIOD 1981 TO 2010
CLIMATE RECORD PERIOD 1948 TO 2014


WEATHER ITEM   OBSERVED TIME   RECORD YEAR NORMAL DEPARTURE LAST
                VALUE   (LST)  VALUE       VALUE  FROM      YEAR
                                                  NORMAL
..................................................................
TEMPERATURE (F)
 YESTERDAY
  MAXIMUM         80    345 PM  88    1998  78      2       79
  MINIMUM         46    551 AM  36    1948  56    -10       60
  AVERAGE         63                        67     -4       70

PRECIPITATION (IN)
  YESTERDAY        0.00          0.44 1969   0.09  -0.09      T
  MONTH TO DATE    1.72                      2.06  -0.34     0.60
  SINCE SEP 1      5.04                      5.70  -0.66     2.72
  SINCE JAN 1     32.90                     39.91  -7.01    45.59

SNOWFALL (IN)
  YESTERDAY        0.0           0.0    MM   0.0    0.0      0.0
  MONTH TO DATE    0.0                       0.0    0.0      0.0
  SINCE SEP 1      0.0                       0.0    0.0      0.0
  SINCE JUL 1      0.0                       0.0    0.0      0.0
  SNOW DEPTH       0

DEGREE DAYS
 HEATING
  YESTERDAY        2                         2      0        0
  MONTH TO DATE   19                        18      1        0
  SINCE SEP 1     21                        20      1        0
  SINCE JUL 1     21                        20      1        0

 COOLING
  YESTERDAY        0                         4     -4        5
  MONTH TO DATE  122                       121      1      133
  SINCE SEP 1    505                       484     21      511
  SINCE JAN 1   2412                      2391     21     2288
..................................................................


WIND (MPH)
  HIGHEST WIND SPEED     9   HIGHEST WIND DIRECTION     S (160)
  HIGHEST GUST SPEED    14   HIGHEST GUST DIRECTION     S (180)
  AVERAGE WIND SPEED     1.9


SKY COVER
  POSSIBLE SUNSHINE  MM
  AVERAGE SKY COVER 0.2


WEATHER CONDITIONS
 THE FOLLOWING WEATHER WAS RECORDED YESTERDAY.
  FOG
  FOG W/VISIBILITY <= 1/4 MILE


RELATIVE HUMIDITY (PERCENT)
 HIGHEST   100           300 AM
 LOWEST     54           300 PM
 AVERAGE    77

..........................................................


THE ALMA CLIMATE NORMALS FOR TODAY
                         NORMAL    RECORD    YEAR
 MAXIMUM TEMPERATURE (F)   78        90      1963
 MINIMUM TEMPERATURE (F)   56        30      1954


SUNRISE AND SUNSET
OCTOBER 21 2014.......SUNRISE   737 AM EDT   SUNSET   651 PM EDT
OCTOBER 22 2014.......SUNRISE   738 AM EDT   SUNSET   650 PM EDT


-  INDICATES NEGATIVE NUMBERS.
R  INDICATES RECORD WAS SET OR TIED.
MM INDICATES DATA IS MISSING.
T  INDICATES TRACE AMOUNT.




$$
