274
CDUS42 KJAX 140536
CLIAMG


CLIMATE REPORT
NATIONAL WEATHER SERVICE JACKSONVILLE FL
1230 AM EST SUN FEB 14 2016


...................................

...THE ALMA CLIMATE SUMMARY FOR FEBRUARY 13 2016...

CLIMATE NORMAL PERIOD 1981 TO 2010
CLIMATE RECORD PERIOD 1948 TO 2016


WEATHER ITEM   OBSERVED TIME   RECORD YEAR NORMAL DEPARTURE LAST
                VALUE   (LST)  VALUE       VALUE  FROM      YEAR
                                                  NORMAL
..................................................................
TEMPERATURE (F)
 YESTERDAY
  MAXIMUM         57   1256 AM  80    1976  65     -8       48
  MINIMUM         38   1159 PM  18    2012  43     -5       28
                                      1955
  AVERAGE         48                        54     -6       38

PRECIPITATION (IN)
  YESTERDAY        0.00          1.73 1960   0.13  -0.13     0.00
  MONTH TO DATE    3.36                      1.73   1.63     1.05
  SINCE DEC 1      9.92                      9.28   0.64     7.68
  SINCE JAN 1      7.95                      5.99   1.96     3.26

SNOWFALL (IN)
  YESTERDAY        0.0           0.0    MM   0.0    0.0      0.0
  MONTH TO DATE    0.0                       0.0    0.0      0.0
  SINCE DEC 1      0.0                       0.1   -0.1      0.0
  SINCE JUL 1      0.0                       0.1   -0.1      0.0
  SNOW DEPTH       0

DEGREE DAYS
 HEATING
  YESTERDAY       17                        11      6       27
  MONTH TO DATE  179                       161     18      211
  SINCE DEC 1    820                      1006   -186     1011
  SINCE JUL 1    938                      1250   -312     1409

 COOLING
  YESTERDAY        0                         0      0        0
  MONTH TO DATE    9                         0      9        0
  SINCE DEC 1    106                        16     90        4
  SINCE JAN 1      9                         5      4        3
..................................................................


WIND (MPH)
  HIGHEST WIND SPEED    18   HIGHEST WIND DIRECTION     W (290)
  HIGHEST GUST SPEED    22   HIGHEST GUST DIRECTION     N (340)
  AVERAGE WIND SPEED     8.2


SKY COVER
  POSSIBLE SUNSHINE  MM
  AVERAGE SKY COVER 0.0


WEATHER CONDITIONS
 THE FOLLOWING WEATHER WAS RECORDED YESTERDAY.
  HAZE


RELATIVE HUMIDITY (PERCENT)
 HIGHEST    62           600 AM
 LOWEST     20           200 PM
 AVERAGE    41

..........................................................


THE ALMA CLIMATE NORMALS FOR TODAY
                         NORMAL    RECORD    YEAR
 MAXIMUM TEMPERATURE (F)   65        83      1962
 MINIMUM TEMPERATURE (F)   43        20      1958


SUNRISE AND SUNSET
FEBRUARY 14 2016......SUNRISE   713 AM EST   SUNSET   616 PM EST
FEBRUARY 15 2016......SUNRISE   712 AM EST   SUNSET   617 PM EST


-  INDICATES NEGATIVE NUMBERS.
R  INDICATES RECORD WAS SET OR TIED.
MM INDICATES DATA IS MISSING.
T  INDICATES TRACE AMOUNT.




$$
