000
CDUS42 KJAX 160626
CLIAMG


CLIMATE REPORT
NATIONAL WEATHER SERVICE JACKSONVILLE FL
125 AM EST TUE JAN 16 2018


...................................

...THE ALMA CLIMATE SUMMARY FOR JANUARY 15 2018...

CLIMATE NORMAL PERIOD 1981 TO 2010
CLIMATE RECORD PERIOD 1948 TO 2018


WEATHER ITEM   OBSERVED TIME   RECORD YEAR NORMAL DEPARTURE LAST
                VALUE   (LST)  VALUE       VALUE  FROM      YEAR
                                                  NORMAL
..................................................................
TEMPERATURE (F)
 YESTERDAY
  MAXIMUM         54    426 PM  81    2013  61     -7       77
  MINIMUM         30    739 AM  16    1964  40    -10       50
  AVERAGE         42                        50     -8       64

PRECIPITATION (IN)
  YESTERDAY        0.00          2.16 1966   0.14  -0.14     0.00
  MONTH TO DATE    0.90                      1.96  -1.06     1.91
  SINCE DEC 1      2.76                      5.25  -2.49     6.63
  SINCE JAN 1      0.90                      1.96  -1.06     1.91

SNOWFALL (IN)
  YESTERDAY        0.0           0.0    MM   0.0    0.0      0.0
  MONTH TO DATE    3.0                       0.0    3.0      0.0
  SINCE DEC 1      3.0                       0.1    2.9      0.0
  SINCE JUL 1      3.0                       0.1    2.9      0.0
  SNOW DEPTH       0

DEGREE DAYS
 HEATING
  YESTERDAY       23                        15      8        1
  MONTH TO DATE  304                       225     79      145
  SINCE DEC 1    675                       621     54      413
  SINCE JUL 1    886                       865     21      601

 COOLING
  YESTERDAY        0                         0      0        0
  MONTH TO DATE    5                         0      5       12
  SINCE DEC 1     18                        11      7       25
  SINCE JAN 1      5                         0      5       12
..................................................................


WIND (MPH)
  HIGHEST WIND SPEED    10   HIGHEST WIND DIRECTION     E (70)
  HIGHEST GUST SPEED    14   HIGHEST GUST DIRECTION    NE (60)
  AVERAGE WIND SPEED     2.4


SKY COVER
  POSSIBLE SUNSHINE  MM
  AVERAGE SKY COVER 0.0


WEATHER CONDITIONS
 THE FOLLOWING WEATHER WAS RECORDED YESTERDAY.
  NO SIGNIFICANT WEATHER WAS OBSERVED.


RELATIVE HUMIDITY (PERCENT)
 HIGHEST    89           900 PM
 LOWEST     30           200 PM
 AVERAGE    60

..........................................................


THE ALMA CLIMATE NORMALS FOR TODAY
                         NORMAL    RECORD    YEAR
 MAXIMUM TEMPERATURE (F)   61        82      2013
                                             1950
 MINIMUM TEMPERATURE (F)   40        23      2009
                                             1972


SUNRISE AND SUNSET
JANUARY 16 2018.......SUNRISE   730 AM EST   SUNSET   550 PM EST
JANUARY 17 2018.......SUNRISE   729 AM EST   SUNSET   551 PM EST


-  INDICATES NEGATIVE NUMBERS.
R  INDICATES RECORD WAS SET OR TIED.
MM INDICATES DATA IS MISSING.
T  INDICATES TRACE AMOUNT.




$$
