000
CDUS42 KJAX 230548
CLIAMG


CLIMATE REPORT
NATIONAL WEATHER SERVICE JACKSONVILLE FL
1246 AM EST THU FEB 23 2017


...................................

...THE ALMA CLIMATE SUMMARY FOR FEBRUARY 22 2017...

CLIMATE NORMAL PERIOD 1981 TO 2010
CLIMATE RECORD PERIOD 1948 TO 2017


WEATHER ITEM   OBSERVED TIME   RECORD YEAR NORMAL DEPARTURE LAST
                VALUE   (LST)  VALUE       VALUE  FROM      YEAR
                                                  NORMAL
..................................................................
TEMPERATURE (F)
 YESTERDAY
  MAXIMUM         70   1110 AM  82    2005  67      3       74
  MINIMUM         63   2359 PM  25    1958  44     19       57
  AVERAGE         67                        56     11       66

PRECIPITATION (IN)
  YESTERDAY        0.53          1.73 1998   0.14   0.39     0.00
  MONTH TO DATE    1.01                      2.96  -1.95     4.09
  SINCE DEC 1     12.82                     10.51   2.31    10.65
  SINCE JAN 1      8.10                      7.22   0.88     8.68

SNOWFALL (IN)
  YESTERDAY        0.0           0.0    MM   0.0    0.0      0.0
  MONTH TO DATE    0.0                       0.0    0.0      0.0
  SINCE DEC 1      0.0                       0.1   -0.1      0.0
  SINCE JUL 1      0.0                       0.1   -0.1      0.0
  SNOW DEPTH       0

DEGREE DAYS
 HEATING
  YESTERDAY        0                        10    -10        0
  MONTH TO DATE  129                       256   -127      263
  SINCE DEC 1    650                      1101   -451      904
  SINCE JUL 1    838                      1345   -507     1022

 COOLING
  YESTERDAY        2                         0      2        1
  MONTH TO DATE   11                         0     11       10
  SINCE DEC 1     50                        16     34      107
  SINCE JAN 1     37                         5     32       10
..................................................................


WIND (MPH)
  HIGHEST WIND SPEED    10   HIGHEST WIND DIRECTION     E (90)
  HIGHEST GUST SPEED    17   HIGHEST GUST DIRECTION     E (90)
  AVERAGE WIND SPEED     6.8


SKY COVER
  POSSIBLE SUNSHINE  MM
  AVERAGE SKY COVER 0.8


WEATHER CONDITIONS
 THE FOLLOWING WEATHER WAS RECORDED YESTERDAY.
  HEAVY RAIN
  RAIN
  LIGHT RAIN
  FOG


RELATIVE HUMIDITY (PERCENT)
 HIGHEST    93          1200 AM
 LOWEST     73           100 PM
 AVERAGE    83

..........................................................


THE ALMA CLIMATE NORMALS FOR TODAY
                         NORMAL    RECORD    YEAR
 MAXIMUM TEMPERATURE (F)   67        82      2012
                                             1996
 MINIMUM TEMPERATURE (F)   44        21      1963


SUNRISE AND SUNSET
FEBRUARY 23 2017......SUNRISE   703 AM EST   SUNSET   624 PM EST
FEBRUARY 24 2017......SUNRISE   702 AM EST   SUNSET   624 PM EST


-  INDICATES NEGATIVE NUMBERS.
R  INDICATES RECORD WAS SET OR TIED.
MM INDICATES DATA IS MISSING.
T  INDICATES TRACE AMOUNT.




$$
