000
CDUS42 KJAX 010531
CLIAMG


CLIMATE REPORT
NATIONAL WEATHER SERVICE JACKSONVILLE FL
131 AM EDT SAT NOV 1 2014


...................................

...THE ALMA CLIMATE SUMMARY FOR OCTOBER 31 2014...

CLIMATE NORMAL PERIOD 1981 TO 2010
CLIMATE RECORD PERIOD 1948 TO 2014


WEATHER ITEM   OBSERVED TIME   RECORD YEAR NORMAL DEPARTURE LAST
                VALUE   (LST)  VALUE       VALUE  FROM      YEAR
                                                  NORMAL
..................................................................
TEMPERATURE (F)
 YESTERDAY
  MAXIMUM         73    325 PM  88    1961  76     -3       83
  MINIMUM         49    218 AM  26    1954  52     -3       54
  AVERAGE         61                        64     -3       69

PRECIPITATION (IN)
  YESTERDAY        0.00          1.30 1985   0.08  -0.08     0.00
  MONTH TO DATE    1.72                      3.03  -1.31     0.72
  SINCE SEP 1      5.04                      6.67  -1.63     2.84
  SINCE JAN 1     32.90                     40.88  -7.98    45.71

SNOWFALL (IN)
  YESTERDAY        0.0           0.0    MM   0.0    0.0      0.0
  MONTH TO DATE    0.0                       0.0    0.0      0.0
  SINCE SEP 1      0.0                       0.0    0.0      0.0
  SINCE JUL 1      0.0                       0.0    0.0      0.0
  SNOW DEPTH       0

DEGREE DAYS
 HEATING
  YESTERDAY        4                         3      1        0
  MONTH TO DATE   46                        47     -1       44
  SINCE SEP 1     48                        50     -2       44
  SINCE JUL 1     48                        50     -2       44

 COOLING
  YESTERDAY        0                         2     -2        4
  MONTH TO DATE  141                       155    -14      141
  SINCE SEP 1    524                       518      6      519
  SINCE JAN 1   2431                      2425      6     2296
..................................................................


WIND (MPH)
  HIGHEST WIND SPEED    15   HIGHEST WIND DIRECTION     W (280)
  HIGHEST GUST SPEED    19   HIGHEST GUST DIRECTION    NW (320)
  AVERAGE WIND SPEED     6.4


SKY COVER
  POSSIBLE SUNSHINE  MM
  AVERAGE SKY COVER 0.1


WEATHER CONDITIONS
 THE FOLLOWING WEATHER WAS RECORDED YESTERDAY.
  HAZE


RELATIVE HUMIDITY (PERCENT)
 HIGHEST    93           100 AM
 LOWEST     25           300 PM
 AVERAGE    59

..........................................................


THE ALMA CLIMATE NORMALS FOR TODAY
                         NORMAL    RECORD    YEAR
 MAXIMUM TEMPERATURE (F)   75        88      1961
 MINIMUM TEMPERATURE (F)   52        25      1954


SUNRISE AND SUNSET
NOVEMBER  1 2014......SUNRISE   746 AM EDT   SUNSET   641 PM EDT
NOVEMBER  2 2014......SUNRISE   647 AM EST   SUNSET   540 PM EST


-  INDICATES NEGATIVE NUMBERS.
R  INDICATES RECORD WAS SET OR TIED.
MM INDICATES DATA IS MISSING.
T  INDICATES TRACE AMOUNT.




$$
