000
CDUS42 KJAX 250531
CLIAMG


CLIMATE REPORT
NATIONAL WEATHER SERVICE JACKSONVILLE FL
1231 AM EST THU DEC 25 2014


...................................

...THE ALMA CLIMATE SUMMARY FOR DECEMBER 24 2014...

CLIMATE NORMAL PERIOD 1981 TO 2010
CLIMATE RECORD PERIOD 1948 TO 2014


WEATHER ITEM   OBSERVED TIME   RECORD YEAR NORMAL DEPARTURE LAST
                VALUE   (LST)  VALUE       VALUE  FROM      YEAR
                                                  NORMAL
..................................................................
TEMPERATURE (F)
 YESTERDAY
  MAXIMUM         71   1100 AM  79    1996  62      9       57
  MINIMUM         56   1159 PM  15    1989  40     16       36
  AVERAGE         64                        51     13       47

PRECIPITATION (IN)
  YESTERDAY        1.52          2.78 1997   0.12   1.40     0.00
  MONTH TO DATE    4.27                      2.49   1.78     1.96
  SINCE DEC 1      4.27                      2.49   1.78     1.96
  SINCE JAN 1     42.12                     45.85  -3.73    51.60

SNOWFALL (IN)
  YESTERDAY        0.0           0.0    MM   0.0    0.0      0.0
  MONTH TO DATE    0.0                       0.1   -0.1      0.0
  SINCE DEC 1      0.0                       0.1   -0.1      0.0
  SINCE JUL 1      0.0                       0.1   -0.1      0.0
  SNOW DEPTH       0

DEGREE DAYS
 HEATING
  YESTERDAY        1                        14    -13       18
  MONTH TO DATE  251                       293    -42      190
  SINCE DEC 1    251                       293    -42      190
  SINCE JUL 1    649                       537    112      465

 COOLING
  YESTERDAY        0                         0      0        0
  MONTH TO DATE    0                         7     -7       30
  SINCE DEC 1      0                         7     -7       30
  SINCE JAN 1   2439                      2472    -33     2350
..................................................................


WIND (MPH)
  HIGHEST WIND SPEED    21   HIGHEST WIND DIRECTION     W (280)
  HIGHEST GUST SPEED    29   HIGHEST GUST DIRECTION     W (280)
  AVERAGE WIND SPEED    10.4


SKY COVER
  POSSIBLE SUNSHINE  MM
  AVERAGE SKY COVER 0.9


WEATHER CONDITIONS
 THE FOLLOWING WEATHER WAS RECORDED YESTERDAY.
  THUNDERSTORM
  HEAVY RAIN
  RAIN
  LIGHT RAIN
  FOG


RELATIVE HUMIDITY (PERCENT)
 HIGHEST    93           100 AM
 LOWEST     87           500 PM
 AVERAGE    90

..........................................................


THE ALMA CLIMATE NORMALS FOR TODAY
                         NORMAL    RECORD    YEAR
 MAXIMUM TEMPERATURE (F)   62        81      2008
 MINIMUM TEMPERATURE (F)   40         9      1983


SUNRISE AND SUNSET
DECEMBER 25 2014......SUNRISE   727 AM EST   SUNSET   533 PM EST
DECEMBER 26 2014......SUNRISE   728 AM EST   SUNSET   534 PM EST


-  INDICATES NEGATIVE NUMBERS.
R  INDICATES RECORD WAS SET OR TIED.
MM INDICATES DATA IS MISSING.
T  INDICATES TRACE AMOUNT.




$$
