446
CDUS44 KBMX 220836
CLIANB


CLIMATE REPORT
NATIONAL WEATHER SERVICE BIRMINGHAM, AL
236 AM CST WED FEB 22 2017


...................................

...THE ANNISTON CLIMATE SUMMARY FOR FEBRUARY 21 2017...

CLIMATE NORMAL PERIOD 1981 TO 2010
CLIMATE RECORD PERIOD 1903 TO 2017


WEATHER ITEM   OBSERVED TIME   RECORD YEAR NORMAL DEPARTURE LAST
                VALUE   (LST)  VALUE       VALUE  FROM      YEAR
                                                  NORMAL
..................................................................
TEMPERATURE (F)
 YESTERDAY
  MAXIMUM         63    853 AM  75    2011  60      3       68
                                      2005
                                      1976
  MINIMUM         58    200 PM  17    1959  38     20       53
  AVERAGE         61                        49     12       61

PRECIPITATION (IN)
  YESTERDAY        0.58          2.93 1961   0.19   0.39     0.04
  MONTH TO DATE    2.56                      3.77  -1.21     2.55
  SINCE DEC 1     12.75                     12.41   0.34    15.03
  SINCE JAN 1     10.11                      8.29   1.82     5.74

SNOWFALL (IN)
  YESTERDAY        0.0                       0.0             0.0
  MONTH TO DATE    0.0                       0.3              T
  SINCE DEC 1      0.0                       1.0              T
  SINCE JUL 1      0.0                       1.0              T

DEGREE DAYS
 HEATING
  YESTERDAY        4
  MONTH TO DATE  244
  SINCE DEC 1   1151
  SINCE JUL 1   1424
..................................................................


WIND (MPH)
  HIGHEST WIND SPEED    13   HIGHEST WIND DIRECTION    NE (50)
  HIGHEST GUST SPEED    16   HIGHEST GUST DIRECTION    NE (60)
  AVERAGE WIND SPEED     5.8


SKY COVER
  AVERAGE SKY COVER 0.7


WEATHER CONDITIONS
 THE FOLLOWING WEATHER WAS RECORDED YESTERDAY.
  RAIN
  LIGHT RAIN
  FOG


RELATIVE HUMIDITY (PERCENT)
 HIGHEST   100
 LOWEST     69
 AVERAGE    85

..........................................................


THE ANNISTON CLIMATE NORMALS FOR TODAY
                         NORMAL    RECORD    YEAR
 MAXIMUM TEMPERATURE (F)   60        75      1980
 MINIMUM TEMPERATURE (F)   38        10      1963


SUNRISE AND SUNSET
FEBRUARY 22 2017......SUNRISE   620 AM CST   SUNSET   534 PM CST
FEBRUARY 23 2017......SUNRISE   619 AM CST   SUNSET   535 PM CST


-  INDICATES NEGATIVE NUMBERS.
R  INDICATES RECORD WAS SET OR TIED.
MM INDICATES DATA IS MISSING.
T  INDICATES TRACE AMOUNT.




$$
