000
CDUS44 KBMX 250833
CLIANB


CLIMATE REPORT
NATIONAL WEATHER SERVICE BIRMINGHAM, AL
332 AM CDT THU AUG 25 2016


...................................

...THE ANNISTON CLIMATE SUMMARY FOR AUGUST 24 2016...

CLIMATE NORMAL PERIOD 1981 TO 2010
CLIMATE RECORD PERIOD 1903 TO 2016


WEATHER ITEM   OBSERVED TIME   RECORD YEAR NORMAL DEPARTURE LAST
                VALUE   (LST)  VALUE       VALUE  FROM      YEAR
                                                  NORMAL
..................................................................
TEMPERATURE (F)
 YESTERDAY
  MAXIMUM         94    213 PM 103    1983  89      5       91
  MINIMUM         74    547 AM  54    1931  69      5       69
  AVERAGE         84                        79      5       80

PRECIPITATION (IN)
  YESTERDAY        0.00          5.57 1967   0.10  -0.10     0.00
  MONTH TO DATE    1.56                      2.60  -1.04     3.79
  SINCE JUN 1      6.14                     11.30  -5.16    11.27
  SINCE JAN 1     25.86                     34.23  -8.37    35.79

..................................................................


WIND (MPH)
  HIGHEST WIND SPEED    13   HIGHEST WIND DIRECTION     E (90)
  HIGHEST GUST SPEED    18   HIGHEST GUST DIRECTION     E (90)
  AVERAGE WIND SPEED     4.6


SKY COVER
  AVERAGE SKY COVER 0.2


WEATHER CONDITIONS
 THE FOLLOWING WEATHER WAS RECORDED YESTERDAY.
  THUNDERSTORM


RELATIVE HUMIDITY (PERCENT)
 HIGHEST    87
 LOWEST     47
 AVERAGE    67

..........................................................


THE ANNISTON CLIMATE NORMALS FOR TODAY
                         NORMAL    RECORD    YEAR
 MAXIMUM TEMPERATURE (F)   89        99      2011
 MINIMUM TEMPERATURE (F)   69        57      1964


SUNRISE AND SUNSET
AUGUST 25 2016........SUNRISE   613 AM CDT   SUNSET   717 PM CDT
AUGUST 26 2016........SUNRISE   614 AM CDT   SUNSET   716 PM CDT


-  INDICATES NEGATIVE NUMBERS.
R  INDICATES RECORD WAS SET OR TIED.
MM INDICATES DATA IS MISSING.
T  INDICATES TRACE AMOUNT.




$$
