000
CDUS44 KBMX 200734
CLIANB


CLIMATE REPORT
NATIONAL WEATHER SERVICE BIRMINGHAM, AL
234 AM CDT THU JUL 20 2017


...................................

...THE ANNISTON CLIMATE SUMMARY FOR JULY 19 2017...

CLIMATE NORMAL PERIOD 1981 TO 2010
CLIMATE RECORD PERIOD 1903 TO 2017


WEATHER ITEM   OBSERVED TIME   RECORD YEAR NORMAL DEPARTURE LAST
                VALUE   (LST)  VALUE       VALUE  FROM      YEAR
                                                  NORMAL
..................................................................
TEMPERATURE (F)
 YESTERDAY
  MAXIMUM         93    407 PM 102    2000  90      3       96
  MINIMUM         70    525 AM  60    2009  70      0       73
                                      1967
  AVERAGE         82                        80      2       85

PRECIPITATION (IN)
  YESTERDAY        0.00          1.88 1951   0.15  -0.15     0.09
  MONTH TO DATE    2.83                      2.87  -0.04     1.91
  SINCE JUN 1     10.56                      6.95   3.61     3.47
  SINCE JAN 1     36.48                     29.88   6.60    23.19

..................................................................


WIND (MPH)
  HIGHEST WIND SPEED    12   HIGHEST WIND DIRECTION     N (350)
  HIGHEST GUST SPEED    14   HIGHEST GUST DIRECTION     N (350)
  AVERAGE WIND SPEED     2.6


SKY COVER
  AVERAGE SKY COVER 0.0


WEATHER CONDITIONS
 THE FOLLOWING WEATHER WAS RECORDED YESTERDAY.
  FOG


RELATIVE HUMIDITY (PERCENT)
 HIGHEST   100
 LOWEST     41
 AVERAGE    71

..........................................................


THE ANNISTON CLIMATE NORMALS FOR TODAY
                         NORMAL    RECORD    YEAR
 MAXIMUM TEMPERATURE (F)   90       100      2000
 MINIMUM TEMPERATURE (F)   70        55      2009


SUNRISE AND SUNSET
JULY 20 2017..........SUNRISE   548 AM CDT   SUNSET   752 PM CDT
JULY 21 2017..........SUNRISE   548 AM CDT   SUNSET   751 PM CDT


-  INDICATES NEGATIVE NUMBERS.
R  INDICATES RECORD WAS SET OR TIED.
MM INDICATES DATA IS MISSING.
T  INDICATES TRACE AMOUNT.




$$
