000
CDUS44 KBMX 010756
CLIANB


CLIMATE REPORT
NATIONAL WEATHER SERVICE BIRMINGHAM, AL
154 AM CST SUN FEB 1 2015


...................................

...THE ANNISTON CLIMATE SUMMARY FOR JANUARY 31 2015...

CLIMATE NORMAL PERIOD 1981 TO 2010
CLIMATE RECORD PERIOD 1903 TO 2015


WEATHER ITEM   OBSERVED TIME   RECORD YEAR NORMAL DEPARTURE LAST
                VALUE   (LST)  VALUE       VALUE  FROM      YEAR
                                                  NORMAL
..................................................................
TEMPERATURE (F)
 YESTERDAY
  MAXIMUM         61    355 PM  76    1957  55      6       58
  MINIMUM         27    327 AM   8    1966  34     -7       18
  AVERAGE         44                        44      0       38

PRECIPITATION (IN)
  YESTERDAY        0.00          1.32 1985   0.17  -0.17     0.00
  MONTH TO DATE    5.50                      4.52   0.98     3.21
  SINCE DEC 1     11.72                      8.64   3.08    12.43
  SINCE JAN 1      5.50                      4.52   0.98     3.21

SNOWFALL (IN)
  YESTERDAY        0.0                       0.0             0.0
  MONTH TO DATE    0.0                       0.7             1.5
  SINCE DEC 1      0.0                       0.7             1.5
  SINCE JUL 1      0.0                       0.7             1.5

DEGREE DAYS
 HEATING
  YESTERDAY       21
  MONTH TO DATE  692
  SINCE DEC 1   1202
  SINCE JUL 1   1830
..................................................................


WIND (MPH)
  HIGHEST WIND SPEED     9   HIGHEST WIND DIRECTION     E (70)
  HIGHEST GUST SPEED    12   HIGHEST GUST DIRECTION    NE (60)
  AVERAGE WIND SPEED     3.3


SKY COVER
  AVERAGE SKY COVER 0.0


WEATHER CONDITIONS
 THE FOLLOWING WEATHER WAS RECORDED YESTERDAY.
  NO SIGNIFICANT WEATHER WAS OBSERVED.


RELATIVE HUMIDITY (PERCENT)
 HIGHEST    85
 LOWEST     15
 AVERAGE    50

..........................................................


THE ANNISTON CLIMATE NORMALS FOR TODAY
                         NORMAL    RECORD    YEAR
 MAXIMUM TEMPERATURE (F)   55        78      1950
 MINIMUM TEMPERATURE (F)   34        12      1951


SUNRISE AND SUNSET
FEBRUARY  1 2015......SUNRISE   640 AM CST   SUNSET   514 PM CST
FEBRUARY  2 2015......SUNRISE   639 AM CST   SUNSET   515 PM CST


-  INDICATES NEGATIVE NUMBERS.
R  INDICATES RECORD WAS SET OR TIED.
MM INDICATES DATA IS MISSING.
T  INDICATES TRACE AMOUNT.




$$
