000
CDUS44 KBMX 020016
CLIANB


CLIMATE REPORT
NATIONAL WEATHER SERVICE BIRMINGHAM, AL
715 PM CDT FRI AUG 1 2014


...................................

...THE ANNISTON CLIMATE SUMMARY FOR AUGUST 1 2014...
VALID TODAY AS OF 0700 PM LOCAL TIME.

CLIMATE NORMAL PERIOD 1981 TO 2010
CLIMATE RECORD PERIOD 1903 TO 2014


WEATHER ITEM   OBSERVED RECORD YEAR NORMAL DEPARTURE LAST
                VALUE   VALUE       VALUE  FROM      YEAR
                                           NORMAL
...........................................................
TEMPERATURE (F)
 TODAY
  MAXIMUM         87     99    1980  90     -3       88
                               1954
  MINIMUM         69     59    1997  70     -1       71
  AVERAGE         78

PRECIPITATION (IN)
  TODAY            0.00   1.53 1943   0.12  -0.12     0.05
  MONTH TO DATE    0.00               0.12  -0.12     0.05
  SINCE JUN 1      5.68               8.82  -3.14    19.44
  SINCE JAN 1     29.20              31.75  -2.55    52.37

DEGREE DAYS
 COOLING
  TODAY           13                 15     -2       15
  MONTH TO DATE   13                 15     -2       15
  SINCE JUN 1    814                839    -25      805
  SINCE JAN 1   1058               1079    -21     1015
...........................................................


WIND (MPH)
  HIGHEST WIND SPEED     9   HIGHEST WIND DIRECTION     E (100)
  HIGHEST GUST SPEED    13   HIGHEST GUST DIRECTION    NE (60)
  AVERAGE WIND SPEED     5.3


SKY COVER
  AVERAGE SKY COVER 0.6


WEATHER CONDITIONS
 THE FOLLOWING WEATHER WAS RECORDED TODAY.
  NO SIGNIFICANT WEATHER WAS OBSERVED.


RELATIVE HUMIDITY (PERCENT)
 HIGHEST    90
 LOWEST     48
 AVERAGE    69

..........................................................


THE ANNISTON CLIMATE NORMALS FOR TOMORROW
                         NORMAL    RECORD    YEAR
 MAXIMUM TEMPERATURE (F)   90       100      1957
 MINIMUM TEMPERATURE (F)   70        59      1965


SUNRISE AND SUNSET
AUGUST  1 2014........SUNRISE   556 AM CDT   SUNSET   743 PM CDT
AUGUST  2 2014........SUNRISE   556 AM CDT   SUNSET   742 PM CDT


-  INDICATES NEGATIVE NUMBERS.
R  INDICATES RECORD WAS SET OR TIED.
MM INDICATES DATA IS MISSING.
T  INDICATES TRACE AMOUNT.




$$
