000
CDUS44 KBMX 220852
CLIANB


CLIMATE REPORT
NATIONAL WEATHER SERVICE BIRMINGHAM, AL
252 AM CST SUN JAN 22 2017


...................................

...THE ANNISTON CLIMATE SUMMARY FOR JANUARY 21 2017...

CLIMATE NORMAL PERIOD 1981 TO 2010
CLIMATE RECORD PERIOD 1903 TO 2017


WEATHER ITEM   OBSERVED TIME   RECORD YEAR NORMAL DEPARTURE LAST
                VALUE   (LST)  VALUE       VALUE  FROM      YEAR
                                                  NORMAL
..................................................................
TEMPERATURE (F)
 YESTERDAY
  MAXIMUM         68    333 PM  72    1974  54     14       52
  MINIMUM         54    826 PM  -5    1985  33     21       42
  AVERAGE         61                        43     18       47

PRECIPITATION (IN)
  YESTERDAY        1.02          1.95 1959   0.16   0.86     0.59
  MONTH TO DATE    5.43                      2.90   2.53     1.68
  SINCE DEC 1      8.07                      7.02   1.05    10.97
  SINCE JAN 1      5.43                      2.90   2.53     1.68

SNOWFALL (IN)
  YESTERDAY        0.0                       0.1             0.0
  MONTH TO DATE    0.0                       0.4             0.0
  SINCE DEC 1      0.0                       0.4             0.0
  SINCE JUL 1      0.0                       0.4             0.0

DEGREE DAYS
 HEATING
  YESTERDAY        4
  MONTH TO DATE  246
  SINCE DEC 1    740
  SINCE JUL 1   1013
..................................................................


WIND (MPH)
  HIGHEST WIND SPEED    21   HIGHEST WIND DIRECTION     E (80)
  HIGHEST GUST SPEED    29   HIGHEST GUST DIRECTION     E (90)
  AVERAGE WIND SPEED     5.3


SKY COVER
  AVERAGE SKY COVER 0.5


WEATHER CONDITIONS
 THE FOLLOWING WEATHER WAS RECORDED YESTERDAY.
  THUNDERSTORM
  HEAVY RAIN
  RAIN
  LIGHT RAIN
  FOG


RELATIVE HUMIDITY (PERCENT)
 HIGHEST   100
 LOWEST     68
 AVERAGE    84

..........................................................


THE ANNISTON CLIMATE NORMALS FOR TODAY
                         NORMAL    RECORD    YEAR
 MAXIMUM TEMPERATURE (F)   54        76      1974
 MINIMUM TEMPERATURE (F)   33         9      1985


SUNRISE AND SUNSET
JANUARY 22 2017.......SUNRISE   645 AM CST   SUNSET   505 PM CST
JANUARY 23 2017.......SUNRISE   645 AM CST   SUNSET   506 PM CST


-  INDICATES NEGATIVE NUMBERS.
R  INDICATES RECORD WAS SET OR TIED.
MM INDICATES DATA IS MISSING.
T  INDICATES TRACE AMOUNT.




$$
