000
CDUS44 KBMX 300803
CLIANB


CLIMATE REPORT
NATIONAL WEATHER SERVICE BIRMINGHAM, AL
303 AM CDT MON MAR 30 2015


...................................

...THE ANNISTON CLIMATE SUMMARY FOR MARCH 29 2015...

CLIMATE NORMAL PERIOD 1981 TO 2010
CLIMATE RECORD PERIOD 1903 TO 2015


WEATHER ITEM   OBSERVED TIME   RECORD YEAR NORMAL DEPARTURE LAST
                VALUE   (LST)  VALUE       VALUE  FROM      YEAR
                                                  NORMAL
..................................................................
TEMPERATURE (F)
 YESTERDAY
  MAXIMUM         63    123 PM  86    2007  70     -7       66
  MINIMUM         28R   457 AM  28    1948  45    -17       48
  AVERAGE         46                        58    -12       57

PRECIPITATION (IN)
  YESTERDAY        0.00          7.96 1977   0.16  -0.16     0.03
  MONTH TO DATE    3.84                      4.67  -0.83     5.41
  SINCE MAR 1      3.84                      4.67  -0.83     5.41
  SINCE JAN 1     12.00                     14.27  -2.27    12.57

SNOWFALL (IN)
  YESTERDAY        0.0                       0.0             0.0
  MONTH TO DATE    T                         0.7             0.0
  SINCE MAR 1      T                         0.7             0.0
  SINCE JUL 1      T                         1.8             2.3

DEGREE DAYS
 HEATING
  YESTERDAY       19
  MONTH TO DATE  239
  SINCE MAR 1    239
  SINCE JUL 1   2760
..................................................................


WIND (MPH)
  HIGHEST WIND SPEED    13   HIGHEST WIND DIRECTION    SW (210)
  HIGHEST GUST SPEED    18   HIGHEST GUST DIRECTION     E (110)
  AVERAGE WIND SPEED     4.6


SKY COVER
  AVERAGE SKY COVER 0.2


WEATHER CONDITIONS
 THE FOLLOWING WEATHER WAS RECORDED YESTERDAY.
  NO SIGNIFICANT WEATHER WAS OBSERVED.


RELATIVE HUMIDITY (PERCENT)
 HIGHEST    85
 LOWEST     20
 AVERAGE    53

..........................................................


THE ANNISTON CLIMATE NORMALS FOR TODAY
                         NORMAL    RECORD    YEAR
 MAXIMUM TEMPERATURE (F)   70        87      1963
 MINIMUM TEMPERATURE (F)   46        24      1964
                                             2005


SUNRISE AND SUNSET
MARCH 30 2015.........SUNRISE   634 AM CDT   SUNSET   702 PM CDT
MARCH 31 2015.........SUNRISE   633 AM CDT   SUNSET   703 PM CDT


-  INDICATES NEGATIVE NUMBERS.
R  INDICATES RECORD WAS SET OR TIED.
MM INDICATES DATA IS MISSING.
T  INDICATES TRACE AMOUNT.




$$
