000
CDUS44 KBMX 090836
CLIANB


CLIMATE REPORT
NATIONAL WEATHER SERVICE BIRMINGHAM, AL
236 AM CST FRI DEC 9 2016


...................................

...THE ANNISTON CLIMATE SUMMARY FOR DECEMBER 8 2016...

CLIMATE NORMAL PERIOD 1981 TO 2010
CLIMATE RECORD PERIOD 1903 TO 2016


WEATHER ITEM   OBSERVED TIME   RECORD YEAR NORMAL DEPARTURE LAST
                VALUE   (LST)  VALUE       VALUE  FROM      YEAR
                                                  NORMAL
..................................................................
TEMPERATURE (F)
 YESTERDAY
  MAXIMUM         46    324 PM  79    1978  57    -11       65
  MINIMUM         35   1158 PM  17    2006  36     -1       33
  AVERAGE         41                        47     -6       49

PRECIPITATION (IN)
  YESTERDAY        0.00          2.18 2013   0.14  -0.14     0.00
  MONTH TO DATE    1.41                      1.20   0.21     1.81
  SINCE DEC 1      1.41                      1.20   0.21     1.81
  SINCE JAN 1     30.90                     46.75 -15.85    52.11

SNOWFALL (IN)
  YESTERDAY        0.0                       0.0             0.0
  MONTH TO DATE    0.0                       0.0             0.0
  SINCE DEC 1      0.0                       0.0             0.0
  SINCE JUL 1      0.0                       0.0             0.0

DEGREE DAYS
 HEATING
  YESTERDAY       24
  MONTH TO DATE  133
  SINCE DEC 1    133
  SINCE JUL 1    406
..................................................................


WIND (MPH)
  HIGHEST WIND SPEED    15   HIGHEST WIND DIRECTION     N (360)
  HIGHEST GUST SPEED    21   HIGHEST GUST DIRECTION     N (350)
  AVERAGE WIND SPEED     6.7


SKY COVER
  AVERAGE SKY COVER 0.1


WEATHER CONDITIONS
 THE FOLLOWING WEATHER WAS RECORDED YESTERDAY.
  NO SIGNIFICANT WEATHER WAS OBSERVED.


RELATIVE HUMIDITY (PERCENT)
 HIGHEST    82
 LOWEST     36
 AVERAGE    59

..........................................................


THE ANNISTON CLIMATE NORMALS FOR TODAY
                         NORMAL    RECORD    YEAR
 MAXIMUM TEMPERATURE (F)   57        76      2007
 MINIMUM TEMPERATURE (F)   36        16      2010
                                             2006


SUNRISE AND SUNSET
DECEMBER  9 2016......SUNRISE   636 AM CST   SUNSET   435 PM CST
DECEMBER 10 2016......SUNRISE   637 AM CST   SUNSET   436 PM CST


-  INDICATES NEGATIVE NUMBERS.
R  INDICATES RECORD WAS SET OR TIED.
MM INDICATES DATA IS MISSING.
T  INDICATES TRACE AMOUNT.




$$
