000
CDUS44 KBMX 210014
CLIANB


CLIMATE REPORT
NATIONAL WEATHER SERVICE BIRMINGHAM, AL
714 PM CDT SUN APR 20 2014


...................................

...THE ANNISTON CLIMATE SUMMARY FOR APRIL 20 2014...
VALID TODAY AS OF 0700 PM LOCAL TIME.

CLIMATE NORMAL PERIOD 1981 TO 2010
CLIMATE RECORD PERIOD 1903 TO 2014


WEATHER ITEM   OBSERVED RECORD YEAR NORMAL DEPARTURE LAST
                VALUE   VALUE       VALUE  FROM      YEAR
                                           NORMAL
...........................................................
TEMPERATURE (F)
 TODAY
  MAXIMUM         78     89    1972  75      3       64
  MINIMUM         47     30    1983  51     -4       35
  AVERAGE         63

PRECIPITATION (IN)
  TODAY            0.00   1.11 1982   0.13  -0.13     0.00
  MONTH TO DATE    6.07               2.76   3.31     5.41
  SINCE MAR 1     11.48               7.72   3.76     9.41
  SINCE JAN 1     18.64              17.32   1.32    23.36

SNOWFALL (IN)
  TODAY            0.0                0.0             0.0
  MONTH TO DATE    0.0                0.2             0.0
  SINCE MAR 1      0.0                0.9              T
  SINCE JUL 1      2.3                2.0             1.2

DEGREE DAYS

 COOLING
  TODAY            0                  2     -2        0
  MONTH TO DATE    9                 26    -17       46
  SINCE MAR 1      9                 38    -29       46
  SINCE JAN 1      9                 39    -30       54
...........................................................


WIND (MPH)
  HIGHEST WIND SPEED    14   HIGHEST WIND DIRECTION     E (80)
  HIGHEST GUST SPEED    19   HIGHEST GUST DIRECTION     E (90)
  AVERAGE WIND SPEED     5.2


SKY COVER
  AVERAGE SKY COVER 0.0


WEATHER CONDITIONS
 THE FOLLOWING WEATHER WAS RECORDED TODAY.
  NO SIGNIFICANT WEATHER WAS OBSERVED.


RELATIVE HUMIDITY (PERCENT)
 HIGHEST    86
 LOWEST     31
 AVERAGE    59

..........................................................


THE ANNISTON CLIMATE NORMALS FOR TOMORROW
                         NORMAL    RECORD    YEAR
 MAXIMUM TEMPERATURE (F)   75        88      1987
 MINIMUM TEMPERATURE (F)   51        29      1953


SUNRISE AND SUNSET
APRIL 20 2014.........SUNRISE   607 AM CDT   SUNSET   718 PM CDT
APRIL 21 2014.........SUNRISE   606 AM CDT   SUNSET   719 PM CDT


-  INDICATES NEGATIVE NUMBERS.
R  INDICATES RECORD WAS SET OR TIED.
MM INDICATES DATA IS MISSING.
T  INDICATES TRACE AMOUNT.




$$
