000
CDAK48 PAFC 032235
CLIANC


CLIMATE REPORT
NATIONAL WEATHER SERVICE ANCHORAGE, AK
235 PM AKDT THU SEP 3 2015


...................................

...THE ANCHORAGE AK CLIMATE SUMMARY FOR SEPTEMBER 3 2015...
VALID TODAY AS OF 0200 PM LOCAL TIME.

CLIMATE NORMAL PERIOD 1981 TO 2010
CLIMATE RECORD PERIOD 1952 TO 2015


WEATHER ITEM   OBSERVED RECORD YEAR NORMAL DEPARTURE LAST
                VALUE   VALUE       VALUE  FROM      YEAR
                                           NORMAL
...........................................................
TEMPERATURE (F)
 TODAY
  MAXIMUM         55     70    1978  60     -5       64
  MINIMUM         50     34    1953  46      4       46
  AVERAGE         53                 53              55

PRECIPITATION (IN)
  TODAY            0.04   0.65 1990   0.11  -0.07      T
  MONTH TO DATE    0.04               0.32  -0.28      T
  SINCE JUN 1      4.28               6.37  -2.09     9.08
  SINCE JAN 1      7.34               9.61  -2.27    12.31

SNOWFALL (IN)
  TODAY            0.0    0.0    MM   0.0    0.0      0.0
  MONTH TO DATE    0.0                0.0    0.0      0.0
  SINCE JUN 1      0.0                0.0    0.0      0.0
  SINCE JUL 1      0.0                0.0    0.0      0.0
  SNOW DEPTH       0

DEGREE DAYS
 HEATING
  TODAY           12                 12      0       10
  MONTH TO DATE   40                 36      4       30
  SINCE SEP 1     40                 36      4       30
  SINCE JUL 1    322                486   -164      379

 COOLING
  TODAY            0                  0      0        0
  MONTH TO DATE    0                  0      0        0
  SINCE SEP 1      0                  0      0        0
  SINCE JAN 1     34                  2     32        3
...........................................................


WIND (MPH)
  RESULTANT WIND SPEED   2   RESULTANT WIND DIRECTION  SE (130)
  HIGHEST WIND SPEED     9   HIGHEST WIND DIRECTION     S (160)
  HIGHEST GUST SPEED    MM   HIGHEST GUST DIRECTION    MM
  AVERAGE WIND SPEED     4.1


SKY COVER
  POSSIBLE SUNSHINE  MM
  AVERAGE SKY COVER 1.0


WEATHER CONDITIONS
 THE FOLLOWING WEATHER WAS RECORDED TODAY.
  LIGHT RAIN


RELATIVE HUMIDITY (PERCENT)
 HIGHEST    89          1200 PM
 LOWEST     64           200 AM
 AVERAGE    77

..........................................................


THE ANCHORAGE AK CLIMATE NORMALS FOR TOMORROW
                         NORMAL    RECORD    YEAR
 MAXIMUM TEMPERATURE (F)   59        70      1974
 MINIMUM TEMPERATURE (F)   46        29      1980


SUNRISE AND SUNSET
SEPTEMBER  3 2015.....SUNRISE   657 AM AKDT  SUNSET   900 PM AKDT
SEPTEMBER  4 2015.....SUNRISE   659 AM AKDT  SUNSET   857 PM AKDT


-  INDICATES NEGATIVE NUMBERS.
R  INDICATES RECORD WAS SET OR TIED.
MM INDICATES DATA IS MISSING.
T  INDICATES TRACE AMOUNT.




$$
