000
CDAK48 PAFC 281254
CLIANC


CLIMATE REPORT
NATIONAL WEATHER SERVICE ANCHORAGE, AK
454 AM AKDT TUE JUL 28 2015


...................................

...THE ANCHORAGE AK CLIMATE SUMMARY FOR JULY 27 2015...

CLIMATE NORMAL PERIOD 1981 TO 2010
CLIMATE RECORD PERIOD 1952 TO 2015


WEATHER ITEM   OBSERVED RECORD YEAR NORMAL DEPARTURE LAST
                VALUE   VALUE       VALUE  FROM      YEAR
                                           NORMAL
...........................................................
TEMPERATURE (F)
 YESTERDAY
  MAXIMUM         67     79    1987  66      1       69
  MINIMUM         54     43    1957  53      1       51
                               1956
  AVERAGE         61                 59      2       60

PRECIPITATION (IN)
  YESTERDAY        T      0.84 1971   0.07  -0.07
  MONTH TO DATE    2.04               1.53   0.51
  SINCE JUN 1      2.97               2.50   0.47
  SINCE JAN 1      6.03               5.74   0.29

SNOWFALL (IN)
  YESTERDAY        0.0    0.0    MM   0.0    0.0
  MONTH TO DATE    0.0                0.0    0.0
  SINCE JUN 1      0.0                0.0    0.0
  SINCE JUL 1      0.0                0.0    0.0
  SNOW DEPTH       0

DEGREE DAYS
 HEATING
  YESTERDAY        4                        -2
  MONTH TO DATE   85                       -86
  SINCE JUN 1    258                      -206
  SINCE JUL 1     85                       -86

 COOLING
  YESTERDAY        0                         0
  MONTH TO DATE   10                        10
  SINCE JUN 1     26                        26
  SINCE JAN 1     26                        26
...........................................................


WIND (MPH)
  HIGHEST WIND SPEED     8   HIGHEST WIND DIRECTION    NW (300)
  HIGHEST GUST SPEED    MM   HIGHEST GUST DIRECTION    MM
  AVERAGE WIND SPEED     3.4




RELATIVE HUMIDITY (PERCENT)
 HIGHEST    93
 LOWEST     40
 AVERAGE    67

..........................................................


THE ANCHORAGE AK CLIMATE NORMALS FOR TODAY
                         NORMAL    RECORD    YEAR
 MAXIMUM TEMPERATURE (F)   66        76      1993
                                             1987
 MINIMUM TEMPERATURE (F)   53        43      1957


SUNRISE AND SUNSET
JULY 28 2015..........SUNRISE   523 AM AKDT  SUNSET  1049 PM AKDT
JULY 29 2015..........SUNRISE   525 AM AKDT  SUNSET  1046 PM AKDT


-  INDICATES NEGATIVE NUMBERS.
R  INDICATES RECORD WAS SET OR TIED.
MM INDICATES DATA IS MISSING.
T  INDICATES TRACE AMOUNT.




$$
