000
CDAK48 PAFC 200053
CLIANC

CLIMATE REPORT
NATIONAL WEATHER SERVICE ANCHORAGE, AK
452 PM AKDT SAT APR 19 2014


...................................

...THE ANCHORAGE AK CLIMATE SUMMARY FOR APRIL 19 2014...
VALID TODAY AS OF 0400 PM LOCAL TIME.

CLIMATE NORMAL PERIOD 1981 TO 2010
CLIMATE RECORD PERIOD 1915 TO 2014


WEATHER ITEM   OBSERVED RECORD YEAR NORMAL DEPARTURE LAST
                VALUE   VALUE       VALUE  FROM      YEAR
                                           NORMAL
...........................................................
TEMPERATURE (F)
 TODAY
  MAXIMUM         53     57    1965  46      7       45
                               1951
  MINIMUM         30      9    1959  30      0       21
  AVERAGE         42                 38              33

PRECIPITATION (IN)
  TODAY            0.00   0.25 1922   0.02  -0.02     0.00
  MONTH TO DATE    0.04               0.29  -0.25     0.75
  SINCE MAR 1      0.74               0.89  -0.15     2.12
  SINCE JAN 1      2.76               2.34   0.42     4.57

SNOWFALL (IN)
  TODAY            0.0    1.9  1983   0.1   -0.1      0.0
  MONTH TO DATE    0.4                3.1   -2.7     14.7
  SINCE MAR 1     11.3               13.0   -1.7     35.3
  SINCE JUL 1     64.7               73.3   -8.6     91.4
  SNOW DEPTH       0

DEGREE DAYS
 HEATING
  TODAY           23                 27     -4       32
  MONTH TO DATE  569                577     -8      734
  SINCE MAR 1   1735               1769    -34     1981
  SINCE JUL 1   8484               9098   -614     9426

 COOLING
  TODAY            0                  0      0        0
  MONTH TO DATE    0                  0      0        0
  SINCE MAR 1      0                  0      0        0
  SINCE JAN 1      0                  0      0        0
...........................................................


WIND (MPH)
  RESULTANT WIND SPEED   2   RESULTANT WIND DIRECTION   N (10)
  HIGHEST WIND SPEED     9   HIGHEST WIND DIRECTION    NE (40)
  HIGHEST GUST SPEED    MM   HIGHEST GUST DIRECTION    MM
  AVERAGE WIND SPEED     3.8


SKY COVER
  POSSIBLE SUNSHINE  MM
  AVERAGE SKY COVER 0.7


WEATHER CONDITIONS
 THE FOLLOWING WEATHER WAS RECORDED TODAY.
  FOG


RELATIVE HUMIDITY (PERCENT)
 HIGHEST    82           700 AM
 LOWEST     42          1200 PM
 AVERAGE    62

..........................................................


THE ANCHORAGE AK CLIMATE NORMALS FOR TOMORROW
                         NORMAL    RECORD    YEAR
 MAXIMUM TEMPERATURE (F)   46        57      1951
 MINIMUM TEMPERATURE (F)   31        16      1975


SUNRISE AND SUNSET
APRIL 19 2014.........SUNRISE   627 AM AKDT  SUNSET   933 PM AKDT
APRIL 20 2014.........SUNRISE   624 AM AKDT  SUNSET   936 PM AKDT

CIVIL TWILIGHT
APRIL 19 2014           START   537 AM AKDT     END  1024 PM AKDT
APRIL 20 2014           START   533 AM AKDT     END  1027 PM AKDT



-  INDICATES NEGATIVE NUMBERS.
R  INDICATES RECORD WAS SET OR TIED.
MM INDICATES DATA IS MISSING.
T  INDICATES TRACE AMOUNT.




$$
&&
------------------------------------------------------
AMOUNT OF DAYLIGHT TODAY  (HOUR:MIN)........15:07
GAIN/LOSS SINCE YESTERDAY (HOUR:MIN:SEC)....+0:05:41
