000
CDAK48 PAFC 251252
CLIANC

CLIMATE REPORT
NATIONAL WEATHER SERVICE ANCHORAGE, AK
450 AM AKDT MON SEP 25 2017


...................................

...THE ANCHORAGE AK CLIMATE SUMMARY FOR SEPTEMBER 24 2017...

CLIMATE NORMAL PERIOD 1981 TO 2010
CLIMATE RECORD PERIOD 1952 TO 2017


WEATHER ITEM   OBSERVED TIME   RECORD YEAR NORMAL DEPARTURE LAST
                VALUE   (LST)  VALUE       VALUE  FROM      YEAR
                                                  NORMAL
..................................................................
TEMPERATURE (F)
 YESTERDAY
  MAXIMUM         59        MM  61    1997  52      7       55
                                      1989
  MINIMUM         47    700 AM  19    1992  39      8       46
  AVERAGE         53                        46      7       51

PRECIPITATION (IN)
  YESTERDAY        0.07          0.82 1981   0.09  -0.02
  MONTH TO DATE    2.20                      2.40  -0.20
  SINCE SEP 1      2.20                      2.40  -0.20
  SINCE JAN 1     14.14                     11.69   2.45

SNOWFALL (IN)
  YESTERDAY        0.0           1.5  1981   0.0    0.0      0.0
  MONTH TO DATE    0.0                       0.1   -0.1      0.0
  SINCE SEP 1      0.0                       0.1   -0.1      0.0
  SINCE JUL 1      0.0                       0.1   -0.1      0.0
  SNOW DEPTH       0

DEGREE DAYS
 HEATING
  YESTERDAY       12                               -7
  MONTH TO DATE  304                              -63
  SINCE SEP 1    304                              -63
  SINCE JUL 1    672                             -145

 COOLING
  YESTERDAY        0                                0
  MONTH TO DATE    0                                0
  SINCE SEP 1      0                                0
  SINCE JAN 1      3                                1
..................................................................


WIND (MPH)
  HIGHEST WIND SPEED    15   HIGHEST WIND DIRECTION    SE (150)
  HIGHEST GUST SPEED    41   HIGHEST GUST DIRECTION     S (160)
  AVERAGE WIND SPEED     7.7




RELATIVE HUMIDITY (PERCENT)
 HIGHEST   100
 LOWEST     55
 AVERAGE    78

..........................................................


THE ANCHORAGE AK CLIMATE NORMALS FOR TODAY
                         NORMAL    RECORD    YEAR
 MAXIMUM TEMPERATURE (F)   51        63      1965
 MINIMUM TEMPERATURE (F)   39        22      1992


SUNRISE AND SUNSET
SEPTEMBER 25 2017.....SUNRISE   753 AM AKDT  SUNSET   749 PM AKDT
SEPTEMBER 26 2017.....SUNRISE   755 AM AKDT  SUNSET   746 PM AKDT

CIVIL TWILIGHT
SEPTEMBER 25 2017       START    710 AM GMT     END    832 PM GMT
SEPTEMBER 26 2017       START    712 AM GMT     END    829 PM GMT



-  INDICATES NEGATIVE NUMBERS.
R  INDICATES RECORD WAS SET OR TIED.
MM INDICATES DATA IS MISSING.
T  INDICATES TRACE AMOUNT.




$$
&&
------------------------------------------------------
AMOUNT OF DAYLIGHT TODAY  (HOUR:MIN)........11:56
GAIN/LOSS SINCE YESTERDAY (HOUR:MIN:SEC)....-0:05:39
