000
CDAK48 PAFC 281235
CLIANC


CLIMATE REPORT
NATIONAL WEATHER SERVICE ANCHORAGE, AK
435 AM AKDT WED SEP 28 2016


...................................

...THE ANCHORAGE AK CLIMATE SUMMARY FOR SEPTEMBER 27 2016...

CLIMATE NORMAL PERIOD 1981 TO 2010
CLIMATE RECORD PERIOD 1952 TO 2016


WEATHER ITEM   OBSERVED TIME   RECORD YEAR NORMAL DEPARTURE LAST
                VALUE   (LST)  VALUE       VALUE  FROM      YEAR
                                                  NORMAL
..................................................................
TEMPERATURE (F)
 YESTERDAY
  MAXIMUM         53    407 PM  60    1995  50      3       46
                                      1978
  MINIMUM         35   1147 PM  23    1956  38     -3       39
  AVERAGE         44                        44      0       43

PRECIPITATION (IN)
  YESTERDAY        0.00          0.72 2015   0.09  -0.09
  MONTH TO DATE    2.35                      2.69  -0.34
  SINCE SEP 1      2.35                      2.69  -0.34
  SINCE JAN 1     14.15                     11.98   2.17

SNOWFALL (IN)
  YESTERDAY        0.0           0.2  2004   0.0    0.0      0.0
  MONTH TO DATE    0.0                       0.2   -0.2      0.0
  SINCE SEP 1      0.0                       0.2   -0.2      0.0
  SINCE JUL 1      0.0                       0.2   -0.2      0.0
  SNOW DEPTH       0

DEGREE DAYS
 HEATING
  YESTERDAY       21                                0
  MONTH TO DATE  330                              -98
  SINCE SEP 1    330                              -98
  SINCE JUL 1    534                             -344

 COOLING
  YESTERDAY        0                                0
  MONTH TO DATE    0                                0
  SINCE SEP 1      0                                0
  SINCE JAN 1     13                               11
..................................................................


WIND (MPH)
  HIGHEST WIND SPEED     8   HIGHEST WIND DIRECTION    NW (300)
  HIGHEST GUST SPEED    12   HIGHEST GUST DIRECTION     N (360)
  AVERAGE WIND SPEED     3.0




RELATIVE HUMIDITY (PERCENT)
 HIGHEST    92
 LOWEST     44
 AVERAGE    68

..........................................................


THE ANCHORAGE AK CLIMATE NORMALS FOR TODAY
                         NORMAL    RECORD    YEAR
 MAXIMUM TEMPERATURE (F)   50        59      1978
 MINIMUM TEMPERATURE (F)   38        20      1956


SUNRISE AND SUNSET
SEPTEMBER 28 2016.....SUNRISE   801 AM AKDT  SUNSET   739 PM AKDT
SEPTEMBER 29 2016.....SUNRISE   803 AM AKDT  SUNSET   736 PM AKDT


-  INDICATES NEGATIVE NUMBERS.
R  INDICATES RECORD WAS SET OR TIED.
MM INDICATES DATA IS MISSING.
T  INDICATES TRACE AMOUNT.




$$
