000
CDAK48 PAFC 291247
CLIANC

CLIMATE REPORT
NATIONAL WEATHER SERVICE ANCHORAGE, AK
347 AM AKST THU JAN 29 2015


...................................

...THE ANCHORAGE AK CLIMATE SUMMARY FOR JANUARY 28 2015...

CLIMATE NORMAL PERIOD 1981 TO 2010
CLIMATE RECORD PERIOD 1952 TO 2015


WEATHER ITEM   OBSERVED RECORD YEAR NORMAL DEPARTURE LAST
                VALUE   VALUE       VALUE  FROM      YEAR
                                           NORMAL
...........................................................
TEMPERATURE (F)
 YESTERDAY
  MAXIMUM         14     44    2014  23     -9       43
                               1994
  MINIMUM          5    -25    1989  11     -6       29
  AVERAGE         10                 17     -7       36

PRECIPITATION (IN)
  YESTERDAY        0.00   0.46 1992   0.02  -0.02
  MONTH TO DATE    0.31               0.65  -0.34
  SINCE DEC 1      0.99               1.76  -0.77
  SINCE JAN 1      0.31               0.65  -0.34

SNOWFALL (IN)
  YESTERDAY        0.0    7.5  1970   0.4   -0.4
  MONTH TO DATE    4.9               10.1   -5.2
  SINCE DEC 1     12.4               26.8  -14.4
  SINCE JUL 1     18.4               48.2  -29.8
  SNOW DEPTH       8

DEGREE DAYS
 HEATING
  YESTERDAY       55                         7
  MONTH TO DATE 1218                      -123
  SINCE DEC 1   2366                      -401
  SINCE JUL 1   5081                      -850

 COOLING
  YESTERDAY        0                         0
  MONTH TO DATE    0                         0
  SINCE DEC 1      0                         0
  SINCE JAN 1      0                         0
...........................................................


WIND (MPH)
  HIGHEST WIND SPEED    12   HIGHEST WIND DIRECTION     N (360)
  HIGHEST GUST SPEED    MM   HIGHEST GUST DIRECTION    MM
  AVERAGE WIND SPEED     6.3




RELATIVE HUMIDITY (PERCENT)
 HIGHEST    80
 LOWEST     53
 AVERAGE    67

..........................................................


THE ANCHORAGE AK CLIMATE NORMALS FOR TODAY
                         NORMAL    RECORD    YEAR
 MAXIMUM TEMPERATURE (F)   23        48      1994
 MINIMUM TEMPERATURE (F)   12       -30      1989


SUNRISE AND SUNSET
JANUARY 29 2015.......SUNRISE   928 AM AKST  SUNSET   500 PM AKST
JANUARY 30 2015.......SUNRISE   925 AM AKST  SUNSET   502 PM AKST

CIVIL TWILIGHT
JANUARY 29 2015         START   837 AM AKST     END   551 PM AKST
JANUARY 30 2015         START   835 AM AKST     END   553 PM AKST



-  INDICATES NEGATIVE NUMBERS.
R  INDICATES RECORD WAS SET OR TIED.
MM INDICATES DATA IS MISSING.
T  INDICATES TRACE AMOUNT.




$$
