000
CDAK48 PAFC 110051
CLIANC


CLIMATE REPORT
NATIONAL WEATHER SERVICE ANCHORAGE, AK
351 PM AKST SAT DEC 10 2016


...................................

...THE ANCHORAGE AK CLIMATE SUMMARY FOR DECEMBER 10 2016...
VALID TODAY AS OF 0300 PM LOCAL TIME.

CLIMATE NORMAL PERIOD 1981 TO 2010
CLIMATE RECORD PERIOD 1952 TO 2016


WEATHER ITEM   OBSERVED TIME   RECORD YEAR NORMAL DEPARTURE LAST
                VALUE   (LST)  VALUE       VALUE  FROM      YEAR
                                                  NORMAL
..................................................................
TEMPERATURE (F)
 TODAY
  MAXIMUM         20        MM  42    1961  25     -5       24
  MINIMUM          4        MM -27    1955  14    -10       17
  AVERAGE         12                        19     -7       21

PRECIPITATION (IN)
  TODAY            0.00          0.75 1963   0.04  -0.04     0.00
  MONTH TO DATE    0.53                      0.38   0.15     0.06
  SINCE DEC 1      0.53                      0.38   0.15     0.06
  SINCE JAN 1     15.52                     15.85  -0.33    18.73

SNOWFALL (IN)
  TODAY            0.0           6.2  2003   0.6   -0.6      0.0
  MONTH TO DATE    9.0                       5.6    3.4      1.2
  SINCE DEC 1      9.0                       5.6    3.4      1.2
  SINCE JUL 1     12.9                      27.0  -14.1     20.9
  SNOW DEPTH       6

DEGREE DAYS
 HEATING
  TODAY           53                        46      7       44
  MONTH TO DATE  509                       453     56      468
  SINCE DEC 1    509                       453     56      468
  SINCE JUL 1   3162                      3617   -455     3282

 COOLING
  TODAY            0                         0      0        0
  MONTH TO DATE    0                         0      0        0
  SINCE DEC 1      0                         0      0        0
  SINCE JAN 1     13                         2     11       34
..................................................................


WIND (MPH)
  RESULTANT WIND SPEED   2   RESULTANT WIND DIRECTION   S (160)
  HIGHEST WIND SPEED     8   HIGHEST WIND DIRECTION     S (180)
  HIGHEST GUST SPEED    MM   HIGHEST GUST DIRECTION    MM
  AVERAGE WIND SPEED     2.6


SKY COVER
  POSSIBLE SUNSHINE  MM
  AVERAGE SKY COVER 0.0


WEATHER CONDITIONS
 THE FOLLOWING WEATHER WAS RECORDED TODAY.
  NO SIGNIFICANT WEATHER WAS OBSERVED.


RELATIVE HUMIDITY (PERCENT)
 HIGHEST    91           800 AM
 LOWEST     70           100 PM
 AVERAGE    81

..........................................................


THE ANCHORAGE AK CLIMATE NORMALS FOR TOMORROW
                         NORMAL    RECORD    YEAR
 MAXIMUM TEMPERATURE (F)   25        47      1985
 MINIMUM TEMPERATURE (F)   14       -25      1955


SUNRISE AND SUNSET
DECEMBER 10 2016......SUNRISE  1003 AM AKST  SUNSET   343 PM AKST
DECEMBER 11 2016......SUNRISE  1005 AM AKST  SUNSET   342 PM AKST


-  INDICATES NEGATIVE NUMBERS.
R  INDICATES RECORD WAS SET OR TIED.
MM INDICATES DATA IS MISSING.
T  INDICATES TRACE AMOUNT.




$$
