000
CDAK48 PAFC 260047
CLIANC


CLIMATE REPORT
NATIONAL WEATHER SERVICE ANCHORAGE, AK
446 PM AKDT THU MAY 25 2017


...................................

...THE ANCHORAGE AK CLIMATE SUMMARY FOR MAY 25 2017...
VALID TODAY AS OF 0400 PM LOCAL TIME.

CLIMATE NORMAL PERIOD 1981 TO 2010
CLIMATE RECORD PERIOD 1952 TO 2017


WEATHER ITEM   OBSERVED TIME   RECORD YEAR NORMAL DEPARTURE LAST
                VALUE   (LST)  VALUE       VALUE  FROM      YEAR
                                                  NORMAL
..................................................................
TEMPERATURE (F)
 TODAY
  MAXIMUM         55   1232 PM  73    2006  59     -4       64
  MINIMUM         43    551 AM  33    1966  42      1       44
  AVERAGE         49                        50     -1       54

PRECIPITATION (IN)
  TODAY            T             0.38 1993   0.03  -0.03     0.00
  MONTH TO DATE    0.89                      0.56   0.33     0.30
  SINCE MAR 1      1.96                      1.63   0.33     1.55
  SINCE JAN 1      4.66                      3.08   1.58     2.13

SNOWFALL (IN)
  TODAY            0.0           0.0    MM   0.0    0.0      0.0
  MONTH TO DATE    0.0                       0.3   -0.3      0.0
  SINCE MAR 1     10.3                      14.2   -3.9     10.7
  SINCE JUL 1     82.4                      74.5    7.9     38.3
  SNOW DEPTH       0

DEGREE DAYS
 HEATING
  TODAY           16                        14      2       11
  MONTH TO DATE  419                       452    -33      354
  SINCE MAR 1   2561                      2490     71     1963
  SINCE JUL 1   9599                      9819   -220     8299

 COOLING
  TODAY            0                         0      0        0
  MONTH TO DATE    0                         0      0        0
  SINCE MAR 1      0                         0      0        0
  SINCE JAN 1      0                         0      0        0
..................................................................


WIND (MPH)
  RESULTANT WIND SPEED  10   RESULTANT WIND DIRECTION   S (190)
  HIGHEST WIND SPEED    20   HIGHEST WIND DIRECTION    SW (240)
  HIGHEST GUST SPEED    31   HIGHEST GUST DIRECTION    SW (230)
  AVERAGE WIND SPEED    12.5


SKY COVER
  POSSIBLE SUNSHINE  MM
  AVERAGE SKY COVER 0.5


WEATHER CONDITIONS
 THE FOLLOWING WEATHER WAS RECORDED TODAY.
  NO SIGNIFICANT WEATHER WAS OBSERVED.


RELATIVE HUMIDITY (PERCENT)
 HIGHEST    76           500 AM
 LOWEST     38          1200 PM
 AVERAGE    57

..........................................................


THE ANCHORAGE AK CLIMATE NORMALS FOR TOMORROW
                         NORMAL    RECORD    YEAR
 MAXIMUM TEMPERATURE (F)   59        75      2006
 MINIMUM TEMPERATURE (F)   43        34      1967


SUNRISE AND SUNSET
MAY 25 2017...........SUNRISE   449 AM AKDT  SUNSET  1107 PM AKDT
MAY 26 2017...........SUNRISE   447 AM AKDT  SUNSET  1109 PM AKDT


-  INDICATES NEGATIVE NUMBERS.
R  INDICATES RECORD WAS SET OR TIED.
MM INDICATES DATA IS MISSING.
T  INDICATES TRACE AMOUNT.




$$
