000
CDUS43 KAPX 250543
CLIANJ


CLIMATE REPORT
NATIONAL WEATHER SERVICE GAYLORD MI
1243 AM EST SUN JAN 25 2015


...................................

...THE SAULT STE MARIE MI CLIMATE SUMMARY FOR JANUARY 24 2015...

CLIMATE NORMAL PERIOD 1981 TO 2010
CLIMATE RECORD PERIOD 1888 TO 2015


WEATHER ITEM   OBSERVED TIME   RECORD YEAR NORMAL DEPARTURE LAST
                VALUE   (LST)  VALUE       VALUE  FROM      YEAR
                                                  NORMAL
..................................................................
TEMPERATURE (F)
 YESTERDAY
  MAXIMUM         35   1109 AM  44    1916  23     12       17
  MINIMUM          8   1159 PM -19    1897   7      1      -13
  AVERAGE         22                        15      7        2

PRECIPITATION (IN)
  YESTERDAY        0.03          0.95 1938   0.06  -0.03     0.34
  MONTH TO DATE    1.86                      1.75   0.11     1.72
  SINCE DEC 1      5.20                      4.54   0.66     4.52
  SINCE JAN 1      1.86                      1.75   0.11     1.72

SNOWFALL (IN)
  YESTERDAY        0.3           6.9  1987   1.0   -0.7      5.2
  MONTH TO DATE   24.4                      24.8   -0.4     23.3
  SINCE OCT 1    125.6                      75.0   50.6     78.0
  SINCE JUL 1    125.6                      75.0   50.6     78.0
  SNOW DEPTH      22

DEGREE DAYS
 HEATING
  YESTERDAY       43                        50     -7       63
  MONTH TO DATE 1267                      1188     79     1298
  SINCE DEC 1   2496                      2515    -19     2920
  SINCE JUL 1   4658                      4447    211     4813
..................................................................


WIND (MPH)
  HIGHEST WIND SPEED    23   HIGHEST WIND DIRECTION    NW (320)
  HIGHEST GUST SPEED    33   HIGHEST GUST DIRECTION    NW (320)
  AVERAGE WIND SPEED     9.9




RELATIVE HUMIDITY (PERCENT)
 HIGHEST   100
 LOWEST     62
 AVERAGE    81

..........................................................


THE SAULT STE MARIE MI CLIMATE NORMALS FOR TODAY
                         NORMAL    RECORD    YEAR
 MAXIMUM TEMPERATURE (F)   23        42      2002
 MINIMUM TEMPERATURE (F)    7       -25      1939


SUNRISE AND SUNSET
JANUARY 25 2015.......SUNRISE   809 AM EST   SUNSET   531 PM EST
JANUARY 26 2015.......SUNRISE   808 AM EST   SUNSET   532 PM EST


-  INDICATES NEGATIVE NUMBERS.
R  INDICATES RECORD WAS SET OR TIED.
MM INDICATES DATA IS MISSING.
T  INDICATES TRACE AMOUNT.




$$
