000
CDUS43 KAPX 040540
CLIANJ


CLIMATE REPORT
NATIONAL WEATHER SERVICE GAYLORD MI
139 AM EDT WED MAY 4 2016


...................................

...THE SAULT STE MARIE MI CLIMATE SUMMARY FOR MAY 3 2016...

CLIMATE NORMAL PERIOD 1981 TO 2010
CLIMATE RECORD PERIOD 1888 TO 2016


WEATHER ITEM   OBSERVED TIME   RECORD YEAR NORMAL DEPARTURE LAST
                VALUE   (LST)  VALUE       VALUE  FROM      YEAR
                                                  NORMAL
..................................................................
TEMPERATURE (F)
 YESTERDAY
  MAXIMUM         63   1230 PM  82    1934  58      5       78
  MINIMUM         35    544 AM  22    1926  38     -3       45
  AVERAGE         49                        48      1       62

PRECIPITATION (IN)
  YESTERDAY        0.03          0.85 1993   0.08  -0.05     0.07
  MONTH TO DATE    0.03                      0.23  -0.20     0.07
  SINCE MAR 1      5.11                      4.57   0.54     3.23
  SINCE JAN 1      8.82                      8.10   0.72     6.60

DEGREE DAYS
 HEATING
  YESTERDAY       16                        17     -1        3
  MONTH TO DATE   43                        53    -10       22
  SINCE MAR 1   1897                      1996    -99     2145
  SINCE JUL 1   7038                      8122  -1084     8924

 COOLING
  YESTERDAY        0                         0      0        0
  MONTH TO DATE    0                         0      0        0
  SINCE MAR 1      0                         0      0        0
  SINCE JAN 1      0                         0      0        0
..................................................................


WIND (MPH)
  HIGHEST WIND SPEED    17   HIGHEST WIND DIRECTION     W (280)
  HIGHEST GUST SPEED    25   HIGHEST GUST DIRECTION     W (290)
  AVERAGE WIND SPEED     5.2




RELATIVE HUMIDITY (PERCENT)
 HIGHEST    93
 LOWEST     34
 AVERAGE    64

..........................................................


THE SAULT STE MARIE MI CLIMATE NORMALS FOR TODAY
                         NORMAL    RECORD    YEAR
 MAXIMUM TEMPERATURE (F)   59        84      1980
 MINIMUM TEMPERATURE (F)   38        20      1967


SUNRISE AND SUNSET
MAY  4 2016...........SUNRISE   618 AM EDT   SUNSET   851 PM EDT
MAY  5 2016...........SUNRISE   616 AM EDT   SUNSET   853 PM EDT


-  INDICATES NEGATIVE NUMBERS.
R  INDICATES RECORD WAS SET OR TIED.
MM INDICATES DATA IS MISSING.
T  INDICATES TRACE AMOUNT.




$$
