883
CDUS43 KAPX 200555
CLIANJ


CLIMATE REPORT
NATIONAL WEATHER SERVICE GAYLORD MI
1255 AM EST FRI JAN 20 2017


...................................

...THE SAULT STE MARIE MI CLIMATE SUMMARY FOR JANUARY 19 2017...

CLIMATE NORMAL PERIOD 1981 TO 2010
CLIMATE RECORD PERIOD 1888 TO 2017


WEATHER ITEM   OBSERVED TIME   RECORD YEAR NORMAL DEPARTURE LAST
                VALUE   (LST)  VALUE       VALUE  FROM      YEAR
                                                  NORMAL
..................................................................
TEMPERATURE (F)
 YESTERDAY
  MAXIMUM         37    351 PM  42    1996  23     14       23
  MINIMUM         34   1159 PM -27    1984   7     27        2
  AVERAGE         36                        15     21       13

PRECIPITATION (IN)
  YESTERDAY        0.00          0.66 1949   0.06  -0.06      T
  MONTH TO DATE    1.65                      1.42   0.23     1.12
  SINCE DEC 1      5.90                      4.21   1.69     6.53
  SINCE JAN 1      1.65                      1.42   0.23     1.12

SNOWFALL (IN)
  YESTERDAY        0.0           9.8  1949   1.0   -1.0      0.4
  MONTH TO DATE   20.7                      19.9    0.8     14.0
  SINCE OCT 1     78.4                      70.1    8.3     33.4
  SINCE JUL 1     78.4                      70.1    8.3     33.4
  SNOW DEPTH      17

DEGREE DAYS
 HEATING
  YESTERDAY       29                        50    -21       52
  MONTH TO DATE  811                       938   -127      901
  SINCE DEC 1   2068                      2265   -197     1864
  SINCE JUL 1   3338                      4197   -859     3355
..................................................................


WIND (MPH)
  HIGHEST WIND SPEED    12   HIGHEST WIND DIRECTION     S (180)
  HIGHEST GUST SPEED    15   HIGHEST GUST DIRECTION    SW (220)
  AVERAGE WIND SPEED     5.1




RELATIVE HUMIDITY (PERCENT)
 HIGHEST    96
 LOWEST     82
 AVERAGE    89

..........................................................


THE SAULT STE MARIE MI CLIMATE NORMALS FOR TODAY
                         NORMAL    RECORD    YEAR
 MAXIMUM TEMPERATURE (F)   23        46      1908
 MINIMUM TEMPERATURE (F)    7       -23      1984


SUNRISE AND SUNSET
JANUARY 20 2017.......SUNRISE   813 AM EST   SUNSET   524 PM EST
JANUARY 21 2017.......SUNRISE   812 AM EST   SUNSET   526 PM EST


-  INDICATES NEGATIVE NUMBERS.
R  INDICATES RECORD WAS SET OR TIED.
MM INDICATES DATA IS MISSING.
T  INDICATES TRACE AMOUNT.




$$
