000
CDUS43 KAPX 310530
CLIANJ


CLIMATE REPORT
NATIONAL WEATHER SERVICE GAYLORD MI
129 AM EDT WED AUG 31 2016


...................................

...THE SAULT STE MARIE MI CLIMATE SUMMARY FOR AUGUST 30 2016...

CLIMATE NORMAL PERIOD 1981 TO 2010
CLIMATE RECORD PERIOD 1888 TO 2016


WEATHER ITEM   OBSERVED TIME   RECORD YEAR NORMAL DEPARTURE LAST
                VALUE   (LST)  VALUE       VALUE  FROM      YEAR
                                                  NORMAL
..................................................................
TEMPERATURE (F)
 YESTERDAY
  MAXIMUM         79    223 PM  88    2010  72      7       77
                                      1973
                                      1932
  MINIMUM         61   1140 PM  35    1976  53      8       59
  AVERAGE         70                        62      8       68

PRECIPITATION (IN)
  YESTERDAY        T             3.15 1995   0.12  -0.12     0.00
  MONTH TO DATE    4.32                      3.06   1.26     2.77
  SINCE JUN 1      9.53                      8.62   0.91     8.55
  SINCE JAN 1     20.08                     19.06   1.02    17.25

DEGREE DAYS
 HEATING
  YESTERDAY        0                         4     -4        0
  MONTH TO DATE   12                        73    -61       47
  SINCE JUN 1    198                       322   -124      289
  SINCE JUL 1     35                       142   -107      101

 COOLING
  YESTERDAY        5                         1      4        3
  MONTH TO DATE  149                        66     83       86
  SINCE JUN 1    315                       174    141      185
  SINCE JAN 1    326                       179    147      187
..................................................................


WIND (MPH)
  HIGHEST WIND SPEED    16   HIGHEST WIND DIRECTION    NW (310)
  HIGHEST GUST SPEED    23   HIGHEST GUST DIRECTION    NW (330)
  AVERAGE WIND SPEED     6.1




RELATIVE HUMIDITY (PERCENT)
 HIGHEST    93
 LOWEST     64
 AVERAGE    79

..........................................................


THE SAULT STE MARIE MI CLIMATE NORMALS FOR TODAY
                         NORMAL    RECORD    YEAR
 MAXIMUM TEMPERATURE (F)   72        89      2000
 MINIMUM TEMPERATURE (F)   52        37      1978
                                             1967


SUNRISE AND SUNSET
AUGUST 31 2016........SUNRISE   657 AM EDT   SUNSET   817 PM EDT
SEPTEMBER  1 2016.....SUNRISE   658 AM EDT   SUNSET   815 PM EDT


-  INDICATES NEGATIVE NUMBERS.
R  INDICATES RECORD WAS SET OR TIED.
MM INDICATES DATA IS MISSING.
T  INDICATES TRACE AMOUNT.




$$
