000
CDUS43 KAPX 132235
CLIANJ


CLIMATE REPORT
NATIONAL WEATHER SERVICE GAYLORD MI
535 PM EST WED DEC 13 2017


...................................

...THE SAULT STE MARIE MI CLIMATE SUMMARY FOR DECEMBER 13 2017...
VALID TODAY AS OF 0500 PM LOCAL TIME.

CLIMATE NORMAL PERIOD 1981 TO 2010
CLIMATE RECORD PERIOD 1888 TO 2017


WEATHER ITEM   OBSERVED TIME   RECORD YEAR NORMAL DEPARTURE LAST
                VALUE   (LST)  VALUE       VALUE  FROM      YEAR
                                                  NORMAL
..................................................................
TEMPERATURE (F)
 TODAY
  MAXIMUM          9    433 PM  45    2015  29    -20       27
                                      1920
                                      1891
  MINIMUM        -10    302 AM -19    1976  17    -27        6
  AVERAGE          0                        23    -23       17

PRECIPITATION (IN)
  TODAY           MM             0.60 1920   0.09  MM        0.02
  MONTH TO DATE    2.24                      1.28   0.96     1.36
  SINCE DEC 1      2.24                      1.28   0.96     1.36
  SINCE JAN 1     41.55                     31.44  10.11    32.11

SNOWFALL (IN)
  TODAY           MM             6.9  1963   1.1             0.4
  MONTH TO DATE   15.9                      13.3            14.8
  SINCE OCT 1     30.9                      30.0            21.7
  SINCE JUL 1     30.9                      30.0            21.7

DEGREE DAYS
 HEATING
  TODAY           65                        42     23       48
  MONTH TO DATE  519                       515      4      483
  SINCE DEC 1    519                       515      4      483
  SINCE JUL 1   2104                      2447   -343     1753
..................................................................


WIND (MPH)
  RESULTANT WIND SPEED   4   RESULTANT WIND DIRECTION   E (80)
  HIGHEST WIND SPEED     9   HIGHEST WIND DIRECTION     E (80)
  HIGHEST GUST SPEED    13   HIGHEST GUST DIRECTION     E (70)
  AVERAGE WIND SPEED     4.5


SKY COVER
  POSSIBLE SUNSHINE  MM
  AVERAGE SKY COVER 0.0


WEATHER CONDITIONS
 THE FOLLOWING WEATHER WAS RECORDED TODAY.
  NO SIGNIFICANT WEATHER WAS OBSERVED.


RELATIVE HUMIDITY (PERCENT)
 HIGHEST    87          1000 AM
 LOWEST     63           100 PM
 AVERAGE    75

..........................................................


THE SAULT STE MARIE MI CLIMATE NORMALS FOR TOMORROW
                         NORMAL    RECORD    YEAR
 MAXIMUM TEMPERATURE (F)   29        53      1975
 MINIMUM TEMPERATURE (F)   17       -18      1943
                                             1933


SUNRISE AND SUNSET
DECEMBER 13 2017......SUNRISE   813 AM EST   SUNSET   450 PM EST
DECEMBER 14 2017......SUNRISE   814 AM EST   SUNSET   451 PM EST


-  INDICATES NEGATIVE NUMBERS.
R  INDICATES RECORD WAS SET OR TIED.
MM INDICATES DATA IS MISSING.
T  INDICATES TRACE AMOUNT.




$$
