000
CDUS43 KAPX 010601
CLIANJ


CLIMATE REPORT
NATIONAL WEATHER SERVICE GAYLORD MI
159 AM EDT SAT NOV 1 2014


...................................

...THE SAULT STE MARIE MI CLIMATE SUMMARY FOR OCTOBER 31 2014...

CLIMATE NORMAL PERIOD 1981 TO 2010
CLIMATE RECORD PERIOD 1888 TO 2014


WEATHER ITEM   OBSERVED TIME   RECORD YEAR NORMAL DEPARTURE LAST
                VALUE   (LST)  VALUE       VALUE  FROM      YEAR
                                                  NORMAL
..................................................................
TEMPERATURE (F)
 YESTERDAY
  MAXIMUM         36    100 AM  68    1956  47    -11       52
  MINIMUM         27   1100 PM  20    1949  33     -6       47
  AVERAGE         32                        40     -8       50

PRECIPITATION (IN)
  YESTERDAY        0.03          1.31 2013   0.11  -0.08     1.31
  MONTH TO DATE    7.62                      3.80   3.82     4.53
  SINCE SEP 1     11.59                      7.62   3.97    11.35
  SINCE JAN 1     30.51                     26.79   3.72    39.64

SNOWFALL (IN)
  YESTERDAY        T             4.0  1895   0.1   -0.1      0.0
  MONTH TO DATE    T                         1.6   -1.6      6.7
  SINCE OCT 1      T                         1.6   -1.6      6.7
  SINCE JUL 1      T                         1.6   -1.6      6.7
  SNOW DEPTH       0

DEGREE DAYS
 HEATING
  YESTERDAY       33                        25      8       15
  MONTH TO DATE  607                       604      3      549
  SINCE SEP 1    857                       858     -1      802
  SINCE JUL 1   1038                      1005     33      918

 COOLING
  YESTERDAY        0                         0      0        0
  MONTH TO DATE    0                         1     -1        0
  SINCE SEP 1      5                        18    -13       14
  SINCE JAN 1    113                       196    -83      266
..................................................................


WIND (MPH)
  HIGHEST WIND SPEED    20   HIGHEST WIND DIRECTION     N (10)
  HIGHEST GUST SPEED    30   HIGHEST GUST DIRECTION    NE (30)
  AVERAGE WIND SPEED    12.9




RELATIVE HUMIDITY (PERCENT)
 HIGHEST    92
 LOWEST     49
 AVERAGE    71

..........................................................


THE SAULT STE MARIE MI CLIMATE NORMALS FOR TODAY
                         NORMAL    RECORD    YEAR
 MAXIMUM TEMPERATURE (F)   46        66      1999
 MINIMUM TEMPERATURE (F)   33        19      1911


SUNRISE AND SUNSET
NOVEMBER  1 2014......SUNRISE   819 AM EDT   SUNSET   622 PM EDT
NOVEMBER  2 2014......SUNRISE   720 AM EST   SUNSET   521 PM EST


-  INDICATES NEGATIVE NUMBERS.
R  INDICATES RECORD WAS SET OR TIED.
MM INDICATES DATA IS MISSING.
T  INDICATES TRACE AMOUNT.




$$
