000
CDUS43 KAPX 030530
CLIANJ


CLIMATE REPORT
NATIONAL WEATHER SERVICE GAYLORD MI
130 AM EDT THU SEP 3 2015


...................................

...THE SAULT STE MARIE MI CLIMATE SUMMARY FOR SEPTEMBER 2 2015...

CLIMATE NORMAL PERIOD 1981 TO 2010
CLIMATE RECORD PERIOD 1888 TO 2015


WEATHER ITEM   OBSERVED TIME   RECORD YEAR NORMAL DEPARTURE LAST
                VALUE   (LST)  VALUE       VALUE  FROM      YEAR
                                                  NORMAL
..................................................................
TEMPERATURE (F)
 YESTERDAY
  MAXIMUM         80    129 PM  87    2008  72      8       73
                                      1973
  MINIMUM         64    922 PM  31    1976  52     12       53
  AVERAGE         72                        62     10       63

PRECIPITATION (IN)
  YESTERDAY        T             2.55 1905   0.11  -0.11     0.21
  MONTH TO DATE    T                         0.23  -0.23     0.79
  SINCE SEP 1      T                         0.23  -0.23     0.79
  SINCE JAN 1     17.25                     19.40  -2.15    19.71

DEGREE DAYS
 HEATING
  YESTERDAY        0                         5     -5        2
  MONTH TO DATE    0                         9     -9        2
  SINCE SEP 1      0                         9     -9        2
  SINCE JUL 1    101                       156    -55      183

 COOLING
  YESTERDAY        7                         1      6        0
  MONTH TO DATE   16                         2     14        1
  SINCE SEP 1     16                         2     14        1
  SINCE JAN 1    208                       180     28      109
..................................................................


WIND (MPH)
  HIGHEST WIND SPEED    13   HIGHEST WIND DIRECTION    NW (320)
  HIGHEST GUST SPEED    16   HIGHEST GUST DIRECTION     W (260)
  AVERAGE WIND SPEED     3.3




RELATIVE HUMIDITY (PERCENT)
 HIGHEST    97
 LOWEST     68
 AVERAGE    83

..........................................................


THE SAULT STE MARIE MI CLIMATE NORMALS FOR TODAY
                         NORMAL    RECORD    YEAR
 MAXIMUM TEMPERATURE (F)   71        92      1953
 MINIMUM TEMPERATURE (F)   52        33      1987
                                             1974


SUNRISE AND SUNSET
SEPTEMBER  3 2015.....SUNRISE   700 AM EDT   SUNSET   813 PM EDT
SEPTEMBER  4 2015.....SUNRISE   701 AM EDT   SUNSET   811 PM EDT


-  INDICATES NEGATIVE NUMBERS.
R  INDICATES RECORD WAS SET OR TIED.
MM INDICATES DATA IS MISSING.
T  INDICATES TRACE AMOUNT.




$$
