000
CDUS43 KAPX 210527
CLIANJ


CLIMATE REPORT
NATIONAL WEATHER SERVICE GAYLORD MI
127 AM EDT THU SEP 21 2017


...................................

...THE SAULT STE MARIE MI CLIMATE SUMMARY FOR SEPTEMBER 20 2017...

CLIMATE NORMAL PERIOD 1981 TO 2010
CLIMATE RECORD PERIOD 1888 TO 2017


WEATHER ITEM   OBSERVED TIME   RECORD YEAR NORMAL DEPARTURE LAST
                VALUE   (LST)  VALUE       VALUE  FROM      YEAR
                                                  NORMAL
..................................................................
TEMPERATURE (F)
 YESTERDAY
  MAXIMUM         73    424 PM  85    1914  65      8       76
                                      1895
  MINIMUM         58   1252 AM  30    1981  46     12       57
  AVERAGE         66                        56     10       67

PRECIPITATION (IN)
  YESTERDAY        0.05          0.91 1978   0.13  -0.08     0.00
  MONTH TO DATE    0.65                      2.50  -1.85     3.42
  SINCE SEP 1      0.65                      2.50  -1.85     3.42
  SINCE JAN 1     28.41                     21.67   6.74    23.50

DEGREE DAYS
 HEATING
  YESTERDAY        0                        10    -10        0
  MONTH TO DATE   92                       137    -45       28
  SINCE SEP 1     92                       137    -45       28
  SINCE JUL 1    175                       284   -109       63

 COOLING
  YESTERDAY        1                         0      1        2
  MONTH TO DATE   18                        15      3       34
  SINCE SEP 1     18                        15      3       34
  SINCE JAN 1    146                       193    -47      360
..................................................................


WIND (MPH)
  HIGHEST WIND SPEED    16   HIGHEST WIND DIRECTION    SE (130)
  HIGHEST GUST SPEED    22   HIGHEST GUST DIRECTION     E (110)
  AVERAGE WIND SPEED     6.2




RELATIVE HUMIDITY (PERCENT)
 HIGHEST    93
 LOWEST     73
 AVERAGE    83

..........................................................


THE SAULT STE MARIE MI CLIMATE NORMALS FOR TODAY
                         NORMAL    RECORD    YEAR
 MAXIMUM TEMPERATURE (F)   64        84      1914
 MINIMUM TEMPERATURE (F)   46        27      1981


SUNRISE AND SUNSET
SEPTEMBER 21 2017.....SUNRISE   723 AM EDT   SUNSET   737 PM EDT
SEPTEMBER 22 2017.....SUNRISE   725 AM EDT   SUNSET   735 PM EDT


-  INDICATES NEGATIVE NUMBERS.
R  INDICATES RECORD WAS SET OR TIED.
MM INDICATES DATA IS MISSING.
T  INDICATES TRACE AMOUNT.




$$
