000
CDUS43 KAPX 220528
CLIANJ


CLIMATE REPORT
NATIONAL WEATHER SERVICE GAYLORD MI
128 AM EDT SAT JUL 22 2017


...................................

...THE SAULT STE MARIE MI CLIMATE SUMMARY FOR JULY 21 2017...

CLIMATE NORMAL PERIOD 1981 TO 2010
CLIMATE RECORD PERIOD 1888 TO 2017


WEATHER ITEM   OBSERVED TIME   RECORD YEAR NORMAL DEPARTURE LAST
                VALUE   (LST)  VALUE       VALUE  FROM      YEAR
                                                  NORMAL
..................................................................
TEMPERATURE (F)
 YESTERDAY
  MAXIMUM         82    135 PM  92    1955  77      5       86
  MINIMUM         59    332 AM  36    1992  55      4       65
  AVERAGE         71                        66      5       76

PRECIPITATION (IN)
  YESTERDAY        0.00          1.80 1965   0.10  -0.10     0.07
  MONTH TO DATE    2.20                      1.85   0.35     2.72
  SINCE JUN 1      5.92                      4.55   1.37     4.60
  SINCE JAN 1     19.36                     14.99   4.37    15.15

DEGREE DAYS
 HEATING
  YESTERDAY        0                         2     -2        0
  MONTH TO DATE   26                        52    -26       23
  SINCE JUN 1    138                       232    -94      186
  SINCE JUL 1     26                        52    -26       23

 COOLING
  YESTERDAY        6                         3      3       11
  MONTH TO DATE   42                        54    -12       72
  SINCE JUN 1     60                        84    -24      108
  SINCE JAN 1     61                        89    -28      119
..................................................................


WIND (MPH)
  HIGHEST WIND SPEED    14   HIGHEST WIND DIRECTION    NW (310)
  HIGHEST GUST SPEED    18   HIGHEST GUST DIRECTION    NW (310)
  AVERAGE WIND SPEED     4.5




RELATIVE HUMIDITY (PERCENT)
 HIGHEST    97
 LOWEST     39
 AVERAGE    68

..........................................................


THE SAULT STE MARIE MI CLIMATE NORMALS FOR TODAY
                         NORMAL    RECORD    YEAR
 MAXIMUM TEMPERATURE (F)   77        90      1940
                                             1917
 MINIMUM TEMPERATURE (F)   55        42      1992
                                             1981


SUNRISE AND SUNSET
JULY 22 2017..........SUNRISE   607 AM EDT   SUNSET   920 PM EDT
JULY 23 2017..........SUNRISE   608 AM EDT   SUNSET   919 PM EDT


-  INDICATES NEGATIVE NUMBERS.
R  INDICATES RECORD WAS SET OR TIED.
MM INDICATES DATA IS MISSING.
T  INDICATES TRACE AMOUNT.




$$
