000
CDUS43 KAPX 270531
CLIANJ


CLIMATE REPORT
NATIONAL WEATHER SERVICE GAYLORD MI
129 AM EDT WED AUG 27 2014


...................................

...THE SAULT STE MARIE MI CLIMATE SUMMARY FOR AUGUST 26 2014...

CLIMATE NORMAL PERIOD 1981 TO 2010
CLIMATE RECORD PERIOD 1888 TO 2014


WEATHER ITEM   OBSERVED TIME   RECORD YEAR NORMAL DEPARTURE LAST
                VALUE   (LST)  VALUE       VALUE  FROM      YEAR
                                                  NORMAL
..................................................................
TEMPERATURE (F)
 YESTERDAY
  MAXIMUM         68   1213 PM  92    1948  73     -5       82
  MINIMUM         54   1159 PM  38    1917  53      1       66
  AVERAGE         61                        63     -2       74

PRECIPITATION (IN)
  YESTERDAY        0.00          1.26 2013   0.10  -0.10     1.26
  MONTH TO DATE    1.83                      2.63  -0.80     4.42
  SINCE JUN 1      6.23                      8.19  -1.96    13.41
  SINCE JAN 1     18.27                     18.63  -0.36    27.67

DEGREE DAYS
 HEATING
  YESTERDAY        4                         3      1        0
  MONTH TO DATE   46                        58    -12       66
  SINCE JUN 1    266                       307    -41      262
  SINCE JUL 1    157                       127     30      116

 COOLING
  YESTERDAY        0                         1     -1        9
  MONTH TO DATE   42                        62    -20       50
  SINCE JUN 1    100                       170    -70      205
  SINCE JAN 1    102                       175    -73      214
..................................................................


WIND (MPH)
  HIGHEST WIND SPEED    20   HIGHEST WIND DIRECTION    NW (310)
  HIGHEST GUST SPEED    28   HIGHEST GUST DIRECTION    NW (320)
  AVERAGE WIND SPEED     8.9




RELATIVE HUMIDITY (PERCENT)
 HIGHEST   100
 LOWEST     53
 AVERAGE    77

..........................................................


THE SAULT STE MARIE MI CLIMATE NORMALS FOR TODAY
                         NORMAL    RECORD    YEAR
 MAXIMUM TEMPERATURE (F)   73        93      1976
                                             1948
 MINIMUM TEMPERATURE (F)   53        35      1915


SUNRISE AND SUNSET
AUGUST 27 2014........SUNRISE   651 AM EDT   SUNSET   826 PM EDT
AUGUST 28 2014........SUNRISE   652 AM EDT   SUNSET   824 PM EDT


-  INDICATES NEGATIVE NUMBERS.
R  INDICATES RECORD WAS SET OR TIED.
MM INDICATES DATA IS MISSING.
T  INDICATES TRACE AMOUNT.




$$
