000
CDUS43 KAPX 270527
CLIANJ


CLIMATE REPORT
NATIONAL WEATHER SERVICE GAYLORD MI
127 AM EDT MON MAR 27 2017


...................................

...THE SAULT STE MARIE MI CLIMATE SUMMARY FOR MARCH 26 2017...

CLIMATE NORMAL PERIOD 1981 TO 2010
CLIMATE RECORD PERIOD 1888 TO 2017


WEATHER ITEM   OBSERVED TIME   RECORD YEAR NORMAL DEPARTURE LAST
                VALUE   (LST)  VALUE       VALUE  FROM      YEAR
                                                  NORMAL
..................................................................
TEMPERATURE (F)
 YESTERDAY
  MAXIMUM         35   1159 PM  65    1945  39     -4       48
  MINIMUM         31    515 AM  -9    1923  22      9       26
  AVERAGE         33                        30      3       37

PRECIPITATION (IN)
  YESTERDAY        0.40          1.50 1906   0.07   0.33     0.00
  MONTH TO DATE    1.85                      1.59   0.26     1.50
  SINCE MAR 1      1.85                      1.59   0.26     1.50
  SINCE JAN 1      7.81                      5.12   2.69     5.21

SNOWFALL (IN)
  YESTERDAY        0.0          11.4  1964   0.4   -0.4      0.0
  MONTH TO DATE   13.8                      11.8    2.0      8.2
  SINCE OCT 1    136.9                     112.0   24.9     72.4
  SINCE JUL 1    136.9                     112.0   24.9     72.4
  SNOW DEPTH      12

DEGREE DAYS
 HEATING
  YESTERDAY       32                        35     -3       28
  MONTH TO DATE 1069                      1034     35      868
  SINCE MAR 1   1069                      1034     35      868
  SINCE JUL 1   5943                      7160  -1217     6009

 COOLING
  YESTERDAY        0                         0      0        0
  MONTH TO DATE    0                         0      0        0
  SINCE MAR 1      0                         0      0        0
  SINCE JAN 1      0                         0      0        0
..................................................................


WIND (MPH)
  HIGHEST WIND SPEED    16   HIGHEST WIND DIRECTION     E (100)
  HIGHEST GUST SPEED    25   HIGHEST GUST DIRECTION     E (90)
  AVERAGE WIND SPEED     8.6




RELATIVE HUMIDITY (PERCENT)
 HIGHEST   100
 LOWEST     51
 AVERAGE    76

..........................................................


THE SAULT STE MARIE MI CLIMATE NORMALS FOR TODAY
                         NORMAL    RECORD    YEAR
 MAXIMUM TEMPERATURE (F)   39        69      1945
 MINIMUM TEMPERATURE (F)   22        -6      1996


SUNRISE AND SUNSET
MARCH 27 2017.........SUNRISE   726 AM EDT   SUNSET   800 PM EDT
MARCH 28 2017.........SUNRISE   724 AM EDT   SUNSET   801 PM EDT


-  INDICATES NEGATIVE NUMBERS.
R  INDICATES RECORD WAS SET OR TIED.
MM INDICATES DATA IS MISSING.
T  INDICATES TRACE AMOUNT.




$$
