000
CDAK47 PANT 230930
CLIANN

CLIMATE REPORT
NATIONAL WEATHER SERVICE ANNETTE, AK
130 AM AKDT SAT MAY 23 2015

...................................
...THE ANNETTE WSO AP CLIMATE SUMMARY FOR MAY 22 2015...

CLIMATE NORMAL PERIOD  1981 TO  2010
CLIMATE RECORD PERIOD  1948 TO  2015

WEATHER ITEM   OBSERVED TIME    RECORD YEAR NORMAL DEPARTURE LAST
               VALUE    (LST)   VALUE       VALUE  FROM      YEAR
                                                   NORMAL
...................................................................
TEMPERATURE
YESTERDAY
 MAXIMUM            65  0316 PM    75  1960     58       7     50
 MINIMUM            49  0550 AM    38  1991     45       4     46
 AVERAGE            57                          51       6     48

PRECIPITATION
(INCHES)
 YESTERDAY        0.02           2.49  2014   0.17   -0.15   2.49
 MONTH TO DATE    0.39                        4.05   -3.66   4.55
 SINCE MAR 1     22.31                       18.87    3.44  28.29
 SINCE JAN 1     43.37                       36.91    6.46  40.39

SNOWFALL
(INCHES)
 YESTERDAY         0.0            0.0  2015    0.0     0.0    0.0
 MONTH TO DATE     0.0                         0.1    -0.1    0.0
 SINCE MAR 1         T                         8.4    -8.4    0.3
 SINCE JUL 1      10.2                        34.9   -24.7   25.4
 SNOW DEPTH (IN)     0                                          0

DEGREE DAYS
 HEATING
  YESTERDAY          8                          14      -6     17
  MONTH TO DATE    242                         348    -106    301
  SINCE MAR 1     1478                        1755    -277   1807
  SINCE JUL 1     5562                        6293    -731   6296

 COOLING
  YESTERDAY          0                           0       0      0
  MONTH TO DATE      0                           0       0      0
  SINCE MAR 1        0                           0       0      0
  SINCE JAN 1        0                           0       0      0
...................................................................

WIND (MPH)
 HIGHEST WIND SPEED    16     HIGHEST WIND DIRECTION    130
 HIGHEST GUST SPEED    24     HIGHEST GUST DIRECTION    130
 AVERAGE WIND SPEED   4.9

SKY COVER
  POSSIBLE SUNSHINE    MM          AVERAGE SKY COVER     MM

WEATHER CONDITIONS
 THE FOLLOWING WEATHER WAS RECORDED YESTERDAY.
  RAIN


RELATIVE HUMIDITY
 HIGHEST RH     MM PERCENT       MM
 LOWEST  RH     MM PERCENT       MM
 AVERAGE RH     MM PERCENT       MM
...................................................................

THE ANNETTE CLIMATE NORMALS FOR TODAY
                           NORMAL    RECORD   YEAR
 MAXIMUM TEMPERATURE (F)     58        87     1969
 MINIMUM TEMPERATURE (F)     46        34     1972

SUNRISE AND SUNSET
 MAY 23 2015..........SUNRISE  4:26 AM      SUNSET  9:02 PM
 MAY 24 2015..........SUNRISE  4:25 AM      SUNSET  9:03 PM

-  INDICATES NEGATIVE NUMBERS.
R  INDICATES RECORD HAS BEEN SET OR TIED.
MM INDICATES DATA IS MISSING.
T  INDICATES TRACE OF PRECIPITATION.

&&
-------------------------------------------------------------------

AMOUNT OF DAYLIGHT TODAY  (HOUR:MIN)........16 HOURS 36 MINUTES
GAIN/LOSS SINCE YESTERDAY (HOUR:MIN:SEC)....+0:03:03

$$
JH MAY 15
