000
CDAK47 PANT 100911
CLIANN

CLIMATE REPORT
NATIONAL WEATHER SERVICE ANNETTE, AK
1211 AM AKST WED FEB 10 2016

...................................
...THE ANNETTE WSO AP CLIMATE SUMMARY FOR FEBRUARY 9 2016...

CLIMATE NORMAL PERIOD  1981 TO  2010
CLIMATE RECORD PERIOD  1948 TO  2016

WEATHER ITEM   OBSERVED TIME    RECORD YEAR NORMAL DEPARTURE LAST
               VALUE    (LST)   VALUE       VALUE  FROM      YEAR
                                                   NORMAL
...................................................................
TEMPERATURE
YESTERDAY
 MAXIMUM            59  0313 PM    65  1993     43      16     43
 MINIMUM            44  0807 AM    10  2014     33      11     27
 AVERAGE            52                          38      14     35

PRECIPITATION
(INCHES)
 YESTERDAY        0.18           3.07  1953   0.28   -0.10   0.00
 MONTH TO DATE    6.95                        2.56    4.39   3.24
 SINCE DEC 1     23.38                       24.01   -0.63  30.91
 SINCE JAN 1     16.45                       13.29    3.16  17.95

SNOWFALL
(INCHES)
 YESTERDAY         0.0            5.9  2008    0.3    -0.3    0.0
 MONTH TO DATE       T                         2.3    -2.3    2.3
 SINCE DEC 1       4.1                        18.0   -13.9    6.0
 SINCE JUL 1       5.0                        21.6   -16.6   10.2
 SNOW DEPTH (IN)     0                                          0

DEGREE DAYS
 HEATING
  YESTERDAY         13                          27     -14     30
  MONTH TO DATE    214                         246     -32    247
  SINCE DEC 1     1847                        1975    -128   1666
  SINCE JUL 1     3620                        4025    -405     MM

 COOLING
  YESTERDAY          0                           0       0      0
  MONTH TO DATE      0                           0       0      0
  SINCE DEC 1        0                           0       0      0
  SINCE JAN 1        0                           0       0      0
...................................................................

WIND (MPH)
 HIGHEST WIND SPEED    23     HIGHEST WIND DIRECTION    130
 HIGHEST GUST SPEED    34     HIGHEST GUST DIRECTION    130
 AVERAGE WIND SPEED   7.8

SKY COVER
  POSSIBLE SUNSHINE    MM          AVERAGE SKY COVER     MM

WEATHER CONDITIONS
 THE FOLLOWING WEATHER WAS RECORDED YESTERDAY.
  FOG
RAIN


RELATIVE HUMIDITY
 HIGHEST RH     MM PERCENT       MM
 LOWEST  RH     MM PERCENT       MM
 AVERAGE RH     MM PERCENT       MM
...................................................................

THE ANNETTE CLIMATE NORMALS FOR TODAY
                           NORMAL    RECORD   YEAR
 MAXIMUM TEMPERATURE (F)     43        56     1993
 MINIMUM TEMPERATURE (F)     33         9     1975

SUNRISE AND SUNSET
 FEB 10 2016..........SUNRISE  7:21 AM      SUNSET  4:42 PM
 FEB 11 2016..........SUNRISE  7:19 AM      SUNSET  4:44 PM

-  INDICATES NEGATIVE NUMBERS.
R  INDICATES RECORD HAS BEEN SET OR TIED.
MM INDICATES DATA IS MISSING.
T  INDICATES TRACE OF PRECIPITATION.

&&
-------------------------------------------------------------------

AMOUNT OF DAYLIGHT TODAY  (HOUR:MIN)........9 HOURS 21 MINUTES
GAIN/LOSS SINCE YESTERDAY (HOUR:MIN:SEC)....+0:04:10

$$
JZ FEB 16
