000
CDAK47 PANT 050911
CLIANN

CLIMATE REPORT
NATIONAL WEATHER SERVICE ANNETTE, AK
111 AM AKDT WED AUG 5 2015

...................................
...THE ANNETTE WSO AP CLIMATE SUMMARY FOR AUGUST 4 2015...

CLIMATE NORMAL PERIOD  1981 TO  2010
CLIMATE RECORD PERIOD  1948 TO  2015

WEATHER ITEM   OBSERVED TIME    RECORD YEAR NORMAL DEPARTURE LAST
               VALUE    (LST)   VALUE       VALUE  FROM      YEAR
                                                   NORMAL
...................................................................
TEMPERATURE
YESTERDAY
 MAXIMUM            62  1137 AM    84  1993     66      -4     67
 MINIMUM            55  1159 PM    46  1956     54       1     57
 AVERAGE            59                          60      -1     62

PRECIPITATION
(INCHES)
 YESTERDAY        0.57           1.95  1958   0.18    0.39      T
 MONTH TO DATE    1.05                        0.69    0.36      T
 SINCE JUN 1     12.68                       10.22    2.46  15.35
 SINCE JAN 1     56.16                       48.64    7.52  56.15

SNOWFALL
(INCHES)
 YESTERDAY         0.0            0.0  2015    0.0     0.0    0.0
 MONTH TO DATE     0.0                         0.0     0.0    0.0
 SINCE JUN 1       0.0                         0.0     0.0    0.0
 SINCE JUL 1       0.0                         0.0     0.0    0.0
 SNOW DEPTH (IN)     0                                          0

DEGREE DAYS
 HEATING
  YESTERDAY          6                           5       1      3
  MONTH TO DATE     22                          20       2     MM
  SINCE JUN 1      329                         524    -195    774
  SINCE JUL 1      141                         226     -85     MM

 COOLING
  YESTERDAY          0                           0       0      0
  MONTH TO DATE      0                           0       0     MM
  SINCE JUN 1       37                           0      37      8
  SINCE JAN 1       37                           0      37     MM
...................................................................

WIND (MPH)
 HIGHEST WIND SPEED     8     HIGHEST WIND DIRECTION    140
 HIGHEST GUST SPEED    12     HIGHEST GUST DIRECTION    130
 AVERAGE WIND SPEED   1.6

SKY COVER
  POSSIBLE SUNSHINE    MM          AVERAGE SKY COVER     MM

WEATHER CONDITIONS
 THE FOLLOWING WEATHER WAS RECORDED YESTERDAY.
  FOG
  RAIN


RELATIVE HUMIDITY
 HIGHEST RH     MM PERCENT       MM
 LOWEST  RH     MM PERCENT       MM
 AVERAGE RH     MM PERCENT       MM
...................................................................

THE ANNETTE CLIMATE NORMALS FOR TODAY
                           NORMAL    RECORD   YEAR
 MAXIMUM TEMPERATURE (F)     66        84     2010
 MINIMUM TEMPERATURE (F)     54        48     1991

SUNRISE AND SUNSET
 AUG 5 2015..........SUNRISE  5:03 AM      SUNSET  8:42 PM
 AUG 6 2015..........SUNRISE  5:04 AM      SUNSET  8:40 PM

-  INDICATES NEGATIVE NUMBERS.
R  INDICATES RECORD HAS BEEN SET OR TIED.
MM INDICATES DATA IS MISSING.
T  INDICATES TRACE OF PRECIPITATION.

&&
-------------------------------------------------------------------

AMOUNT OF DAYLIGHT TODAY  (HOUR:MIN)........15 HOURS 39 MINUTES
GAIN/LOSS SINCE YESTERDAY (HOUR:MIN:SEC)....-0:03:50

$$
MM AUG 15
