225
CDAK47 PANT 040000
CLIANN

CLIMATE REPORT
NATIONAL WEATHER SERVICE ANNETTE, AK
400 PM AKDT TUE MAY 3 2016

...................................
...THE ANNETTE WSO AP CLIMATE SUMMARY FOR MAY 3 2016...
VALID TODAY AS OF 2:00 PM LOCAL TIME

CLIMATE NORMAL PERIOD  1981 TO  2010
CLIMATE RECORD PERIOD  1948 TO  2016

WEATHER ITEM   OBSERVED TIME    RECORD YEAR NORMAL DEPARTURE LAST
               VALUE    (LST)   VALUE       VALUE  FROM      YEAR
                                                   NORMAL
...................................................................
TEMPERATURE
TODAY
 MAXIMUM            56  0140 PM    68  1991     54       2     57
 MINIMUM            47  0636 AM    32  1999     41       6     38
 AVERAGE            52                          47       5     48

PRECIPITATION
(INCHES)
 TODAY            0.13           2.02  1976   0.19   -0.06   0.00
 MONTH TO DATE    2.16                        0.59    1.57   0.17
 SINCE MAR 1     20.57                       15.41    5.16  22.09
 SINCE JAN 1     45.61                       33.45   12.16  43.15

SNOWFALL
(INCHES)
 TODAY             0.0            0.2  1984    0.0     0.0    0.0
 MONTH TO DATE     0.0                         0.0     0.0    0.0
 SINCE MAR 1       0.0                         8.3    -8.3    0.0
 SINCE JUL 1       5.0                        34.8   -29.8   10.2
 SNOW DEPTH (IN)     0                                          0

DEGREE DAYS
 HEATING
  TODAY             13                          18      -5     17
  MONTH TO DATE     36                          54     -18     57
  SINCE MAR 1     1298                        1461    -163   1293
  SINCE JUL 1     5376                        5999    -623     MM

 COOLING
  TODAY              0                           0       0      0
  MONTH TO DATE      0                           0       0      0
  SINCE MAR 1        0                           0       0      0
  SINCE JAN 1        0                           0       0      0
...................................................................

WIND (MPH)
 HIGHEST WIND SPEED     9     HIGHEST WIND DIRECTION    210
 HIGHEST GUST SPEED    13     HIGHEST GUST DIRECTION    220
 AVERAGE WIND SPEED    MM

SKY COVER
  POSSIBLE SUNSHINE  MM            AVERAGE SKY COVER MM

WEATHER CONDITIONS
 THE FOLLOWING WEATHER WAS RECORDED TODAY.
RAIN


RELATIVE HUMIDITY
 HIGHEST RH     MM PERCENT       MM
 LOWEST  RH     MM PERCENT       MM
 AVERAGE RH     MM PERCENT       MM
...................................................................

THE ANNETTE CLIMATE NORMALS FOR TOMORROW
                        NORMAL    RECORD   YEAR
 MAXIMUM TEMPERATURE      54        68     1956
 MINIMUM TEMPERATURE      42        33     1965

SUNRISE AND SUNSET
 MAY 3 2016..........SUNRISE  5:01 AM      SUNSET  8:28 PM
 MAY 4 2016..........SUNRISE  4:59 AM      SUNSET  8:30 PM

-  INDICATES NEGATIVE NUMBERS.
R  INDICATES RECORD HAS BEEN SET OR TIED.
MM INDICATES DATA IS MISSING.
T  INDICATES TRACE OF PRECIPITATION.

&&
-------------------------------------------------------------------

AMOUNT OF DAYLIGHT TODAY  (HOUR:MIN)........15 HOURS 27 MINUTES
GAIN/LOSS SINCE YESTERDAY (HOUR:MIN:SEC)....+0:04:01

$$
JZ MAY 16
