000
CDAK47 PAJK 191241
CLIANN
CLIMATE REPORT
NATIONAL WEATHER SERVICE JUNEAU, AK
335 AM AKST SUN NOV 19 2017


...................................

...THE ANNETTE ISLAND CLIMATE SUMMARY FOR NOVEMBER 18 2017...

CLIMATE NORMAL PERIOD 1981 TO 2010
CLIMATE RECORD PERIOD 1941 TO 2017


WEATHER ITEM   OBSERVED RECORD YEAR NORMAL DEPARTURE LAST
                VALUE   VALUE       VALUE  FROM      YEAR
                                           NORMAL
...........................................................
TEMPERATURE (F)
 YESTERDAY
  MAXIMUM         44     52    2014  44      0       46
                               2001
  MINIMUM         34     15    1963  35     -1       34
  AVERAGE         39                 39      0       40

PRECIPITATION (IN)
  YESTERDAY        0.42   3.13 1971   0.39   0.03     0.00
  MONTH TO DATE    3.41               7.68  -4.27     7.34
  SINCE JAN 1     83.90              86.30  -2.40    83.71

SNOWFALL (IN)
  YESTERDAY        0.0    2.9  1986   0.1   -0.1      0.0
  MONTH TO DATE    0.0                1.6   -1.6      0.0
  SINCE JUL 1      0.0                1.7   -1.7      0.0
  SNOW DEPTH       0

DEGREE DAYS
 HEATING
  YESTERDAY       26                 26      0       25
  MONTH TO DATE  475                433     42      297
...........................................................


WIND (MPH)
  HIGHEST WIND SPEED    14   HIGHEST WIND DIRECTION     S (200)
  HIGHEST GUST SPEED    23   HIGHEST GUST DIRECTION     S (200)
  AVERAGE WIND SPEED     5.6


SKY COVER
  AVERAGE SKY COVER 0.8


WEATHER CONDITIONS
 THE FOLLOWING WEATHER WAS RECORDED YESTERDAY.
  HEAVY RAIN
  RAIN
  LIGHT RAIN
  FOG


..........................................................


THE ANNETTE ISLAND CLIMATE NORMALS FOR TODAY
                         NORMAL    RECORD    YEAR
 MAXIMUM TEMPERATURE (F)   44        52      2008
                                             2002
                                             2001
 MINIMUM TEMPERATURE (F)   35        16      1963


SUNRISE AND SUNSET
NOVEMBER 19 2017......SUNRISE   727 AM AKST  SUNSET   336 PM AKST
NOVEMBER 20 2017......SUNRISE   729 AM AKST  SUNSET   335 PM AKST


-  INDICATES NEGATIVE NUMBERS.
R  INDICATES RECORD WAS SET OR TIED.
MM INDICATES DATA IS MISSING.
T  INDICATES TRACE AMOUNT.




$$
--------------------------------------------------------------

AMOUNT OF DAYLIGHT TODAY (HOUR:MIN)......... 8 HOURS 09 MINUTES
GAIN/LOSS SINCE YESTERDAY (HOUR:MIN:SEC).... -0:03:21

$$
