000
CDUS41 KCTP 300615
CLIAOO


CLIMATE REPORT
NATIONAL WEATHER SERVICE STATE COLLEGE PA
214 AM EDT SAT APR 30 2016


...................................

...THE ALTOONA CLIMATE SUMMARY FOR APRIL 29 2016...

CLIMATE NORMAL PERIOD 1981 TO 2010
CLIMATE RECORD PERIOD 1948 TO 2016


WEATHER ITEM   OBSERVED TIME   RECORD YEAR NORMAL DEPARTURE LAST
                VALUE   (LST)  VALUE       VALUE  FROM      YEAR
                                                  NORMAL
..................................................................
TEMPERATURE (F)
 YESTERDAY
  MAXIMUM         49    256 PM  83    1956  65    -16       72
  MINIMUM         42    528 AM  27    2001  42      0       40
  AVERAGE         46                        53     -7       56

PRECIPITATION (IN)
  YESTERDAY        0.01          0.75 1951   0.11  -0.10     0.00
  MONTH TO DATE    1.53                      3.08  -1.55     3.05
  SINCE MAR 1      2.78                      6.15  -3.37     5.48
  SINCE JAN 1      6.62                     10.36  -3.74     8.00

DEGREE DAYS
 HEATING
  YESTERDAY       19                        12      7        9
  MONTH TO DATE  478                       478      0      424
  SINCE MAR 1   1078                      1337   -259     1350
  SINCE JUL 1   4902                      5892   -990     6143

 COOLING
  YESTERDAY        0                         0      0        0
  MONTH TO DATE    0                         0      0        0
  SINCE MAR 1      0                         1     -1        0
  SINCE JAN 1      0                         1     -1        0
..................................................................


WIND (MPH)
  HIGHEST WIND SPEED    10   HIGHEST WIND DIRECTION    SE (150)
  HIGHEST GUST SPEED    14   HIGHEST GUST DIRECTION     S (170)
  AVERAGE WIND SPEED     4.8


SKY COVER
  POSSIBLE SUNSHINE  MM
  AVERAGE SKY COVER 1.0


WEATHER CONDITIONS
 THE FOLLOWING WEATHER WAS RECORDED YESTERDAY.
  LIGHT RAIN
  FOG
  FOG W/VISIBILITY <= 1/4 MILE


RELATIVE HUMIDITY (PERCENT)
 HIGHEST   100           700 PM
 LOWEST     86          1100 AM
 AVERAGE    93

..........................................................


THE ALTOONA CLIMATE NORMALS FOR TODAY
                         NORMAL    RECORD    YEAR
 MAXIMUM TEMPERATURE (F)   65        85      1970
 MINIMUM TEMPERATURE (F)   42        30      1961


SUNRISE AND SUNSET
APRIL 30 2016.........SUNRISE   613 AM EDT   SUNSET   808 PM EDT
MAY  1 2016...........SUNRISE   612 AM EDT   SUNSET   809 PM EDT


-  INDICATES NEGATIVE NUMBERS.
R  INDICATES RECORD WAS SET OR TIED.
MM INDICATES DATA IS MISSING.
T  INDICATES TRACE AMOUNT.




$$
