000
CDUS41 KCTP 190619
CLIAOO


CLIMATE REPORT
NATIONAL WEATHER SERVICE STATE COLLEGE PA
219 AM EDT SAT AUG 19 2017


...................................

...THE ALTOONA CLIMATE SUMMARY FOR AUGUST 18 2017...

CLIMATE NORMAL PERIOD 1981 TO 2010
CLIMATE RECORD PERIOD 1948 TO 2017


WEATHER ITEM   OBSERVED TIME   RECORD YEAR NORMAL DEPARTURE LAST
                VALUE   (LST)  VALUE       VALUE  FROM      YEAR
                                                  NORMAL
..................................................................
TEMPERATURE (F)
 YESTERDAY
  MAXIMUM         82    510 PM  91    2002  80      2       83
  MINIMUM         64   1150 PM  45    1981  58      6       63
  AVERAGE         73                        69      4       73

PRECIPITATION (IN)
  YESTERDAY        0.81          1.24 1955   0.09   0.72     0.00
  MONTH TO DATE    3.12                      1.71   1.41     2.15
  SINCE JUN 1     12.80                      8.45   4.35     6.44
  SINCE JAN 1     30.09                     22.63   7.46    16.42

DEGREE DAYS
 HEATING
  YESTERDAY        0                         1     -1        0
  MONTH TO DATE    9                        10     -1        0
  SINCE JUN 1     46                        78    -32       27
  SINCE JUL 1     15                        20     -5        4

 COOLING
  YESTERDAY        8                         5      3        8
  MONTH TO DATE   63                       101    -38      185
  SINCE JUN 1    440                       395     45      605
  SINCE JAN 1    513                       428     85      656
..................................................................


WIND (MPH)
  HIGHEST WIND SPEED    15   HIGHEST WIND DIRECTION     W (250)
  HIGHEST GUST SPEED    20   HIGHEST GUST DIRECTION    SW (220)
  AVERAGE WIND SPEED     5.3


SKY COVER
  POSSIBLE SUNSHINE  MM
  AVERAGE SKY COVER 0.4


WEATHER CONDITIONS
 THE FOLLOWING WEATHER WAS RECORDED YESTERDAY.
  HEAVY RAIN
  RAIN
  LIGHT RAIN
  FOG


RELATIVE HUMIDITY (PERCENT)
 HIGHEST   100           100 AM
 LOWEST     65           500 PM
 AVERAGE    83

..........................................................


THE ALTOONA CLIMATE NORMALS FOR TODAY
                         NORMAL    RECORD    YEAR
 MAXIMUM TEMPERATURE (F)   80        91      1983
 MINIMUM TEMPERATURE (F)   58        45      1977


SUNRISE AND SUNSET
AUGUST 19 2017........SUNRISE   628 AM EDT   SUNSET   804 PM EDT
AUGUST 20 2017........SUNRISE   629 AM EDT   SUNSET   803 PM EDT


-  INDICATES NEGATIVE NUMBERS.
R  INDICATES RECORD WAS SET OR TIED.
MM INDICATES DATA IS MISSING.
T  INDICATES TRACE AMOUNT.




$$
