000
CDUS41 KCTP 122217
CLIAOO


CLIMATE REPORT
NATIONAL WEATHER SERVICE STATE COLLEGE PA
516 PM EST FRI FEB 12 2016


...................................

...THE ALTOONA CLIMATE SUMMARY FOR FEBRUARY 12 2016...
VALID TODAY AS OF 0500 PM LOCAL TIME.

CLIMATE NORMAL PERIOD 1981 TO 2010
CLIMATE RECORD PERIOD 1948 TO 2016


WEATHER ITEM   OBSERVED TIME   RECORD YEAR NORMAL DEPARTURE LAST
                VALUE   (LST)  VALUE       VALUE  FROM      YEAR
                                                  NORMAL
..................................................................
TEMPERATURE (F)
 TODAY
  MAXIMUM         20    138 PM  64    1999  37    -17       34
  MINIMUM          4    651 AM  -5    2014  21    -17        6
  AVERAGE         12                        29    -17       20

PRECIPITATION (IN)
  TODAY            T             1.41 1985   0.07  -0.07     0.01
  MONTH TO DATE    0.68                      0.86  -0.18     0.71
  SINCE DEC 1      6.06                      5.45   0.61     4.17
  SINCE JAN 1      2.32                      3.03  -0.71     2.31

DEGREE DAYS
 HEATING
  TODAY           53                        36     17       45
  MONTH TO DATE  419                       445    -26      454
  SINCE DEC 1   2274                      2692   -418     2650
  SINCE JUL 1   3267                      3998   -731     3952

 COOLING
  TODAY            0                         0      0        0
  MONTH TO DATE    0                         0      0        0
  SINCE DEC 1      0                         0      0        0
  SINCE JAN 1      0                         0      0        0
..................................................................


WIND (MPH)
  HIGHEST WIND SPEED    14   HIGHEST WIND DIRECTION    SW (230)
  HIGHEST GUST SPEED    17   HIGHEST GUST DIRECTION     W (250)
  AVERAGE WIND SPEED     6.1


SKY COVER
  POSSIBLE SUNSHINE  MM
  AVERAGE SKY COVER 0.6


WEATHER CONDITIONS
 THE FOLLOWING WEATHER WAS RECORDED TODAY.
  LIGHT SNOW


RELATIVE HUMIDITY (PERCENT)
 HIGHEST    80           500 PM
 LOWEST     54          1200 PM
 AVERAGE    67

..........................................................


THE ALTOONA CLIMATE NORMALS FOR TOMORROW
                         NORMAL    RECORD    YEAR
 MAXIMUM TEMPERATURE (F)   37        62      1949
 MINIMUM TEMPERATURE (F)   21        -2      1979


SUNRISE AND SUNSET
FEBRUARY 12 2016......SUNRISE   711 AM EST   SUNSET   545 PM EST
FEBRUARY 13 2016......SUNRISE   710 AM EST   SUNSET   546 PM EST


-  INDICATES NEGATIVE NUMBERS.
R  INDICATES RECORD WAS SET OR TIED.
MM INDICATES DATA IS MISSING.
T  INDICATES TRACE AMOUNT.




$$
