000
CDUS41 KCTP 270651
CLIAOO


CLIMATE REPORT
NATIONAL WEATHER SERVICE STATE COLLEGE PA
250 AM EDT FRI MAY 27 2016


...................................

...THE ALTOONA CLIMATE SUMMARY FOR MAY 26 2016...

CLIMATE NORMAL PERIOD 1981 TO 2010
CLIMATE RECORD PERIOD 1948 TO 2016


WEATHER ITEM   OBSERVED TIME   RECORD YEAR NORMAL DEPARTURE LAST
                VALUE   (LST)  VALUE       VALUE  FROM      YEAR
                                                  NORMAL
..................................................................
TEMPERATURE (F)
 YESTERDAY
  MAXIMUM         83    157 PM  87    1991  72     11       81
  MINIMUM         61    439 AM  36    1988  50     11       60
  AVERAGE         72                        61     11       71

PRECIPITATION (IN)
  YESTERDAY        T             1.01 2012   0.12  -0.12      T
  MONTH TO DATE    3.08                      3.11  -0.03     1.05
  SINCE MAR 1      5.99                      9.37  -3.38     6.87
  SINCE JAN 1      9.83                     13.58  -3.75     9.39

DEGREE DAYS
 HEATING
  YESTERDAY        0                         6     -6        0
  MONTH TO DATE  249                       218     31      105
  SINCE MAR 1   1344                      1566   -222     1462
  SINCE JUL 1   5168                      6122   -954     6255

 COOLING
  YESTERDAY        7                         1      6        6
  MONTH TO DATE   11                        16     -5       66
  SINCE MAR 1     11                        22    -11       66
  SINCE JAN 1     11                        22    -11       66
..................................................................


WIND (MPH)
  HIGHEST WIND SPEED    22   HIGHEST WIND DIRECTION    SW (210)
  HIGHEST GUST SPEED    28   HIGHEST GUST DIRECTION    SW (210)
  AVERAGE WIND SPEED     4.2


SKY COVER
  POSSIBLE SUNSHINE  MM
  AVERAGE SKY COVER 0.5


WEATHER CONDITIONS
 THE FOLLOWING WEATHER WAS RECORDED YESTERDAY.
  LIGHT RAIN
  FOG
  HAZE


RELATIVE HUMIDITY (PERCENT)
 HIGHEST    93           900 PM
 LOWEST     39          1000 AM
 AVERAGE    66

..........................................................


THE ALTOONA CLIMATE NORMALS FOR TODAY
                         NORMAL    RECORD    YEAR
 MAXIMUM TEMPERATURE (F)   72        89      1991
 MINIMUM TEMPERATURE (F)   51        36      1961


SUNRISE AND SUNSET
MAY 27 2016...........SUNRISE   548 AM EDT   SUNSET   834 PM EDT
MAY 28 2016...........SUNRISE   547 AM EDT   SUNSET   834 PM EDT


-  INDICATES NEGATIVE NUMBERS.
R  INDICATES RECORD WAS SET OR TIED.
MM INDICATES DATA IS MISSING.
T  INDICATES TRACE AMOUNT.




$$
