000
CDUS41 KCTP 100627
CLIAOO


CLIMATE REPORT
NATIONAL WEATHER SERVICE STATE COLLEGE PA
126 AM EST SAT DEC 10 2016


...................................

...THE ALTOONA CLIMATE SUMMARY FOR DECEMBER 9 2016...

CLIMATE NORMAL PERIOD 1981 TO 2010
CLIMATE RECORD PERIOD 1948 TO 2016


WEATHER ITEM   OBSERVED TIME   RECORD YEAR NORMAL DEPARTURE LAST
                VALUE   (LST)  VALUE       VALUE  FROM      YEAR
                                                  NORMAL
..................................................................
TEMPERATURE (F)
 YESTERDAY
  MAXIMUM         28        MM  67    1966  40    -12       42
  MINIMUM         24        MM  -3    1989  25     -1       24
  AVERAGE         26                        32     -6       33

PRECIPITATION (IN)
  YESTERDAY        T             1.22 2009   0.09  -0.09     0.01
  MONTH TO DATE    0.68                      0.82  -0.14     1.10
  SINCE DEC 1      0.68                      0.82  -0.14     1.10
  SINCE JAN 1     24.82                     31.03  -6.21    32.18

DEGREE DAYS
 HEATING
  YESTERDAY       39                        33      6       32
  MONTH TO DATE  264                       280    -16      242
  SINCE DEC 1    264                       280    -16      242
  SINCE JUL 1   1255                      1590   -335     1235

 COOLING
  YESTERDAY        0                         0      0        0
  MONTH TO DATE    0                         0      0        0
  SINCE DEC 1      0                         0      0        0
  SINCE JAN 1    873                       522    351      696
..................................................................


WIND (MPH)
  HIGHEST WIND SPEED    15   HIGHEST WIND DIRECTION     W (260)
  HIGHEST GUST SPEED    23   HIGHEST GUST DIRECTION    NW (300)
  AVERAGE WIND SPEED    12.8


SKY COVER
  POSSIBLE SUNSHINE  MM
  AVERAGE SKY COVER 1.0


WEATHER CONDITIONS
 THE FOLLOWING WEATHER WAS RECORDED YESTERDAY.
  LIGHT SNOW
  FOG


RELATIVE HUMIDITY (PERCENT)
 HIGHEST    81           500 PM
 LOWEST     62          1200 AM
 AVERAGE    72

..........................................................


THE ALTOONA CLIMATE NORMALS FOR TODAY
                         NORMAL    RECORD    YEAR
 MAXIMUM TEMPERATURE (F)   39        61      1966
 MINIMUM TEMPERATURE (F)   25         2      1958


SUNRISE AND SUNSET
DECEMBER 10 2016......SUNRISE   725 AM EST   SUNSET   447 PM EST
DECEMBER 11 2016......SUNRISE   726 AM EST   SUNSET   447 PM EST


-  INDICATES NEGATIVE NUMBERS.
R  INDICATES RECORD WAS SET OR TIED.
MM INDICATES DATA IS MISSING.
T  INDICATES TRACE AMOUNT.




$$
