000
CDUS41 KCTP 200629
CLIAOO


CLIMATE REPORT
NATIONAL WEATHER SERVICE STATE COLLEGE PA
228 AM EDT SAT SEP 20 2014


...................................

...THE ALTOONA CLIMATE SUMMARY FOR SEPTEMBER 19 2014...

CLIMATE NORMAL PERIOD 1981 TO 2010
CLIMATE RECORD PERIOD 1948 TO 2014


WEATHER ITEM   OBSERVED TIME   RECORD YEAR NORMAL DEPARTURE LAST
                VALUE   (LST)  VALUE       VALUE  FROM      YEAR
                                                  NORMAL
..................................................................
TEMPERATURE (F)
 YESTERDAY
  MAXIMUM         69    324 PM  88    1983  71     -2       71
  MINIMUM         47    615 AM  33    1959  50     -3       47
  AVERAGE         58                        60     -2       59

PRECIPITATION (IN)
  YESTERDAY        0.00          1.21 2003   0.12  -0.12     0.00
  MONTH TO DATE    0.17                      2.24  -2.07     1.22
  SINCE SEP 1      0.17                      2.24  -2.07     1.22
  SINCE JAN 1     28.79                     23.16   5.63    20.23

DEGREE DAYS
 HEATING
  YESTERDAY        7                         6      1        6
  MONTH TO DATE   71                        63      8       74
  SINCE SEP 1     71                        63      8       74
  SINCE JUL 1    105                        87     18       95

 COOLING
  YESTERDAY        0                         1     -1        0
  MONTH TO DATE   61                        38     23       55
  SINCE SEP 1     61                        38     23       55
  SINCE JAN 1    513                       511      2      663
..................................................................


WIND (MPH)
  HIGHEST WIND SPEED    13   HIGHEST WIND DIRECTION    SW (210)
  HIGHEST GUST SPEED    20   HIGHEST GUST DIRECTION     S (200)
  AVERAGE WIND SPEED     5.1


SKY COVER
  POSSIBLE SUNSHINE  MM
  AVERAGE SKY COVER 0.7


WEATHER CONDITIONS
 THE FOLLOWING WEATHER WAS RECORDED YESTERDAY.
  FOG


RELATIVE HUMIDITY (PERCENT)
 HIGHEST   100           600 AM
 LOWEST     53           200 PM
 AVERAGE    77

..........................................................


THE ALTOONA CLIMATE NORMALS FOR TODAY
                         NORMAL    RECORD    YEAR
 MAXIMUM TEMPERATURE (F)   71        87      1965
 MINIMUM TEMPERATURE (F)   50        33      1956


SUNRISE AND SUNSET
SEPTEMBER 20 2014.....SUNRISE   659 AM EDT   SUNSET   714 PM EDT
SEPTEMBER 21 2014.....SUNRISE   700 AM EDT   SUNSET   712 PM EDT


-  INDICATES NEGATIVE NUMBERS.
R  INDICATES RECORD WAS SET OR TIED.
MM INDICATES DATA IS MISSING.
T  INDICATES TRACE AMOUNT.




$$
