000
CDUS41 KCTP 270628
CLIAOO


CLIMATE REPORT
NATIONAL WEATHER SERVICE STATE COLLEGE PA
228 AM EDT MON MAR 27 2017


...................................

...THE ALTOONA CLIMATE SUMMARY FOR MARCH 26 2017...

CLIMATE NORMAL PERIOD 1981 TO 2010
CLIMATE RECORD PERIOD 1948 TO 2017


WEATHER ITEM   OBSERVED TIME   RECORD YEAR NORMAL DEPARTURE LAST
                VALUE   (LST)  VALUE       VALUE  FROM      YEAR
                                                  NORMAL
..................................................................
TEMPERATURE (F)
 YESTERDAY
  MAXIMUM         50    226 AM  79    1998  51     -1       58
  MINIMUM         44   1156 PM  14    2001  32     12       24
  AVERAGE         47                        41      6       41

PRECIPITATION (IN)
  YESTERDAY        0.18          0.57 1978   0.11   0.07     0.00
  MONTH TO DATE    3.01                      2.52   0.49     1.10
  SINCE MAR 1      3.01                      2.52   0.49     1.10
  SINCE JAN 1      7.64                      6.73   0.91     4.94

DEGREE DAYS
 HEATING
  YESTERDAY       18                        24     -6       24
  MONTH TO DATE  766                       745     21      514
  SINCE MAR 1    766                       745     21      514
  SINCE JUL 1   4433                      5300   -867     4338

 COOLING
  YESTERDAY        0                         0      0        0
  MONTH TO DATE    0                         0      0        0
  SINCE MAR 1      0                         0      0        0
  SINCE JAN 1      0                         0      0        0
..................................................................


WIND (MPH)
  HIGHEST WIND SPEED    15   HIGHEST WIND DIRECTION    SE (120)
  HIGHEST GUST SPEED    20   HIGHEST GUST DIRECTION    SE (130)
  AVERAGE WIND SPEED     8.1


SKY COVER
  POSSIBLE SUNSHINE  MM
  AVERAGE SKY COVER 1.0


WEATHER CONDITIONS
 THE FOLLOWING WEATHER WAS RECORDED YESTERDAY.
  LIGHT RAIN
  FOG
  HAZE


RELATIVE HUMIDITY (PERCENT)
 HIGHEST    92           400 PM
 LOWEST     80          1200 AM
 AVERAGE    86

..........................................................


THE ALTOONA CLIMATE NORMALS FOR TODAY
                         NORMAL    RECORD    YEAR
 MAXIMUM TEMPERATURE (F)   51        81      1998
 MINIMUM TEMPERATURE (F)   32        14      1955


SUNRISE AND SUNSET
MARCH 27 2017.........SUNRISE   705 AM EDT   SUNSET   733 PM EDT
MARCH 28 2017.........SUNRISE   703 AM EDT   SUNSET   734 PM EDT


-  INDICATES NEGATIVE NUMBERS.
R  INDICATES RECORD WAS SET OR TIED.
MM INDICATES DATA IS MISSING.
T  INDICATES TRACE AMOUNT.




$$
