000
CDUS41 KCTP 222119
CLIAOO


CLIMATE REPORT
NATIONAL WEATHER SERVICE STATE COLLEGE PA
518 PM EDT FRI AUG 22 2014


...................................

...THE ALTOONA CLIMATE SUMMARY FOR AUGUST 22 2014...
VALID TODAY AS OF 0500 PM LOCAL TIME.

CLIMATE NORMAL PERIOD 1981 TO 2010
CLIMATE RECORD PERIOD 1948 TO 2014


WEATHER ITEM   OBSERVED TIME   RECORD YEAR NORMAL DEPARTURE LAST
                VALUE   (LST)  VALUE       VALUE  FROM      YEAR
                                                  NORMAL
..................................................................
TEMPERATURE (F)
 TODAY
  MAXIMUM         75    314 PM  95    1983  80     -5       84
  MINIMUM         63    520 AM  41    1982  58      5       65
  AVERAGE         69                        69      0       75

PRECIPITATION (IN)
  TODAY            0.22          1.64 1994   0.09   0.13     0.01
  MONTH TO DATE    4.20                      2.09   2.11     2.40
  SINCE JUN 1     14.37                      8.83   5.54     7.80
  SINCE JAN 1     27.87                     23.01   4.86    18.65

DEGREE DAYS
 HEATING
  TODAY            0                         1     -1        0
  MONTH TO DATE   16                        14      2       16
  SINCE JUN 1     45                        82    -37       41
  SINCE JUL 1     30                        24      6       21

 COOLING
  TODAY            4                         4      0       10
  MONTH TO DATE   73                       120    -47       82
  SINCE JUN 1    377                       414    -37      470
  SINCE JAN 1    424                       447    -23      544
..................................................................


WIND (MPH)
  HIGHEST WIND SPEED     7   HIGHEST WIND DIRECTION     S (180)
  HIGHEST GUST SPEED     8   HIGHEST GUST DIRECTION     E (90)
  AVERAGE WIND SPEED     1.6


SKY COVER
  POSSIBLE SUNSHINE  MM
  AVERAGE SKY COVER 0.7


WEATHER CONDITIONS
 THE FOLLOWING WEATHER WAS RECORDED TODAY.
  THUNDERSTORM
  HEAVY RAIN
  RAIN
  LIGHT RAIN
  FOG
  HAZE


RELATIVE HUMIDITY (PERCENT)
 HIGHEST   100           500 AM
 LOWEST     84           100 PM
 AVERAGE    92

..........................................................


THE ALTOONA CLIMATE NORMALS FOR TOMORROW
                         NORMAL    RECORD    YEAR
 MAXIMUM TEMPERATURE (F)   79        94      1968
 MINIMUM TEMPERATURE (F)   58        42      1952


SUNRISE AND SUNSET
AUGUST 22 2014........SUNRISE   631 AM EDT   SUNSET   800 PM EDT
AUGUST 23 2014........SUNRISE   632 AM EDT   SUNSET   759 PM EDT


-  INDICATES NEGATIVE NUMBERS.
R  INDICATES RECORD WAS SET OR TIED.
MM INDICATES DATA IS MISSING.
T  INDICATES TRACE AMOUNT.




$$
