000
CDUS45 KBOU 300725
CLIAPA


CLIMATE REPORT
NATIONAL WEATHER SERVICE DENVER/BOULDER CO
125 AM MDT SUN APR 30 2017


...................................

...THE CENTENNIAL CO CLIMATE SUMMARY FOR APRIL 29 2017...

CLIMATE NORMAL PERIOD 1981 TO 2010
CLIMATE RECORD PERIOD 9999 TO 9999


WEATHER ITEM   OBSERVED RECORD YEAR NORMAL DEPARTURE LAST
                VALUE   VALUE       VALUE  FROM      YEAR
                                           NORMAL
...........................................................
TEMPERATURE (F)
 YESTERDAY
  MAXIMUM         29     MM      MM  63    -34       34
  MINIMUM         27     MM      MM  37    -10       32
  AVERAGE         28                 50    -22       33

PRECIPITATION (IN)
  YESTERDAY        0.12  MM      MM   0.09   0.03     0.65
  MONTH TO DATE    1.66               2.05  -0.39     2.15
  SINCE MAR 1      2.53               3.18  -0.65     3.50
  SINCE JAN 1      2.74               4.11  -1.37     3.98

DEGREE DAYS
 HEATING
  YESTERDAY       37
  MONTH TO DATE  482

 COOLING
  YESTERDAY        0
  MONTH TO DATE    0
...........................................................


WIND (MPH)
  RESULTANT WIND SPEED  13   RESULTANT WIND DIRECTION   N (10)
  HIGHEST WIND SPEED    23   HIGHEST WIND DIRECTION     N (360)
  HIGHEST GUST SPEED    26   HIGHEST GUST DIRECTION     N (360)


SKY COVER
  POSSIBLE SUNSHINE  MM
  AVERAGE SKY COVER 1.0


WEATHER CONDITIONS
 THE FOLLOWING WEATHER WAS RECORDED YESTERDAY.
  SNOW
  LIGHT SNOW
  FOG


RELATIVE HUMIDITY (PERCENT)
 HIGHEST   100
 LOWEST     84
 AVERAGE    92

..........................................................


THE CENTENNIAL CO CLIMATE NORMALS FOR TODAY
                         NORMAL    RECORD    YEAR
 MAXIMUM TEMPERATURE (F)   63        MM        MM
 MINIMUM TEMPERATURE (F)   38        MM        MM


SUNRISE AND SUNSET
APRIL 30 2017.........SUNRISE   601 AM MDT   SUNSET   753 PM MDT
MAY  1 2017...........SUNRISE   600 AM MDT   SUNSET   754 PM MDT


-  INDICATES NEGATIVE NUMBERS.
R  INDICATES RECORD WAS SET OR TIED.
MM INDICATES DATA IS MISSING.
T  INDICATES TRACE AMOUNT.




$$
