000
CDUS45 KBOU 170826
CLIAPA

CLIMATE REPORT
NATIONAL WEATHER SERVICE DENVER/BOULDER CO
223 AM MDT TUE OCT 17 2017


...................................

...THE CENTENNIAL CO CLIMATE SUMMARY FOR OCTOBER 16 2017...

CLIMATE NORMAL PERIOD 1981 TO 2010
CLIMATE RECORD PERIOD 9999 TO 9999


WEATHER ITEM   OBSERVED RECORD YEAR NORMAL DEPARTURE LAST
                VALUE   VALUE       VALUE  FROM      YEAR
                                           NORMAL
...........................................................
TEMPERATURE (F)
 YESTERDAY
  MAXIMUM         74     MM      MM  64     10       86
  MINIMUM         36     MM      MM  36      0       45
  AVERAGE         55                 50      5       66

PRECIPITATION (IN)
  YESTERDAY        0.00  MM      MM   0.04  -0.04     0.00
  MONTH TO DATE    0.57               0.69  -0.12     0.17
  SINCE SEP 1      1.95               1.88   0.07     0.40
  SINCE JAN 1     12.21              15.21  -3.00    11.05

DEGREE DAYS
 HEATING
  YESTERDAY       10
  MONTH TO DATE  227

 COOLING
  YESTERDAY        0
  MONTH TO DATE    0
...........................................................


WIND (MPH)
  RESULTANT WIND SPEED   4   RESULTANT WIND DIRECTION   S (200)
  HIGHEST WIND SPEED    16   HIGHEST WIND DIRECTION     W (250)
  HIGHEST GUST SPEED    20   HIGHEST GUST DIRECTION     W (250)


SKY COVER
  POSSIBLE SUNSHINE  MM
  AVERAGE SKY COVER 0.5


WEATHER CONDITIONS
 THE FOLLOWING WEATHER WAS RECORDED YESTERDAY.
  NO SIGNIFICANT WEATHER WAS OBSERVED.


RELATIVE HUMIDITY (PERCENT)
 HIGHEST    59
 LOWEST      8
 AVERAGE    34

..........................................................


THE CENTENNIAL CO CLIMATE NORMALS FOR TODAY
                         NORMAL    RECORD    YEAR
 MAXIMUM TEMPERATURE (F)   63        MM        MM
 MINIMUM TEMPERATURE (F)   36        MM        MM


SUNRISE AND SUNSET
OCTOBER 17 2017.......SUNRISE   712 AM MDT   SUNSET   617 PM MDT
OCTOBER 18 2017.......SUNRISE   713 AM MDT   SUNSET   615 PM MDT


-  INDICATES NEGATIVE NUMBERS.
R  INDICATES RECORD WAS SET OR TIED.
MM INDICATES DATA IS MISSING.
T  INDICATES TRACE AMOUNT.




$$
