000
CDUS42 KMFL 262021
CLIAPF


CLIMATE REPORT
NATIONAL WEATHER SERVICE MIAMI, FL
420 PM EDT FRI MAY 26 2017


...................................

...THE NAPLES CLIMATE SUMMARY FOR MAY 26 2017...
VALID TODAY AS OF 0400 PM LOCAL TIME.

CLIMATE NORMAL PERIOD 1981 TO 2010
CLIMATE RECORD PERIOD 1942 TO 2017


WEATHER ITEM   OBSERVED TIME   RECORD YEAR NORMAL DEPARTURE LAST
                VALUE   (LST)  VALUE       VALUE  FROM      YEAR
                                                  NORMAL
..................................................................
TEMPERATURE (F)
 TODAY
  MAXIMUM         90    137 PM  93    1989  89      1       90
                                      1945
  MINIMUM         74    713 AM  58    1979  71      3       67
  AVERAGE         82                        80      2       79

PRECIPITATION (IN)
  TODAY            0.00          2.00 1961   0.14  -0.14     0.00
  MONTH TO DATE    2.58                      2.41   0.17     1.32
  SINCE NOV 1      5.96                     14.59  -8.63    15.56
  SINCE JAN 1      5.61                     11.10  -5.49    10.94

SNOWFALL (IN)
  TODAY            0.0
  MONTH TO DATE    0.0
  SINCE MAR 1      0.0
  SINCE JUL 1      0.0
  SNOW DEPTH       0

DEGREE DAYS
 HEATING
  TODAY            0                         0      0        0
  MONTH TO DATE    0                         0      0        0
  SINCE MAR 1     11                        27    -16        4
  SINCE JUL 1     67                       260   -193      142

 COOLING
  TODAY           17                        15      2       14
  MONTH TO DATE  380                       333     47      364
  SINCE MAR 1    931                       762    169      946
  SINCE JAN 1   1254                       953    301     1108
..................................................................


WIND (MPH)
  HIGHEST WIND SPEED    14   HIGHEST WIND DIRECTION    NE (40)
  HIGHEST GUST SPEED    17   HIGHEST GUST DIRECTION    NE (30)
  AVERAGE WIND SPEED     5.1


SKY COVER
  AVERAGE SKY COVER 0.4


WEATHER CONDITIONS
 THE FOLLOWING WEATHER WAS RECORDED TODAY.
  NO SIGNIFICANT WEATHER WAS OBSERVED.


RELATIVE HUMIDITY (PERCENT)
 HIGHEST    82
 LOWEST     52
 AVERAGE    67

..........................................................


THE NAPLES CLIMATE NORMALS FOR TOMORROW
                         NORMAL    RECORD    YEAR
 MAXIMUM TEMPERATURE (F)   89        94      1945
 MINIMUM TEMPERATURE (F)   71        58      1979


SUNRISE AND SUNSET
MAY 26 2017...........SUNRISE   636 AM EDT   SUNSET   812 PM EDT
MAY 27 2017...........SUNRISE   636 AM EDT   SUNSET   813 PM EDT


-  INDICATES NEGATIVE NUMBERS.
R  INDICATES RECORD WAS SET OR TIED.
MM INDICATES DATA IS MISSING.
T  INDICATES TRACE AMOUNT.




$$
