000
CDUS42 KMFL 160822
CLIAPF


CLIMATE REPORT
NATIONAL WEATHER SERVICE MIAMI, FL
422 AM EDT WED APR 16 2014


...................................

...THE NAPLES CLIMATE SUMMARY FOR APRIL 15 2014...

CLIMATE NORMAL PERIOD 1981 TO 2010
CLIMATE RECORD PERIOD 1942 TO 2014


WEATHER ITEM   OBSERVED TIME   RECORD YEAR NORMAL DEPARTURE LAST
                VALUE   (LST)  VALUE       VALUE  FROM      YEAR
                                                  NORMAL
..................................................................
TEMPERATURE (F)
 YESTERDAY
  MAXIMUM         86   1046 AM  91    1981  83      3       87
  MINIMUM         71    436 AM  47    1962  63      8       68
  AVERAGE         79                        73      6

PRECIPITATION (IN)
  YESTERDAY        0.00          1.73 1985   0.09  -0.09      T
  MONTH TO DATE    0.53                      1.24  -0.71     1.44
  SINCE OCT 1      7.93                     15.25  -7.32     8.98
  SINCE JAN 1      5.59                      7.57  -1.98     3.88

SNOWFALL (IN)
  YESTERDAY        0.0
  MONTH TO DATE    0.0
  SINCE MAR 1      0.0
  SINCE JUL 1      0.0
  SNOW DEPTH       0

DEGREE DAYS
 HEATING
  YESTERDAY        0                         0      0
  MONTH TO DATE    0                         0      0
  SINCE MAR 1      7                        23    -16
  SINCE JUL 1    149                       256   -107

 COOLING
  YESTERDAY       14                         8      6
  MONTH TO DATE  141                       111     30
  SINCE MAR 1    299                       287     12
  SINCE JAN 1    572                       478     94
..................................................................


WIND (MPH)
  HIGHEST WIND SPEED    24   HIGHEST WIND DIRECTION    SW (210)
  HIGHEST GUST SPEED    31   HIGHEST GUST DIRECTION    SW (210)
  AVERAGE WIND SPEED    11.3


SKY COVER
  AVERAGE SKY COVER 0.5


WEATHER CONDITIONS
 THE FOLLOWING WEATHER WAS RECORDED YESTERDAY.
  FOG


RELATIVE HUMIDITY (PERCENT)
 HIGHEST   100
 LOWEST     74
 AVERAGE    87

..........................................................


THE NAPLES CLIMATE NORMALS FOR TODAY
                         NORMAL    RECORD    YEAR
 MAXIMUM TEMPERATURE (F)   83        92      2013
                                             1981
 MINIMUM TEMPERATURE (F)   63        45      1963


SUNRISE AND SUNSET
APRIL 16 2014.........SUNRISE   703 AM EDT   SUNSET   751 PM EDT
APRIL 17 2014.........SUNRISE   702 AM EDT   SUNSET   752 PM EDT


-  INDICATES NEGATIVE NUMBERS.
R  INDICATES RECORD WAS SET OR TIED.
MM INDICATES DATA IS MISSING.
T  INDICATES TRACE AMOUNT.




$$
