000
CDUS42 KMFL 272017
CLIAPF


CLIMATE REPORT
NATIONAL WEATHER SERVICE MIAMI, FL
416 PM EDT TUE SEP 27 2016


...................................

...THE NAPLES CLIMATE SUMMARY FOR SEPTEMBER 27 2016...
VALID TODAY AS OF 0400 PM LOCAL TIME.

CLIMATE NORMAL PERIOD 1981 TO 2010
CLIMATE RECORD PERIOD 1942 TO 2016


WEATHER ITEM   OBSERVED TIME   RECORD YEAR NORMAL DEPARTURE LAST
                VALUE   (LST)  VALUE       VALUE  FROM      YEAR
                                                  NORMAL
..................................................................
TEMPERATURE (F)
 TODAY
  MAXIMUM         88    130 PM  95    1995  89     -1       84
  MINIMUM         74    607 AM  65    1991  74      0       76
  AVERAGE         81                        82     -1       80

PRECIPITATION (IN)
  TODAY            0.00          3.24 1948   0.23  -0.23     0.30
  MONTH TO DATE    5.02                      7.01  -1.99     3.85
  SINCE JUN 1     26.95                     31.68  -4.73    23.10
  SINCE JAN 1     39.05                     43.53  -4.48    31.12

SNOWFALL (IN)
  TODAY            0.0
  MONTH TO DATE    0.0
  SINCE SEP 1      0.0
  SINCE JUL 1      0.0
  SNOW DEPTH       0

DEGREE DAYS
 HEATING
  TODAY            0                         0      0        0
  MONTH TO DATE    0                         0      0        0
  SINCE SEP 1      0                         0      0        0
  SINCE JUL 1      0                         0      0        0

 COOLING
  TODAY           16                        16      0       15
  MONTH TO DATE  500                       473     27      507
  SINCE SEP 1    500                       473     27      507
  SINCE JAN 1   3416                      3130    286     3557
..................................................................


WIND (MPH)
  HIGHEST WIND SPEED    14   HIGHEST WIND DIRECTION    SE (120)
  HIGHEST GUST SPEED    17   HIGHEST GUST DIRECTION    SW (240)
  AVERAGE WIND SPEED     4.2


SKY COVER
  AVERAGE SKY COVER 0.2


WEATHER CONDITIONS
 THE FOLLOWING WEATHER WAS RECORDED TODAY.
  THUNDERSTORM


RELATIVE HUMIDITY (PERCENT)
 HIGHEST    94
 LOWEST     59
 AVERAGE    77

..........................................................


THE NAPLES CLIMATE NORMALS FOR TOMORROW
                         NORMAL    RECORD    YEAR
 MAXIMUM TEMPERATURE (F)   89        94      1988
                                             1974
                                             1961
 MINIMUM TEMPERATURE (F)   74        65      1981


SUNRISE AND SUNSET
SEPTEMBER 27 2016.....SUNRISE   718 AM EDT   SUNSET   717 PM EDT
SEPTEMBER 28 2016.....SUNRISE   718 AM EDT   SUNSET   716 PM EDT


-  INDICATES NEGATIVE NUMBERS.
R  INDICATES RECORD WAS SET OR TIED.
MM INDICATES DATA IS MISSING.
T  INDICATES TRACE AMOUNT.




$$
