000
CDUS42 KMFL 230825
CLIAPF


CLIMATE REPORT
NATIONAL WEATHER SERVICE MIAMI, FL
424 AM EDT SUN JUL 23 2017


...................................

...THE NAPLES CLIMATE SUMMARY FOR JULY 22 2017...

CLIMATE NORMAL PERIOD 1981 TO 2010
CLIMATE RECORD PERIOD 1942 TO 2017


WEATHER ITEM   OBSERVED TIME   RECORD YEAR NORMAL DEPARTURE LAST
                VALUE   (LST)  VALUE       VALUE  FROM      YEAR
                                                  NORMAL
..................................................................
TEMPERATURE (F)
 YESTERDAY
  MAXIMUM         88    543 PM  95    2010  91     -3       89
                                      1961
                                      1960
  MINIMUM         77    600 AM  69    1973  75      2       74
                                      1965
  AVERAGE         83                        83      0       82

PRECIPITATION (IN)
  YESTERDAY        0.03          1.94 1945   0.21  -0.18      T
  MONTH TO DATE    8.39                      5.41   2.98     4.43
  SINCE JUN 1     23.02                     14.23   8.79     9.34
  SINCE JAN 1     28.65                     26.08   2.57    21.44

SNOWFALL (IN)
  YESTERDAY        0.0
  MONTH TO DATE    0.0
  SINCE JUN 1      0.0
  SINCE JUL 1      0.0
  SNOW DEPTH       0

DEGREE DAYS
 HEATING
  YESTERDAY        0                         0      0        0
  MONTH TO DATE    0                         0      0        0
  SINCE JUN 1      0                         0      0        0
  SINCE JUL 1      0                         0      0        0

 COOLING
  YESTERDAY       18                        18      0       17
  MONTH TO DATE  405                       396      9      434
  SINCE JUN 1    946                       903     43      973
  SINCE JAN 1   2290                      1931    359     2157
..................................................................


WIND (MPH)
  HIGHEST WIND SPEED    13   HIGHEST WIND DIRECTION    SW (240)
  HIGHEST GUST SPEED    16   HIGHEST GUST DIRECTION    SW (240)
  AVERAGE WIND SPEED     4.1


SKY COVER
  AVERAGE SKY COVER 0.3


WEATHER CONDITIONS
 THE FOLLOWING WEATHER WAS RECORDED YESTERDAY.
  THUNDERSTORM
  LIGHT RAIN
  FOG


RELATIVE HUMIDITY (PERCENT)
 HIGHEST    94
 LOWEST     63
 AVERAGE    79

..........................................................


THE NAPLES CLIMATE NORMALS FOR TODAY
                         NORMAL    RECORD    YEAR
 MAXIMUM TEMPERATURE (F)   91        95      1944
 MINIMUM TEMPERATURE (F)   75        69      1987
                                             1976


SUNRISE AND SUNSET
JULY 23 2017..........SUNRISE   648 AM EDT   SUNSET   818 PM EDT
JULY 24 2017..........SUNRISE   649 AM EDT   SUNSET   818 PM EDT


-  INDICATES NEGATIVE NUMBERS.
R  INDICATES RECORD WAS SET OR TIED.
MM INDICATES DATA IS MISSING.
T  INDICATES TRACE AMOUNT.




$$
