000
CDUS43 KAPX 110534
CLIAPN


CLIMATE REPORT
NATIONAL WEATHER SERVICE GAYLORD MI
1231 AM EST MON DEC 11 2017


...................................

...THE ALPENA MI CLIMATE SUMMARY FOR DECEMBER 10 2017...

CLIMATE NORMAL PERIOD 1981 TO 2010
CLIMATE RECORD PERIOD 1916 TO 2017


WEATHER ITEM   OBSERVED TIME   RECORD YEAR NORMAL DEPARTURE LAST
                VALUE   (LST)  VALUE       VALUE  FROM      YEAR
                                                  NORMAL
..................................................................
TEMPERATURE (F)
 YESTERDAY
  MAXIMUM         28    233 PM  56    1971  33     -5       24
  MINIMUM         16   1159 PM  -9    1977  20     -4       15
  AVERAGE         22                        27     -5       20

PRECIPITATION (IN)
  YESTERDAY        0.02          1.63 1971   0.06  -0.04     0.01
  MONTH TO DATE    0.37                      0.63  -0.26     0.45
  SINCE DEC 1      0.37                      0.63  -0.26     0.45
  SINCE JAN 1     39.28                     27.04  12.24    28.29

SNOWFALL (IN)
  YESTERDAY        0.2           5.5  1972   0.6   -0.4      0.3
  MONTH TO DATE    2.2                       5.8   -3.6      6.0
  SINCE OCT 1      2.7                      13.9  -11.2      7.8
  SINCE JUL 1      2.7                      13.9  -11.2      7.8
  SNOW DEPTH       1

DEGREE DAYS
 HEATING
  YESTERDAY       43                        38      5       45
  MONTH TO DATE  339                       366    -27      325
  SINCE DEC 1    339                       366    -27      325
  SINCE JUL 1   1843                      2189   -346     1534
..................................................................


WIND (MPH)
  HIGHEST WIND SPEED    18   HIGHEST WIND DIRECTION    NW (320)
  HIGHEST GUST SPEED    24   HIGHEST GUST DIRECTION    NW (330)
  AVERAGE WIND SPEED     8.6




RELATIVE HUMIDITY (PERCENT)
 HIGHEST    88
 LOWEST     67
 AVERAGE    78

..........................................................


THE ALPENA MI CLIMATE NORMALS FOR TODAY
                         NORMAL    RECORD    YEAR
 MAXIMUM TEMPERATURE (F)   33        49      2015
 MINIMUM TEMPERATURE (F)   20       -18      1977


SUNRISE AND SUNSET
DECEMBER 11 2017......SUNRISE   803 AM EST   SUNSET   452 PM EST
DECEMBER 12 2017......SUNRISE   804 AM EST   SUNSET   452 PM EST


-  INDICATES NEGATIVE NUMBERS.
R  INDICATES RECORD WAS SET OR TIED.
MM INDICATES DATA IS MISSING.
T  INDICATES TRACE AMOUNT.




$$
