000
CDUS43 KAPX 280526
CLIAPN


CLIMATE REPORT
NATIONAL WEATHER SERVICE GAYLORD MI
126 AM EDT TUE MAR 28 2017


...................................

...THE ALPENA MI CLIMATE SUMMARY FOR MARCH 27 2017...

CLIMATE NORMAL PERIOD 1981 TO 2010
CLIMATE RECORD PERIOD 1916 TO 2017


WEATHER ITEM   OBSERVED TIME   RECORD YEAR NORMAL DEPARTURE LAST
                VALUE   (LST)  VALUE       VALUE  FROM      YEAR
                                                  NORMAL
..................................................................
TEMPERATURE (F)
 YESTERDAY
  MAXIMUM         43    311 PM  75    1945  43      0       42
  MINIMUM         37   1159 PM   3    1996  24     13       30
  AVERAGE         40                        33      7       36

PRECIPITATION (IN)
  YESTERDAY        0.00          0.62 1991   0.06  -0.06     0.12
  MONTH TO DATE    2.33                      1.60   0.73     3.36
  SINCE MAR 1      2.33                      1.60   0.73     3.36
  SINCE JAN 1      7.82                      4.58   3.24     7.84

SNOWFALL (IN)
  YESTERDAY        0.0           4.0  1948   0.3   -0.3      0.0
  MONTH TO DATE   10.0                      11.0   -1.0     19.6
  SINCE OCT 1     63.5                      77.1  -13.6     67.0
  SINCE JUL 1     63.5                      77.1  -13.6     67.0
  SNOW DEPTH       0

DEGREE DAYS
 HEATING
  YESTERDAY       25                        32     -7       29
  MONTH TO DATE 1018                      1000     18      878
  SINCE MAR 1   1018                      1000     18      878
  SINCE JUL 1   5649                      6732  -1083     5660

 COOLING
  YESTERDAY        0                         0      0        0
  MONTH TO DATE    0                         0      0        0
  SINCE MAR 1      0                         0      0        0
  SINCE JAN 1      0                         0      0        0
..................................................................


WIND (MPH)
  HIGHEST WIND SPEED    12   HIGHEST WIND DIRECTION    NW (330)
  HIGHEST GUST SPEED    15   HIGHEST GUST DIRECTION    NW (320)
  AVERAGE WIND SPEED     4.6




RELATIVE HUMIDITY (PERCENT)
 HIGHEST   100
 LOWEST     86
 AVERAGE    93

..........................................................


THE ALPENA MI CLIMATE NORMALS FOR TODAY
                         NORMAL    RECORD    YEAR
 MAXIMUM TEMPERATURE (F)   43        82      1946
 MINIMUM TEMPERATURE (F)   24        -7      1934


SUNRISE AND SUNSET
MARCH 28 2017.........SUNRISE   722 AM EDT   SUNSET   757 PM EDT
MARCH 29 2017.........SUNRISE   720 AM EDT   SUNSET   759 PM EDT


-  INDICATES NEGATIVE NUMBERS.
R  INDICATES RECORD WAS SET OR TIED.
MM INDICATES DATA IS MISSING.
T  INDICATES TRACE AMOUNT.




$$
