000
CDUS43 KAPX 200528
CLIAPN


CLIMATE REPORT
NATIONAL WEATHER SERVICE GAYLORD MI
128 AM EDT SAT SEP 20 2014


...................................

...THE ALPENA MI CLIMATE SUMMARY FOR SEPTEMBER 19 2014...

CLIMATE NORMAL PERIOD 1981 TO 2010
CLIMATE RECORD PERIOD 1916 TO 2014


WEATHER ITEM   OBSERVED TIME   RECORD YEAR NORMAL DEPARTURE LAST
                VALUE   (LST)  VALUE       VALUE  FROM      YEAR
                                                  NORMAL
..................................................................
TEMPERATURE (F)
 YESTERDAY
  MAXIMUM         64    407 PM  88    1955  68     -4       82
  MINIMUM         32    629 AM  27    1929  46    -14       61
  AVERAGE         48                        57     -9       72

PRECIPITATION (IN)
  YESTERDAY        T             1.21 1932   0.09  -0.09     0.03
  MONTH TO DATE    2.79                      1.86   0.93     0.95
  SINCE SEP 1      2.79                      1.86   0.93     0.95
  SINCE JAN 1     24.69                     20.64   4.05    23.02

DEGREE DAYS
 HEATING
  YESTERDAY       17                         9      8        0
  MONTH TO DATE  155                       119     36      140
  SINCE SEP 1    155                       119     36      140
  SINCE JUL 1    279                       234     45      251

 COOLING
  YESTERDAY        0                         1     -1        7
  MONTH TO DATE   18                        21     -3       32
  SINCE SEP 1     18                        21     -3       32
  SINCE JAN 1    168                       287   -119      339
..................................................................


WIND (MPH)
  HIGHEST WIND SPEED    21   HIGHEST WIND DIRECTION     S (180)
  HIGHEST GUST SPEED    25   HIGHEST GUST DIRECTION     S (180)
  AVERAGE WIND SPEED     8.9




RELATIVE HUMIDITY (PERCENT)
 HIGHEST   100
 LOWEST     52
 AVERAGE    76

..........................................................


THE ALPENA MI CLIMATE NORMALS FOR TODAY
                         NORMAL    RECORD    YEAR
 MAXIMUM TEMPERATURE (F)   67        87      1998
                                             1940
 MINIMUM TEMPERATURE (F)   45        24      1929


SUNRISE AND SUNSET
SEPTEMBER 20 2014.....SUNRISE   719 AM EDT   SUNSET   736 PM EDT
SEPTEMBER 21 2014.....SUNRISE   720 AM EDT   SUNSET   734 PM EDT


-  INDICATES NEGATIVE NUMBERS.
R  INDICATES RECORD WAS SET OR TIED.
MM INDICATES DATA IS MISSING.
T  INDICATES TRACE AMOUNT.




$$
