000
CDUS43 KAPX 110534
CLIAPN


CLIMATE REPORT
NATIONAL WEATHER SERVICE GAYLORD MI
129 AM EDT FRI JUL 11 2014


...................................

...THE ALPENA MI CLIMATE SUMMARY FOR JULY 10 2014...

CLIMATE NORMAL PERIOD 1981 TO 2010
CLIMATE RECORD PERIOD 1916 TO 2014


WEATHER ITEM   OBSERVED TIME   RECORD YEAR NORMAL DEPARTURE LAST
                VALUE   (LST)  VALUE       VALUE  FROM      YEAR
                                                  NORMAL
..................................................................
TEMPERATURE (F)
 YESTERDAY
  MAXIMUM         72   1254 PM 104    1936  80     -8       77
  MINIMUM         47    202 AM  41    1968  55     -8       60
  AVERAGE         60                        67     -7       69

PRECIPITATION (IN)
  YESTERDAY        0.00          1.77 2003   0.10  -0.10      T
  MONTH TO DATE    0.51                      0.99  -0.48     0.35
  SINCE JUN 1      1.69                      3.61  -1.92     2.38
  SINCE JAN 1     13.19                     13.51  -0.32    17.31

DEGREE DAYS
 HEATING
  YESTERDAY        5                         2      3        0
  MONTH TO DATE   28                        20      8       14
  SINCE JUN 1    140                       163    -23      150
  SINCE JUL 1     28                        20      8       14

 COOLING
  YESTERDAY        0                         4     -4        4
  MONTH TO DATE   23                        37    -14       42
  SINCE JUN 1     78                        93    -15      106
  SINCE JAN 1     83                       106    -23      119
..................................................................


WIND (MPH)
  HIGHEST WIND SPEED    13   HIGHEST WIND DIRECTION     E (90)
  HIGHEST GUST SPEED    16   HIGHEST GUST DIRECTION     E (110)
  AVERAGE WIND SPEED     4.8




RELATIVE HUMIDITY (PERCENT)
 HIGHEST   100
 LOWEST     40
 AVERAGE    70

..........................................................


THE ALPENA MI CLIMATE NORMALS FOR TODAY
                         NORMAL    RECORD    YEAR
 MAXIMUM TEMPERATURE (F)   80       100      1936
 MINIMUM TEMPERATURE (F)   55        37      1968


SUNRISE AND SUNSET
JULY 11 2014..........SUNRISE   558 AM EDT   SUNSET   921 PM EDT
JULY 12 2014..........SUNRISE   559 AM EDT   SUNSET   920 PM EDT


-  INDICATES NEGATIVE NUMBERS.
R  INDICATES RECORD WAS SET OR TIED.
MM INDICATES DATA IS MISSING.
T  INDICATES TRACE AMOUNT.




$$
