000
CDUS43 KAPX 020531
CLIAPN


CLIMATE REPORT
NATIONAL WEATHER SERVICE GAYLORD MI
130 AM EDT TUE SEP 2 2014


...................................

...THE ALPENA MI CLIMATE SUMMARY FOR SEPTEMBER 1 2014...

CLIMATE NORMAL PERIOD 1981 TO 2010
CLIMATE RECORD PERIOD 1916 TO 2014


WEATHER ITEM   OBSERVED TIME   RECORD YEAR NORMAL DEPARTURE LAST
                VALUE   (LST)  VALUE       VALUE  FROM      YEAR
                                                  NORMAL
..................................................................
TEMPERATURE (F)
 YESTERDAY
  MAXIMUM         83    123 PM  99    1953  74      9       73
  MINIMUM         59    404 AM  36    1936  51      8       55
  AVERAGE         71                        62      9       64

PRECIPITATION (IN)
  YESTERDAY        1.33R         1.17 1989   0.10   1.23     0.00
  MONTH TO DATE    1.33                      0.10   1.23     0.00
  SINCE SEP 1      1.33                      0.10   1.23     0.00
  SINCE JAN 1     23.23                     18.88   4.35    22.07

DEGREE DAYS
 HEATING
  YESTERDAY        0                         4     -4        1
  MONTH TO DATE    0                         4     -4        1
  SINCE SEP 1      0                         4     -4        1
  SINCE JUL 1    124                       119      5      112

 COOLING
  YESTERDAY        6                         2      4        0
  MONTH TO DATE    6                         2      4        0
  SINCE SEP 1      6                         2      4        0
  SINCE JAN 1    156                       268   -112      307
..................................................................


WIND (MPH)
  HIGHEST WIND SPEED    22   HIGHEST WIND DIRECTION     S (170)
  HIGHEST GUST SPEED    31   HIGHEST GUST DIRECTION     W (270)
  AVERAGE WIND SPEED     7.5




RELATIVE HUMIDITY (PERCENT)
 HIGHEST   100
 LOWEST     67
 AVERAGE    84

..........................................................


THE ALPENA MI CLIMATE NORMALS FOR TODAY
                         NORMAL    RECORD    YEAR
 MAXIMUM TEMPERATURE (F)   74        97      1953
 MINIMUM TEMPERATURE (F)   51        31      1935


SUNRISE AND SUNSET
SEPTEMBER  2 2014.....SUNRISE   657 AM EDT   SUNSET   810 PM EDT
SEPTEMBER  3 2014.....SUNRISE   659 AM EDT   SUNSET   808 PM EDT


-  INDICATES NEGATIVE NUMBERS.
R  INDICATES RECORD WAS SET OR TIED.
MM INDICATES DATA IS MISSING.
T  INDICATES TRACE AMOUNT.




$$
