000
CDUS43 KAPX 260537
CLIAPN


CLIMATE REPORT
NATIONAL WEATHER SERVICE GAYLORD MI
137 AM EDT TUE MAY 26 2015


...................................

...THE ALPENA MI CLIMATE SUMMARY FOR MAY 25 2015...

CLIMATE NORMAL PERIOD 1981 TO 2010
CLIMATE RECORD PERIOD 1916 TO 2015


WEATHER ITEM   OBSERVED TIME   RECORD YEAR NORMAL DEPARTURE LAST
                VALUE   (LST)  VALUE       VALUE  FROM      YEAR
                                                  NORMAL
..................................................................
TEMPERATURE (F)
 YESTERDAY
  MAXIMUM         79    443 PM  87    1965  68     11       84
  MINIMUM         53    830 AM  26    1934  43     10       44
  AVERAGE         66                        55     11       64

PRECIPITATION (IN)
  YESTERDAY        0.85          1.57 1955   0.09   0.76     0.00
  MONTH TO DATE    2.68                      2.11   0.57     2.31
  SINCE MAR 1      5.78                      6.36  -0.58     8.97
  SINCE JAN 1      7.57                      9.34  -1.77    11.50

DEGREE DAYS
 HEATING
  YESTERDAY        0                        10    -10        1
  MONTH TO DATE  263                       343    -80      360
  SINCE MAR 1   2141                      2170    -29     2540
  SINCE JUL 1   8404                      7902    502     9029

 COOLING
  YESTERDAY        1                         1      0        0
  MONTH TO DATE    9                         2      7        0
  SINCE MAR 1      9                         4      5        0
  SINCE JAN 1      9                         4      5        0
..................................................................


WIND (MPH)
  HIGHEST WIND SPEED    22   HIGHEST WIND DIRECTION    SW (220)
  HIGHEST GUST SPEED    30   HIGHEST GUST DIRECTION    SW (230)
  AVERAGE WIND SPEED     8.1




RELATIVE HUMIDITY (PERCENT)
 HIGHEST   100
 LOWEST     58
 AVERAGE    79

..........................................................


THE ALPENA MI CLIMATE NORMALS FOR TODAY
                         NORMAL    RECORD    YEAR
 MAXIMUM TEMPERATURE (F)   68        90      1944
 MINIMUM TEMPERATURE (F)   43        25      1969


SUNRISE AND SUNSET
MAY 26 2015...........SUNRISE   555 AM EDT   SUNSET   908 PM EDT
MAY 27 2015...........SUNRISE   554 AM EDT   SUNSET   909 PM EDT


-  INDICATES NEGATIVE NUMBERS.
R  INDICATES RECORD WAS SET OR TIED.
MM INDICATES DATA IS MISSING.
T  INDICATES TRACE AMOUNT.




$$
