000
CDUS44 KLCH 282208
CLIARA


CLIMATE REPORT
NATIONAL WEATHER SERVICE LAKE CHARLES, LA
508 PM CDT SAT MAR 28 2015


...................................

...THE NEW IBERIA CLIMATE SUMMARY FOR MARCH 28 2015...
VALID TODAY AS OF 0500 PM LOCAL TIME.

CLIMATE NORMAL PERIOD 1981 TO 2010
CLIMATE RECORD PERIOD 1948 TO 2015


WEATHER ITEM   OBSERVED TIME   RECORD YEAR NORMAL DEPARTURE LAST
                VALUE   (LST)  VALUE       VALUE  FROM      YEAR
                                                  NORMAL
..................................................................
TEMPERATURE (F)
 TODAY
  MAXIMUM         74   1254 PM  84    1961  75     -1       81
  MINIMUM         48    612 AM  40    2013  53     -5       63
                                      1958
  AVERAGE         61                        64     -3       72

PRECIPITATION (IN)
  TODAY            0.00          2.70 2001   0.13  -0.13     0.25
  MONTH TO DATE    3.88                      3.42   0.46     1.51
  SINCE MAR 1      3.88                      3.42   0.46     1.51
  SINCE JAN 1     10.34                     12.83  -2.49     9.85

SNOWFALL (IN)
  TODAY            0.0           0.0    MM  MM               0.0
  MONTH TO DATE    T                        MM               0.0
  SINCE MAR 1      T                        MM               0.0
  SINCE JUL 1      T                        MM               0.1

DEGREE DAYS
 HEATING
  TODAY            4                         3      1        0
  MONTH TO DATE   72                       138    -66      202
  SINCE MAR 1     72                       138    -66      202
  SINCE JUL 1   1415                      1354     61     1726

 COOLING
  TODAY            0                         2     -2        7
  MONTH TO DATE   81                        41     40       23
  SINCE MAR 1     81                        41     40       23
  SINCE JAN 1     85                        72     13       41
..................................................................


WIND (MPH)
  RESULTANT WIND SPEED   4   RESULTANT WIND DIRECTION  SE (130)
  HIGHEST WIND SPEED    16   HIGHEST WIND DIRECTION     S (180)
  HIGHEST GUST SPEED    21   HIGHEST GUST DIRECTION     S (180)
  AVERAGE WIND SPEED     6.6


SKY COVER
  POSSIBLE SUNSHINE  MM
  AVERAGE SKY COVER 0.0


WEATHER CONDITIONS
 THE FOLLOWING WEATHER WAS RECORDED TODAY.
  NO SIGNIFICANT WEATHER WAS OBSERVED.


RELATIVE HUMIDITY (PERCENT)
 HIGHEST    74           300 AM
 LOWEST     38           100 PM
 AVERAGE    56

..........................................................


THE NEW IBERIA CLIMATE NORMALS FOR TOMORROW
                         NORMAL    RECORD    YEAR
 MAXIMUM TEMPERATURE (F)   75        86      2011
 MINIMUM TEMPERATURE (F)   53        29      1955


SUNRISE AND SUNSET
MARCH 28 2015.........SUNRISE   702 AM CDT   SUNSET   724 PM CDT
MARCH 29 2015.........SUNRISE   701 AM CDT   SUNSET   724 PM CDT


-  INDICATES NEGATIVE NUMBERS.
R  INDICATES RECORD WAS SET OR TIED.
MM INDICATES DATA IS MISSING.
T  INDICATES TRACE AMOUNT.




$$
