000
CDUS44 KLCH 232207
CLIARA


CLIMATE REPORT
NATIONAL WEATHER SERVICE LAKE CHARLES, LA
505 PM CDT TUE SEP 23 2014


...................................

...THE NEW IBERIA CLIMATE SUMMARY FOR SEPTEMBER 23 2014...
VALID TODAY AS OF 0500 PM LOCAL TIME.

CLIMATE NORMAL PERIOD 1981 TO 2010
CLIMATE RECORD PERIOD 1948 TO 2014


WEATHER ITEM   OBSERVED TIME   RECORD YEAR NORMAL DEPARTURE LAST
                VALUE   (LST)  VALUE       VALUE  FROM      YEAR
                                                  NORMAL
..................................................................
TEMPERATURE (F)
 TODAY
  MAXIMUM         86    236 PM  93    2012  87     -1       89
                                      1998
  MINIMUM         63    627 AM  51    1983  67     -4       68
                                      1953
  AVERAGE         75                        77     -2       79

PRECIPITATION (IN)
  TODAY            0.00          1.71 2005   0.12  -0.12     0.16
  MONTH TO DATE    2.03                      3.42  -1.39     3.80
  SINCE SEP 1      2.03                      3.42  -1.39     3.80
  SINCE JAN 1     41.10                     44.27  -3.17    56.87

SNOWFALL (IN)
  TODAY            0.0           0.0    MM  MM               0.0
  MONTH TO DATE    0.0                      MM               0.0
  SINCE SEP 1      0.0                      MM               0.0
  SINCE JUL 1      0.0                      MM               0.0

DEGREE DAYS
 HEATING
  TODAY            0                         0      0        0
  MONTH TO DATE    0                         0      0        0
  SINCE SEP 1      0                         0      0        0
  SINCE JUL 1      0                         0      0        0

 COOLING
  TODAY           10                        12     -2       14
  MONTH TO DATE  387                       338     49      445
  SINCE SEP 1    387                       338     49      445
  SINCE JAN 1   2490                      2481      9     2765
..................................................................


WIND (MPH)
  RESULTANT WIND SPEED  10   RESULTANT WIND DIRECTION  NE (50)
  HIGHEST WIND SPEED    16   HIGHEST WIND DIRECTION    NE (40)
  HIGHEST GUST SPEED    19   HIGHEST GUST DIRECTION    NE (50)
  AVERAGE WIND SPEED    10.3


SKY COVER
  POSSIBLE SUNSHINE  MM
  AVERAGE SKY COVER 0.0


WEATHER CONDITIONS
 THE FOLLOWING WEATHER WAS RECORDED TODAY.
  NO SIGNIFICANT WEATHER WAS OBSERVED.


RELATIVE HUMIDITY (PERCENT)
 HIGHEST    84           600 AM
 LOWEST     34           300 PM
 AVERAGE    59

..........................................................


THE NEW IBERIA CLIMATE NORMALS FOR TOMORROW
                         NORMAL    RECORD    YEAR
 MAXIMUM TEMPERATURE (F)   87        94      2013
                                             2012
                                             1998
 MINIMUM TEMPERATURE (F)   67        50      1975


SUNRISE AND SUNSET
SEPTEMBER 23 2014.....SUNRISE   656 AM CDT   SUNSET   703 PM CDT
SEPTEMBER 24 2014.....SUNRISE   657 AM CDT   SUNSET   702 PM CDT


-  INDICATES NEGATIVE NUMBERS.
R  INDICATES RECORD WAS SET OR TIED.
MM INDICATES DATA IS MISSING.
T  INDICATES TRACE AMOUNT.




$$
