000
CDUS44 KLCH 060823
CLIARA


CLIMATE REPORT
NATIONAL WEATHER SERVICE LAKE CHARLES, LA
223 AM CST FRI MAR 6 2015


...................................

...THE NEW IBERIA CLIMATE SUMMARY FOR MARCH 5 2015...

CLIMATE NORMAL PERIOD 1981 TO 2010
CLIMATE RECORD PERIOD 1948 TO 2015


WEATHER ITEM   OBSERVED TIME   RECORD YEAR NORMAL DEPARTURE LAST
                VALUE   (LST)  VALUE       VALUE  FROM      YEAR
                                                  NORMAL
..................................................................
TEMPERATURE (F)
 YESTERDAY
  MAXIMUM         71        MM  83    1955  70      1       60
  MINIMUM         33        MM  27    2002  49    -16       38
  AVERAGE         52                        60     -8       49

PRECIPITATION (IN)
  YESTERDAY        0.03          2.76 1948   0.14  -0.11     0.00
  MONTH TO DATE    1.57                      0.71   0.86     0.56
  SINCE MAR 1      1.57                      0.71   0.86     0.56
  SINCE JAN 1      8.03                     10.12  -2.09     8.90

SNOWFALL (IN)
  YESTERDAY       MM             T    1954  MM               0.0
  MONTH TO DATE    0.0                      MM               0.0
  SINCE MAR 1      0.0                      MM               0.0
  SINCE JUL 1      0.0                      MM               0.1

DEGREE DAYS
 HEATING
  YESTERDAY       13                         6      7       16
  MONTH TO DATE   15                        34    -19       61
  SINCE MAR 1     15                        34    -19       61
  SINCE JUL 1   1358                      1250    108     1585

 COOLING
  YESTERDAY        0                         1     -1        0
  MONTH TO DATE   13                         5      8        8
  SINCE MAR 1     13                         5      8        8
  SINCE JAN 1     17                        36    -19       26
..................................................................


WIND (MPH)
  RESULTANT WIND SPEED  16   RESULTANT WIND DIRECTION   N (0)
  HIGHEST WIND SPEED    32   HIGHEST WIND DIRECTION     N (360)
  HIGHEST GUST SPEED    45   HIGHEST GUST DIRECTION     N (360)
  AVERAGE WIND SPEED    22.3


SKY COVER
  POSSIBLE SUNSHINE  MM
  AVERAGE SKY COVER 1.0


WEATHER CONDITIONS
 THE FOLLOWING WEATHER WAS RECORDED YESTERDAY.
  LIGHT RAIN
  LIGHT SNOW
  FOG


RELATIVE HUMIDITY (PERCENT)
 HIGHEST    93           200 AM
 LOWEST     70           400 PM
 AVERAGE    82

..........................................................


THE NEW IBERIA CLIMATE NORMALS FOR TODAY
                         NORMAL    RECORD    YEAR
 MAXIMUM TEMPERATURE (F)   70        85      1955
 MINIMUM TEMPERATURE (F)   50        27      1989


SUNRISE AND SUNSET
MARCH  6 2015.........SUNRISE   628 AM CST   SUNSET   610 PM CST
MARCH  7 2015.........SUNRISE   627 AM CST   SUNSET   611 PM CST


-  INDICATES NEGATIVE NUMBERS.
R  INDICATES RECORD WAS SET OR TIED.
MM INDICATES DATA IS MISSING.
T  INDICATES TRACE AMOUNT.




$$
