000
CDUS44 KLCH 242241
CLIARA


CLIMATE REPORT
NATIONAL WEATHER SERVICE LAKE CHARLES, LA
541 PM CDT SUN MAY 24 2015


...................................

...THE NEW IBERIA CLIMATE SUMMARY FOR MAY 24 2015...
VALID TODAY AS OF 0500 PM LOCAL TIME.

CLIMATE NORMAL PERIOD 1981 TO 2010
CLIMATE RECORD PERIOD 1948 TO 2015


WEATHER ITEM   OBSERVED TIME   RECORD YEAR NORMAL DEPARTURE LAST
                VALUE   (LST)  VALUE       VALUE  FROM      YEAR
                                                  NORMAL
..................................................................
TEMPERATURE (F)
 TODAY
  MAXIMUM         88   1134 AM  95    2005  87      1       87
  MINIMUM         73    359 PM  56    1967  69      4       66
  AVERAGE         81                        78      3       77

PRECIPITATION (IN)
  TODAY            1.64          1.68 1961   0.22   1.42     0.00
  MONTH TO DATE    3.97                      3.28   0.69     0.74
  SINCE MAR 1     17.95                     11.12   6.83     4.52
  SINCE JAN 1     24.41                     20.53   3.88    12.86

SNOWFALL (IN)
  TODAY            0.0           0.0    MM  MM               0.0
  MONTH TO DATE    0.0                      MM               0.0
  SINCE MAR 1      T                        MM               0.0
  SINCE JUL 1      T                        MM               0.1

DEGREE DAYS
 HEATING
  TODAY            0                         0      0        0
  MONTH TO DATE    0                         0      0        4
  SINCE MAR 1     73                       192   -119      260
  SINCE JUL 1   1416                      1408      8     1784

 COOLING
  TODAY           16                        13      3       12
  MONTH TO DATE  202                       253    -51      195
  SINCE MAR 1    520                       442     78      373
  SINCE JAN 1    524                       473     51      391
..................................................................


WIND (MPH)
  RESULTANT WIND SPEED  12   RESULTANT WIND DIRECTION  SE (150)
  HIGHEST WIND SPEED    30   HIGHEST WIND DIRECTION     W (250)
  HIGHEST GUST SPEED    38   HIGHEST GUST DIRECTION    SW (230)
  AVERAGE WIND SPEED    13.2


SKY COVER
  POSSIBLE SUNSHINE  MM
  AVERAGE SKY COVER 0.4


WEATHER CONDITIONS
 THE FOLLOWING WEATHER WAS RECORDED TODAY.
  THUNDERSTORM
  HEAVY RAIN
  RAIN
  LIGHT RAIN
  FOG


RELATIVE HUMIDITY (PERCENT)
 HIGHEST    94           100 AM
 LOWEST     63          1100 AM
 AVERAGE    79

..........................................................


THE NEW IBERIA CLIMATE NORMALS FOR TOMORROW
                         NORMAL    RECORD    YEAR
 MAXIMUM TEMPERATURE (F)   88        94      2010
                                             2005
 MINIMUM TEMPERATURE (F)   69        60      1985


SUNRISE AND SUNSET
MAY 24 2015...........SUNRISE   609 AM CDT   SUNSET   759 PM CDT
MAY 25 2015...........SUNRISE   609 AM CDT   SUNSET   800 PM CDT


-  INDICATES NEGATIVE NUMBERS.
R  INDICATES RECORD WAS SET OR TIED.
MM INDICATES DATA IS MISSING.
T  INDICATES TRACE AMOUNT.




$$
