000
CDUS44 KLCH 240816
CLIARA


CLIMATE REPORT
NATIONAL WEATHER SERVICE LAKE CHARLES, LA
215 AM CST MON NOV 24 2014


...................................

...THE NEW IBERIA CLIMATE SUMMARY FOR NOVEMBER 23 2014...

CLIMATE NORMAL PERIOD 1981 TO 2010
CLIMATE RECORD PERIOD 1948 TO 2014


WEATHER ITEM   OBSERVED TIME   RECORD YEAR NORMAL DEPARTURE LAST
                VALUE   (LST)  VALUE       VALUE  FROM      YEAR
                                                  NORMAL
..................................................................
TEMPERATURE (F)
 YESTERDAY
  MAXIMUM         75    320 PM  84    1955  70      5       67
  MINIMUM         62    847 AM  29    1975  48     14       48
                                      1956
  AVERAGE         69                        59     10       58

PRECIPITATION (IN)
  YESTERDAY        0.93          3.30 1980   0.17   0.76      T
  MONTH TO DATE    5.22                      2.89   2.33     0.10
  SINCE SEP 1      9.49                     12.48  -2.99     8.87
  SINCE JAN 1     48.56                     53.33  -4.77    61.94

SNOWFALL (IN)
  YESTERDAY        0.0           0.0    MM  MM              MM
  MONTH TO DATE    0.0                      MM               0.0
  SINCE SEP 1      0.0                      MM               0.0
  SINCE JUL 1      0.0                      MM               0.0

DEGREE DAYS
 HEATING
  YESTERDAY        0                         7     -7        7
  MONTH TO DATE  217                       104    113       88
  SINCE SEP 1    222                       138     84       94
  SINCE JUL 1    222                       138     84       94

 COOLING
  YESTERDAY        4                         1      3        0
  MONTH TO DATE   19                        36    -17       59
  SINCE SEP 1    723                       638     85      871
  SINCE JAN 1   2826                      2781     45     3191
..................................................................


WIND (MPH)
  RESULTANT WIND SPEED   9   RESULTANT WIND DIRECTION  SW (210)
  HIGHEST WIND SPEED    25   HIGHEST WIND DIRECTION    SW (230)
  HIGHEST GUST SPEED    36   HIGHEST GUST DIRECTION    SW (240)
  AVERAGE WIND SPEED    11.5


SKY COVER
  POSSIBLE SUNSHINE  MM
  AVERAGE SKY COVER 0.7


WEATHER CONDITIONS
 THE FOLLOWING WEATHER WAS RECORDED YESTERDAY.
  THUNDERSTORM
  HEAVY RAIN
  RAIN
  LIGHT RAIN
  FOG


RELATIVE HUMIDITY (PERCENT)
 HIGHEST    93           300 AM
 LOWEST     64           100 PM
 AVERAGE    79

..........................................................


THE NEW IBERIA CLIMATE NORMALS FOR TODAY
                         NORMAL    RECORD    YEAR
 MAXIMUM TEMPERATURE (F)   69        82      1999
                                             1978
                                             1951
 MINIMUM TEMPERATURE (F)   48        28      1970


SUNRISE AND SUNSET
NOVEMBER 24 2014......SUNRISE   640 AM CST   SUNSET   508 PM CST
NOVEMBER 25 2014......SUNRISE   641 AM CST   SUNSET   508 PM CST


-  INDICATES NEGATIVE NUMBERS.
R  INDICATES RECORD WAS SET OR TIED.
MM INDICATES DATA IS MISSING.
T  INDICATES TRACE AMOUNT.




$$
