315
CDUS44 KLCH 232211
CLIARA


CLIMATE REPORT
NATIONAL WEATHER SERVICE LAKE CHARLES, LA
511 PM CDT MON OCT 23 2017


...................................

...THE NEW IBERIA CLIMATE SUMMARY FOR OCTOBER 23 2017...
VALID TODAY AS OF 0500 PM LOCAL TIME.

CLIMATE NORMAL PERIOD 1981 TO 2010
CLIMATE RECORD PERIOD 1948 TO 2017


WEATHER ITEM   OBSERVED TIME   RECORD YEAR NORMAL DEPARTURE LAST
                VALUE   (LST)  VALUE       VALUE  FROM      YEAR
                                                  NORMAL
..................................................................
TEMPERATURE (F)
 TODAY
  MAXIMUM         74    328 PM  89    2003  80     -6       78
  MINIMUM         55    640 AM  36    1952  56     -1       44
  AVERAGE         65                        68     -3       61

PRECIPITATION (IN)
  TODAY            0.00          7.95 1984   0.15  -0.15     0.00
  MONTH TO DATE    5.92                      4.32   1.60     0.36
  SINCE SEP 1      6.13                      8.95  -2.82     8.11
  SINCE JAN 1     58.51                     49.80   8.71    75.46

SNOWFALL (IN)
  TODAY            0.0           0.0    MM  MM               0.0
  MONTH TO DATE    0.0                      MM               0.0
  SINCE SEP 1      0.0                      MM               0.0
  SINCE JUL 1      0.0                      MM               0.0

DEGREE DAYS
 HEATING
  TODAY            0                         2     -2        4
  MONTH TO DATE    1                        14    -13        7
  SINCE SEP 1      1                        15    -14        7
  SINCE JUL 1      1                        15    -14        7

 COOLING
  TODAY            0                         5     -5        0
  MONTH TO DATE  265                       158    107      222
  SINCE SEP 1    695                       571    124      736
  SINCE JAN 1   2998                      2714    284     3021
..................................................................


WIND (MPH)
  RESULTANT WIND SPEED   8   RESULTANT WIND DIRECTION   N (350)
  HIGHEST WIND SPEED    18   HIGHEST WIND DIRECTION     N (20)
  HIGHEST GUST SPEED    22   HIGHEST GUST DIRECTION     N (20)
  AVERAGE WIND SPEED     8.4


SKY COVER
  POSSIBLE SUNSHINE  MM
  AVERAGE SKY COVER 0.0


WEATHER CONDITIONS
 THE FOLLOWING WEATHER WAS RECORDED TODAY.
  NO SIGNIFICANT WEATHER WAS OBSERVED.


RELATIVE HUMIDITY (PERCENT)
 HIGHEST    93          1200 AM
 LOWEST     31           200 PM
 AVERAGE    62

..........................................................


THE NEW IBERIA CLIMATE NORMALS FOR TOMORROW
                         NORMAL    RECORD    YEAR
 MAXIMUM TEMPERATURE (F)   79        89      1949
 MINIMUM TEMPERATURE (F)   56        40      2007


SUNRISE AND SUNSET
OCTOBER 23 2017.......SUNRISE   715 AM CDT   SUNSET   628 PM CDT
OCTOBER 24 2017.......SUNRISE   716 AM CDT   SUNSET   627 PM CDT


-  INDICATES NEGATIVE NUMBERS.
R  INDICATES RECORD WAS SET OR TIED.
MM INDICATES DATA IS MISSING.
T  INDICATES TRACE AMOUNT.




$$
