000
CDUS44 KLCH 252247
CLIARA


CLIMATE REPORT
NATIONAL WEATHER SERVICE LAKE CHARLES, LA
436 PM CST SAT FEB 25 2017


...................................

...THE NEW IBERIA CLIMATE SUMMARY FOR FEBRUARY 25 2017...
VALID TODAY AS OF 0400 PM LOCAL TIME.

CLIMATE NORMAL PERIOD 1981 TO 2010
CLIMATE RECORD PERIOD 1948 TO 2017


WEATHER ITEM   OBSERVED TIME   RECORD YEAR NORMAL DEPARTURE LAST
                VALUE   (LST)  VALUE       VALUE  FROM      YEAR
                                                  NORMAL
..................................................................
TEMPERATURE (F)
 TODAY
  MAXIMUM         68    323 PM  81    2000  68      0       69
  MINIMUM         50    646 AM  25    1965  48      2       37
  AVERAGE         59                        58      1       53

PRECIPITATION (IN)
  TODAY            T             1.82 1993   0.16  -0.16     0.00
  MONTH TO DATE    0.32                      3.75  -3.43     3.96
  SINCE DEC 1     11.46                     13.97  -2.51    13.25
  SINCE JAN 1      2.76                      8.97  -6.21    10.23

SNOWFALL (IN)
  TODAY            0.0           0.0    MM  MM               0.0
  MONTH TO DATE    0.0                      MM               0.0
  SINCE DEC 1      0.0                      MM               0.0
  SINCE JUL 1      0.0                      MM               0.0

DEGREE DAYS
 HEATING
  TODAY            6                         8     -2       12
  MONTH TO DATE   80                       256   -176      221
  SINCE DEC 1    528                       998   -470      807
  SINCE JUL 1    623                      1193   -570      878

 COOLING
  TODAY            0                         1     -1        0
  MONTH TO DATE   54                        21     33        9
  SINCE DEC 1    185                        55    130       93
  SINCE JAN 1    118                        33     85       10
..................................................................


WIND (MPH)
  RESULTANT WIND SPEED  12   RESULTANT WIND DIRECTION   N (0)
  HIGHEST WIND SPEED    23   HIGHEST WIND DIRECTION     N (350)
  HIGHEST GUST SPEED    30   HIGHEST GUST DIRECTION     N (350)
  AVERAGE WIND SPEED    13.0


SKY COVER
  POSSIBLE SUNSHINE  MM
  AVERAGE SKY COVER 0.2


WEATHER CONDITIONS
 THE FOLLOWING WEATHER WAS RECORDED TODAY.
  LIGHT RAIN


RELATIVE HUMIDITY (PERCENT)
 HIGHEST    87          1200 AM
 LOWEST     26           400 PM
 AVERAGE    57

..........................................................


THE NEW IBERIA CLIMATE NORMALS FOR TOMORROW
                         NORMAL    RECORD    YEAR
 MAXIMUM TEMPERATURE (F)   68        82      1948
 MINIMUM TEMPERATURE (F)   48        27      1974


SUNRISE AND SUNSET
FEBRUARY 25 2017......SUNRISE   637 AM CST   SUNSET   604 PM CST
FEBRUARY 26 2017......SUNRISE   636 AM CST   SUNSET   605 PM CST


-  INDICATES NEGATIVE NUMBERS.
R  INDICATES RECORD WAS SET OR TIED.
MM INDICATES DATA IS MISSING.
T  INDICATES TRACE AMOUNT.




$$
