000
CDUS43 KLOT 200632
CLIARR


CLIMATE REPORT
NATIONAL WEATHER SERVICE CHICAGO IL
131 AM CDT SUN APR 20 2014


...................................

...THE AURORA MUNICIPAL AIRPORT CLIMATE SUMMARY FOR APRIL 19 2014...

CLIMATE NORMAL PERIOD 1981 TO 2010
CLIMATE RECORD PERIOD 1998 TO 2014


WEATHER ITEM   OBSERVED TIME   RECORD YEAR NORMAL DEPARTURE LAST
                VALUE   (LST)  VALUE       VALUE  FROM      YEAR
                                                  NORMAL
..................................................................
TEMPERATURE (F)
 YESTERDAY
  MAXIMUM         69    429 PM  80    2005  61      8       38
  MINIMUM         33    422 AM  28    1999  38     -5       33
  AVERAGE         51                        50      1       36

PRECIPITATION (IN)
  YESTERDAY        0.00          1.06 2002   0.10  -0.10      T
  MONTH TO DATE    1.38                      1.97  -0.59     6.79
  SINCE MAR 1      2.10                      4.20  -2.10     8.14
  SINCE JAN 1      3.95                      7.29  -3.34    13.01

DEGREE DAYS
 HEATING
  YESTERDAY       14                        15     -1       29
  MONTH TO DATE  362                       350     12      394
  SINCE MAR 1   1443                      1220    223     1479
  SINCE JUL 1   7019                      6358    661     6308

 COOLING
  YESTERDAY        0                         0      0        0
  MONTH TO DATE    0                         0      0        0
  SINCE MAR 1      0                         0      0        0
  SINCE JAN 1      0                         0      0        0
..................................................................


WIND (MPH)
  RESULTANT WIND SPEED   9   RESULTANT WIND DIRECTION  SE (120)
  HIGHEST WIND SPEED    17   HIGHEST WIND DIRECTION    SE (150)
  HIGHEST GUST SPEED    23   HIGHEST GUST DIRECTION    SE (130)
  AVERAGE WIND SPEED    11.1


SKY COVER
  POSSIBLE SUNSHINE  MM
  AVERAGE SKY COVER 0.0


WEATHER CONDITIONS
 THE FOLLOWING WEATHER WAS RECORDED YESTERDAY.
  NO SIGNIFICANT WEATHER WAS OBSERVED.


RELATIVE HUMIDITY (PERCENT)
 HIGHEST    75           300 AM
 LOWEST     26           300 PM
 AVERAGE    51

..........................................................


THE AURORA MUNICIPAL AIRPORT CLIMATE NORMALS FOR TODAY
                         NORMAL    RECORD    YEAR
 MAXIMUM TEMPERATURE (F)   62        77      2001
 MINIMUM TEMPERATURE (F)   38        27      2013


SUNRISE AND SUNSET
APRIL 20 2014.........SUNRISE   606 AM CDT   SUNSET   740 PM CDT
APRIL 21 2014.........SUNRISE   605 AM CDT   SUNSET   741 PM CDT


-  INDICATES NEGATIVE NUMBERS.
R  INDICATES RECORD WAS SET OR TIED.
MM INDICATES DATA IS MISSING.
T  INDICATES TRACE AMOUNT.




$$
