000
CDUS43 KLOT 230638
CLIARR


CLIMATE REPORT
NATIONAL WEATHER SERVICE CHICAGO IL
137 AM CDT WED JUL 23 2014


...................................

...THE AURORA MUNICIPAL AIRPORT CLIMATE SUMMARY FOR JULY 22 2014...

CLIMATE NORMAL PERIOD 1981 TO 2010
CLIMATE RECORD PERIOD 1998 TO 2014


WEATHER ITEM   OBSERVED TIME   RECORD YEAR NORMAL DEPARTURE LAST
                VALUE   (LST)  VALUE       VALUE  FROM      YEAR
                                                  NORMAL
..................................................................
TEMPERATURE (F)
 YESTERDAY
  MAXIMUM         90    306 PM  95    2001  83      7       87
  MINIMUM         66    452 AM  51    2007  60      6       65
  AVERAGE         78                        71      7       76

PRECIPITATION (IN)
  YESTERDAY        0.00          0.49 2011   0.16  -0.16     0.32
  MONTH TO DATE    1.80                      2.93  -1.13     1.64
  SINCE JUN 1     10.76                      6.94   3.82     5.24
  SINCE JAN 1     18.75                     19.82  -1.07    22.10

DEGREE DAYS
 HEATING
  YESTERDAY        0                         0      0        0
  MONTH TO DATE   11                         0     11        0
  SINCE JUN 1     27                        41    -14       44
  SINCE JUL 1     11                         0     11        0

 COOLING
  YESTERDAY       13                         7      6       11
  MONTH TO DATE   94                       154    -60      215
  SINCE JUN 1    290                       309    -19      360
  SINCE JAN 1    376                       350     26      440
..................................................................


WIND (MPH)
  RESULTANT WIND SPEED   9   RESULTANT WIND DIRECTION   S (200)
  HIGHEST WIND SPEED    20   HIGHEST WIND DIRECTION    SW (210)
  HIGHEST GUST SPEED    26   HIGHEST GUST DIRECTION     S (200)
  AVERAGE WIND SPEED     9.9


SKY COVER
  POSSIBLE SUNSHINE  MM
  AVERAGE SKY COVER 0.3


WEATHER CONDITIONS
 THE FOLLOWING WEATHER WAS RECORDED YESTERDAY.
  THUNDERSTORM
  FOG
  HAZE


RELATIVE HUMIDITY (PERCENT)
 HIGHEST    87           200 AM
 LOWEST     59           100 PM
 AVERAGE    73

..........................................................


THE AURORA MUNICIPAL AIRPORT CLIMATE NORMALS FOR TODAY
                         NORMAL    RECORD    YEAR
 MAXIMUM TEMPERATURE (F)   83        94      2011
 MINIMUM TEMPERATURE (F)   60        47      2000


SUNRISE AND SUNSET
JULY 23 2014..........SUNRISE   539 AM CDT   SUNSET   821 PM CDT
JULY 24 2014..........SUNRISE   540 AM CDT   SUNSET   820 PM CDT


-  INDICATES NEGATIVE NUMBERS.
R  INDICATES RECORD WAS SET OR TIED.
MM INDICATES DATA IS MISSING.
T  INDICATES TRACE AMOUNT.




$$
