000
CDUS43 KLOT 020643
CLIARR


CLIMATE REPORT
NATIONAL WEATHER SERVICE CHICAGO IL
142 AM CDT THU OCT 2 2014


...................................

...THE AURORA MUNICIPAL AIRPORT CLIMATE SUMMARY FOR OCTOBER 1 2014...

CLIMATE NORMAL PERIOD 1981 TO 2010
CLIMATE RECORD PERIOD 1998 TO 2014


WEATHER ITEM   OBSERVED TIME   RECORD YEAR NORMAL DEPARTURE LAST
                VALUE   (LST)  VALUE       VALUE  FROM      YEAR
                                                  NORMAL
..................................................................
TEMPERATURE (F)
 YESTERDAY
  MAXIMUM         74    257 PM  83    2000  68      6       79
  MINIMUM         47    533 AM  24    2003  44      3       51
  AVERAGE         61                        56      5       65

PRECIPITATION (IN)
  YESTERDAY        T             0.56 2009   0.13  -0.13     0.00
  MONTH TO DATE    T                         0.13  -0.13     0.00
  SINCE SEP 1      2.56                      3.57  -1.01     1.22
  SINCE JAN 1     25.43                     28.77  -3.34    27.45

DEGREE DAYS
 HEATING
  YESTERDAY        4                        10     -6        0
  MONTH TO DATE    4                        10     -6        0
  SINCE SEP 1    154                       139     15      101
  SINCE JUL 1    175                       163     12      129

 COOLING
  YESTERDAY        0                         1     -1        0
  MONTH TO DATE    0                         1     -1        0
  SINCE SEP 1     60                        64     -4      104
  SINCE JAN 1    690                       648     42      731
..................................................................


WIND (MPH)
  RESULTANT WIND SPEED   9   RESULTANT WIND DIRECTION  SE (120)
  HIGHEST WIND SPEED    18   HIGHEST WIND DIRECTION    SE (130)
  HIGHEST GUST SPEED    22   HIGHEST GUST DIRECTION    SE (120)
  AVERAGE WIND SPEED     9.6


SKY COVER
  POSSIBLE SUNSHINE  MM
  AVERAGE SKY COVER 0.2


WEATHER CONDITIONS
 THE FOLLOWING WEATHER WAS RECORDED YESTERDAY.
  LIGHT RAIN


RELATIVE HUMIDITY (PERCENT)
 HIGHEST    86           500 AM
 LOWEST     49           100 PM
 AVERAGE    68

..........................................................


THE AURORA MUNICIPAL AIRPORT CLIMATE NORMALS FOR TODAY
                         NORMAL    RECORD    YEAR
 MAXIMUM TEMPERATURE (F)   68        83      2005
 MINIMUM TEMPERATURE (F)   43        19      2003


SUNRISE AND SUNSET
OCTOBER  2 2014.......SUNRISE   652 AM CDT   SUNSET   634 PM CDT
OCTOBER  3 2014.......SUNRISE   653 AM CDT   SUNSET   632 PM CDT


-  INDICATES NEGATIVE NUMBERS.
R  INDICATES RECORD WAS SET OR TIED.
MM INDICATES DATA IS MISSING.
T  INDICATES TRACE AMOUNT.




$$
