000
CDUS41 KBUF 201024
CLIART


CLIMATE REPORT
NATIONAL WEATHER SERVICE BUFFALO NY
623 AM EDT SUN AUG 20 2017


...................................

...THE WATERTOWN NY CLIMATE SUMMARY FOR AUGUST 19 2017...

CLIMATE NORMAL PERIOD 1981 TO 2010
CLIMATE RECORD PERIOD 1949 TO 2017


WEATHER ITEM   OBSERVED TIME   RECORD YEAR NORMAL DEPARTURE LAST
                VALUE   (LST)  VALUE       VALUE  FROM      YEAR
                                                  NORMAL
..................................................................
TEMPERATURE (F)
 YESTERDAY
  MAXIMUM         75    329 PM  96    1955  78     -3       84
  MINIMUM         68   1159 PM  37    1998  56     12       61
  AVERAGE         72                        67      5       73

PRECIPITATION (IN)
  YESTERDAY        T             0.92 1978   0.10  -0.10     0.00
  MONTH TO DATE    1.90                      1.95  -0.05     1.53
  SINCE JUN 1     12.86                      7.45   5.41     5.53
  SINCE JAN 1     28.53                     20.60   7.93    16.53

DEGREE DAYS
 HEATING
  YESTERDAY        0                         1     -1        0
  MONTH TO DATE    7                        19    -12        0
  SINCE JUN 1    120                       152    -32      103
  SINCE JUL 1     18                        45    -27        5

 COOLING
  YESTERDAY        7                         3      4        8
  MONTH TO DATE   85                        78      7      171
  SINCE JUN 1    289                       279     10      420
  SINCE JAN 1    308                       290     18      450
..................................................................


WIND (MPH)
  HIGHEST WIND SPEED    22   HIGHEST WIND DIRECTION    SW (220)
  HIGHEST GUST SPEED    28   HIGHEST GUST DIRECTION    SW (220)
  AVERAGE WIND SPEED    10.5


SKY COVER
  AVERAGE SKY COVER 0.8


WEATHER CONDITIONS
 THE FOLLOWING WEATHER WAS RECORDED YESTERDAY.
  LIGHT RAIN
  FOG


RELATIVE HUMIDITY (PERCENT)
 HIGHEST    97           800 AM
 LOWEST     64           200 PM
 AVERAGE    81

..........................................................


THE WATERTOWN NY CLIMATE NORMALS FOR TODAY
                         NORMAL    RECORD    YEAR
 MAXIMUM TEMPERATURE (F)   78        89      2016
 MINIMUM TEMPERATURE (F)   56        39      2000


SUNRISE AND SUNSET
AUGUST 20 2017........SUNRISE   614 AM EDT   SUNSET   800 PM EDT
AUGUST 21 2017........SUNRISE   615 AM EDT   SUNSET   758 PM EDT


-  INDICATES NEGATIVE NUMBERS.
R  INDICATES RECORD WAS SET OR TIED.
MM INDICATES DATA IS MISSING.
T  INDICATES TRACE AMOUNT.




$$
