000
CDUS41 KBUF 312047
CLIART


CLIMATE REPORT
NATIONAL WEATHER SERVICE BUFFALO NY
446 PM EDT FRI OCT 31 2014


...................................

...THE WATERTOWN NY CLIMATE SUMMARY FOR OCTOBER 31 2014...
VALID TODAY AS OF 0400 PM LOCAL TIME.

CLIMATE NORMAL PERIOD 1981 TO 2010
CLIMATE RECORD PERIOD 1949 TO 2014


WEATHER ITEM   OBSERVED TIME   RECORD YEAR NORMAL DEPARTURE LAST
                VALUE   (LST)  VALUE       VALUE  FROM      YEAR
                                                  NORMAL
..................................................................
TEMPERATURE (F)
 TODAY
  MAXIMUM         50    119 PM  72    1989  53     -3       64
  MINIMUM         31    137 AM  15    2002  34     -3       37
  AVERAGE         41                        44     -3       51

PRECIPITATION (IN)
  TODAY            T             0.75 2009   0.11  -0.11     0.58
  MONTH TO DATE    3.62                      3.65  -0.03     4.57
  SINCE SEP 1      5.20                      7.37  -2.17     7.39
  SINCE JAN 1     37.46                     29.17   8.29    29.19

DEGREE DAYS
 HEATING
  TODAY           24                        21      3       14
  MONTH TO DATE  363                       523   -160      414
  SINCE SEP 1    539                       724   -185      645
  SINCE JUL 1    589                       796   -207      688

 COOLING
  TODAY            0                         0      0        0
  MONTH TO DATE   17                         3     14        0
  SINCE SEP 1     73                        38     35       48
  SINCE JAN 1    433                       362     71      481
..................................................................


WIND (MPH)
  HIGHEST WIND SPEED    14   HIGHEST WIND DIRECTION    NE (40)
  HIGHEST GUST SPEED    16   HIGHEST GUST DIRECTION    NE (30)
  AVERAGE WIND SPEED     4.9


SKY COVER
  AVERAGE SKY COVER 0.7


WEATHER CONDITIONS
 THE FOLLOWING WEATHER WAS RECORDED TODAY.
  NO SIGNIFICANT WEATHER WAS OBSERVED.


RELATIVE HUMIDITY (PERCENT)
 HIGHEST    82          1200 AM
 LOWEST     56          1200 PM
 AVERAGE    69

..........................................................


THE WATERTOWN NY CLIMATE NORMALS FOR TOMORROW
                         NORMAL    RECORD    YEAR
 MAXIMUM TEMPERATURE (F)   53        73      1956
 MINIMUM TEMPERATURE (F)   34        15      2002


SUNRISE AND SUNSET
OCTOBER 31 2014.......SUNRISE   739 AM EDT   SUNSET   556 PM EDT
NOVEMBER  1 2014......SUNRISE   740 AM EDT   SUNSET   554 PM EDT


-  INDICATES NEGATIVE NUMBERS.
R  INDICATES RECORD WAS SET OR TIED.
MM INDICATES DATA IS MISSING.
T  INDICATES TRACE AMOUNT.




$$
