000
CDUS45 KGJT 230738
CLIASE


CLIMATE REPORT
NATIONAL WEATHER SERVICE GRAND JUNCTION CO
136 AM MDT SAT AUG 23 2014


...................................

...THE ASPEN CO CLIMATE SUMMARY FOR AUGUST 22 2014...

CLIMATE NORMAL PERIOD 1981 TO 2010
CLIMATE RECORD PERIOD 9999 TO 9999


WEATHER ITEM   OBSERVED TIME   RECORD YEAR NORMAL DEPARTURE LAST
                VALUE   (LST)  VALUE       VALUE  FROM      YEAR
                                                  NORMAL
..................................................................
TEMPERATURE (F)
 YESTERDAY
  MAXIMUM         67    421 PM  MM      MM  76     -9       80
  MINIMUM         51   1158 PM  MM      MM  45      6       51
  AVERAGE         59                        60     -1       66

PRECIPITATION (IN)
  YESTERDAY        0.05         MM      MM   0.04   0.01     0.31
  MONTH TO DATE    0.99                      1.22  -0.23     1.12
  SINCE JUN 1      2.93                      4.06  -1.13     2.79
  SINCE JAN 1      8.46                     11.00  -2.54     9.47

SNOWFALL (IN)
  YESTERDAY       MM            MM      MM  MM     MM       MM
  MONTH TO DATE   MM                        MM     MM       MM
  SINCE JUN 1     MM                        MM     MM       MM
  SINCE JUL 1     MM                        MM     MM       MM
  SNOW DEPTH      MM

DEGREE DAYS
 HEATING
  YESTERDAY        6                         5      1        0
  MONTH TO DATE   64                        73     -9       90
  SINCE JUN 1    294                       373    -79      268
  SINCE JUL 1     89                       144    -55      122

 COOLING
  YESTERDAY        0                         0      0        1
  MONTH TO DATE    1                         9     -8        4
  SINCE JUN 1     56                        38     18       60
  SINCE JAN 1     56                        38     18       60
..................................................................


WIND (MPH)
  HIGHEST WIND SPEED    22   HIGHEST WIND DIRECTION     S (180)
  HIGHEST GUST SPEED    26   HIGHEST GUST DIRECTION     S (180)
  AVERAGE WIND SPEED     5.7


SKY COVER
  POSSIBLE SUNSHINE  MM
  AVERAGE SKY COVER 0.8


WEATHER CONDITIONS
 THE FOLLOWING WEATHER WAS RECORDED YESTERDAY.
  THUNDERSTORM
  LIGHT RAIN


RELATIVE HUMIDITY (PERCENT)
 HIGHEST    89           700 AM
 LOWEST     42           200 PM
 AVERAGE    66

..........................................................


THE ASPEN CO CLIMATE NORMALS FOR TODAY
                         NORMAL    RECORD    YEAR
 MAXIMUM TEMPERATURE (F)   76        MM        MM
 MINIMUM TEMPERATURE (F)   45        MM        MM


SUNRISE AND SUNSET
AUGUST 23 2014........SUNRISE   628 AM MDT   SUNSET   751 PM MDT
AUGUST 24 2014........SUNRISE   629 AM MDT   SUNSET   750 PM MDT


-  INDICATES NEGATIVE NUMBERS.
R  INDICATES RECORD WAS SET OR TIED.
MM INDICATES DATA IS MISSING.
T  INDICATES TRACE AMOUNT.




$$
