000
CDUS45 KGJT 260808
CLIASE


CLIMATE REPORT
NATIONAL WEATHER SERVICE GRAND JUNCTION CO
130 AM MDT THU MAR 26 2015


...................................

...THE ASPEN CO CLIMATE SUMMARY FOR MARCH 25 2015...

CLIMATE NORMAL PERIOD 1981 TO 2010
CLIMATE RECORD PERIOD 9999 TO 9999


WEATHER ITEM   OBSERVED TIME   RECORD YEAR NORMAL DEPARTURE LAST
                VALUE   (LST)  VALUE       VALUE  FROM      YEAR
                                                  NORMAL
..................................................................
TEMPERATURE (F)
 YESTERDAY
  MAXIMUM         39    342 PM  MM      MM  46     -7       55
  MINIMUM         24   1159 PM  MM      MM  22      2       22
  AVERAGE         32                        34     -2       39

PRECIPITATION (IN)
  YESTERDAY        0.18         MM      MM   0.04   0.14     0.00
  MONTH TO DATE    1.36                      1.00   0.36     0.74
  SINCE MAR 1      1.36                      1.00   0.36     0.74
  SINCE JAN 1      2.41                      3.24  -0.83     3.52

SNOWFALL (IN)
  YESTERDAY       MM            MM      MM  MM     MM       MM
  MONTH TO DATE   MM                        MM     MM       MM
  SINCE MAR 1     MM                        MM     MM       MM
  SINCE JUL 1     MM                        MM     MM       MM
  SNOW DEPTH      MM

DEGREE DAYS
 HEATING
  YESTERDAY       33                        31      2       26
  MONTH TO DATE  729                       875   -146      810
  SINCE MAR 1    729                       875   -146      810
  SINCE JUL 1   6225                      7194   -969     6941

 COOLING
  YESTERDAY        0                         0      0        0
  MONTH TO DATE    0                         0      0        0
  SINCE MAR 1      0                         0      0        0
  SINCE JAN 1      0                         0      0        0
..................................................................


WIND (MPH)
  HIGHEST WIND SPEED    22   HIGHEST WIND DIRECTION    NW (320)
  HIGHEST GUST SPEED    30   HIGHEST GUST DIRECTION    NW (330)
  AVERAGE WIND SPEED     4.9


SKY COVER
  POSSIBLE SUNSHINE  MM
  AVERAGE SKY COVER 0.8


WEATHER CONDITIONS
 THE FOLLOWING WEATHER WAS RECORDED YESTERDAY.
  LIGHT RAIN
  HEAVY SNOW
  SNOW
  LIGHT SNOW
  FOG
  HAZE


RELATIVE HUMIDITY (PERCENT)
 HIGHEST    92           400 AM
 LOWEST     52           600 PM
 AVERAGE    72

..........................................................


THE ASPEN CO CLIMATE NORMALS FOR TODAY
                         NORMAL    RECORD    YEAR
 MAXIMUM TEMPERATURE (F)   46        MM        MM
 MINIMUM TEMPERATURE (F)   22        MM        MM


SUNRISE AND SUNSET
MARCH 26 2015.........SUNRISE   702 AM MDT   SUNSET   725 PM MDT
MARCH 27 2015.........SUNRISE   700 AM MDT   SUNSET   726 PM MDT


-  INDICATES NEGATIVE NUMBERS.
R  INDICATES RECORD WAS SET OR TIED.
MM INDICATES DATA IS MISSING.
T  INDICATES TRACE AMOUNT.




$$
