000
CDUS46 KPQR 131141
CLIAST


CLIMATE REPORT
NATIONAL WEATHER SERVICE PORTLAND OREGON
341 AM PST SAT FEB 13 2016


...................................

...THE ASTORIA OR CLIMATE SUMMARY FOR FEBRUARY 12 2016...

CLIMATE NORMAL PERIOD 1981 TO 2010
CLIMATE RECORD PERIOD 1892 TO 2016


WEATHER ITEM   OBSERVED TIME   RECORD YEAR NORMAL DEPARTURE LAST
                VALUE   (LST)  VALUE       VALUE  FROM      YEAR
                                                  NORMAL
..................................................................
TEMPERATURE (F)
 YESTERDAY
  MAXIMUM         56   1219 PM  67    1996  51      5       61
  MINIMUM         49   1159 PM  23    1905  37     12       45
  AVERAGE         53                        44      9       53

PRECIPITATION (IN)
  YESTERDAY        0.32          2.11 1939   0.26   0.06      T
  MONTH TO DATE    2.71                      3.23  -0.52     5.38
  SINCE OCT 1     58.99                     40.45  18.54    40.19
  SINCE JAN 1     16.46                     13.43   3.03    14.57

DEGREE DAYS
 HEATING
  YESTERDAY       12                        21     -9       12
  MONTH TO DATE  184                       252    -68      166
  SINCE DEC 1   1348                      1604   -256     1288
  SINCE JUL 1   2348                      3017   -669     2275

 COOLING
  YESTERDAY        0                         0      0        0
  MONTH TO DATE    0                         0      0        0
  SINCE DEC 1      0                         0      0        0
  SINCE JAN 1      0                         0      0        0
..................................................................


WIND (MPH)
  HIGHEST WIND SPEED    25   HIGHEST WIND DIRECTION    SW (230)
  HIGHEST GUST SPEED    33   HIGHEST GUST DIRECTION    SW (220)
  AVERAGE WIND SPEED    10.6


SKY COVER
  POSSIBLE SUNSHINE  MM
  AVERAGE SKY COVER 0.9


WEATHER CONDITIONS
 THE FOLLOWING WEATHER WAS RECORDED YESTERDAY.
  HEAVY RAIN
  RAIN
  LIGHT RAIN
  FOG


RELATIVE HUMIDITY (PERCENT)
 HIGHEST   100          1200 AM
 LOWEST     83           300 PM
 AVERAGE    92

..........................................................


THE ASTORIA OR CLIMATE NORMALS FOR TODAY
                         NORMAL    RECORD    YEAR
 MAXIMUM TEMPERATURE (F)   52        64      1931
 MINIMUM TEMPERATURE (F)   37        21      1949


SUNRISE AND SUNSET
FEBRUARY 13 2016......SUNRISE   722 AM PST   SUNSET   538 PM PST
FEBRUARY 14 2016......SUNRISE   721 AM PST   SUNSET   539 PM PST


-  INDICATES NEGATIVE NUMBERS.
R  INDICATES RECORD WAS SET OR TIED.
MM INDICATES DATA IS MISSING.
T  INDICATES TRACE AMOUNT.




$$
