000
CDUS46 KPQR 240351
CLIAST


CLIMATE REPORT
NATIONAL WEATHER SERVICE PORTLAND OREGON
750 PM PST SUN NOV 23 2014


...................................

...THE ASTORIA OR CLIMATE SUMMARY FOR NOVEMBER 23 2014...
VALID TODAY AS OF 0700 PM LOCAL TIME.

CLIMATE NORMAL PERIOD 1981 TO 2010
CLIMATE RECORD PERIOD 1892 TO 2014


WEATHER ITEM   OBSERVED TIME   RECORD YEAR NORMAL DEPARTURE LAST
                VALUE   (LST)  VALUE       VALUE  FROM      YEAR
                                                  NORMAL
..................................................................
TEMPERATURE (F)
 TODAY
  MAXIMUM         56    217 PM  62    1956  52      4       57
  MINIMUM         44    559 PM  21    1985  39      5       37
  AVERAGE         50                        45      5       47

PRECIPITATION (IN)
  TODAY            0.08          2.90 1942   0.40  -0.32     0.00
  MONTH TO DATE    5.00                      8.36  -3.36     4.77
  SINCE OCT 1     13.61                     14.34  -0.73     6.82
  SINCE JAN 1     60.86                     54.58   6.28    53.87

DEGREE DAYS
 HEATING
  TODAY           15                        20     -5       18
  MONTH TO DATE  410                       402      8      394
  SINCE SEP 1    706                       988   -282      964
  SINCE JUL 1    864                      1269   -405     1211

 COOLING
  TODAY            0                         0      0        0
  MONTH TO DATE    0                         0      0        0
  SINCE SEP 1     20                         5     15        3
  SINCE JAN 1     45                        12     33        9
..................................................................


WIND (MPH)
  HIGHEST WIND SPEED    29   HIGHEST WIND DIRECTION    SW (220)
  HIGHEST GUST SPEED    47   HIGHEST GUST DIRECTION    SW (210)
  AVERAGE WIND SPEED    10.9


SKY COVER
  POSSIBLE SUNSHINE  MM
  AVERAGE SKY COVER 0.8


WEATHER CONDITIONS
 THE FOLLOWING WEATHER WAS RECORDED TODAY.
  THUNDERSTORM
  LIGHT RAIN
  FOG


RELATIVE HUMIDITY (PERCENT)
 HIGHEST    93           500 PM
 LOWEST     77           100 AM
 AVERAGE    85

..........................................................


THE ASTORIA OR CLIMATE NORMALS FOR TOMORROW
                         NORMAL    RECORD    YEAR
 MAXIMUM TEMPERATURE (F)   52        63      1936
 MINIMUM TEMPERATURE (F)   39        19      1985


SUNRISE AND SUNSET
NOVEMBER 23 2014......SUNRISE   728 AM PST   SUNSET   436 PM PST
NOVEMBER 24 2014......SUNRISE   729 AM PST   SUNSET   435 PM PST


-  INDICATES NEGATIVE NUMBERS.
R  INDICATES RECORD WAS SET OR TIED.
MM INDICATES DATA IS MISSING.
T  INDICATES TRACE AMOUNT.




$$
