000
CDUS46 KPQR 242321
CLIAST


CLIMATE REPORT
NATIONAL WEATHER SERVICE PORTLAND OREGON
420 PM PDT MON APR 24 2017


...................................

...THE ASTORIA OR CLIMATE SUMMARY FOR APRIL 24 2017...
VALID TODAY AS OF 0400 PM LOCAL TIME.

CLIMATE NORMAL PERIOD 1981 TO 2010
CLIMATE RECORD PERIOD 1892 TO 2017


WEATHER ITEM   OBSERVED TIME   RECORD YEAR NORMAL DEPARTURE LAST
                VALUE   (LST)  VALUE       VALUE  FROM      YEAR
                                                  NORMAL
..................................................................
TEMPERATURE (F)
 TODAY
  MAXIMUM         54    256 PM  79    1926  57     -3       56
  MINIMUM         45    641 AM  31    1986  42      3       45
  AVERAGE         50                        50      0       51

PRECIPITATION (IN)
  TODAY            0.78          1.30 1949   0.15   0.63     0.32
  MONTH TO DATE    7.65                      4.35   3.30     1.94
  SINCE OCT 1     83.85                     56.21  27.64    78.85
  SINCE JAN 1     39.98                     29.19  10.79    36.32

DEGREE DAYS
 HEATING
  TODAY           15                        15      0       14
  MONTH TO DATE  373                       399    -26      264
  SINCE MAR 1    937                       977    -40      724
  SINCE JUL 1   3920                      4319   -399     3343

 COOLING
  TODAY            0                         0      0        0
  MONTH TO DATE    0                         0      0        3
  SINCE MAR 1      0                         0      0        3
  SINCE JAN 1      0                         0      0        3
..................................................................


WIND (MPH)
  HIGHEST WIND SPEED    17   HIGHEST WIND DIRECTION    NE (50)
  HIGHEST GUST SPEED    23   HIGHEST GUST DIRECTION    NE (60)
  AVERAGE WIND SPEED    10.1


SKY COVER
  POSSIBLE SUNSHINE  MM
  AVERAGE SKY COVER 1.0


WEATHER CONDITIONS
 THE FOLLOWING WEATHER WAS RECORDED TODAY.
  RAIN
  LIGHT RAIN
  FOG


RELATIVE HUMIDITY (PERCENT)
 HIGHEST    92           100 AM
 LOWEST     66           300 PM
 AVERAGE    79

..........................................................


THE ASTORIA OR CLIMATE NORMALS FOR TOMORROW
                         NORMAL    RECORD    YEAR
 MAXIMUM TEMPERATURE (F)   58        83      1941
 MINIMUM TEMPERATURE (F)   42        29      1955


SUNRISE AND SUNSET
APRIL 24 2017.........SUNRISE   613 AM PDT   SUNSET   815 PM PDT
APRIL 25 2017.........SUNRISE   611 AM PDT   SUNSET   817 PM PDT


-  INDICATES NEGATIVE NUMBERS.
R  INDICATES RECORD WAS SET OR TIED.
MM INDICATES DATA IS MISSING.
T  INDICATES TRACE AMOUNT.




$$
