000
CDUS46 KPQR 010022
CLIAST


CLIMATE REPORT
NATIONAL WEATHER SERVICE PORTLAND OREGON
422 PM PST SAT FEB 28 2015


...................................

...THE ASTORIA OR CLIMATE SUMMARY FOR FEBRUARY 28 2015...
VALID TODAY AS OF 0400 PM LOCAL TIME.

CLIMATE NORMAL PERIOD 1981 TO 2010
CLIMATE RECORD PERIOD 1892 TO 2015


WEATHER ITEM   OBSERVED TIME   RECORD YEAR NORMAL DEPARTURE LAST
                VALUE   (LST)  VALUE       VALUE  FROM      YEAR
                                                  NORMAL
..................................................................
TEMPERATURE (F)
 TODAY
  MAXIMUM         58    359 PM  72    1968  53      5       64
  MINIMUM         37    542 AM  22    1960  38     -1       42
  AVERAGE         48                        45      3       53

PRECIPITATION (IN)
  TODAY            0.00          1.40 2013   0.25  -0.25     0.00
  MONTH TO DATE    6.29                      7.19  -0.90     7.40
  SINCE OCT 1     41.10                     44.41  -3.31    25.92
  SINCE JAN 1     15.48                     17.39  -1.91    13.76

DEGREE DAYS
 HEATING
  TODAY           17                        20     -3       12
  MONTH TO DATE  430                       580   -150      627
  SINCE DEC 1   1552                      1929   -377     2076
  SINCE JUL 1   2539                      3342   -803     3429

 COOLING
  TODAY            0                         0      0        0
  MONTH TO DATE    0                         0      0        0
  SINCE DEC 1      0                         0      0        0
  SINCE JAN 1      0                         0      0        0
..................................................................


WIND (MPH)
  HIGHEST WIND SPEED    17   HIGHEST WIND DIRECTION    NE (60)
  HIGHEST GUST SPEED    24   HIGHEST GUST DIRECTION    NE (60)
  AVERAGE WIND SPEED     8.0


SKY COVER
  POSSIBLE SUNSHINE  MM
  AVERAGE SKY COVER 0.2


WEATHER CONDITIONS
 THE FOLLOWING WEATHER WAS RECORDED TODAY.
  NO SIGNIFICANT WEATHER WAS OBSERVED.


RELATIVE HUMIDITY (PERCENT)
 HIGHEST    86          1200 AM
 LOWEST     36           200 PM
 AVERAGE    61

..........................................................


THE ASTORIA OR CLIMATE NORMALS FOR TOMORROW
                         NORMAL    RECORD    YEAR
 MAXIMUM TEMPERATURE (F)   53        67      1947
 MINIMUM TEMPERATURE (F)   38        22      1971


SUNRISE AND SUNSET
FEBRUARY 28 2015......SUNRISE   657 AM PST   SUNSET   600 PM PST
MARCH  1 2015.........SUNRISE   655 AM PST   SUNSET   602 PM PST


-  INDICATES NEGATIVE NUMBERS.
R  INDICATES RECORD WAS SET OR TIED.
MM INDICATES DATA IS MISSING.
T  INDICATES TRACE AMOUNT.




$$
