317
CDUS46 KPQR 230221
CLIAST


CLIMATE REPORT
NATIONAL WEATHER SERVICE PORTLAND OREGON
721 PM PDT WED MAR 22 2017


...................................

...THE ASTORIA OR CLIMATE SUMMARY FOR MARCH 22 2017...
VALID TODAY AS OF 0700 PM LOCAL TIME.

CLIMATE NORMAL PERIOD 1981 TO 2010
CLIMATE RECORD PERIOD 1892 TO 2017


WEATHER ITEM   OBSERVED TIME   RECORD YEAR NORMAL DEPARTURE LAST
                VALUE   (LST)  VALUE       VALUE  FROM      YEAR
                                                  NORMAL
..................................................................
TEMPERATURE (F)
 TODAY
  MAXIMUM         51    122 AM  65    1915  54     -3       55
  MINIMUM         46    559 PM  28    2001  40      6       43
                                      1966
  AVERAGE         49                        47      2       49

PRECIPITATION (IN)
  TODAY            0.25          2.20 1993   0.24   0.01     0.13
  MONTH TO DATE   11.95                      5.43   6.52    11.00
  SINCE OCT 1     73.70                     49.84  23.86    75.81
  SINCE JAN 1     29.83                     22.82   7.01    33.28

DEGREE DAYS
 HEATING
  TODAY           16                        18     -2       16
  MONTH TO DATE  410                       418     -8      316
  SINCE MAR 1    410                       418     -8      316
  SINCE JUL 1   3393                      3760   -367     2935

 COOLING
  TODAY            0                         0      0        0
  MONTH TO DATE    0                         0      0        0
  SINCE MAR 1      0                         0      0        0
  SINCE JAN 1      0                         0      0        0
..................................................................


WIND (MPH)
  HIGHEST WIND SPEED    24   HIGHEST WIND DIRECTION     S (200)
  HIGHEST GUST SPEED    34   HIGHEST GUST DIRECTION     S (200)
  AVERAGE WIND SPEED    12.8


SKY COVER
  POSSIBLE SUNSHINE  MM
  AVERAGE SKY COVER 1.0


WEATHER CONDITIONS
 THE FOLLOWING WEATHER WAS RECORDED TODAY.
  RAIN
  LIGHT RAIN
  FOG


RELATIVE HUMIDITY (PERCENT)
 HIGHEST    86           900 AM
 LOWEST     61           500 PM
 AVERAGE    74

..........................................................


THE ASTORIA OR CLIMATE NORMALS FOR TOMORROW
                         NORMAL    RECORD    YEAR
 MAXIMUM TEMPERATURE (F)   54        70      1934
 MINIMUM TEMPERATURE (F)   40        29      1973


SUNRISE AND SUNSET
MARCH 22 2017.........SUNRISE   714 AM PDT   SUNSET   731 PM PDT
MARCH 23 2017.........SUNRISE   712 AM PDT   SUNSET   733 PM PDT


-  INDICATES NEGATIVE NUMBERS.
R  INDICATES RECORD WAS SET OR TIED.
MM INDICATES DATA IS MISSING.
T  INDICATES TRACE AMOUNT.




$$
