000
CDUS46 KPQR 311141
CLIAST


CLIMATE REPORT
NATIONAL WEATHER SERVICE PORTLAND OREGON
441 AM PDT FRI JUL 31 2015


...................................

...THE ASTORIA OR CLIMATE SUMMARY FOR JULY 30 2015...

CLIMATE NORMAL PERIOD 1981 TO 2010
CLIMATE RECORD PERIOD 1892 TO 2015


WEATHER ITEM   OBSERVED TIME   RECORD YEAR NORMAL DEPARTURE LAST
                VALUE   (LST)  VALUE       VALUE  FROM      YEAR
                                                  NORMAL
..................................................................
TEMPERATURE (F)
 YESTERDAY
  MAXIMUM         86   1222 PM  87    1908  68     18       72
  MINIMUM         51    446 AM  45    1949  54     -3       54
  AVERAGE         69                        61      8       63

PRECIPITATION (IN)
  YESTERDAY        0.00          0.78 1985   0.03  -0.03     0.00
  MONTH TO DATE    0.39                      1.01  -0.62     1.08
  SINCE OCT 1     53.40                     63.94 -10.54    53.77
  SINCE JAN 1     27.78                     36.92  -9.14    41.61

DEGREE DAYS
 HEATING
  YESTERDAY        0                         4     -4        2
  MONTH TO DATE   39                       144   -105      107
  SINCE JUN 1    188                       386   -198      287
  SINCE JUL 1     39                       144   -105      107

 COOLING
  YESTERDAY        4                         0      4        0
  MONTH TO DATE   21                         0     21        8
  SINCE JUN 1     25                         0     25        8
  SINCE JAN 1     27                         0     27       19
..................................................................


WIND (MPH)
  HIGHEST WIND SPEED    22   HIGHEST WIND DIRECTION    NW (310)
  HIGHEST GUST SPEED    28   HIGHEST GUST DIRECTION    NW (310)
  AVERAGE WIND SPEED     8.4


SKY COVER
  POSSIBLE SUNSHINE  MM
  AVERAGE SKY COVER 0.0


WEATHER CONDITIONS
 THE FOLLOWING WEATHER WAS RECORDED YESTERDAY.
  NO SIGNIFICANT WEATHER WAS OBSERVED.


RELATIVE HUMIDITY (PERCENT)
 HIGHEST    96           500 AM
 LOWEST     31          1100 AM
 AVERAGE    64

..........................................................


THE ASTORIA OR CLIMATE NORMALS FOR TODAY
                         NORMAL    RECORD    YEAR
 MAXIMUM TEMPERATURE (F)   68        93      1913
 MINIMUM TEMPERATURE (F)   54        46      1970
                                             1949
                                             1937


SUNRISE AND SUNSET
JULY 31 2015..........SUNRISE   556 AM PDT   SUNSET   847 PM PDT
AUGUST  1 2015........SUNRISE   557 AM PDT   SUNSET   846 PM PDT


-  INDICATES NEGATIVE NUMBERS.
R  INDICATES RECORD WAS SET OR TIED.
MM INDICATES DATA IS MISSING.
T  INDICATES TRACE AMOUNT.




$$
