000
CDUS46 KPQR 291142
CLIAST


CLIMATE REPORT
NATIONAL WEATHER SERVICE PORTLAND OREGON
341 AM PST THU JAN 29 2015


...................................

...THE ASTORIA OR CLIMATE SUMMARY FOR JANUARY 28 2015...

CLIMATE NORMAL PERIOD 1981 TO 2010
CLIMATE RECORD PERIOD 1892 TO 2015


WEATHER ITEM   OBSERVED TIME   RECORD YEAR NORMAL DEPARTURE LAST
                VALUE   (LST)  VALUE       VALUE  FROM      YEAR
                                                  NORMAL
..................................................................
TEMPERATURE (F)
 YESTERDAY
  MAXIMUM         57    231 PM  64    1940  51      6       52
  MINIMUM         41    604 AM  11    1969  38      3       43
  AVERAGE         49                        44      5       48

PRECIPITATION (IN)
  YESTERDAY        0.00          2.59 2004   0.30  -0.30     0.78
  MONTH TO DATE    9.19                      9.31  -0.12     5.07
  SINCE OCT 1     34.81                     36.33  -1.52    17.23
  SINCE JAN 1      9.19                      9.31  -0.12     5.07

DEGREE DAYS
 HEATING
  YESTERDAY       16                        21     -5       17
  MONTH TO DATE  516                       597    -81      556
  SINCE DEC 1   1065                      1290   -225     1391
  SINCE JUL 1   2052                      2703   -651     2744

 COOLING
  YESTERDAY        0                         0      0        0
  MONTH TO DATE    0                         0      0        0
  SINCE DEC 1      0                         0      0        0
  SINCE JAN 1      0                         0      0        0
..................................................................


WIND (MPH)
  HIGHEST WIND SPEED    12   HIGHEST WIND DIRECTION     E (70)
  HIGHEST GUST SPEED    15   HIGHEST GUST DIRECTION    NE (40)
  AVERAGE WIND SPEED     3.7


SKY COVER
  POSSIBLE SUNSHINE  MM
  AVERAGE SKY COVER 0.6


WEATHER CONDITIONS
 THE FOLLOWING WEATHER WAS RECORDED YESTERDAY.
  FOG
  FOG W/VISIBILITY <= 1/4 MILE


RELATIVE HUMIDITY (PERCENT)
 HIGHEST   100           700 AM
 LOWEST     77           100 PM
 AVERAGE    89

..........................................................


THE ASTORIA OR CLIMATE NORMALS FOR TODAY
                         NORMAL    RECORD    YEAR
 MAXIMUM TEMPERATURE (F)   51        63      1960
 MINIMUM TEMPERATURE (F)   38        11      1980


SUNRISE AND SUNSET
JANUARY 29 2015.......SUNRISE   742 AM PST   SUNSET   516 PM PST
JANUARY 30 2015.......SUNRISE   741 AM PST   SUNSET   517 PM PST


-  INDICATES NEGATIVE NUMBERS.
R  INDICATES RECORD WAS SET OR TIED.
MM INDICATES DATA IS MISSING.
T  INDICATES TRACE AMOUNT.




$$
