000
CDUS42 KFFC 250023
CLIATL


CLIMATE REPORT
NATIONAL WEATHER SERVICE PEACHTREE CITY GA
823 PM EDT WED MAY 24 2017


...................................

...THE ATLANTA CLIMATE SUMMARY FOR MAY 24 2017...
VALID AS OF 0800 PM LOCAL TIME.

CLIMATE NORMAL PERIOD 1981 TO 2010
CLIMATE RECORD PERIOD 1878 TO 2017


WEATHER ITEM   OBSERVED TIME   RECORD YEAR NORMAL DEPARTURE LAST
                VALUE   (LST)  VALUE       VALUE  FROM      YEAR
                                                  NORMAL
..................................................................
TEMPERATURE (F)
 TODAY
  MAXIMUM         79    158 PM  95    1996  82     -3       85
  MINIMUM         65   1252 AM  45    1892  63      2       61
  AVERAGE         72                        72      0       73

PRECIPITATION (IN)
  TODAY            T             1.80 1910   0.11  -0.11     0.00
  MONTH TO DATE    3.71                      2.90   0.81     1.25
  SINCE MAR 1     12.14                     11.07   1.07     6.61
  SINCE JAN 1     22.19                     19.94   2.25    19.14

SNOWFALL (IN)
  TODAY            0.0           0.0  2002   0.0    0.0      0.0
                                      2001
                                      2000
  MONTH TO DATE    0.0                       0.0    0.0      0.0
  SINCE MAR 1      T                         0.8   -0.8       T
  SINCE JUL 1      T                         2.9   -2.9      0.3
  SNOW DEPTH       0

DEGREE DAYS
 HEATING
  TODAY            0                         0      0        0
  MONTH TO DATE   24                        24      0       19
  SINCE MAR 1    334                       509   -175      284
  SINCE JUL 1   1690                      2764  -1074     1999

 COOLING
  TODAY            7                         8     -1        8
  MONTH TO DATE  168                       124     44      122
  SINCE MAR 1    352                       189    163      234
  SINCE JAN 1    357                       190    167      234
..................................................................


WIND (MPH)
  RESULTANT WIND SPEED  10   RESULTANT WIND DIRECTION  SW (230)
  HIGHEST WIND SPEED    22   HIGHEST WIND DIRECTION     W (260)
  HIGHEST GUST SPEED    30   HIGHEST GUST DIRECTION     W (250)
  AVERAGE WIND SPEED    12.8


SKY COVER
  AVERAGE SKY COVER 0.7


WEATHER CONDITIONS
 THE FOLLOWING WEATHER WAS RECORDED TODAY.
  LIGHT RAIN
  FOG


RELATIVE HUMIDITY (PERCENT)
 HIGHEST    93           300 AM
 LOWEST     46           600 PM

..........................................................


THE ATLANTA CLIMATE NORMALS FOR TOMORROW
                         NORMAL    RECORD    YEAR
 MAXIMUM TEMPERATURE (F)   82        93      1960
                                             1953
 MINIMUM TEMPERATURE (F)   63        46      1979


SUNRISE AND SUNSET
MAY 24 2017...........SUNRISE   631 AM EDT   SUNSET   838 PM EDT
MAY 25 2017...........SUNRISE   631 AM EDT   SUNSET   839 PM EDT


-  INDICATES NEGATIVE NUMBERS.
R  INDICATES RECORD WAS SET OR TIED.
MM INDICATES DATA IS MISSING.
T  INDICATES TRACE AMOUNT.




$$
