000
CDUS42 KFFC 280818
CLIATL


CLIMATE REPORT
NATIONAL WEATHER SERVICE PEACHTREE CITY GA
418 AM EDT FRI JUL 28 2017


...................................

...THE ATLANTA CLIMATE SUMMARY FOR JULY 27 2017...

CLIMATE NORMAL PERIOD 1981 TO 2010
CLIMATE RECORD PERIOD 1878 TO 2017


WEATHER ITEM   OBSERVED TIME   RECORD YEAR NORMAL DEPARTURE LAST
                VALUE   (LST)  VALUE       VALUE  FROM      YEAR
                                                  NORMAL
..................................................................
TEMPERATURE (F)
 YESTERDAY
  MAXIMUM         92    319 PM 101    1993  89      3       92
  MINIMUM         72    536 AM  61    1962  71      1       74
  AVERAGE         82                        80      2       83

PRECIPITATION (IN)
  YESTERDAY        0.10          1.53 1976   0.15  -0.05     0.00
  MONTH TO DATE    2.66                      4.68  -2.02     2.42
  SINCE JUN 1     10.37                      8.63   1.74     5.68
  SINCE JAN 1     33.45                     29.34   4.11    24.82

DEGREE DAYS
 HEATING
  YESTERDAY        0                         0      0        0
  MONTH TO DATE    0                         0      0        0
  SINCE JUN 1      0                         2     -2        0
  SINCE JUL 1      0                         0      0        0

 COOLING
  YESTERDAY       17                        15      2       18
  MONTH TO DATE  452                       405     47      507
  SINCE JUN 1    808                       776     32      996
  SINCE JAN 1   1216                      1026    190     1325
..................................................................


WIND (MPH)
  RESULTANT WIND SPEED   1   RESULTANT WIND DIRECTION   E (100)
  HIGHEST WIND SPEED    23   HIGHEST WIND DIRECTION    NW (330)
  HIGHEST GUST SPEED    28   HIGHEST GUST DIRECTION     N (360)
  AVERAGE WIND SPEED     3.6


SKY COVER
  AVERAGE SKY COVER 0.6


WEATHER CONDITIONS
 THE FOLLOWING WEATHER WAS RECORDED YESTERDAY.
  THUNDERSTORM
  HEAVY RAIN
  RAIN
  FOG


RELATIVE HUMIDITY (PERCENT)
 HIGHEST    94           600 PM
 LOWEST     52           200 PM
 AVERAGE    73

..........................................................


THE ATLANTA CLIMATE NORMALS FOR TODAY
                         NORMAL    RECORD    YEAR
 MAXIMUM TEMPERATURE (F)   89       101      1952
 MINIMUM TEMPERATURE (F)   71        62      1911


SUNRISE AND SUNSET
JULY 28 2017..........SUNRISE   647 AM EDT   SUNSET   841 PM EDT
JULY 29 2017..........SUNRISE   648 AM EDT   SUNSET   840 PM EDT


-  INDICATES NEGATIVE NUMBERS.
R  INDICATES RECORD WAS SET OR TIED.
MM INDICATES DATA IS MISSING.
T  INDICATES TRACE AMOUNT.




$$
