000
CDUS42 KFFC 210023
CLIATL


CLIMATE REPORT
NATIONAL WEATHER SERVICE PEACHTREE CITY GA
722 PM EST SAT DEC 20 2014


...................................

...THE ATLANTA CLIMATE SUMMARY FOR DECEMBER 20 2014...
VALID AS OF 0700 PM LOCAL TIME.

CLIMATE NORMAL PERIOD 1981 TO 2010
CLIMATE RECORD PERIOD 1878 TO 2014


WEATHER ITEM   OBSERVED TIME   RECORD YEAR NORMAL DEPARTURE LAST
                VALUE   (LST)  VALUE       VALUE  FROM      YEAR
                                                  NORMAL
..................................................................
TEMPERATURE (F)
 TODAY
  MAXIMUM         52    115 PM  72    1984  53     -1       58
                                      1978
                                      1967
  MINIMUM         42    432 AM   9    1981  36      6       40
  AVERAGE         47                        44      3       49

PRECIPITATION (IN)
  TODAY            0.20          2.83 1951   0.12   0.08     0.00
  MONTH TO DATE    0.73                      2.58  -1.85     2.99
  SINCE DEC 1      0.73                      2.58  -1.85     2.99
  SINCE JAN 1     42.84                     48.39  -5.55    61.21

SNOWFALL (IN)
  TODAY           MM             0.0  2001   0.1   MM        0.0
  MONTH TO DATE    0.0                       0.2   -0.2      0.0
  SINCE DEC 1      0.0                       0.2   -0.2      0.0
  SINCE JUL 1      0.0                       0.2   -0.2      0.4
  SNOW DEPTH       0

DEGREE DAYS
 HEATING
  TODAY           18                        21     -3       16
  MONTH TO DATE  286                       377    -91      313
  SINCE DEC 1    286                       377    -91      313
  SINCE JUL 1    833                       845    -12      840

 COOLING
  TODAY            0                         0      0        0
  MONTH TO DATE    0                         0      0        7
  SINCE DEC 1      0                         0      0        7
  SINCE JAN 1   1986                      1882    104     1762
..................................................................


WIND (MPH)
  RESULTANT WIND SPEED   3   RESULTANT WIND DIRECTION   N (10)
  HIGHEST WIND SPEED     8   HIGHEST WIND DIRECTION    NE (60)
  HIGHEST GUST SPEED    16   HIGHEST GUST DIRECTION     N (10)
  AVERAGE WIND SPEED     3.9


SKY COVER
  AVERAGE SKY COVER 1.0


WEATHER CONDITIONS
 THE FOLLOWING WEATHER WAS RECORDED TODAY.
  LIGHT RAIN
  FOG
  HAZE


RELATIVE HUMIDITY (PERCENT)
 HIGHEST    89           300 AM
 LOWEST     76          1200 AM

..........................................................


THE ATLANTA CLIMATE NORMALS FOR TOMORROW
                         NORMAL    RECORD    YEAR
 MAXIMUM TEMPERATURE (F)   53        73      1998
 MINIMUM TEMPERATURE (F)   35         6      1901


SUNRISE AND SUNSET
DECEMBER 20 2014......SUNRISE   738 AM EST   SUNSET   533 PM EST
DECEMBER 21 2014......SUNRISE   738 AM EST   SUNSET   533 PM EST


-  INDICATES NEGATIVE NUMBERS.
R  INDICATES RECORD WAS SET OR TIED.
MM INDICATES DATA IS MISSING.
T  INDICATES TRACE AMOUNT.




$$
