000
CDUS42 KFFC 202143
CLIATL


CLIMATE REPORT
NATIONAL WEATHER SERVICE PEACHTREE CITY GA
443 PM EST MON NOV 20 2017


...................................

...THE ATLANTA CLIMATE SUMMARY FOR NOVEMBER 20 2017...
VALID TODAY AS OF 0400 PM LOCAL TIME.

CLIMATE NORMAL PERIOD 1981 TO 2010
CLIMATE RECORD PERIOD 1878 TO 2017


WEATHER ITEM   OBSERVED TIME   RECORD YEAR NORMAL DEPARTURE LAST
                VALUE   (LST)  VALUE       VALUE  FROM      YEAR
                                                  NORMAL
..................................................................
TEMPERATURE (F)
 TODAY
  MAXIMUM         60    226 PM  79    1979  62     -2       56
                                      1942
  MINIMUM         32    728 AM  14    1914  43    -11       37
  AVERAGE         46                        53     -7       47

PRECIPITATION (IN)
  TODAY            0.00          2.05 1986   0.15  -0.15     0.00
  MONTH TO DATE    1.04                      2.62  -1.58      T
  SINCE SEP 1      9.16                     10.50  -1.34     3.59
  SINCE JAN 1     48.10                     44.33   3.77    32.71

SNOWFALL (IN)
  TODAY            0.0           0.0  2001   0.0    0.0      0.0
  MONTH TO DATE    0.0                       0.0    0.0      0.0
  SINCE SEP 1      0.0                       0.0    0.0      0.0
  SINCE JUL 1      0.0                       0.0    0.0      0.0
  SNOW DEPTH       0

DEGREE DAYS
 HEATING
  TODAY           19                        13      6       18
  MONTH TO DATE  174                       195    -21      117
  SINCE SEP 1    285                       324    -39      137
  SINCE JUL 1    285                       324    -39      137

 COOLING
  TODAY            0                         0      0        0
  MONTH TO DATE   29                        11     18       25
  SINCE SEP 1    441                       344     97      611
  SINCE JAN 1   2165                      1883    282     2561
..................................................................


WIND (MPH)
  HIGHEST WIND SPEED    15   HIGHEST WIND DIRECTION    NW (330)
  HIGHEST GUST SPEED    18   HIGHEST GUST DIRECTION    NW (330)
  AVERAGE WIND SPEED     6.6


SKY COVER
  POSSIBLE SUNSHINE  MM
  AVERAGE SKY COVER 0.3


WEATHER CONDITIONS
 THE FOLLOWING WEATHER WAS RECORDED TODAY.
  NO SIGNIFICANT WEATHER WAS OBSERVED.


RELATIVE HUMIDITY (PERCENT)
 HIGHEST    85           700 AM
 LOWEST     31           300 PM
 AVERAGE    58

..........................................................


THE ATLANTA CLIMATE NORMALS FOR TOMORROW
                         NORMAL    RECORD    YEAR
 MAXIMUM TEMPERATURE (F)   62        77      2011
 MINIMUM TEMPERATURE (F)   43        16      1887


SUNRISE AND SUNSET
NOVEMBER 20 2017......SUNRISE   714 AM EST   SUNSET   532 PM EST
NOVEMBER 21 2017......SUNRISE   715 AM EST   SUNSET   532 PM EST


-  INDICATES NEGATIVE NUMBERS.
R  INDICATES RECORD WAS SET OR TIED.
MM INDICATES DATA IS MISSING.
T  INDICATES TRACE AMOUNT.




$$
