000
CDUS44 KEWX 290722
CLIATT


CLIMATE REPORT
NATIONAL WEATHER SERVICE AUSTIN/SAN ANTONIO, TX
222 AM CDT SUN MAR 29 2015


...................................

...THE AUSTIN CAMP MABRY CLIMATE SUMMARY FOR MARCH 28 2015...

CLIMATE NORMAL PERIOD 1981 TO 2010
CLIMATE RECORD PERIOD 1897 TO 2015


WEATHER ITEM   OBSERVED TIME   RECORD YEAR NORMAL DEPARTURE LAST
                VALUE   (LST)  VALUE       VALUE  FROM      YEAR
                                                  NORMAL
..................................................................
TEMPERATURE (F)
 YESTERDAY
  MAXIMUM         84    324 PM  98    1971  75      9       89
  MINIMUM         48    549 AM  27    1955  54     -6       63
  AVERAGE         66                        65      1

PRECIPITATION (IN)
  YESTERDAY        0.00          3.26 2006   0.09  -0.09     0.00
  MONTH TO DATE    4.83                      2.52   2.31     1.27
  SINCE MAR 1      4.83                      2.52   2.31     1.27
  SINCE JAN 1     10.35                      6.76   3.59     2.10

SNOWFALL (IN)
  YESTERDAY        0.0
  MONTH TO DATE    T
  SINCE MAR 1      T
  SINCE JUL 1      T
  SNOW DEPTH       0

DEGREE DAYS
 HEATING
  YESTERDAY        0                         3     -3        0
  MONTH TO DATE  203                       152     51      222
  SINCE MAR 1    203                       152     51      222
  SINCE JUL 1   1686                      1489    197     1718

 COOLING
  YESTERDAY        1                         3     -2       11
  MONTH TO DATE   40                        50    -10       35
  SINCE MAR 1     40                        50    -10       35
  SINCE JAN 1     51                        77    -26       76
..................................................................


WIND (MPH)
  HIGHEST WIND SPEED    13   HIGHEST WIND DIRECTION     S (180)
  HIGHEST GUST SPEED    24   HIGHEST GUST DIRECTION     S (190)
  AVERAGE WIND SPEED     5.0


SKY COVER
  AVERAGE SKY COVER 0.0


WEATHER CONDITIONS
 THE FOLLOWING WEATHER WAS RECORDED YESTERDAY.
  NO SIGNIFICANT WEATHER WAS OBSERVED.


RELATIVE HUMIDITY (PERCENT)
 HIGHEST    86           600 AM
 LOWEST     22           300 PM
 AVERAGE    54

..........................................................


THE AUSTIN CAMP MABRY CLIMATE NORMALS FOR TODAY
                         NORMAL    RECORD    YEAR
 MAXIMUM TEMPERATURE (F)   76        91      2000
 MINIMUM TEMPERATURE (F)   54        34      1987
                                             1944


SUNRISE AND SUNSET
MARCH 29 2015.........SUNRISE   724 AM CDT   SUNSET   748 PM CDT
MARCH 30 2015.........SUNRISE   723 AM CDT   SUNSET   748 PM CDT


-  INDICATES NEGATIVE NUMBERS.
R  INDICATES RECORD WAS SET OR TIED.
MM INDICATES DATA IS MISSING.
T  INDICATES TRACE AMOUNT.




$$
