000
CDUS44 KEWX 242345
CLIATT


CLIMATE REPORT
NATIONAL WEATHER SERVICE AUSTIN/SAN ANTONIO, TX
545 PM CST SAT FEB 24 2018


...................................

...THE AUSTIN CAMP MABRY CLIMATE SUMMARY FOR FEBRUARY 24 2018...
VALID TODAY AS OF 0500 PM LOCAL TIME.

CLIMATE NORMAL PERIOD 1981 TO 2010
CLIMATE RECORD PERIOD 1897 TO 2018


WEATHER ITEM   OBSERVED TIME   RECORD YEAR NORMAL DEPARTURE LAST
                VALUE   (LST)  VALUE       VALUE  FROM      YEAR
                                                  NORMAL
..................................................................
TEMPERATURE (F)
 TODAY
  MAXIMUM         74    513 PM  87    1917  67      7       80
                                      1904
  MINIMUM         64    106 AM  22    1914  47     17       54
  AVERAGE         69                        57     12       67

PRECIPITATION (IN)
  TODAY            0.01          1.60 1992   0.07  -0.06     0.00
  MONTH TO DATE    1.63                      1.72  -0.09     2.09
  SINCE DEC 1      6.22                      6.34  -0.12     8.76
  SINCE JAN 1      1.91                      3.94  -2.03     6.22

SNOWFALL (IN)
  TODAY            0.0
  MONTH TO DATE    T
  SINCE DEC 1      0.4
  SINCE JUL 1      0.4
  SNOW DEPTH       0

DEGREE DAYS
 HEATING
  TODAY            0                         9     -9        0
  MONTH TO DATE  273                       264      9       85
  SINCE DEC 1   1134                      1092     42      699
  SINCE JUL 1   1257                      1304    -47      759

 COOLING
  TODAY            4                         1      3        2
  MONTH TO DATE   26                        19      7       76
  SINCE DEC 1     41                        41      0      138
  SINCE JAN 1     27                        28     -1       98
..................................................................


WIND (MPH)
  HIGHEST WIND SPEED    14   HIGHEST WIND DIRECTION    SE (150)
  HIGHEST GUST SPEED    29   HIGHEST GUST DIRECTION     S (200)
  AVERAGE WIND SPEED     6.5


SKY COVER
  AVERAGE SKY COVER 0.9


WEATHER CONDITIONS
 THE FOLLOWING WEATHER WAS RECORDED TODAY.
  LIGHT RAIN
  FOG


RELATIVE HUMIDITY (PERCENT)
 HIGHEST   100           400 AM
 LOWEST     79          1200 PM
 AVERAGE    90

..........................................................


THE AUSTIN CAMP MABRY CLIMATE NORMALS FOR TOMORROW
                         NORMAL    RECORD    YEAR
 MAXIMUM TEMPERATURE (F)   67        92      2008
 MINIMUM TEMPERATURE (F)   47        22      1960


SUNRISE AND SUNSET
FEBRUARY 24 2018......SUNRISE   702 AM CST   SUNSET   626 PM CST
FEBRUARY 25 2018......SUNRISE   701 AM CST   SUNSET   627 PM CST


-  INDICATES NEGATIVE NUMBERS.
R  INDICATES RECORD WAS SET OR TIED.
MM INDICATES DATA IS MISSING.
T  INDICATES TRACE AMOUNT.




$$
