000
CDUS44 KEWX 290824
CLIATT


CLIMATE REPORT
NATIONAL WEATHER SERVICE AUSTIN/SAN ANTONIO, TX
222 AM CST MON DEC 29 2014


...................................

...THE AUSTIN CAMP MABRY CLIMATE SUMMARY FOR DECEMBER 28 2014...

CLIMATE NORMAL PERIOD 1981 TO 2010
CLIMATE RECORD PERIOD 1897 TO 2014


WEATHER ITEM   OBSERVED TIME   RECORD YEAR NORMAL DEPARTURE LAST
                VALUE   (LST)  VALUE       VALUE  FROM      YEAR
                                                  NORMAL
..................................................................
TEMPERATURE (F)
 YESTERDAY
  MAXIMUM         47    438 PM  77    1946  61    -14       62
                                      1923
                                      1921
  MINIMUM         32   1159 PM  22    1924  41     -9       40
  AVERAGE         40                        51    -11

PRECIPITATION (IN)
  YESTERDAY        0.13          1.46 1994   0.08   0.05      T
  MONTH TO DATE    1.06                      2.17  -1.11     0.72
  SINCE DEC 1      1.06                      2.17  -1.11     0.72
  SINCE JAN 1     35.53                     34.09   1.44    41.03

SNOWFALL (IN)
  YESTERDAY        0.0
  MONTH TO DATE    0.0
  SINCE DEC 1      0.0
  SINCE JUL 1      0.0
  SNOW DEPTH       0

DEGREE DAYS
 HEATING
  YESTERDAY       25                        14     11       14
  MONTH TO DATE  245                       356   -111      409
  SINCE DEC 1    245                       356   -111      409
  SINCE JUL 1    535                       568    -33      683

 COOLING
  YESTERDAY        0                         0      0        0
  MONTH TO DATE    9                         6      3       15
  SINCE DEC 1      9                         6      3       15
  SINCE JAN 1   3197                      3132     65     3464
..................................................................


WIND (MPH)
  HIGHEST WIND SPEED    14   HIGHEST WIND DIRECTION     N (360)
  HIGHEST GUST SPEED    21   HIGHEST GUST DIRECTION     N (350)
  AVERAGE WIND SPEED     4.1


SKY COVER
  AVERAGE SKY COVER 0.7


WEATHER CONDITIONS
 THE FOLLOWING WEATHER WAS RECORDED YESTERDAY.
  LIGHT RAIN
  FOG


RELATIVE HUMIDITY (PERCENT)
 HIGHEST    92           900 AM
 LOWEST     49           400 PM
 AVERAGE    71

..........................................................


THE AUSTIN CAMP MABRY CLIMATE NORMALS FOR TODAY
                         NORMAL    RECORD    YEAR
 MAXIMUM TEMPERATURE (F)   61        81      1923
 MINIMUM TEMPERATURE (F)   41        16      1983


SUNRISE AND SUNSET
DECEMBER 29 2014......SUNRISE   726 AM CST   SUNSET   539 PM CST
DECEMBER 30 2014......SUNRISE   727 AM CST   SUNSET   540 PM CST


-  INDICATES NEGATIVE NUMBERS.
R  INDICATES RECORD WAS SET OR TIED.
MM INDICATES DATA IS MISSING.
T  INDICATES TRACE AMOUNT.




$$
