000
CDUS44 KEWX 242352
CLIATT


CLIMATE REPORT
NATIONAL WEATHER SERVICE AUSTIN/SAN ANTONIO, TX
551 PM CST FRI FEB 24 2017


...................................

...THE AUSTIN CAMP MABRY CLIMATE SUMMARY FOR FEBRUARY 24 2017...
VALID TODAY AS OF 551 PM LOCAL TIME.

CLIMATE NORMAL PERIOD 1981 TO 2010
CLIMATE RECORD PERIOD 1897 TO 2017


WEATHER ITEM   OBSERVED TIME   RECORD YEAR NORMAL DEPARTURE LAST
                VALUE   (LST)  VALUE       VALUE  FROM      YEAR
                                                  NORMAL
..................................................................
TEMPERATURE (F)
 TODAY
  MAXIMUM         80    233 PM  87    1917  67     13       65
                                      1904
  MINIMUM         60    736 AM  22    1914  47     13       42
  AVERAGE         70                        57     13       54

PRECIPITATION (IN)
  TODAY            0.00          1.60 1992   0.07  -0.07     0.00
  MONTH TO DATE    2.09                      1.72   0.37     1.34
  SINCE DEC 1      8.76                      6.34   2.42     4.68
  SINCE JAN 1      6.22                      3.94   2.28     1.68

SNOWFALL (IN)
  TODAY            0.0
  MONTH TO DATE    0.0
  SINCE DEC 1      0.0
  SINCE JUL 1      0.0
  SNOW DEPTH       0

DEGREE DAYS
 HEATING
  TODAY            0                         9     -9       11
  MONTH TO DATE   85                       264   -179      142
  SINCE DEC 1    699                      1092   -393      807
  SINCE JUL 1    759                      1304   -545      967

 COOLING
  TODAY            5                         1      4        0
  MONTH TO DATE   79                        19     60       24
  SINCE DEC 1    141                        41    100       52
  SINCE JAN 1    101                        28     73       32
..................................................................


WIND (MPH)
  HIGHEST WIND SPEED    17   HIGHEST WIND DIRECTION     W (290)
  HIGHEST GUST SPEED    23   HIGHEST GUST DIRECTION     W (290)
  AVERAGE WIND SPEED     4.8


SKY COVER
  AVERAGE SKY COVER 0.1


WEATHER CONDITIONS
 THE FOLLOWING WEATHER WAS RECORDED TODAY.
  NO SIGNIFICANT WEATHER WAS OBSERVED.


RELATIVE HUMIDITY (PERCENT)
 HIGHEST    41          1000 AM
 LOWEST     18           200 PM
 AVERAGE    30

..........................................................


THE AUSTIN CAMP MABRY CLIMATE NORMALS FOR TOMORROW
                         NORMAL    RECORD    YEAR
 MAXIMUM TEMPERATURE (F)   67        92      2008
 MINIMUM TEMPERATURE (F)   47        22      1960


SUNRISE AND SUNSET
FEBRUARY 24 2017......SUNRISE   702 AM CST   SUNSET   626 PM CST
FEBRUARY 25 2017......SUNRISE   701 AM CST   SUNSET   627 PM CST


-  INDICATES NEGATIVE NUMBERS.
R  INDICATES RECORD WAS SET OR TIED.
MM INDICATES DATA IS MISSING.
T  INDICATES TRACE AMOUNT.




$$
