000
CDUS44 KEWX 260736
CLIATT


CLIMATE REPORT
NATIONAL WEATHER SERVICE AUSTIN/SAN ANTONIO, TX
236 AM CDT FRI MAY 26 2017


...................................

...THE AUSTIN CAMP MABRY CLIMATE SUMMARY FOR MAY 25 2017...

CLIMATE NORMAL PERIOD 1981 TO 2010
CLIMATE RECORD PERIOD 1897 TO 2017


WEATHER ITEM   OBSERVED TIME   RECORD YEAR NORMAL DEPARTURE LAST
                VALUE   (LST)  VALUE       VALUE  FROM      YEAR
                                                  NORMAL
..................................................................
TEMPERATURE (F)
 YESTERDAY
  MAXIMUM         94    436 PM 100    2011  89      5       86
  MINIMUM         62    234 AM  49    1913  69     -7       77
  AVERAGE         78                        79     -1

PRECIPITATION (IN)
  YESTERDAY        0.00          5.20 2015   0.16  -0.16     0.00
  MONTH TO DATE    2.36                      3.45  -1.09     4.70
  SINCE MAR 1      6.06                      8.30  -2.24    15.33
  SINCE JAN 1     12.28                     12.54  -0.26    17.01

SNOWFALL (IN)
  YESTERDAY        0.0
  MONTH TO DATE    T
  SINCE MAR 1      T
  SINCE JUL 1      T
  SNOW DEPTH       0

DEGREE DAYS
 HEATING
  YESTERDAY        0                         0      0        0
  MONTH TO DATE    0                         0      0        1
  SINCE MAR 1     56                       200   -144       84
  SINCE JUL 1    834                      1537   -703     1081

 COOLING
  YESTERDAY       13                        14     -1       17
  MONTH TO DATE  265                       274     -9      223
  SINCE MAR 1    651                       499    152      506
  SINCE JAN 1    768                       526    242      545
..................................................................


WIND (MPH)
  HIGHEST WIND SPEED    17   HIGHEST WIND DIRECTION    SE (150)
  HIGHEST GUST SPEED    29   HIGHEST GUST DIRECTION    SW (210)
  AVERAGE WIND SPEED     7.3


SKY COVER
  AVERAGE SKY COVER 0.0


WEATHER CONDITIONS
 THE FOLLOWING WEATHER WAS RECORDED YESTERDAY.
  NO SIGNIFICANT WEATHER WAS OBSERVED.


RELATIVE HUMIDITY (PERCENT)
 HIGHEST    76          1100 PM
 LOWEST     34           100 PM
 AVERAGE    55

..........................................................


THE AUSTIN CAMP MABRY CLIMATE NORMALS FOR TODAY
                         NORMAL    RECORD    YEAR
 MAXIMUM TEMPERATURE (F)   89        96      2008
                                             1958
                                             1902
 MINIMUM TEMPERATURE (F)   69        47      1913


SUNRISE AND SUNSET
MAY 26 2017...........SUNRISE   631 AM CDT   SUNSET   825 PM CDT
MAY 27 2017...........SUNRISE   631 AM CDT   SUNSET   825 PM CDT


-  INDICATES NEGATIVE NUMBERS.
R  INDICATES RECORD WAS SET OR TIED.
MM INDICATES DATA IS MISSING.
T  INDICATES TRACE AMOUNT.




$$
