000
CDUS44 KEWX 010013
CLIATT


CLIMATE REPORT
NATIONAL WEATHER SERVICE AUSTIN/SAN ANTONIO, TX
611 PM CST SAT JAN 31 2015


...................................

...THE AUSTIN CAMP MABRY CLIMATE SUMMARY FOR JANUARY 31 2015...
VALID TODAY AS OF 0600 PM LOCAL TIME.

CLIMATE NORMAL PERIOD 1981 TO 2010
CLIMATE RECORD PERIOD 1897 TO 2015


WEATHER ITEM   OBSERVED TIME   RECORD YEAR NORMAL DEPARTURE LAST
                VALUE   (LST)  VALUE       VALUE  FROM      YEAR
                                                  NORMAL
..................................................................
TEMPERATURE (F)
 TODAY
  MAXIMUM         56    551 PM  83    1911  63     -7       80
  MINIMUM         49   1134 AM  -2    1949  42      7       55
  AVERAGE         53                        53      0       68

PRECIPITATION (IN)
  TODAY            0.17          1.19 1934   0.06   0.11     0.00
  MONTH TO DATE    4.88                      2.22   2.66     0.45
  SINCE DEC 1      5.94                      4.62   1.32     1.17
  SINCE JAN 1      4.88                      2.22   2.66     0.45

SNOWFALL (IN)
  TODAY           MM
  MONTH TO DATE    T
  SINCE DEC 1      T
  SINCE JUL 1      T
  SNOW DEPTH       0

DEGREE DAYS
 HEATING
  TODAY           12                        13     -1        0
  MONTH TO DATE  504                       425     79      441
  SINCE DEC 1    813                       828    -15      909
  SINCE JUL 1   1103                      1040     63     1183

 COOLING
  TODAY            0                         0      0        3
  MONTH TO DATE    3                         9     -6        3
  SINCE DEC 1     12                        22    -10       18
  SINCE JAN 1      3                         9     -6        3
..................................................................


WIND (MPH)
  HIGHEST WIND SPEED     9   HIGHEST WIND DIRECTION    SE (120)
  HIGHEST GUST SPEED    13   HIGHEST GUST DIRECTION    SE (130)
  AVERAGE WIND SPEED     4.2


SKY COVER
  AVERAGE SKY COVER 1.0


WEATHER CONDITIONS
 THE FOLLOWING WEATHER WAS RECORDED TODAY.
  RAIN
  LIGHT RAIN
  FOG
  HAZE


RELATIVE HUMIDITY (PERCENT)
 HIGHEST   100           400 PM
 LOWEST     59          1200 AM
 AVERAGE    80

..........................................................


THE AUSTIN CAMP MABRY CLIMATE NORMALS FOR TOMORROW
                         NORMAL    RECORD    YEAR
 MAXIMUM TEMPERATURE (F)   63        83      1963
                                             1911
 MINIMUM TEMPERATURE (F)   43        12      1951


SUNRISE AND SUNSET
JANUARY 31 2015.......SUNRISE   722 AM CST   SUNSET   607 PM CST
FEBRUARY  1 2015......SUNRISE   722 AM CST   SUNSET   607 PM CST


-  INDICATES NEGATIVE NUMBERS.
R  INDICATES RECORD WAS SET OR TIED.
MM INDICATES DATA IS MISSING.
T  INDICATES TRACE AMOUNT.




$$
