000
CDUS44 KEWX 260849
CLIATT


CLIMATE REPORT
NATIONAL WEATHER SERVICE AUSTIN/SAN ANTONIO, TX
347 AM CDT TUE MAY 26 2015


...................................

...THE AUSTIN CAMP MABRY CLIMATE SUMMARY FOR MAY 25 2015...

CLIMATE NORMAL PERIOD 1981 TO 2010
CLIMATE RECORD PERIOD 1897 TO 2015


WEATHER ITEM   OBSERVED TIME   RECORD YEAR NORMAL DEPARTURE LAST
                VALUE   (LST)  VALUE       VALUE  FROM      YEAR
                                                  NORMAL
..................................................................
TEMPERATURE (F)
 YESTERDAY
  MAXIMUM         82   1133 AM 100    2011  89     -7       87
  MINIMUM         66    442 PM  49    1913  69     -3       72
  AVERAGE         74                        79     -5

PRECIPITATION (IN)
  YESTERDAY        5.20R         2.50 1933   0.16   5.04      T
  MONTH TO DATE   16.72                      3.45  13.27     3.78
  SINCE MAR 1     23.86                      8.30  15.56     6.94
  SINCE JAN 1     29.38                     12.54  16.84     7.77

SNOWFALL (IN)
  YESTERDAY        0.0
  MONTH TO DATE    0.0
  SINCE MAR 1      T
  SINCE JUL 1      T
  SNOW DEPTH       0

DEGREE DAYS
 HEATING
  YESTERDAY        0                         0      0        0
  MONTH TO DATE    0                         0      0        5
  SINCE MAR 1    215                       200     15      280
  SINCE JUL 1   1698                      1537    161     1776

 COOLING
  YESTERDAY        9                        14     -5       15
  MONTH TO DATE  248                       274    -26      244
  SINCE MAR 1    515                       499     16      468
  SINCE JAN 1    526                       526      0      509
..................................................................


WIND (MPH)
  HIGHEST WIND SPEED    16   HIGHEST WIND DIRECTION    NW (310)
  HIGHEST GUST SPEED    29   HIGHEST GUST DIRECTION    NW (320)
  AVERAGE WIND SPEED     5.0


SKY COVER
  AVERAGE SKY COVER 0.8


WEATHER CONDITIONS
 THE FOLLOWING WEATHER WAS RECORDED YESTERDAY.
  THUNDERSTORM
  HEAVY RAIN
  RAIN
  LIGHT RAIN
  FOG
  FOG W/VISIBILITY <= 1/4 MILE


RELATIVE HUMIDITY (PERCENT)
 HIGHEST   100           200 PM
 LOWEST     74          1200 PM
 AVERAGE    87

..........................................................


THE AUSTIN CAMP MABRY CLIMATE NORMALS FOR TODAY
                         NORMAL    RECORD    YEAR
 MAXIMUM TEMPERATURE (F)   89        96      2008
                                             1958
                                             1902
 MINIMUM TEMPERATURE (F)   69        47      1913


SUNRISE AND SUNSET
MAY 26 2015...........SUNRISE   631 AM CDT   SUNSET   824 PM CDT
MAY 27 2015...........SUNRISE   631 AM CDT   SUNSET   825 PM CDT


-  INDICATES NEGATIVE NUMBERS.
R  INDICATES RECORD WAS SET OR TIED.
MM INDICATES DATA IS MISSING.
T  INDICATES TRACE AMOUNT.




$$
