000
CDUS44 KEWX 062352
CLIATT


CLIMATE REPORT
NATIONAL WEATHER SERVICE AUSTIN/SAN ANTONIO, TX
550 PM CST FRI MAR 6 2015


...................................

...THE AUSTIN CAMP MABRY CLIMATE SUMMARY FOR MARCH 6 2015...
VALID TODAY AS OF 550 PM LOCAL TIME.

CLIMATE NORMAL PERIOD 1981 TO 2010
CLIMATE RECORD PERIOD 1897 TO 2015


WEATHER ITEM   OBSERVED TIME   RECORD YEAR NORMAL DEPARTURE LAST
                VALUE   (LST)  VALUE       VALUE  FROM      YEAR
                                                  NORMAL
..................................................................
TEMPERATURE (F)
 TODAY
  MAXIMUM         57    359 PM  96    1991  70    -13       65
  MINIMUM         26    650 AM  25    1901  49    -23       43
  AVERAGE         42                        59    -17       54

PRECIPITATION (IN)
  TODAY            0.00          1.22 1970   0.09  -0.09     0.00
  MONTH TO DATE    0.40                      0.52  -0.12     0.33
  SINCE MAR 1      0.40                      0.52  -0.12     0.33
  SINCE JAN 1      5.92                      4.76   1.16     1.16

SNOWFALL (IN)
  TODAY            0.0
  MONTH TO DATE    0.0
  SINCE MAR 1      0.0
  SINCE JUL 1      T
  SNOW DEPTH       0

DEGREE DAYS
 HEATING
  TODAY           23                         7     16       11
  MONTH TO DATE  124                        46     78       98
  SINCE MAR 1    124                        46     78       98
  SINCE JUL 1   1607                      1383    224     1594

 COOLING
  TODAY            0                         1     -1        0
  MONTH TO DATE    0                         6     -6        3
  SINCE MAR 1      0                         6     -6        3
  SINCE JAN 1     11                        33    -22       44
..................................................................


WIND (MPH)
  HIGHEST WIND SPEED     8   HIGHEST WIND DIRECTION     E (90)
  HIGHEST GUST SPEED    13   HIGHEST GUST DIRECTION    NE (30)
  AVERAGE WIND SPEED     2.3


SKY COVER
  AVERAGE SKY COVER 0.0


WEATHER CONDITIONS
 THE FOLLOWING WEATHER WAS RECORDED TODAY.
  NO SIGNIFICANT WEATHER WAS OBSERVED.


RELATIVE HUMIDITY (PERCENT)
 HIGHEST    81           500 AM
 LOWEST     27           400 PM
 AVERAGE    54

..........................................................


THE AUSTIN CAMP MABRY CLIMATE NORMALS FOR TOMORROW
                         NORMAL    RECORD    YEAR
 MAXIMUM TEMPERATURE (F)   70        87      1951
 MINIMUM TEMPERATURE (F)   49        24      1943


SUNRISE AND SUNSET
MARCH  6 2015.........SUNRISE   652 AM CST   SUNSET   633 PM CST
MARCH  7 2015.........SUNRISE   650 AM CST   SUNSET   634 PM CST


-  INDICATES NEGATIVE NUMBERS.
R  INDICATES RECORD WAS SET OR TIED.
MM INDICATES DATA IS MISSING.
T  INDICATES TRACE AMOUNT.




$$
