000
CDUS44 KEWX 172235
CLIATT


CLIMATE REPORT
NATIONAL WEATHER SERVICE AUSTIN/SAN ANTONIO, TX
534 PM CDT WED SEP 17 2014


...................................

...THE AUSTIN CAMP MABRY CLIMATE SUMMARY FOR SEPTEMBER 17 2014...
VALID TODAY AS OF 534 PM LOCAL TIME.

CLIMATE NORMAL PERIOD 1981 TO 2010
CLIMATE RECORD PERIOD 1897 TO 2014


WEATHER ITEM   OBSERVED TIME   RECORD YEAR NORMAL DEPARTURE LAST
                VALUE   (LST)  VALUE       VALUE  FROM      YEAR
                                                  NORMAL
..................................................................
TEMPERATURE (F)
 TODAY
  MAXIMUM         91    241 PM  98    1925  90      1       92
  MINIMUM         75    520 AM  53    1903  69      6       74
  AVERAGE         83                        80      3       83

PRECIPITATION (IN)
  TODAY            T             1.60 1908   0.09  -0.09     0.03
  MONTH TO DATE    2.63                      1.85   0.78     0.90
  SINCE SEP 1      2.63                      1.85   0.78     0.90
  SINCE JAN 1     22.49                     23.94  -1.45    18.68

SNOWFALL (IN)
  TODAY            0.0
  MONTH TO DATE    0.0
  SINCE SEP 1      0.0
  SINCE JUL 1      0.0
  SNOW DEPTH       0

DEGREE DAYS
 HEATING
  TODAY            0                         0      0        0
  MONTH TO DATE    2                         0      2        0
  SINCE SEP 1      2                         0      2        0
  SINCE JUL 1      2                         0      2        0

 COOLING
  TODAY           18                        15      3       18
  MONTH TO DATE  312                       286     26      369
  SINCE SEP 1    312                       286     26      369
  SINCE JAN 1   2705                      2680     25     2979
..................................................................


WIND (MPH)
  HIGHEST WIND SPEED    14   HIGHEST WIND DIRECTION    SE (140)
  HIGHEST GUST SPEED    18   HIGHEST GUST DIRECTION    SE (140)
  AVERAGE WIND SPEED     1.6


SKY COVER
  AVERAGE SKY COVER 0.8


WEATHER CONDITIONS
 THE FOLLOWING WEATHER WAS RECORDED TODAY.
  LIGHT RAIN
  FOG


RELATIVE HUMIDITY (PERCENT)
 HIGHEST    94          1200 AM
 LOWEST     56           300 PM
 AVERAGE    75

..........................................................


THE AUSTIN CAMP MABRY CLIMATE NORMALS FOR TOMORROW
                         NORMAL    RECORD    YEAR
 MAXIMUM TEMPERATURE (F)   90        99      1956
 MINIMUM TEMPERATURE (F)   69        45      1903


SUNRISE AND SUNSET
SEPTEMBER 17 2014.....SUNRISE   716 AM CDT   SUNSET   734 PM CDT
SEPTEMBER 18 2014.....SUNRISE   717 AM CDT   SUNSET   732 PM CDT


-  INDICATES NEGATIVE NUMBERS.
R  INDICATES RECORD WAS SET OR TIED.
MM INDICATES DATA IS MISSING.
T  INDICATES TRACE AMOUNT.




$$
