000
CDUS43 KABR 242355
CLIATY


CLIMATE REPORT
NATIONAL WEATHER SERVICE ABERDEEN SD
554 PM CST FRI FEB 24 2017


...................................

...THE WATERTOWN SD CLIMATE SUMMARY FOR FEBRUARY 24 2017...
VALID TODAY AS OF 0500 PM LOCAL TIME.

CLIMATE NORMAL PERIOD 1981 TO 2010
CLIMATE RECORD PERIOD 1898 TO 2017


WEATHER ITEM   OBSERVED TIME   RECORD YEAR NORMAL DEPARTURE LAST
                VALUE   (LST)  VALUE       VALUE  FROM      YEAR
                                                  NORMAL
..................................................................
TEMPERATURE (F)
 TODAY
  MAXIMUM         28    150 PM  60    1976  30     -2       39
  MINIMUM         17    637 AM -22    1955  11      6       15
  AVERAGE         23                        21      2       27

PRECIPITATION (IN)
  TODAY            0.00          0.89 2007   0.02  -0.02      T
  MONTH TO DATE    0.11                      0.45  -0.34     0.39
  SINCE DEC 1      2.02                      1.50   0.52     1.19
  SINCE JAN 1      0.77                      0.97  -0.20     0.87

SNOWFALL (IN)
  TODAY            0.0
  MONTH TO DATE    T
  SINCE OCT 1     27.5
  SINCE JUL 1     27.5
  SNOW DEPTH       0

DEGREE DAYS
 HEATING
  TODAY           42                        44     -2       38
  MONTH TO DATE  908                      1156   -248     1019
  SINCE DEC 1   4082                      4298   -216     3794
  SINCE JUL 1   5453                      6238   -785     5153

 COOLING
  TODAY            0                         0      0        0
  MONTH TO DATE    0                         0      0        0
  SINCE DEC 1      0                         0      0        0
  SINCE JAN 1      0                         0      0        0
..................................................................


WIND (MPH)
  HIGHEST WIND SPEED    30   HIGHEST WIND DIRECTION     N (10)
  HIGHEST GUST SPEED    38   HIGHEST GUST DIRECTION     N (10)
  AVERAGE WIND SPEED    24.7


SKY COVER
  POSSIBLE SUNSHINE  MM
  AVERAGE SKY COVER 0.4


WEATHER CONDITIONS
 THE FOLLOWING WEATHER WAS RECORDED TODAY.
  NO SIGNIFICANT WEATHER WAS OBSERVED.


RELATIVE HUMIDITY (PERCENT)
 HIGHEST    84          1200 AM
 LOWEST     55          1200 PM
 AVERAGE    70

..........................................................


THE WATERTOWN SD CLIMATE NORMALS FOR TOMORROW
                         NORMAL    RECORD    YEAR
 MAXIMUM TEMPERATURE (F)   31        63      1958
 MINIMUM TEMPERATURE (F)   12       -18      1919


SUNRISE AND SUNSET
FEBRUARY 24 2017......SUNRISE   714 AM CST   SUNSET   610 PM CST
FEBRUARY 25 2017......SUNRISE   713 AM CST   SUNSET   611 PM CST


-  INDICATES NEGATIVE NUMBERS.
R  INDICATES RECORD WAS SET OR TIED.
MM INDICATES DATA IS MISSING.
T  INDICATES TRACE AMOUNT.




$$
