000
CDUS43 KABR 202231
CLIATY


CLIMATE REPORT
NATIONAL WEATHER SERVICE ABERDEEN SD
530 PM CDT SAT SEP 20 2014


...................................

...THE WATERTOWN SD CLIMATE SUMMARY FOR SEPTEMBER 20 2014...
VALID TODAY AS OF 0500 PM LOCAL TIME.

CLIMATE NORMAL PERIOD 1981 TO 2010
CLIMATE RECORD PERIOD 1898 TO 2014


WEATHER ITEM   OBSERVED TIME   RECORD YEAR NORMAL DEPARTURE LAST
                VALUE   (LST)  VALUE       VALUE  FROM      YEAR
                                                  NORMAL
..................................................................
TEMPERATURE (F)
 TODAY
  MAXIMUM         82    212 PM  91    1941  69     13       63
  MINIMUM         52    644 AM  20    1918  45      7       42
  AVERAGE         67                        57     10       53

PRECIPITATION (IN)
  TODAY            0.00          1.14 2004   0.09  -0.09     0.02
  MONTH TO DATE    0.55                      1.84  -1.29     1.27
  SINCE SEP 1      0.55                      1.84  -1.29     1.27
  SINCE JAN 1     14.17                     18.07  -3.90    18.09

SNOWFALL (IN)
  TODAY            0.0
  MONTH TO DATE    0.0
  SINCE OCT 1     28.2
  SINCE JUL 1      0.0
  SNOW DEPTH       0

DEGREE DAYS
 HEATING
  TODAY            0                         9     -9       12
  MONTH TO DATE  150                       111     39       57
  SINCE SEP 1    150                       111     39       57
  SINCE JUL 1    204                       168     36      108

 COOLING
  TODAY            2                         1      1        0
  MONTH TO DATE   18                        36    -18       89
  SINCE SEP 1     18                        36    -18       89
  SINCE JAN 1    351                       510   -159      603
..................................................................


WIND (MPH)
  HIGHEST WIND SPEED    36   HIGHEST WIND DIRECTION     N (340)
  HIGHEST GUST SPEED    45   HIGHEST GUST DIRECTION     N (340)
  AVERAGE WIND SPEED    11.1


SKY COVER
  POSSIBLE SUNSHINE  MM
  AVERAGE SKY COVER 0.1


WEATHER CONDITIONS
 THE FOLLOWING WEATHER WAS RECORDED TODAY.
  THUNDERSTORM


RELATIVE HUMIDITY (PERCENT)
 HIGHEST   100           700 AM
 LOWEST     39           200 PM
 AVERAGE    70

..........................................................


THE WATERTOWN SD CLIMATE NORMALS FOR TOMORROW
                         NORMAL    RECORD    YEAR
 MAXIMUM TEMPERATURE (F)   68        97      1936
 MINIMUM TEMPERATURE (F)   45        23      1934


SUNRISE AND SUNSET
SEPTEMBER 20 2014.....SUNRISE   713 AM CDT   SUNSET   730 PM CDT
SEPTEMBER 21 2014.....SUNRISE   714 AM CDT   SUNSET   728 PM CDT


-  INDICATES NEGATIVE NUMBERS.
R  INDICATES RECORD WAS SET OR TIED.
MM INDICATES DATA IS MISSING.
T  INDICATES TRACE AMOUNT.




$$
