000
CDUS43 KABR 241027
CLIATY


CLIMATE REPORT
NATIONAL WEATHER SERVICE ABERDEEN SD
527 AM CDT THU JUL 24 2014


...................................

...THE WATERTOWN SD CLIMATE SUMMARY FOR JULY 23 2014...

CLIMATE NORMAL PERIOD 1981 TO 2010
CLIMATE RECORD PERIOD 1898 TO 2014


WEATHER ITEM   OBSERVED TIME   RECORD YEAR NORMAL DEPARTURE LAST
                VALUE   (LST)  VALUE       VALUE  FROM      YEAR
                                                  NORMAL
..................................................................
TEMPERATURE (F)
 YESTERDAY
  MAXIMUM         80    341 PM 106    1934  83     -3       73
  MINIMUM         52    531 AM  43    1904  60     -8       52
  AVERAGE         66                        71     -5       63

PRECIPITATION (IN)
  YESTERDAY        0.00          1.58 2011   0.08  -0.08     0.12
  MONTH TO DATE    0.49                      2.25  -1.76     2.61
  SINCE JUN 1      5.09                      5.83  -0.74     8.12
  SINCE JAN 1      9.96                     12.68  -2.72    16.11

DEGREE DAYS
 HEATING
  YESTERDAY        0                         1     -1        2
  MONTH TO DATE   26                        10     16        2
  SINCE JUN 1     89                        88      1       90
  SINCE JUL 1     26                        10     16        2

 COOLING
  YESTERDAY        1                         7     -6        0
  MONTH TO DATE  102                       154    -52      186
  SINCE JUN 1    163                       250    -87      275
  SINCE JAN 1    204                       272    -68      297
..................................................................


WIND (MPH)
  HIGHEST WIND SPEED    14   HIGHEST WIND DIRECTION     E (70)
  HIGHEST GUST SPEED    18   HIGHEST GUST DIRECTION    NE (60)
  AVERAGE WIND SPEED     5.1


SKY COVER
  POSSIBLE SUNSHINE  MM
  AVERAGE SKY COVER 0.0


WEATHER CONDITIONS
 THE FOLLOWING WEATHER WAS RECORDED YESTERDAY.
  NO SIGNIFICANT WEATHER WAS OBSERVED.


RELATIVE HUMIDITY (PERCENT)
 HIGHEST    93           200 AM
 LOWEST     39           200 PM
 AVERAGE    66

..........................................................


THE WATERTOWN SD CLIMATE NORMALS FOR TODAY
                         NORMAL    RECORD    YEAR
 MAXIMUM TEMPERATURE (F)   83       109      1940
 MINIMUM TEMPERATURE (F)   60        44      1905


SUNRISE AND SUNSET
JULY 24 2014..........SUNRISE   605 AM CDT   SUNSET   904 PM CDT
JULY 25 2014..........SUNRISE   607 AM CDT   SUNSET   903 PM CDT


-  INDICATES NEGATIVE NUMBERS.
R  INDICATES RECORD WAS SET OR TIED.
MM INDICATES DATA IS MISSING.
T  INDICATES TRACE AMOUNT.




$$
