000
CDUS43 KABR 031033
CLIATY


CLIMATE REPORT
NATIONAL WEATHER SERVICE ABERDEEN SD
432 AM CST SAT DEC 3 2016


...................................

...THE WATERTOWN SD CLIMATE SUMMARY FOR DECEMBER 2 2016...

CLIMATE NORMAL PERIOD 1981 TO 2010
CLIMATE RECORD PERIOD 1898 TO 2016


WEATHER ITEM   OBSERVED TIME   RECORD YEAR NORMAL DEPARTURE LAST
                VALUE   (LST)  VALUE       VALUE  FROM      YEAR
                                                  NORMAL
..................................................................
TEMPERATURE (F)
 YESTERDAY
  MAXIMUM         27   1239 PM  56    2012  29     -2       32
                                      1998
                                      1941
  MINIMUM         24   1159 PM -16    1985  12     12        4
                                      1940
  AVERAGE         26                        20      6       18

PRECIPITATION (IN)
  YESTERDAY        T             0.54 1909   0.02  -0.02     0.00
  MONTH TO DATE    T                         0.04  -0.04     0.09
  SINCE DEC 1      T                         0.04  -0.04     0.09
  SINCE JAN 1     22.16                     21.59   0.57    21.19

SNOWFALL (IN)
  YESTERDAY        T
  MONTH TO DATE    T
  SINCE OCT 1      4.1
  SINCE JUL 1      4.1
  SNOW DEPTH       1

DEGREE DAYS
 HEATING
  YESTERDAY       39                        44     -5       47
  MONTH TO DATE   75                        88    -13       81
  SINCE DEC 1     75                        88    -13       81
  SINCE JUL 1   1446                      2028   -582     1440

 COOLING
  YESTERDAY        0                         0      0        0
  MONTH TO DATE    0                         0      0        0
  SINCE DEC 1      0                         0      0        0
  SINCE JAN 1    721                       515    206      588
..................................................................


WIND (MPH)
  HIGHEST WIND SPEED    12   HIGHEST WIND DIRECTION    NW (330)
  HIGHEST GUST SPEED    14   HIGHEST GUST DIRECTION     N (350)
  AVERAGE WIND SPEED     6.5


SKY COVER
  POSSIBLE SUNSHINE  MM
  AVERAGE SKY COVER 1.0


WEATHER CONDITIONS
 THE FOLLOWING WEATHER WAS RECORDED YESTERDAY.
  LIGHT SNOW
  FOG


RELATIVE HUMIDITY (PERCENT)
 HIGHEST    92           100 AM
 LOWEST     74           700 PM
 AVERAGE    83

..........................................................


THE WATERTOWN SD CLIMATE NORMALS FOR TODAY
                         NORMAL    RECORD    YEAR
 MAXIMUM TEMPERATURE (F)   29        64      1941
 MINIMUM TEMPERATURE (F)   11       -16      1985


SUNRISE AND SUNSET
DECEMBER  3 2016......SUNRISE   749 AM CST   SUNSET   448 PM CST
DECEMBER  4 2016......SUNRISE   750 AM CST   SUNSET   448 PM CST


-  INDICATES NEGATIVE NUMBERS.
R  INDICATES RECORD WAS SET OR TIED.
MM INDICATES DATA IS MISSING.
T  INDICATES TRACE AMOUNT.




$$
