000
CDUS43 KABR 250911
CLIATY


CLIMATE REPORT
NATIONAL WEATHER SERVICE ABERDEEN SD
410 AM CDT SUN SEP 25 2016


...................................

...THE WATERTOWN SD CLIMATE SUMMARY FOR SEPTEMBER 24 2016...

CLIMATE NORMAL PERIOD 1981 TO 2010
CLIMATE RECORD PERIOD 1898 TO 2016


WEATHER ITEM   OBSERVED TIME   RECORD YEAR NORMAL DEPARTURE LAST
                VALUE   (LST)  VALUE       VALUE  FROM      YEAR
                                                  NORMAL
..................................................................
TEMPERATURE (F)
 YESTERDAY
  MAXIMUM         79   1226 PM  91    1935  67     12       66
  MINIMUM         59   1159 PM  24    1942  44     15       61
  AVERAGE         69                        55     14       64

PRECIPITATION (IN)
  YESTERDAY        0.10          2.93 1934   0.08   0.02     0.05
  MONTH TO DATE    2.06                      2.17  -0.11     0.26
  SINCE SEP 1      2.06                      2.17  -0.11     0.26
  SINCE JAN 1     18.70                     18.40   0.30    18.20

DEGREE DAYS
 HEATING
  YESTERDAY        0                        10    -10        1
  MONTH TO DATE   60                       149    -89       73
  SINCE SEP 1     60                       149    -89       73
  SINCE JUL 1     86                       206   -120      135

 COOLING
  YESTERDAY        4                         0      4        0
  MONTH TO DATE   36                        37     -1       93
  SINCE SEP 1     36                        37     -1       93
  SINCE JAN 1    721                       511    210      570
..................................................................


WIND (MPH)
  HIGHEST WIND SPEED    25   HIGHEST WIND DIRECTION     S (160)
  HIGHEST GUST SPEED    33   HIGHEST GUST DIRECTION     S (170)
  AVERAGE WIND SPEED    14.2


SKY COVER
  POSSIBLE SUNSHINE  MM
  AVERAGE SKY COVER 0.4


WEATHER CONDITIONS
 THE FOLLOWING WEATHER WAS RECORDED YESTERDAY.
  THUNDERSTORM
  LIGHT RAIN
  FOG


RELATIVE HUMIDITY (PERCENT)
 HIGHEST   100          1100 PM
 LOWEST     69           100 PM
 AVERAGE    85

..........................................................


THE WATERTOWN SD CLIMATE NORMALS FOR TODAY
                         NORMAL    RECORD    YEAR
 MAXIMUM TEMPERATURE (F)   66        87      1938
 MINIMUM TEMPERATURE (F)   43        21      1926


SUNRISE AND SUNSET
SEPTEMBER 25 2016.....SUNRISE   720 AM CDT   SUNSET   719 PM CDT
SEPTEMBER 26 2016.....SUNRISE   721 AM CDT   SUNSET   717 PM CDT


-  INDICATES NEGATIVE NUMBERS.
R  INDICATES RECORD WAS SET OR TIED.
MM INDICATES DATA IS MISSING.
T  INDICATES TRACE AMOUNT.




$$
