000
CDUS43 KABR 281036
CLIATY


CLIMATE REPORT
NATIONAL WEATHER SERVICE ABERDEEN SD
535 AM CDT THU MAY 28 2015


...................................

...THE WATERTOWN SD CLIMATE SUMMARY FOR MAY 27 2015...

CLIMATE NORMAL PERIOD 1981 TO 2010
CLIMATE RECORD PERIOD 1898 TO 2015


WEATHER ITEM   OBSERVED TIME   RECORD YEAR NORMAL DEPARTURE LAST
                VALUE   (LST)  VALUE       VALUE  FROM      YEAR
                                                  NORMAL
..................................................................
TEMPERATURE (F)
 YESTERDAY
  MAXIMUM         82    431 PM  93    1900  71     11       84
  MINIMUM         52    533 AM  28    1928  49      3       58
  AVERAGE         67                        60      7       71

PRECIPITATION (IN)
  YESTERDAY        0.00          7.14 1931   0.09  -0.09      T
  MONTH TO DATE    3.75                      2.25   1.50     1.37
  SINCE MAR 1      4.49                      5.38  -0.89     3.93
  SINCE JAN 1      5.14                      6.46  -1.32     4.36

DEGREE DAYS
 HEATING
  YESTERDAY        0                         6     -6        0
  MONTH TO DATE  277                       271      6      330
  SINCE MAR 1   1759                      2011   -252     2307
  SINCE JUL 1   8151                      8422   -271     9273

 COOLING
  YESTERDAY        2                         1      1        6
  MONTH TO DATE    2                        16    -14       17
  SINCE MAR 1      2                        18    -16       17
  SINCE JAN 1      2                        18    -16       17
..................................................................


WIND (MPH)
  HIGHEST WIND SPEED    14   HIGHEST WIND DIRECTION    NW (330)
  HIGHEST GUST SPEED    17   HIGHEST GUST DIRECTION     N (340)
  AVERAGE WIND SPEED     6.1


SKY COVER
  POSSIBLE SUNSHINE  MM
  AVERAGE SKY COVER 0.0


WEATHER CONDITIONS
 THE FOLLOWING WEATHER WAS RECORDED YESTERDAY.
  NO SIGNIFICANT WEATHER WAS OBSERVED.


RELATIVE HUMIDITY (PERCENT)
 HIGHEST    77          1200 AM
 LOWEST     28           300 PM
 AVERAGE    53

..........................................................


THE WATERTOWN SD CLIMATE NORMALS FOR TODAY
                         NORMAL    RECORD    YEAR
 MAXIMUM TEMPERATURE (F)   71       102      1934
 MINIMUM TEMPERATURE (F)   49        31      1965


SUNRISE AND SUNSET
MAY 28 2015...........SUNRISE   548 AM CDT   SUNSET   904 PM CDT
MAY 29 2015...........SUNRISE   547 AM CDT   SUNSET   905 PM CDT


-  INDICATES NEGATIVE NUMBERS.
R  INDICATES RECORD WAS SET OR TIED.
MM INDICATES DATA IS MISSING.
T  INDICATES TRACE AMOUNT.




$$
