625
CDUS43 KABR 201033
CLIATY


CLIMATE REPORT
NATIONAL WEATHER SERVICE ABERDEEN SD
532 AM CDT THU JUL 20 2017


...................................

...THE WATERTOWN SD CLIMATE SUMMARY FOR JULY 19 2017...

CLIMATE NORMAL PERIOD 1981 TO 2010
CLIMATE RECORD PERIOD 1898 TO 2017


WEATHER ITEM   OBSERVED TIME   RECORD YEAR NORMAL DEPARTURE LAST
                VALUE   (LST)  VALUE       VALUE  FROM      YEAR
                                                  NORMAL
..................................................................
TEMPERATURE (F)
 YESTERDAY
  MAXIMUM         78    738 PM 104    1934  83     -5       88
  MINIMUM         60   1228 AM  40    1911  60      0       71
  AVERAGE         69                        72     -3       80

PRECIPITATION (IN)
  YESTERDAY        0.06          1.47 1990   0.09  -0.03     0.00
  MONTH TO DATE    1.75                      1.89  -0.14     1.49
  SINCE JUN 1      5.49                      5.47   0.02     3.02
  SINCE JAN 1     10.44                     12.32  -1.88     8.67

DEGREE DAYS
 HEATING
  YESTERDAY        0                         0      0        0
  MONTH TO DATE    1                         8     -7       12
  SINCE JUN 1     49                        86    -37       37
  SINCE JUL 1      1                         8     -7       12

 COOLING
  YESTERDAY        4                         7     -3       15
  MONTH TO DATE  135                       126      9      111
  SINCE JUN 1    240                       222     18      310
  SINCE JAN 1    251                       244      7      334
..................................................................


WIND (MPH)
  HIGHEST WIND SPEED    25   HIGHEST WIND DIRECTION    NE (50)
  HIGHEST GUST SPEED    31   HIGHEST GUST DIRECTION    NE (50)
  AVERAGE WIND SPEED     8.4


SKY COVER
  POSSIBLE SUNSHINE  MM
  AVERAGE SKY COVER 0.1


WEATHER CONDITIONS
 THE FOLLOWING WEATHER WAS RECORDED YESTERDAY.
  THUNDERSTORM
  RAIN
  LIGHT RAIN
  FOG


RELATIVE HUMIDITY (PERCENT)
 HIGHEST   100          1100 PM
 LOWEST     76           600 PM
 AVERAGE    88

..........................................................


THE WATERTOWN SD CLIMATE NORMALS FOR TODAY
                         NORMAL    RECORD    YEAR
 MAXIMUM TEMPERATURE (F)   83       102      2002
 MINIMUM TEMPERATURE (F)   60        40      1911


SUNRISE AND SUNSET
JULY 20 2017..........SUNRISE   602 AM CDT   SUNSET   908 PM CDT
JULY 21 2017..........SUNRISE   603 AM CDT   SUNSET   907 PM CDT


-  INDICATES NEGATIVE NUMBERS.
R  INDICATES RECORD WAS SET OR TIED.
MM INDICATES DATA IS MISSING.
T  INDICATES TRACE AMOUNT.




$$
