000
CDUS43 KABR 291032
CLIATY


CLIMATE REPORT
NATIONAL WEATHER SERVICE ABERDEEN SD
531 AM CDT SUN MAY 29 2016


...................................

...THE WATERTOWN SD CLIMATE SUMMARY FOR MAY 28 2016...

CLIMATE NORMAL PERIOD 1981 TO 2010
CLIMATE RECORD PERIOD 1898 TO 2016


WEATHER ITEM   OBSERVED TIME   RECORD YEAR NORMAL DEPARTURE LAST
                VALUE   (LST)  VALUE       VALUE  FROM      YEAR
                                                  NORMAL
..................................................................
TEMPERATURE (F)
 YESTERDAY
  MAXIMUM         65    623 PM 102    1934  71     -6       81
  MINIMUM         54   1209 AM  31    1965  49      5       60
  AVERAGE         60                        60      0       71

PRECIPITATION (IN)
  YESTERDAY        0.03          1.40 1972   0.10  -0.07     0.70
  MONTH TO DATE    1.44                      2.35  -0.91     4.45
  SINCE MAR 1      3.96                      5.48  -1.52     5.19
  SINCE JAN 1      4.99                      6.56  -1.57     5.84

DEGREE DAYS
 HEATING
  YESTERDAY        5                         6     -1        0
  MONTH TO DATE  217                       277    -60      277
  SINCE MAR 1   1568                      2017   -449     1759
  SINCE JUL 1   6887                      8428  -1541     8151

 COOLING
  YESTERDAY        0                         1     -1        6
  MONTH TO DATE   20                        17      3        8
  SINCE MAR 1     20                        19      1        8
  SINCE JAN 1     20                        19      1        8
..................................................................


WIND (MPH)
  HIGHEST WIND SPEED    15   HIGHEST WIND DIRECTION    NE (40)
  HIGHEST GUST SPEED    19   HIGHEST GUST DIRECTION    NE (50)
  AVERAGE WIND SPEED     7.5


SKY COVER
  POSSIBLE SUNSHINE  MM
  AVERAGE SKY COVER 0.8


WEATHER CONDITIONS
 THE FOLLOWING WEATHER WAS RECORDED YESTERDAY.
  LIGHT RAIN
  FOG


RELATIVE HUMIDITY (PERCENT)
 HIGHEST    97           300 AM
 LOWEST     73           200 PM
 AVERAGE    85

..........................................................


THE WATERTOWN SD CLIMATE NORMALS FOR TODAY
                         NORMAL    RECORD    YEAR
 MAXIMUM TEMPERATURE (F)   71        97      1934
 MINIMUM TEMPERATURE (F)   49        31      1930


SUNRISE AND SUNSET
MAY 29 2016...........SUNRISE   547 AM CDT   SUNSET   906 PM CDT
MAY 30 2016...........SUNRISE   546 AM CDT   SUNSET   907 PM CDT


-  INDICATES NEGATIVE NUMBERS.
R  INDICATES RECORD WAS SET OR TIED.
MM INDICATES DATA IS MISSING.
T  INDICATES TRACE AMOUNT.




$$
