751
CDUS41 KGYX 220833
CLIAUG


CLIMATE REPORT
NATIONAL WEATHER SERVICE GRAY ME
433 AM EDT FRI SEP 22 2017


...................................

...THE AUGUSTA CLIMATE SUMMARY FOR SEPTEMBER 21 2017...

CLIMATE NORMAL PERIOD 1981 TO 2010
CLIMATE RECORD PERIOD 1948 TO 2017


WEATHER ITEM   OBSERVED TIME   RECORD YEAR NORMAL DEPARTURE LAST
                VALUE   (LST)  VALUE       VALUE  FROM      YEAR
                                                  NORMAL
..................................................................
TEMPERATURE (F)
 YESTERDAY
  MAXIMUM         73    253 PM  89    1965  68      5       81
  MINIMUM         55   1157 PM  32    1956  49      6       60
  AVERAGE         64                        58      6       71

PRECIPITATION (IN)
  YESTERDAY        0.00          1.03 1961   0.13  -0.13     0.00
  MONTH TO DATE    2.98                      2.51   0.47     0.78
  SINCE SEP 1      2.98                      2.51   0.47     0.78
  SINCE JAN 1     28.17                     28.69  -0.52    22.36

DEGREE DAYS
 HEATING
  YESTERDAY        1                         7     -6        0
  MONTH TO DATE   42                        94    -52       19
  SINCE SEP 1     42                        94    -52       19
  SINCE JUL 1     83                       136    -53       44

 COOLING
  YESTERDAY        0                         0      0        6
  MONTH TO DATE   39                        27     12       69
  SINCE SEP 1     39                        27     12       69
  SINCE JAN 1    399                       384     15      526
..................................................................


WIND (MPH)
  HIGHEST WIND SPEED    23   HIGHEST WIND DIRECTION    NE (30)
  HIGHEST GUST SPEED    30   HIGHEST GUST DIRECTION     N (20)
  AVERAGE WIND SPEED    11.7


SKY COVER
  AVERAGE SKY COVER 0.1


WEATHER CONDITIONS
 THE FOLLOWING WEATHER WAS RECORDED YESTERDAY.
  NO SIGNIFICANT WEATHER WAS OBSERVED.


RELATIVE HUMIDITY (PERCENT)
 HIGHEST    81          1200 AM
 LOWEST     41           200 PM
 AVERAGE    61

..........................................................


THE AUGUSTA CLIMATE NORMALS FOR TODAY
                         NORMAL    RECORD    YEAR
 MAXIMUM TEMPERATURE (F)   67        92      1965
 MINIMUM TEMPERATURE (F)   48        30      1973


SUNRISE AND SUNSET
SEPTEMBER 22 2017.....SUNRISE   627 AM EDT   SUNSET   636 PM EDT
SEPTEMBER 23 2017.....SUNRISE   628 AM EDT   SUNSET   634 PM EDT


-  INDICATES NEGATIVE NUMBERS.
R  INDICATES RECORD WAS SET OR TIED.
MM INDICATES DATA IS MISSING.
T  INDICATES TRACE AMOUNT.




$$
