000
CDUS41 KGYX 280834
CLIAUG


CLIMATE REPORT
NATIONAL WEATHER SERVICE GRAY ME
434 AM EDT SAT MAY 28 2016


...................................

...THE AUGUSTA CLIMATE SUMMARY FOR MAY 27 2016...

CLIMATE NORMAL PERIOD 1981 TO 2010
CLIMATE RECORD PERIOD 1948 TO 2016


WEATHER ITEM   OBSERVED TIME   RECORD YEAR NORMAL DEPARTURE LAST
                VALUE   (LST)  VALUE       VALUE  FROM      YEAR
                                                  NORMAL
..................................................................
TEMPERATURE (F)
 YESTERDAY
  MAXIMUM         67    404 PM  88    1959  69     -2       82
  MINIMUM         52   1038 PM  32    1969  48      4       61
  AVERAGE         60                        58      2       72

PRECIPITATION (IN)
  YESTERDAY        0.04          1.45 1956   0.11  -0.07      T
  MONTH TO DATE    1.44                      3.22  -1.78     1.42
  SINCE MAR 1      7.66                     10.38  -2.72     6.95
  SINCE JAN 1     13.53                     15.42  -1.89     9.22

DEGREE DAYS
 HEATING
  YESTERDAY        5                         7     -2        0
  MONTH TO DATE  278                       295    -17      188
  SINCE MAR 1   1900                      1956    -56     2030
  SINCE JUL 1   6579                      7299   -720     7657

 COOLING
  YESTERDAY        0                         1     -1        7
  MONTH TO DATE    2                         3     -1       21
  SINCE MAR 1      2                         3     -1       21
  SINCE JAN 1      2                         3     -1       21
..................................................................


WIND (MPH)
  HIGHEST WIND SPEED    12   HIGHEST WIND DIRECTION     S (160)
  HIGHEST GUST SPEED    16   HIGHEST GUST DIRECTION    SE (120)
  AVERAGE WIND SPEED     5.4


SKY COVER
  AVERAGE SKY COVER 0.6


WEATHER CONDITIONS
 THE FOLLOWING WEATHER WAS RECORDED YESTERDAY.
  LIGHT RAIN
  FOG


RELATIVE HUMIDITY (PERCENT)
 HIGHEST    93           800 PM
 LOWEST     63           200 PM
 AVERAGE    78

..........................................................


THE AUGUSTA CLIMATE NORMALS FOR TODAY
                         NORMAL    RECORD    YEAR
 MAXIMUM TEMPERATURE (F)   69        88      1988
 MINIMUM TEMPERATURE (F)   48        39      1994


SUNRISE AND SUNSET
MAY 28 2016...........SUNRISE   500 AM EDT   SUNSET   813 PM EDT
MAY 29 2016...........SUNRISE   500 AM EDT   SUNSET   814 PM EDT


-  INDICATES NEGATIVE NUMBERS.
R  INDICATES RECORD WAS SET OR TIED.
MM INDICATES DATA IS MISSING.
T  INDICATES TRACE AMOUNT.




$$
