000
CDUS41 KGYX 250803
CLIAUG


CLIMATE REPORT
NATIONAL WEATHER SERVICE GRAY ME
402 AM EDT MON MAY 25 2015


...................................

...THE AUGUSTA CLIMATE SUMMARY FOR MAY 24 2015...

CLIMATE NORMAL PERIOD 1981 TO 2010
CLIMATE RECORD PERIOD 1948 TO 2015


WEATHER ITEM   OBSERVED TIME   RECORD YEAR NORMAL DEPARTURE LAST
                VALUE   (LST)  VALUE       VALUE  FROM      YEAR
                                                  NORMAL
..................................................................
TEMPERATURE (F)
 YESTERDAY
  MAXIMUM         79    353 PM  MM      MM  68     11       64
  MINIMUM         41    131 AM  MM      MM  47     -6       50
  AVERAGE         60                        57      3       57

PRECIPITATION (IN)
  YESTERDAY        0.00         MM      MM   0.12  -0.12     0.05
  MONTH TO DATE    1.25                      2.86  -1.61     2.32
  SINCE MAR 1      6.78                     10.02  -3.24     8.09
  SINCE JAN 1      9.05                     15.06  -6.01    12.88

DEGREE DAYS
 HEATING
  YESTERDAY        5                         8     -3        8
  MONTH TO DATE  188                       272    -84      224
  SINCE MAR 1   2030                      1933     97     2123
  SINCE JUL 1   7657                      7276    381     7629

 COOLING
  YESTERDAY        0                         0      0        0
  MONTH TO DATE    5                         0      5        0
  SINCE MAR 1      5                         0      5        0
  SINCE JAN 1      5                         0      5        0
..................................................................


WIND (MPH)
  HIGHEST WIND SPEED    18   HIGHEST WIND DIRECTION     W (280)
  HIGHEST GUST SPEED    27   HIGHEST GUST DIRECTION     W (270)
  AVERAGE WIND SPEED     9.5


SKY COVER
  AVERAGE SKY COVER 0.3


WEATHER CONDITIONS
 THE FOLLOWING WEATHER WAS RECORDED YESTERDAY.
  NO SIGNIFICANT WEATHER WAS OBSERVED.


RELATIVE HUMIDITY (PERCENT)
 HIGHEST    62           200 AM
 LOWEST     23           500 PM
 AVERAGE    43

..........................................................


THE AUGUSTA CLIMATE NORMALS FOR TODAY
                         NORMAL
 MAXIMUM TEMPERATURE (F)   68
 MINIMUM TEMPERATURE (F)   47


SUNRISE AND SUNSET
MAY 25 2015...........SUNRISE   503 AM EDT   SUNSET   810 PM EDT
MAY 26 2015...........SUNRISE   502 AM EDT   SUNSET   811 PM EDT


-  INDICATES NEGATIVE NUMBERS.
R  INDICATES RECORD WAS SET OR TIED.
MM INDICATES DATA IS MISSING.
T  INDICATES TRACE AMOUNT.




$$
