000
CDUS41 KGYX 312143
CLIAUG


CLIMATE REPORT
NATIONAL WEATHER SERVICE GRAY ME
442 PM EST SAT JAN 31 2015


...................................

...THE AUGUSTA CLIMATE SUMMARY FOR JANUARY 31 2015...
VALID TODAY AS OF 0400 PM LOCAL TIME.

CLIMATE NORMAL PERIOD 1981 TO 2010
CLIMATE RECORD PERIOD 1948 TO 2015


WEATHER ITEM   OBSERVED TIME   RECORD YEAR NORMAL DEPARTURE LAST
                VALUE   (LST)  VALUE       VALUE  FROM      YEAR
                                                  NORMAL
..................................................................
TEMPERATURE (F)
 TODAY
  MAXIMUM         19   1231 AM  MM      MM  28     -9       36
  MINIMUM         11    948 AM  MM      MM  11      0       18
  AVERAGE         15                        20     -5       27

PRECIPITATION (IN)
  TODAY            0.01         MM      MM   0.08  -0.07     0.00
  MONTH TO DATE    1.62                      2.61  -0.99     3.10
  SINCE DEC 1      6.10                      5.85   0.25     5.72
  SINCE JAN 1      1.62                      2.61  -0.99     3.10

DEGREE DAYS
 HEATING
  TODAY           50                        45      5       38
  MONTH TO DATE 1499                      1414     85     1415
  SINCE DEC 1   2605                      2623    -18     2779
  SINCE JUL 1   4094                      4171    -77     4288

 COOLING
  TODAY            0                         0      0        0
  MONTH TO DATE    0                         0      0        0
  SINCE DEC 1      0                         0      0        0
  SINCE JAN 1      0                         0      0        0
..................................................................


WIND (MPH)
  HIGHEST WIND SPEED    28   HIGHEST WIND DIRECTION     N (340)
  HIGHEST GUST SPEED    36   HIGHEST GUST DIRECTION    NW (330)
  AVERAGE WIND SPEED    18.1


SKY COVER
  AVERAGE SKY COVER 0.8


WEATHER CONDITIONS
 THE FOLLOWING WEATHER WAS RECORDED TODAY.
  LIGHT SNOW
  FOG
  BLOWING SNOW


RELATIVE HUMIDITY (PERCENT)
 HIGHEST    88           300 AM
 LOWEST     49           300 PM
 AVERAGE    69

..........................................................


THE AUGUSTA CLIMATE NORMALS FOR TOMORROW
                         NORMAL
 MAXIMUM TEMPERATURE (F)   29
 MINIMUM TEMPERATURE (F)   12


SUNRISE AND SUNSET
JANUARY 31 2015.......SUNRISE   659 AM EST   SUNSET   447 PM EST
FEBRUARY  1 2015......SUNRISE   658 AM EST   SUNSET   448 PM EST


-  INDICATES NEGATIVE NUMBERS.
R  INDICATES RECORD WAS SET OR TIED.
MM INDICATES DATA IS MISSING.
T  INDICATES TRACE AMOUNT.




$$
