000
CDUS41 KGYX 280907
CLIAUG


CLIMATE REPORT
NATIONAL WEATHER SERVICE GRAY ME
407 AM EST FRI NOV 28 2014


...................................

...THE AUGUSTA CLIMATE SUMMARY FOR NOVEMBER 27 2014...

CLIMATE NORMAL PERIOD 1981 TO 2010
CLIMATE RECORD PERIOD 1948 TO 2014


WEATHER ITEM   OBSERVED TIME   NORMAL DEPARTURE LAST
                VALUE   (LST)  VALUE  FROM      YEAR
                                      NORMAL
......................................................
TEMPERATURE (F)
 YESTERDAY
  MAXIMUM         33    111 PM  41     -8       57
  MINIMUM         21   1159 PM  27     -6       29
  AVERAGE         27            34     -7       43

PRECIPITATION (IN)
  YESTERDAY        0.02          0.14  -0.12     2.56
  MONTH TO DATE    2.32          3.97  -1.65     3.74
  SINCE SEP 1      7.85         12.07  -4.22    12.59
  SINCE JAN 1     38.48         38.25   0.23    39.73

DEGREE DAYS
 HEATING
  YESTERDAY       38            31      7       22
  MONTH TO DATE  754           716     38      746
  SINCE SEP 1   1349          1409    -60     1367
  SINCE JUL 1   1368          1451    -83     1380

 COOLING
  YESTERDAY        0             0      0        0
  MONTH TO DATE    0             0      0        0
  SINCE SEP 1     57            31     26       37
  SINCE JAN 1    371           388    -17      428
......................................................


WIND (MPH)
  HIGHEST WIND SPEED    30   HIGHEST WIND DIRECTION     N (20)
  HIGHEST GUST SPEED    39   HIGHEST GUST DIRECTION     N (10)
  AVERAGE WIND SPEED    12.4


SKY COVER
  AVERAGE SKY COVER 0.5


WEATHER CONDITIONS
 THE FOLLOWING WEATHER WAS RECORDED YESTERDAY.
  SNOW
  LIGHT SNOW
  FOG
  HAZE


RELATIVE HUMIDITY (PERCENT)
 HIGHEST    92          1200 AM
 LOWEST     61           100 PM
 AVERAGE    77

..........................................................


THE AUGUSTA CLIMATE NORMALS FOR TODAY
                         NORMAL
 MAXIMUM TEMPERATURE (F)   40
 MINIMUM TEMPERATURE (F)   26


SUNRISE AND SUNSET
NOVEMBER 28 2014......SUNRISE   651 AM EST   SUNSET   403 PM EST
NOVEMBER 29 2014......SUNRISE   653 AM EST   SUNSET   402 PM EST


-  INDICATES NEGATIVE NUMBERS.
R  INDICATES RECORD WAS SET OR TIED.
MM INDICATES DATA IS MISSING.
T  INDICATES TRACE AMOUNT.




$$
