000
CDUS41 KGYX 300803
CLIAUG


CLIMATE REPORT
NATIONAL WEATHER SERVICE GRAY ME
403 AM EDT SUN AUG 30 2015


...................................

...THE AUGUSTA CLIMATE SUMMARY FOR AUGUST 29 2015...

CLIMATE NORMAL PERIOD 1981 TO 2010
CLIMATE RECORD PERIOD 1948 TO 2015


WEATHER ITEM   OBSERVED TIME   RECORD YEAR NORMAL DEPARTURE LAST
                VALUE   (LST)  VALUE       VALUE  FROM      YEAR
                                                  NORMAL
..................................................................
TEMPERATURE (F)
 YESTERDAY
  MAXIMUM         77    143 PM  MM      MM  76      1       71
  MINIMUM         57    337 AM  MM      MM  56      1       52
  AVERAGE         67                        66      1       62

PRECIPITATION (IN)
  YESTERDAY        0.00         MM      MM   0.10  -0.10     0.00
  MONTH TO DATE    4.55                      3.11   1.44     5.10
  SINCE JUN 1     12.78                     10.09   2.69    16.38
  SINCE JAN 1     22.46                     25.98  -3.52    30.50

DEGREE DAYS
 HEATING
  YESTERDAY        0                         2     -2        3
  MONTH TO DATE    0                        21    -21       14
  SINCE JUN 1    169                       131     38       92
  SINCE JUL 1     18                        37    -19       16

 COOLING
  YESTERDAY        2                         3     -1        0
  MONTH TO DATE  150                       121     29       85
  SINCE JUN 1    310                       342    -32      309
  SINCE JAN 1    344                       351     -7      309
..................................................................


WIND (MPH)
  HIGHEST WIND SPEED    10   HIGHEST WIND DIRECTION     W (250)
  HIGHEST GUST SPEED    15   HIGHEST GUST DIRECTION     S (170)
  AVERAGE WIND SPEED     3.0


SKY COVER
  AVERAGE SKY COVER 0.0


WEATHER CONDITIONS
 THE FOLLOWING WEATHER WAS RECORDED YESTERDAY.
  NO SIGNIFICANT WEATHER WAS OBSERVED.


RELATIVE HUMIDITY (PERCENT)
 HIGHEST    93           300 AM
 LOWEST     54           100 PM
 AVERAGE    74

..........................................................


THE AUGUSTA CLIMATE NORMALS FOR TODAY
                         NORMAL
 MAXIMUM TEMPERATURE (F)   76
 MINIMUM TEMPERATURE (F)   56


SUNRISE AND SUNSET
AUGUST 30 2015........SUNRISE   559 AM EDT   SUNSET   719 PM EDT
AUGUST 31 2015........SUNRISE   601 AM EDT   SUNSET   718 PM EDT


-  INDICATES NEGATIVE NUMBERS.
R  INDICATES RECORD WAS SET OR TIED.
MM INDICATES DATA IS MISSING.
T  INDICATES TRACE AMOUNT.




$$
