000
CDUS41 KGYX 312042
CLIAUG


CLIMATE REPORT
NATIONAL WEATHER SERVICE GRAY ME
442 PM EDT WED AUG 31 2016


...................................

...THE AUGUSTA CLIMATE SUMMARY FOR AUGUST 31 2016...
VALID TODAY AS OF 0400 PM LOCAL TIME.

CLIMATE NORMAL PERIOD 1981 TO 2010
CLIMATE RECORD PERIOD 1948 TO 2016


WEATHER ITEM   OBSERVED TIME   RECORD YEAR NORMAL DEPARTURE LAST
                VALUE   (LST)  VALUE       VALUE  FROM      YEAR
                                                  NORMAL
..................................................................
TEMPERATURE (F)
 TODAY
  MAXIMUM         77    156 PM  93    2010  75      2       82
  MINIMUM         59    246 AM  40    1965  56      3       61
  AVERAGE         68                        66      2       72

PRECIPITATION (IN)
  TODAY            T             2.07 1956   0.10  -0.10     0.00
  MONTH TO DATE    2.31                      3.31  -1.00     4.55
  SINCE JUN 1      8.01                     10.29  -2.28    12.78
  SINCE JAN 1     21.58                     26.18  -4.60    22.46

DEGREE DAYS
 HEATING
  TODAY            0                         2     -2        0
  MONTH TO DATE    4                        25    -21        0
  SINCE JUN 1    103                       136    -33      169
  SINCE JUL 1     25                        42    -17       18

 COOLING
  TODAY            3                         3      0        7
  MONTH TO DATE  201                       127     74      163
  SINCE JUN 1    442                       348     94      323
  SINCE JAN 1    457                       357    100      357
..................................................................


WIND (MPH)
  HIGHEST WIND SPEED     9   HIGHEST WIND DIRECTION    SW (230)
  HIGHEST GUST SPEED    12   HIGHEST GUST DIRECTION    SW (230)
  AVERAGE WIND SPEED     2.8


SKY COVER
  AVERAGE SKY COVER 0.8


WEATHER CONDITIONS
 THE FOLLOWING WEATHER WAS RECORDED TODAY.
  LIGHT RAIN


RELATIVE HUMIDITY (PERCENT)
 HIGHEST    90           500 AM
 LOWEST     64           100 PM
 AVERAGE    77

..........................................................


THE AUGUSTA CLIMATE NORMALS FOR TOMORROW
                         NORMAL    RECORD    YEAR
 MAXIMUM TEMPERATURE (F)   75        94      2010
 MINIMUM TEMPERATURE (F)   56        40      2002


SUNRISE AND SUNSET
AUGUST 31 2016........SUNRISE   601 AM EDT   SUNSET   716 PM EDT
SEPTEMBER  1 2016.....SUNRISE   603 AM EDT   SUNSET   715 PM EDT


-  INDICATES NEGATIVE NUMBERS.
R  INDICATES RECORD WAS SET OR TIED.
MM INDICATES DATA IS MISSING.
T  INDICATES TRACE AMOUNT.




$$
