000
CDUS41 KGYX 212141
CLIAUG


CLIMATE REPORT
NATIONAL WEATHER SERVICE GRAY ME
441 PM EST TUE NOV 21 2017


...................................

...THE AUGUSTA CLIMATE SUMMARY FOR NOVEMBER 21 2017...
VALID TODAY AS OF 0400 PM LOCAL TIME.

CLIMATE NORMAL PERIOD 1981 TO 2010
CLIMATE RECORD PERIOD 1948 TO 2017


WEATHER ITEM   OBSERVED TIME   RECORD YEAR NORMAL DEPARTURE LAST
                VALUE   (LST)  VALUE       VALUE  FROM      YEAR
                                                  NORMAL
..................................................................
TEMPERATURE (F)
 TODAY
  MAXIMUM         49    259 PM  65    1991  43      6       35
  MINIMUM         19   1252 AM  11    1987  29    -10       29
  AVERAGE         34                        36     -2       32

PRECIPITATION (IN)
  TODAY            0.00          2.01 1950   0.14  -0.14     0.04
  MONTH TO DATE    1.52                      3.13  -1.61     2.21
  SINCE SEP 1     11.79                     11.23   0.56     8.34
  SINCE JAN 1     36.98                     37.41  -0.43    29.92

DEGREE DAYS
 HEATING
  TODAY           31                        29      2       33
  MONTH TO DATE  576                       534     42      459
  SINCE SEP 1    925                      1227   -302     1017
  SINCE JUL 1    966                      1269   -303     1042

 COOLING
  TODAY            0                         0      0        0
  MONTH TO DATE    0                         0      0        0
  SINCE SEP 1     86                        31     55       73
  SINCE JAN 1    446                       388     58      530
..................................................................


WIND (MPH)
  HIGHEST WIND SPEED    15   HIGHEST WIND DIRECTION     S (190)
  HIGHEST GUST SPEED    23   HIGHEST GUST DIRECTION     S (160)
  AVERAGE WIND SPEED     3.9


SKY COVER
  AVERAGE SKY COVER 0.2


WEATHER CONDITIONS
 THE FOLLOWING WEATHER WAS RECORDED TODAY.
  NO SIGNIFICANT WEATHER WAS OBSERVED.


RELATIVE HUMIDITY (PERCENT)
 HIGHEST    74           500 AM
 LOWEST     42           300 PM
 AVERAGE    58

..........................................................


THE AUGUSTA CLIMATE NORMALS FOR TOMORROW
                         NORMAL    RECORD    YEAR
 MAXIMUM TEMPERATURE (F)   43        62      1992
 MINIMUM TEMPERATURE (F)   29         9      1978


SUNRISE AND SUNSET
NOVEMBER 21 2017......SUNRISE   643 AM EST   SUNSET   407 PM EST
NOVEMBER 22 2017......SUNRISE   644 AM EST   SUNSET   406 PM EST


-  INDICATES NEGATIVE NUMBERS.
R  INDICATES RECORD WAS SET OR TIED.
MM INDICATES DATA IS MISSING.
T  INDICATES TRACE AMOUNT.




$$
