000
CDUS41 KGYX 282204
CLIAUG


CLIMATE REPORT
NATIONAL WEATHER SERVICE GRAY ME
504 PM EST SUN DEC 28 2014


...................................

...THE AUGUSTA CLIMATE SUMMARY FOR DECEMBER 28 2014...
VALID TODAY AS OF 0500 PM LOCAL TIME.

CLIMATE NORMAL PERIOD 1981 TO 2010
CLIMATE RECORD PERIOD 1948 TO 2014


WEATHER ITEM   OBSERVED TIME   RECORD YEAR NORMAL DEPARTURE LAST
                VALUE   (LST)  VALUE       VALUE  FROM      YEAR
                                                  NORMAL
..................................................................
TEMPERATURE (F)
 TODAY
  MAXIMUM         45    221 PM  MM      MM  30     15       32
  MINIMUM         34   1209 AM  MM      MM  14     20       15
  AVERAGE         40                        22     18       24

PRECIPITATION (IN)
  TODAY            0.30         MM      MM   0.09   0.21     0.00
  MONTH TO DATE    4.48                      2.98   1.50     2.21
  SINCE DEC 1      4.48                      2.98   1.50     2.21
  SINCE JAN 1     42.98                     41.62   1.36    41.94

DEGREE DAYS
 HEATING
  TODAY           25                        43    -18       41
  MONTH TO DATE  970                      1077   -107     1211
  SINCE DEC 1    970                      1077   -107     1211
  SINCE JUL 1   2459                      2625   -166     2720

 COOLING
  TODAY            0                         0      0        0
  MONTH TO DATE    0                         0      0        0
  SINCE DEC 1      0                         0      0        0
  SINCE JAN 1    371                       388    -17      428
..................................................................


WIND (MPH)
  HIGHEST WIND SPEED    13   HIGHEST WIND DIRECTION    NW (300)
  HIGHEST GUST SPEED    20   HIGHEST GUST DIRECTION    NW (300)
  AVERAGE WIND SPEED     7.9


SKY COVER
  AVERAGE SKY COVER 0.8


WEATHER CONDITIONS
 THE FOLLOWING WEATHER WAS RECORDED TODAY.
  LIGHT RAIN
  FOG


RELATIVE HUMIDITY (PERCENT)
 HIGHEST   100           700 AM
 LOWEST     57           400 PM
 AVERAGE    79

..........................................................


THE AUGUSTA CLIMATE NORMALS FOR TOMORROW
                         NORMAL
 MAXIMUM TEMPERATURE (F)   29
 MINIMUM TEMPERATURE (F)   14


SUNRISE AND SUNSET
DECEMBER 28 2014......SUNRISE   714 AM EST   SUNSET   407 PM EST
DECEMBER 29 2014......SUNRISE   715 AM EST   SUNSET   408 PM EST


-  INDICATES NEGATIVE NUMBERS.
R  INDICATES RECORD WAS SET OR TIED.
MM INDICATES DATA IS MISSING.
T  INDICATES TRACE AMOUNT.




$$
