000
CDUS41 KGYX 272043
CLIAUG


CLIMATE REPORT
NATIONAL WEATHER SERVICE GRAY ME
443 PM EDT THU JUL 27 2017


...................................

...THE AUGUSTA CLIMATE SUMMARY FOR JULY 27 2017...
VALID TODAY AS OF 0400 PM LOCAL TIME.

CLIMATE NORMAL PERIOD 1981 TO 2010
CLIMATE RECORD PERIOD 1948 TO 2017


WEATHER ITEM   OBSERVED TIME   RECORD YEAR NORMAL DEPARTURE LAST
                VALUE   (LST)  VALUE       VALUE  FROM      YEAR
                                                  NORMAL
..................................................................
TEMPERATURE (F)
 TODAY
  MAXIMUM         75    239 PM  97    1949  80     -5       88
  MINIMUM         60    633 AM  50    2001  60      0       67
  AVERAGE         68                        70     -2       78

PRECIPITATION (IN)
  TODAY            0.05          0.68 1981   0.11  -0.06     0.00
  MONTH TO DATE    1.35                      2.95  -1.60     1.76
  SINCE JUN 1      3.39                      6.51  -3.12     5.50
  SINCE JAN 1     22.34                     22.40  -0.06    19.07

DEGREE DAYS
 HEATING
  TODAY            0                         0      0        0
  MONTH TO DATE   10                        12     -2       21
  SINCE JUN 1     88                       106    -18       99
  SINCE JUL 1     10                        12     -2       21

 COOLING
  TODAY            3                         5     -2       13
  MONTH TO DATE  141                       130     11      174
  SINCE JUN 1    222                       194     28      209
  SINCE JAN 1    233                       203     30      224
..................................................................


WIND (MPH)
  HIGHEST WIND SPEED    13   HIGHEST WIND DIRECTION     S (160)
  HIGHEST GUST SPEED    16   HIGHEST GUST DIRECTION     S (200)
  AVERAGE WIND SPEED     5.6


SKY COVER
  AVERAGE SKY COVER 0.8


WEATHER CONDITIONS
 THE FOLLOWING WEATHER WAS RECORDED TODAY.
  LIGHT RAIN
  FOG


RELATIVE HUMIDITY (PERCENT)
 HIGHEST    93           800 AM
 LOWEST     68           100 PM
 AVERAGE    81

..........................................................


THE AUGUSTA CLIMATE NORMALS FOR TOMORROW
                         NORMAL    RECORD    YEAR
 MAXIMUM TEMPERATURE (F)   80        97      1949
 MINIMUM TEMPERATURE (F)   60        51      1987


SUNRISE AND SUNSET
JULY 27 2017..........SUNRISE   521 AM EDT   SUNSET   809 PM EDT
JULY 28 2017..........SUNRISE   522 AM EDT   SUNSET   808 PM EDT


-  INDICATES NEGATIVE NUMBERS.
R  INDICATES RECORD WAS SET OR TIED.
MM INDICATES DATA IS MISSING.
T  INDICATES TRACE AMOUNT.




$$
