000
CDUS41 KGYX 262043
CLIAUG


CLIMATE REPORT
NATIONAL WEATHER SERVICE GRAY ME
443 PM EDT THU MAR 26 2015


...................................

...THE AUGUSTA CLIMATE SUMMARY FOR MARCH 26 2015...
VALID TODAY AS OF 0400 PM LOCAL TIME.

CLIMATE NORMAL PERIOD 1981 TO 2010
CLIMATE RECORD PERIOD 1948 TO 2015


WEATHER ITEM   OBSERVED TIME   RECORD YEAR NORMAL DEPARTURE LAST
                VALUE   (LST)  VALUE       VALUE  FROM      YEAR
                                                  NORMAL
..................................................................
TEMPERATURE (F)
 TODAY
  MAXIMUM         45    142 PM  MM      MM  44      1       31
  MINIMUM         34    202 AM  MM      MM  27      7       20
  AVERAGE         40                        35      5       26

PRECIPITATION (IN)
  TODAY            0.04         MM      MM   0.11  -0.07     0.00
  MONTH TO DATE    0.65                      2.77  -2.12     1.81
  SINCE MAR 1      0.65                      2.77  -2.12     1.81
  SINCE JAN 1      2.92                      7.81  -4.89     6.60

DEGREE DAYS
 HEATING
  TODAY           25                        30     -5       39
  MONTH TO DATE 1017                       885    132     1095
  SINCE MAR 1   1017                       885    132     1095
  SINCE JUL 1   6644                      6228    416     6601

 COOLING
  TODAY            0                         0      0        0
  MONTH TO DATE    0                         0      0        0
  SINCE MAR 1      0                         0      0        0
  SINCE JAN 1      0                         0      0        0
..................................................................


WIND (MPH)
  HIGHEST WIND SPEED    16   HIGHEST WIND DIRECTION     S (190)
  HIGHEST GUST SPEED    26   HIGHEST GUST DIRECTION     S (200)
  AVERAGE WIND SPEED     5.8


SKY COVER
  AVERAGE SKY COVER 0.9


WEATHER CONDITIONS
 THE FOLLOWING WEATHER WAS RECORDED TODAY.
  LIGHT RAIN
  FOG


RELATIVE HUMIDITY (PERCENT)
 HIGHEST    92           500 AM
 LOWEST     70           100 PM
 AVERAGE    81

..........................................................


THE AUGUSTA CLIMATE NORMALS FOR TOMORROW
                         NORMAL
 MAXIMUM TEMPERATURE (F)   44
 MINIMUM TEMPERATURE (F)   27


SUNRISE AND SUNSET
MARCH 26 2015.........SUNRISE   632 AM EDT   SUNSET   659 PM EDT
MARCH 27 2015.........SUNRISE   630 AM EDT   SUNSET   700 PM EDT


-  INDICATES NEGATIVE NUMBERS.
R  INDICATES RECORD WAS SET OR TIED.
MM INDICATES DATA IS MISSING.
T  INDICATES TRACE AMOUNT.




$$
