000
CDUS41 KGYX 252058
CLIAUG


CLIMATE REPORT
NATIONAL WEATHER SERVICE GRAY ME
458 PM EDT SAT MAR 25 2017


...................................

...THE AUGUSTA CLIMATE SUMMARY FOR MARCH 25 2017...
VALID TODAY AS OF 0400 PM LOCAL TIME.

CLIMATE NORMAL PERIOD 1981 TO 2010
CLIMATE RECORD PERIOD 1948 TO 2017


WEATHER ITEM   OBSERVED TIME   RECORD YEAR NORMAL DEPARTURE LAST
                VALUE   (LST)  VALUE       VALUE  FROM      YEAR
                                                  NORMAL
..................................................................
TEMPERATURE (F)
 TODAY
  MAXIMUM         42    259 PM  68    1987  43     -1       34
  MINIMUM         25    542 AM   5    1956  27     -2       22
  AVERAGE         34                        35     -1       28

PRECIPITATION (IN)
  TODAY            0.00          1.46 1979   0.12  -0.12     0.16
  MONTH TO DATE    3.01                      2.66   0.35     2.52
  SINCE MAR 1      3.01                      2.66   0.35     2.52
  SINCE JAN 1      9.49                      7.70   1.79     8.39

DEGREE DAYS
 HEATING
  TODAY           31                        30      1       37
  MONTH TO DATE 1003                       855    148      784
  SINCE MAR 1   1003                       855    148      784
  SINCE JUL 1   5815                      6198   -383     5463

 COOLING
  TODAY            0                         0      0        0
  MONTH TO DATE    0                         0      0        0
  SINCE MAR 1      0                         0      0        0
  SINCE JAN 1      0                         0      0        0
..................................................................


WIND (MPH)
  HIGHEST WIND SPEED    15   HIGHEST WIND DIRECTION     N (350)
  HIGHEST GUST SPEED    20   HIGHEST GUST DIRECTION     N (340)
  AVERAGE WIND SPEED     6.7


SKY COVER
  AVERAGE SKY COVER 0.4


WEATHER CONDITIONS
 THE FOLLOWING WEATHER WAS RECORDED TODAY.
  FOG
  FOG W/VISIBILITY <= 1/4 MILE


RELATIVE HUMIDITY (PERCENT)
 HIGHEST    92          1200 AM
 LOWEST     45           300 PM
 AVERAGE    69

..........................................................


THE AUGUSTA CLIMATE NORMALS FOR TOMORROW
                         NORMAL    RECORD    YEAR
 MAXIMUM TEMPERATURE (F)   44        68      1986
 MINIMUM TEMPERATURE (F)   27         3      1960


SUNRISE AND SUNSET
MARCH 25 2017.........SUNRISE   633 AM EDT   SUNSET   658 PM EDT
MARCH 26 2017.........SUNRISE   631 AM EDT   SUNSET   659 PM EDT


-  INDICATES NEGATIVE NUMBERS.
R  INDICATES RECORD WAS SET OR TIED.
MM INDICATES DATA IS MISSING.
T  INDICATES TRACE AMOUNT.




$$
