000
CDUS41 KGYX 060802
CLIAUG


CLIMATE REPORT
NATIONAL WEATHER SERVICE GRAY ME
402 AM EDT MON JUL 6 2015


...................................

...THE AUGUSTA CLIMATE SUMMARY FOR JULY 5 2015...

CLIMATE NORMAL PERIOD 1981 TO 2010
CLIMATE RECORD PERIOD 1948 TO 2015


WEATHER ITEM   OBSERVED TIME   RECORD YEAR NORMAL DEPARTURE LAST
                VALUE   (LST)  VALUE       VALUE  FROM      YEAR
                                                  NORMAL
..................................................................
TEMPERATURE (F)
 YESTERDAY
  MAXIMUM         81    410 PM  MM      MM  78      3       72
  MINIMUM         55    414 AM  MM      MM  59     -4       54
  AVERAGE         68                        69     -1       63

PRECIPITATION (IN)
  YESTERDAY        0.00         MM      MM   0.10  -0.10     1.19
  MONTH TO DATE    0.25                      0.50  -0.25     3.01
  SINCE JUN 1      5.71                      4.06   1.65     7.92
  SINCE JAN 1     15.39                     19.95  -4.56    22.04

DEGREE DAYS
 HEATING
  YESTERDAY        0                         1     -1        2
  MONTH TO DATE    4                         5     -1        2
  SINCE JUN 1    155                        99     56       78
  SINCE JUL 1      4                         5     -1        2

 COOLING
  YESTERDAY        3                         4     -1        0
  MONTH TO DATE    5                        20    -15       35
  SINCE JUN 1     38                        84    -46       94
  SINCE JAN 1     72                        93    -21       94
..................................................................


WIND (MPH)
  HIGHEST WIND SPEED    13   HIGHEST WIND DIRECTION     W (280)
  HIGHEST GUST SPEED    20   HIGHEST GUST DIRECTION    NW (310)
  AVERAGE WIND SPEED     5.0


SKY COVER
  AVERAGE SKY COVER 0.3


WEATHER CONDITIONS
 THE FOLLOWING WEATHER WAS RECORDED YESTERDAY.
  FOG
  FOG W/VISIBILITY <= 1/4 MILE
  HAZE


RELATIVE HUMIDITY (PERCENT)
 HIGHEST   100           100 AM
 LOWEST     42           400 PM
 AVERAGE    71

..........................................................


THE AUGUSTA CLIMATE NORMALS FOR TODAY
                         NORMAL
 MAXIMUM TEMPERATURE (F)   79
 MINIMUM TEMPERATURE (F)   59


SUNRISE AND SUNSET
JULY  6 2015..........SUNRISE   502 AM EDT   SUNSET   826 PM EDT
JULY  7 2015..........SUNRISE   503 AM EDT   SUNSET   825 PM EDT


-  INDICATES NEGATIVE NUMBERS.
R  INDICATES RECORD WAS SET OR TIED.
MM INDICATES DATA IS MISSING.
T  INDICATES TRACE AMOUNT.




$$
