000
CDUS41 KGYX 192152
CLIAUG


CLIMATE REPORT
NATIONAL WEATHER SERVICE GRAY ME
452 PM EST THU JAN 19 2017


...................................

...THE AUGUSTA CLIMATE SUMMARY FOR JANUARY 19 2017...
VALID TODAY AS OF 0400 PM LOCAL TIME.

CLIMATE NORMAL PERIOD 1981 TO 2010
CLIMATE RECORD PERIOD 1948 TO 2017


WEATHER ITEM   OBSERVED TIME   RECORD YEAR NORMAL DEPARTURE LAST
                VALUE   (LST)  VALUE       VALUE  FROM      YEAR
                                                  NORMAL
..................................................................
TEMPERATURE (F)
 TODAY
  MAXIMUM         37    250 PM  57    1972  27     10       17
  MINIMUM         22    715 AM -15    1976  10     12        8
  AVERAGE         30                        19     11       13

PRECIPITATION (IN)
  TODAY            0.10          0.94 1996   0.08   0.02     0.00
  MONTH TO DATE    1.49                      1.59  -0.10     2.37
  SINCE DEC 1      5.46                      4.83   0.63     6.34
  SINCE JAN 1      1.49                      1.59  -0.10     2.37

DEGREE DAYS
 HEATING
  TODAY           35                        46    -11       52
  MONTH TO DATE  766                       865    -99      774
  SINCE DEC 1   2009                      2072    -63     1703
  SINCE JUL 1   3327                      3620   -293     3081

 COOLING
  TODAY            0                         0      0        0
  MONTH TO DATE    0                         0      0        0
  SINCE DEC 1      0                         0      0        0
  SINCE JAN 1      0                         0      0        0
..................................................................


WIND (MPH)
  HIGHEST WIND SPEED     9   HIGHEST WIND DIRECTION     N (340)
  HIGHEST GUST SPEED    11   HIGHEST GUST DIRECTION     N (340)
  AVERAGE WIND SPEED     3.5


SKY COVER
  AVERAGE SKY COVER 0.9


WEATHER CONDITIONS
 THE FOLLOWING WEATHER WAS RECORDED TODAY.
  LIGHT SNOW
  FOG
  HAZE


RELATIVE HUMIDITY (PERCENT)
 HIGHEST    92           500 AM
 LOWEST     70           100 PM
 AVERAGE    81

..........................................................


THE AUGUSTA CLIMATE NORMALS FOR TOMORROW
                         NORMAL    RECORD    YEAR
 MAXIMUM TEMPERATURE (F)   27        48      2006
 MINIMUM TEMPERATURE (F)   10       -16      1971


SUNRISE AND SUNSET
JANUARY 19 2017.......SUNRISE   709 AM EST   SUNSET   431 PM EST
JANUARY 20 2017.......SUNRISE   708 AM EST   SUNSET   433 PM EST


-  INDICATES NEGATIVE NUMBERS.
R  INDICATES RECORD WAS SET OR TIED.
MM INDICATES DATA IS MISSING.
T  INDICATES TRACE AMOUNT.




$$
