000
CDUS44 KEWX 242243
CLIAUS


CLIMATE REPORT
NATIONAL WEATHER SERVICE AUSTIN/SAN ANTONIO, TX
543 PM CDT TUE MAY 24 2016


...................................

...THE AUSTIN BERGSTROM CLIMATE SUMMARY FOR MAY 24 2016...
VALID TODAY AS OF 0543 PM LOCAL TIME.

CLIMATE NORMAL PERIOD 1981 TO 2010
CLIMATE RECORD PERIOD 1943 TO 2016


WEATHER ITEM   OBSERVED TIME   RECORD YEAR NORMAL DEPARTURE LAST
                VALUE   (LST)  VALUE       VALUE  FROM      YEAR
                                                  NORMAL
..................................................................
TEMPERATURE (F)
 TODAY
  MAXIMUM         88    136 PM  99    1955  89     -1       82
  MINIMUM         74    539 AM  58    2001  66      8       62
                                      1967
  AVERAGE         81                        77      4       72

PRECIPITATION (IN)
  TODAY            T             3.88 1981   0.12  -0.12     0.63
  MONTH TO DATE    5.63                      3.12   2.51    10.23
  SINCE MAR 1     15.92                      8.17   7.75    16.62
  SINCE JAN 1     18.10                     12.68   5.42    22.36

SNOWFALL (IN)
  TODAY            0.0
  MONTH TO DATE    0.0
  SINCE MAR 1      T
  SINCE JUL 1      T
  SNOW DEPTH       0

DEGREE DAYS
 HEATING
  TODAY            0                         0      0        0
  MONTH TO DATE    3                         0      3        0
  SINCE MAR 1    146                       285   -139      265
  SINCE JUL 1   1380                      1900   -520     1979

 COOLING
  TODAY           16                        12      4        7
  MONTH TO DATE  189                       228    -39      203
  SINCE MAR 1    395                       400     -5      409
  SINCE JAN 1    418                       416      2      411
..................................................................


WIND (MPH)
  HIGHEST WIND SPEED    18   HIGHEST WIND DIRECTION    SE (150)
  HIGHEST GUST SPEED    24   HIGHEST GUST DIRECTION    SE (150)
  AVERAGE WIND SPEED    10.7


SKY COVER
  AVERAGE SKY COVER 0.8


WEATHER CONDITIONS
 THE FOLLOWING WEATHER WAS RECORDED TODAY.
  LIGHT RAIN


RELATIVE HUMIDITY (PERCENT)
 HIGHEST    94           200 AM
 LOWEST     63           200 PM
 AVERAGE    79

..........................................................


THE AUSTIN BERGSTROM CLIMATE NORMALS FOR TOMORROW
                         NORMAL    RECORD    YEAR
 MAXIMUM TEMPERATURE (F)   89       100      2011
 MINIMUM TEMPERATURE (F)   66        58      1975
                                             1971


SUNRISE AND SUNSET
MAY 24 2016...........SUNRISE   632 AM CDT   SUNSET   823 PM CDT
MAY 25 2016...........SUNRISE   632 AM CDT   SUNSET   824 PM CDT


-  INDICATES NEGATIVE NUMBERS.
R  INDICATES RECORD WAS SET OR TIED.
MM INDICATES DATA IS MISSING.
T  INDICATES TRACE AMOUNT.




$$
