000
CDUS44 KEWX 260705
CLIAUS


CLIMATE REPORT
NATIONAL WEATHER SERVICE AUSTIN/SAN ANTONIO, TX
200 AM CDT SUN OCT 26 2014


...................................

...THE AUSTIN BERGSTROM CLIMATE SUMMARY FOR OCTOBER 25 2014...

CLIMATE NORMAL PERIOD 1981 TO 2010
CLIMATE RECORD PERIOD 1943 TO 2014


WEATHER ITEM   OBSERVED TIME   RECORD YEAR NORMAL DEPARTURE LAST
                VALUE   (LST)  VALUE       VALUE  FROM      YEAR
                                                  NORMAL
..................................................................
TEMPERATURE (F)
 YESTERDAY
  MAXIMUM         88    402 PM  92    1950  80      8       79
  MINIMUM         53    614 AM  32    2005  53      0       47
  AVERAGE         71                        66      5       63

PRECIPITATION (IN)
  YESTERDAY        0.00          1.93 1975   0.14  -0.14     0.00
  MONTH TO DATE    1.77                      3.18  -1.41     6.30
  SINCE SEP 1      4.99                      5.72  -0.73    11.30
  SINCE JAN 1     20.54                     28.82  -8.28    30.52

SNOWFALL (IN)
  YESTERDAY        0.0
  MONTH TO DATE    0.0
  SINCE SEP 1      0.0
  SINCE JUL 1      0.0
  SNOW DEPTH       0

DEGREE DAYS
 HEATING
  YESTERDAY        0                         2     -2        2
  MONTH TO DATE    0                        31    -31       36
  SINCE SEP 1      1                        33    -32       36
  SINCE JUL 1      1                        33    -32       36

 COOLING
  YESTERDAY        6                         4      2        0
  MONTH TO DATE  189                       155     34      145
  SINCE SEP 1    631                       543     88      619
  SINCE JAN 1   2791                      2683    108     2958
..................................................................


WIND (MPH)
  HIGHEST WIND SPEED    12   HIGHEST WIND DIRECTION    SW (230)
  HIGHEST GUST SPEED    17   HIGHEST GUST DIRECTION    SW (210)
  AVERAGE WIND SPEED     3.7


SKY COVER
  AVERAGE SKY COVER 0.0


WEATHER CONDITIONS
 THE FOLLOWING WEATHER WAS RECORDED YESTERDAY.
  NO SIGNIFICANT WEATHER WAS OBSERVED.


RELATIVE HUMIDITY (PERCENT)
 HIGHEST   100           200 AM
 LOWEST     36           300 PM
 AVERAGE    68

..........................................................


THE AUSTIN BERGSTROM CLIMATE NORMALS FOR TODAY
                         NORMAL    RECORD    YEAR
 MAXIMUM TEMPERATURE (F)   79        98      1991
 MINIMUM TEMPERATURE (F)   53        33      2005


SUNRISE AND SUNSET
OCTOBER 26 2014.......SUNRISE   740 AM CDT   SUNSET   648 PM CDT
OCTOBER 27 2014.......SUNRISE   741 AM CDT   SUNSET   648 PM CDT


-  INDICATES NEGATIVE NUMBERS.
R  INDICATES RECORD WAS SET OR TIED.
MM INDICATES DATA IS MISSING.
T  INDICATES TRACE AMOUNT.




$$
