000
CDUS44 KEWX 192342
CLIAUS


CLIMATE REPORT
NATIONAL WEATHER SERVICE AUSTIN/SAN ANTONIO, TX
540 PM CST SUN FEB 19 2017


...................................

...THE AUSTIN BERGSTROM CLIMATE SUMMARY FOR FEBRUARY 19 2017...
VALID TODAY AS OF 0540 PM LOCAL TIME.

CLIMATE NORMAL PERIOD 1981 TO 2010
CLIMATE RECORD PERIOD 1943 TO 2017


WEATHER ITEM   OBSERVED TIME   RECORD YEAR NORMAL DEPARTURE LAST
                VALUE   (LST)  VALUE       VALUE  FROM      YEAR
                                                  NORMAL
..................................................................
TEMPERATURE (F)
 TODAY
  MAXIMUM         81    322 PM  92    1986  66     15       81
  MINIMUM         68   1215 AM  23    1978  40     28       64
  AVERAGE         75                        53     22       73

PRECIPITATION (IN)
  TODAY            T             0.48 1967   0.08  -0.08     0.00
  MONTH TO DATE    1.28                      1.54  -0.26      T
  SINCE DEC 1      9.04                      5.95   3.09     3.33
  SINCE JAN 1      5.93                      3.74   2.19     1.04

SNOWFALL (IN)
  TODAY            0.0
  MONTH TO DATE    0.0
  SINCE DEC 1      0.0
  SINCE JUL 1      0.0
  SNOW DEPTH       0

DEGREE DAYS
 HEATING
  TODAY            0                        13    -13        0
  MONTH TO DATE   91                       268   -177      195
  SINCE DEC 1    755                      1225   -470      989
  SINCE JUL 1    849                      1510   -661     1167

 COOLING
  TODAY           10                         0     10        8
  MONTH TO DATE   65                         0     65        8
  SINCE DEC 1    129                        15    114       27
  SINCE JAN 1     87                         5     82        8
..................................................................


WIND (MPH)
  HIGHEST WIND SPEED    25   HIGHEST WIND DIRECTION    SE (150)
  HIGHEST GUST SPEED    32   HIGHEST GUST DIRECTION    SE (150)
  AVERAGE WIND SPEED    12.0


SKY COVER
  AVERAGE SKY COVER 1.0


WEATHER CONDITIONS
 THE FOLLOWING WEATHER WAS RECORDED TODAY.
  FOG
  HAZE


RELATIVE HUMIDITY (PERCENT)
 HIGHEST    97           800 AM
 LOWEST     62           200 PM
 AVERAGE    80

..........................................................


THE AUSTIN BERGSTROM CLIMATE NORMALS FOR TOMORROW
                         NORMAL    RECORD    YEAR
 MAXIMUM TEMPERATURE (F)   66        94      1986
 MINIMUM TEMPERATURE (F)   40        29      2009


SUNRISE AND SUNSET
FEBRUARY 19 2017......SUNRISE   707 AM CST   SUNSET   623 PM CST
FEBRUARY 20 2017......SUNRISE   706 AM CST   SUNSET   623 PM CST


-  INDICATES NEGATIVE NUMBERS.
R  INDICATES RECORD WAS SET OR TIED.
MM INDICATES DATA IS MISSING.
T  INDICATES TRACE AMOUNT.




$$
