000
CDUS44 KEWX 010706
CLIAUS


CLIMATE REPORT
NATIONAL WEATHER SERVICE AUSTIN/SAN ANTONIO, TX
203 AM CDT SUN MAY 1 2016


...................................

...THE AUSTIN BERGSTROM CLIMATE SUMMARY FOR APRIL 30 2016...

CLIMATE NORMAL PERIOD 1981 TO 2010
CLIMATE RECORD PERIOD 1943 TO 2016


WEATHER ITEM   OBSERVED TIME   RECORD YEAR NORMAL DEPARTURE LAST
                VALUE   (LST)  VALUE       VALUE  FROM      YEAR
                                                  NORMAL
..................................................................
TEMPERATURE (F)
 YESTERDAY
  MAXIMUM         85    442 PM  93    2002  83      2       80
  MINIMUM         62    449 AM  44    2015  59      3       44
                                      2008
  AVERAGE         74                        71      3       62

PRECIPITATION (IN)
  YESTERDAY        1.10R         1.00 1954   0.10   1.00     0.00
  MONTH TO DATE    6.48                      2.27   4.21     2.35
  SINCE MAR 1     10.29                      5.05   5.24     6.39
  SINCE JAN 1     12.47                      9.56   2.91    12.13

SNOWFALL (IN)
  YESTERDAY        0.0
  MONTH TO DATE    0.0
  SINCE MAR 1      0.0
  SINCE JUL 1      T
  SNOW DEPTH       0

DEGREE DAYS
 HEATING
  YESTERDAY        0                         1     -1        3
  MONTH TO DATE   35                        64    -29       25
  SINCE MAR 1    143                       285   -142      265
  SINCE JUL 1   1377                      1900   -523     1979

 COOLING
  YESTERDAY        9                         7      2        0
  MONTH TO DATE  134                       130      4      168
  SINCE MAR 1    206                       172     34      206
  SINCE JAN 1    229                       188     41      208
..................................................................


WIND (MPH)
  HIGHEST WIND SPEED    40   HIGHEST WIND DIRECTION     W (270)
  HIGHEST GUST SPEED    60   HIGHEST GUST DIRECTION     W (280)
  AVERAGE WIND SPEED     6.7


SKY COVER
  AVERAGE SKY COVER 0.4


WEATHER CONDITIONS
 THE FOLLOWING WEATHER WAS RECORDED YESTERDAY.
  THUNDERSTORM
  HEAVY RAIN
  RAIN
  LIGHT RAIN
  HAIL
  FOG


RELATIVE HUMIDITY (PERCENT)
 HIGHEST   100           600 AM
 LOWEST     58           200 PM
 AVERAGE    79

..........................................................


THE AUSTIN BERGSTROM CLIMATE NORMALS FOR TODAY
                         NORMAL    RECORD    YEAR
 MAXIMUM TEMPERATURE (F)   83        95      2011
                                             2002
 MINIMUM TEMPERATURE (F)   59        42      2005


SUNRISE AND SUNSET
MAY  1 2016...........SUNRISE   647 AM CDT   SUNSET   809 PM CDT
MAY  2 2016...........SUNRISE   646 AM CDT   SUNSET   809 PM CDT


-  INDICATES NEGATIVE NUMBERS.
R  INDICATES RECORD WAS SET OR TIED.
MM INDICATES DATA IS MISSING.
T  INDICATES TRACE AMOUNT.




$$
