000
CDUS44 KEWX 010752
CLIAUS


CLIMATE REPORT
NATIONAL WEATHER SERVICE AUSTIN/SAN ANTONIO, TX
252 AM CDT SAT OCT 1 2016


...................................

...THE AUSTIN BERGSTROM CLIMATE SUMMARY FOR SEPTEMBER 30 2016...

CLIMATE NORMAL PERIOD 1981 TO 2010
CLIMATE RECORD PERIOD 1943 TO 2016


WEATHER ITEM   OBSERVED TIME   RECORD YEAR NORMAL DEPARTURE LAST
                VALUE   (LST)  VALUE       VALUE  FROM      YEAR
                                                  NORMAL
..................................................................
TEMPERATURE (F)
 YESTERDAY
  MAXIMUM         81    410 PM  97    1953  87     -6       93
  MINIMUM         53    636 AM  46    1999  61     -8       66
  AVERAGE         67                        74     -7       80

PRECIPITATION (IN)
  YESTERDAY        0.00          1.39 1988   0.07  -0.07     0.00
  MONTH TO DATE    3.17                      2.54   0.63     3.65
  SINCE SEP 1      3.17                      2.54   0.63     3.65
  SINCE JAN 1     48.05                     25.25  22.80    33.18

SNOWFALL (IN)
  YESTERDAY        0.0
  MONTH TO DATE    0.0
  SINCE SEP 1      0.0
  SINCE JUL 1      0.0
  SNOW DEPTH       0

DEGREE DAYS
 HEATING
  YESTERDAY        0                         0      0        0
  MONTH TO DATE    0                         0      0        0
  SINCE SEP 1      0                         2     -2        0
  SINCE JUL 1      0                         2     -2        0

 COOLING
  YESTERDAY        2                         9     -7       15
  MONTH TO DATE  471                       388     83      473
  SINCE SEP 1    471                       388     83      473
  SINCE JAN 1   2728                      2528    200     2568
..................................................................


WIND (MPH)
  HIGHEST WIND SPEED    10   HIGHEST WIND DIRECTION    NE (50)
  HIGHEST GUST SPEED    14   HIGHEST GUST DIRECTION    NE (50)
  AVERAGE WIND SPEED     2.9


SKY COVER
  AVERAGE SKY COVER 0.3


WEATHER CONDITIONS
 THE FOLLOWING WEATHER WAS RECORDED YESTERDAY.
  NO SIGNIFICANT WEATHER WAS OBSERVED.


RELATIVE HUMIDITY (PERCENT)
 HIGHEST    93           400 AM
 LOWEST     35           300 PM
 AVERAGE    64

..........................................................


THE AUSTIN BERGSTROM CLIMATE NORMALS FOR TODAY
                         NORMAL    RECORD    YEAR
 MAXIMUM TEMPERATURE (F)   86        98      2005
 MINIMUM TEMPERATURE (F)   61        45      1972


SUNRISE AND SUNSET
OCTOBER  1 2016.......SUNRISE   724 AM CDT   SUNSET   715 PM CDT
OCTOBER  2 2016.......SUNRISE   725 AM CDT   SUNSET   714 PM CDT


-  INDICATES NEGATIVE NUMBERS.
R  INDICATES RECORD WAS SET OR TIED.
MM INDICATES DATA IS MISSING.
T  INDICATES TRACE AMOUNT.




$$
