000
CDUS44 KEWX 240818
CLIAUS


CLIMATE REPORT
NATIONAL WEATHER SERVICE AUSTIN/SAN ANTONIO, TX
218 AM CST TUE JAN 24 2017


...................................

...THE AUSTIN BERGSTROM CLIMATE SUMMARY FOR JANUARY 23 2017...

CLIMATE NORMAL PERIOD 1981 TO 2010
CLIMATE RECORD PERIOD 1943 TO 2017


WEATHER ITEM   OBSERVED TIME   RECORD YEAR NORMAL DEPARTURE LAST
                VALUE   (LST)  VALUE       VALUE  FROM      YEAR
                                                  NORMAL
..................................................................
TEMPERATURE (F)
 YESTERDAY
  MAXIMUM         76    423 PM  89    1972  62     14       58
  MINIMUM         40    536 AM  18    1963  37      3       25
  AVERAGE         58                        49      9       42

PRECIPITATION (IN)
  YESTERDAY        0.00          1.32 1958   0.07  -0.07     0.00
  MONTH TO DATE    4.65                      1.69   2.96     0.88
  SINCE DEC 1      7.76                      3.90   3.86     3.17
  SINCE JAN 1      4.65                      1.69   2.96     0.88

SNOWFALL (IN)
  YESTERDAY        0.0
  MONTH TO DATE    0.0
  SINCE DEC 1      0.0
  SINCE JUL 1      0.0
  SNOW DEPTH       0

DEGREE DAYS
 HEATING
  YESTERDAY        7                        16     -9       23
  MONTH TO DATE  214                       368   -154      387
  SINCE DEC 1    566                       830   -264      704
  SINCE JUL 1    660                      1115   -455      882

 COOLING
  YESTERDAY        0                         0      0        0
  MONTH TO DATE   22                         0     22        0
  SINCE DEC 1     64                        10     54       19
  SINCE JAN 1     22                         0     22        0
..................................................................


WIND (MPH)
  HIGHEST WIND SPEED    17   HIGHEST WIND DIRECTION     S (200)
  HIGHEST GUST SPEED    22   HIGHEST GUST DIRECTION     S (190)
  AVERAGE WIND SPEED     7.1


SKY COVER
  AVERAGE SKY COVER 0.0


WEATHER CONDITIONS
 THE FOLLOWING WEATHER WAS RECORDED YESTERDAY.
  NO SIGNIFICANT WEATHER WAS OBSERVED.


RELATIVE HUMIDITY (PERCENT)
 HIGHEST    70           400 AM
 LOWEST     21           300 PM
 AVERAGE    46

..........................................................


THE AUSTIN BERGSTROM CLIMATE NORMALS FOR TODAY
                         NORMAL    RECORD    YEAR
 MAXIMUM TEMPERATURE (F)   62        82      1950
 MINIMUM TEMPERATURE (F)   37        14      1963


SUNRISE AND SUNSET
JANUARY 24 2017.......SUNRISE   725 AM CST   SUNSET   601 PM CST
JANUARY 25 2017.......SUNRISE   725 AM CST   SUNSET   602 PM CST


-  INDICATES NEGATIVE NUMBERS.
R  INDICATES RECORD WAS SET OR TIED.
MM INDICATES DATA IS MISSING.
T  INDICATES TRACE AMOUNT.




$$
