000
CDUS44 KEWX 250723
CLIAUS


CLIMATE REPORT
NATIONAL WEATHER SERVICE AUSTIN/SAN ANTONIO, TX
221 AM CDT SUN JUN 25 2017


...................................

...THE AUSTIN BERGSTROM CLIMATE SUMMARY FOR JUNE 24 2017...

CLIMATE NORMAL PERIOD 1981 TO 2010
CLIMATE RECORD PERIOD 1943 TO 2017


WEATHER ITEM   OBSERVED TIME   RECORD YEAR NORMAL DEPARTURE LAST
                VALUE   (LST)  VALUE       VALUE  FROM      YEAR
                                                  NORMAL
..................................................................
TEMPERATURE (F)
 YESTERDAY
  MAXIMUM         85    235 PM 104    2009  93     -8       94
  MINIMUM         73   1047 PM  65    2005  71      2       72
                                      2002
  AVERAGE         79                        82     -3       83

PRECIPITATION (IN)
  YESTERDAY        0.06          3.49 1960   0.16  -0.10     0.00
  MONTH TO DATE    1.99                      3.66  -1.67     2.05
  SINCE JUN 1      1.99                      3.66  -1.67     2.05
  SINCE JAN 1     16.77                     17.27  -0.50    30.34

SNOWFALL (IN)
  YESTERDAY        0.0
  MONTH TO DATE    0.0
  SINCE JUN 1      0.0
  SINCE JUL 1      T
  SNOW DEPTH       0

DEGREE DAYS
 HEATING
  YESTERDAY        0                         0      0        0
  MONTH TO DATE    0                         0      0        0
  SINCE JUN 1      0                         0      0        0
  SINCE JUL 1    960                      1903   -943     1380

 COOLING
  YESTERDAY       14                        17     -3       18
  MONTH TO DATE  446                       378     68      406
  SINCE JUN 1    446                       378     68      406
  SINCE JAN 1   1231                       885    346      910
..................................................................


WIND (MPH)
  HIGHEST WIND SPEED    21   HIGHEST WIND DIRECTION     N (20)
  HIGHEST GUST SPEED    25   HIGHEST GUST DIRECTION     N (10)
  AVERAGE WIND SPEED     7.9


SKY COVER
  AVERAGE SKY COVER 0.7


WEATHER CONDITIONS
 THE FOLLOWING WEATHER WAS RECORDED YESTERDAY.
  THUNDERSTORM
  HEAVY RAIN
  RAIN
  LIGHT RAIN
  FOG
  HAZE


RELATIVE HUMIDITY (PERCENT)
 HIGHEST    91           200 AM
 LOWEST     59           300 PM
 AVERAGE    75

..........................................................


THE AUSTIN BERGSTROM CLIMATE NORMALS FOR TODAY
                         NORMAL    RECORD    YEAR
 MAXIMUM TEMPERATURE (F)   93       107      2009
 MINIMUM TEMPERATURE (F)   71        62      1974


SUNRISE AND SUNSET
JUNE 25 2017..........SUNRISE   631 AM CDT   SUNSET   836 PM CDT
JUNE 26 2017..........SUNRISE   631 AM CDT   SUNSET   836 PM CDT


-  INDICATES NEGATIVE NUMBERS.
R  INDICATES RECORD WAS SET OR TIED.
MM INDICATES DATA IS MISSING.
T  INDICATES TRACE AMOUNT.




$$
