000
CDUS44 KEWX 290734
CLIAUS


CLIMATE REPORT
NATIONAL WEATHER SERVICE AUSTIN/SAN ANTONIO, TX
234 AM CDT SAT AUG 29 2015


...................................

...THE AUSTIN BERGSTROM CLIMATE SUMMARY FOR AUGUST 28 2015...

CLIMATE NORMAL PERIOD 1981 TO 2010
CLIMATE RECORD PERIOD 1943 TO 2015


WEATHER ITEM   OBSERVED TIME   RECORD YEAR NORMAL DEPARTURE LAST
                VALUE   (LST)  VALUE       VALUE  FROM      YEAR
                                                  NORMAL
..................................................................
TEMPERATURE (F)
 YESTERDAY
  MAXIMUM         96    419 PM 110    2011  95      1       97
  MINIMUM         64    627 AM  61    2010  70     -6       70
  AVERAGE         80                        82     -2       84

PRECIPITATION (IN)
  YESTERDAY        0.00          1.41 1974   0.09  -0.09     0.00
  MONTH TO DATE    0.63                      1.73  -1.10      T
  SINCE JUN 1      3.85                      8.80  -4.95     3.73
  SINCE JAN 1     29.42                     22.41   7.01    15.55

SNOWFALL (IN)
  YESTERDAY        0.0
  MONTH TO DATE    0.0
  SINCE JUN 1      0.0
  SINCE JUL 1      0.0
  SNOW DEPTH       0

DEGREE DAYS
 HEATING
  YESTERDAY        0                         0      0        0
  MONTH TO DATE    0                         0      0        0
  SINCE JUN 1      0                         0      0        0
  SINCE JUL 1      0                         0      0        0

 COOLING
  YESTERDAY       15                        17     -2       19
  MONTH TO DATE  556                       524     32      582
  SINCE JUN 1   1554                      1577    -23     1647
  SINCE JAN 1   2047                      2084    -37     2102
..................................................................


WIND (MPH)
  HIGHEST WIND SPEED    14   HIGHEST WIND DIRECTION    SE (150)
  HIGHEST GUST SPEED    18   HIGHEST GUST DIRECTION    SW (220)
  AVERAGE WIND SPEED     5.1


SKY COVER
  AVERAGE SKY COVER 0.2


WEATHER CONDITIONS
 THE FOLLOWING WEATHER WAS RECORDED YESTERDAY.
  NO SIGNIFICANT WEATHER WAS OBSERVED.


RELATIVE HUMIDITY (PERCENT)
 HIGHEST    93           400 AM
 LOWEST     26           400 PM
 AVERAGE    60

..........................................................


THE AUSTIN BERGSTROM CLIMATE NORMALS FOR TODAY
                         NORMAL    RECORD    YEAR
 MAXIMUM TEMPERATURE (F)   95       108      2011
 MINIMUM TEMPERATURE (F)   70        62      1992


SUNRISE AND SUNSET
AUGUST 29 2015........SUNRISE   706 AM CDT   SUNSET   757 PM CDT
AUGUST 30 2015........SUNRISE   706 AM CDT   SUNSET   756 PM CDT


-  INDICATES NEGATIVE NUMBERS.
R  INDICATES RECORD WAS SET OR TIED.
MM INDICATES DATA IS MISSING.
T  INDICATES TRACE AMOUNT.




$$
