000
CDUS44 KEWX 272255
CLIAUS


CLIMATE REPORT
NATIONAL WEATHER SERVICE AUSTIN/SAN ANTONIO, TX
554 PM CDT MON MAR 27 2017


...................................

...THE AUSTIN BERGSTROM CLIMATE SUMMARY FOR MARCH 27 2017...
VALID TODAY AS OF 550 PM LOCAL TIME.

CLIMATE NORMAL PERIOD 1981 TO 2010
CLIMATE RECORD PERIOD 1943 TO 2017


WEATHER ITEM   OBSERVED TIME   RECORD YEAR NORMAL DEPARTURE LAST
                VALUE   (LST)  VALUE       VALUE  FROM      YEAR
                                                  NORMAL
..................................................................
TEMPERATURE (F)
 TODAY
  MAXIMUM         84    321 PM  96    1984  75      9       73
  MINIMUM         68    656 AM  30    2013  50     18       50
  AVERAGE         76                        62     14       62

PRECIPITATION (IN)
  TODAY            0.00          2.55 1980   0.08  -0.08     0.01
  MONTH TO DATE    2.02                      2.49  -0.47     3.77
  SINCE MAR 1      2.02                      2.49  -0.47     3.77
  SINCE JAN 1      9.33                      7.00   2.33     5.95

SNOWFALL (IN)
  TODAY            0.0
  MONTH TO DATE    0.0
  SINCE MAR 1      0.0
  SINCE JUL 1      0.0
  SNOW DEPTH       0

DEGREE DAYS
 HEATING
  TODAY            0                         5     -5        3
  MONTH TO DATE   73                       206   -133       99
  SINCE MAR 1     73                       206   -133       99
  SINCE JUL 1    947                      1821   -874     1333

 COOLING
  TODAY           11                         2      9        0
  MONTH TO DATE  127                        33     94       58
  SINCE MAR 1    127                        33     94       58
  SINCE JAN 1    236                        49    187       81
..................................................................


WIND (MPH)
  HIGHEST WIND SPEED    17   HIGHEST WIND DIRECTION     S (180)
  HIGHEST GUST SPEED    22   HIGHEST GUST DIRECTION     S (180)
  AVERAGE WIND SPEED     7.1


SKY COVER
  AVERAGE SKY COVER 0.8


WEATHER CONDITIONS
 THE FOLLOWING WEATHER WAS RECORDED TODAY.
  NO SIGNIFICANT WEATHER WAS OBSERVED.


RELATIVE HUMIDITY (PERCENT)
 HIGHEST    93           700 AM
 LOWEST     58           100 PM
 AVERAGE    76

..........................................................


THE AUSTIN BERGSTROM CLIMATE NORMALS FOR TOMORROW
                         NORMAL    RECORD    YEAR
 MAXIMUM TEMPERATURE (F)   75        97      1971
 MINIMUM TEMPERATURE (F)   50        28      1955


SUNRISE AND SUNSET
MARCH 27 2017.........SUNRISE   726 AM CDT   SUNSET   747 PM CDT
MARCH 28 2017.........SUNRISE   724 AM CDT   SUNSET   747 PM CDT


-  INDICATES NEGATIVE NUMBERS.
R  INDICATES RECORD WAS SET OR TIED.
MM INDICATES DATA IS MISSING.
T  INDICATES TRACE AMOUNT.




$$
