000
CDUS44 KEWX 240717
CLIAUS


CLIMATE REPORT
NATIONAL WEATHER SERVICE AUSTIN/SAN ANTONIO, TX
116 AM CST MON NOV 24 2014


...................................

...THE AUSTIN BERGSTROM CLIMATE SUMMARY FOR NOVEMBER 23 2014...

CLIMATE NORMAL PERIOD 1981 TO 2010
CLIMATE RECORD PERIOD 1943 TO 2014


WEATHER ITEM   OBSERVED TIME   RECORD YEAR NORMAL DEPARTURE LAST
                VALUE   (LST)  VALUE       VALUE  FROM      YEAR
                                                  NORMAL
..................................................................
TEMPERATURE (F)
 YESTERDAY
  MAXIMUM         82    302 PM  87    2005  69     13       43
  MINIMUM         52    602 AM  28    1975  43      9       37
  AVERAGE         67                        56     11       40

PRECIPITATION (IN)
  YESTERDAY        0.00          8.70 1974   0.08  -0.08     0.03
  MONTH TO DATE    6.64                      2.33   4.31     1.04
  SINCE SEP 1     11.80                      9.19   2.61    15.84
  SINCE JAN 1     27.35                     32.29  -4.94    35.06

SNOWFALL (IN)
  YESTERDAY        0.0
  MONTH TO DATE    0.0
  SINCE SEP 1      0.0
  SINCE JUL 1      0.0
  SNOW DEPTH       0

DEGREE DAYS
 HEATING
  YESTERDAY        0                        10    -10       25
  MONTH TO DATE  273                       155    118      140
  SINCE SEP 1    275                       206     69      176
  SINCE JUL 1    275                       206     69      176

 COOLING
  YESTERDAY        2                         1      1        0
  MONTH TO DATE   10                        33    -23       37
  SINCE SEP 1    664                       596     68      701
  SINCE JAN 1   2824                      2736     88     3040
..................................................................


WIND (MPH)
  HIGHEST WIND SPEED    24   HIGHEST WIND DIRECTION    NW (330)
  HIGHEST GUST SPEED    33   HIGHEST GUST DIRECTION    NW (330)
  AVERAGE WIND SPEED    10.1


SKY COVER
  AVERAGE SKY COVER 0.2


WEATHER CONDITIONS
 THE FOLLOWING WEATHER WAS RECORDED YESTERDAY.
  NO SIGNIFICANT WEATHER WAS OBSERVED.


RELATIVE HUMIDITY (PERCENT)
 HIGHEST   100           200 AM
 LOWEST     23           200 PM
 AVERAGE    62

..........................................................


THE AUSTIN BERGSTROM CLIMATE NORMALS FOR TODAY
                         NORMAL    RECORD    YEAR
 MAXIMUM TEMPERATURE (F)   68        87      2010
 MINIMUM TEMPERATURE (F)   42        26      2003


SUNRISE AND SUNSET
NOVEMBER 24 2014......SUNRISE   704 AM CST   SUNSET   531 PM CST
NOVEMBER 25 2014......SUNRISE   704 AM CST   SUNSET   531 PM CST


-  INDICATES NEGATIVE NUMBERS.
R  INDICATES RECORD WAS SET OR TIED.
MM INDICATES DATA IS MISSING.
T  INDICATES TRACE AMOUNT.




$$
