000
CDUS43 KGRB 312146
CLIAUW


CLIMATE REPORT
NATIONAL WEATHER SERVICE GREEN BAY
446 PM CDT FRI JUL 31 2015


...................................

...THE WAUSAU WI CLIMATE SUMMARY FOR JULY 31 2015...
VALID TODAY AS OF 0400 PM LOCAL TIME.

CLIMATE NORMAL PERIOD 1981 TO 2010
CLIMATE RECORD PERIOD 1896 TO 2015


WEATHER ITEM   OBSERVED TIME   RECORD YEAR NORMAL DEPARTURE LAST
                VALUE   (LST)  VALUE       VALUE  FROM      YEAR
                                                  NORMAL
..................................................................
TEMPERATURE (F)
 TODAY
  MAXIMUM         81    250 PM  98    2006  80      1       80
  MINIMUM         64    606 AM  45    1962  59      5       56
                                      1952
                                      1902
  AVERAGE         73                        69      4       68

PRECIPITATION (IN)
  TODAY            0.00          1.99 1955   0.13  -0.13     0.04
  MONTH TO DATE    3.08                      3.83  -0.75     2.60
  SINCE JUN 1      7.64                      8.14  -0.50     8.11
  SINCE JAN 1     18.37                     18.05   0.32    19.55

SNOWFALL (IN)
  TODAY            0.0           0.0    MM   0.0             0.0
  MONTH TO DATE    0.0                       0.0             0.0
  SINCE JUN 1      0.0                       0.0             0.0
  SINCE JUL 1      0.0                       0.0             0.0
  SNOW DEPTH       0

DEGREE DAYS
 HEATING
  TODAY            0                         1     -1        0
  MONTH TO DATE   18                        31    -13       39
  SINCE JUN 1     79                       112    -33       61
  SINCE JUL 1     18                        23     -5       39

 COOLING
  TODAY            8                         5      3        3
  MONTH TO DATE  165                       156      9       84
  SINCE JAN 1    230                       260    -30      219
..................................................................


WIND (MPH)
  HIGHEST WIND SPEED    24   HIGHEST WIND DIRECTION    NW (310)
  HIGHEST GUST SPEED    34   HIGHEST GUST DIRECTION     W (280)
  AVERAGE WIND SPEED    14.1


SKY COVER
  POSSIBLE SUNSHINE  MM
  AVERAGE SKY COVER 0.2


WEATHER CONDITIONS
 THE FOLLOWING WEATHER WAS RECORDED TODAY.
  NO SIGNIFICANT WEATHER WAS OBSERVED.


RELATIVE HUMIDITY (PERCENT)
 HIGHEST    78           300 AM
 LOWEST     35           100 PM
 AVERAGE    57

..........................................................


THE WAUSAU WI CLIMATE NORMALS FOR TOMORROW
                         NORMAL    RECORD    YEAR
 MAXIMUM TEMPERATURE (F)   80        98      1988
 MINIMUM TEMPERATURE (F)   59        38      1903


SUNRISE AND SUNSET
JULY 31 2015..........SUNRISE   543 AM CDT   SUNSET   826 PM CDT
AUGUST  1 2015........SUNRISE   544 AM CDT   SUNSET   825 PM CDT


-  INDICATES NEGATIVE NUMBERS.
R  INDICATES RECORD WAS SET OR TIED.
MM INDICATES DATA IS MISSING.
T  INDICATES TRACE AMOUNT.




$$
