000
CDUS43 KGRB 300713
CLIAUW


CLIMATE REPORT
NATIONAL WEATHER SERVICE GREEN BAY
211 AM CDT SAT MAY 30 2015


...................................

...THE WAUSAU WI CLIMATE SUMMARY FOR MAY 29 2015...

CLIMATE NORMAL PERIOD 1981 TO 2010
CLIMATE RECORD PERIOD 1896 TO 2015


WEATHER ITEM   OBSERVED TIME   RECORD YEAR NORMAL DEPARTURE LAST
                VALUE   (LST)  VALUE       VALUE  FROM      YEAR
                                                  NORMAL
..................................................................
TEMPERATURE (F)
 YESTERDAY
  MAXIMUM         77    218 PM  90    2006  71      6       82
  MINIMUM         60   1159 PM  31    1965  48     12       49
                                      1947
  AVERAGE         69                        60      9

PRECIPITATION (IN)
  YESTERDAY        0.71          2.43 1942   0.13   0.58     0.00
  MONTH TO DATE    5.98                      3.22   2.76     3.48
  SINCE MAR 1      9.95                      7.71   2.24     8.50
  SINCE JAN 1     10.70                      9.65   1.05    11.44

SNOWFALL (IN)
  YESTERDAY        0.0           0.0    MM   0.0    0.0      0.0
  MONTH TO DATE    T                         0.2   -0.2      0.0
  SINCE JUL 1     53.7                      59.6   -5.9     84.3
  SNOW DEPTH       0

DEGREE DAYS
 HEATING
  YESTERDAY        0                         6     -6        0
  MONTH TO DATE  213                       296    -83      276
  SINCE MAR 1   1814                      2012   -198     2371
  SINCE JUL 1   8394                      8148    246     9318

 COOLING
  YESTERDAY        4                         1      3        1
  MONTH TO DATE   18                        12      6       16
  SINCE MAR 1     18                        14      4       16
  SINCE JAN 1     18                        14      4       16
..................................................................


WIND (MPH)
  HIGHEST WIND SPEED    17   HIGHEST WIND DIRECTION    NW (330)
  HIGHEST GUST SPEED    26   HIGHEST GUST DIRECTION    NW (320)
  AVERAGE WIND SPEED     7.3


SKY COVER
  POSSIBLE SUNSHINE  MM
  AVERAGE SKY COVER 0.8


WEATHER CONDITIONS
 THE FOLLOWING WEATHER WAS RECORDED YESTERDAY.
  THUNDERSTORM
  HEAVY RAIN
  RAIN
  LIGHT RAIN
  FOG


RELATIVE HUMIDITY (PERCENT)
 HIGHEST   100          1100 PM
 LOWEST     64          1200 PM
 AVERAGE    82

..........................................................


THE WAUSAU WI CLIMATE NORMALS FOR TODAY
                         NORMAL    RECORD    YEAR
 MAXIMUM TEMPERATURE (F)   71        94      1939
 MINIMUM TEMPERATURE (F)   49        32      2001


SUNRISE AND SUNSET
MAY 30 2015...........SUNRISE   517 AM CDT   SUNSET   836 PM CDT
MAY 31 2015...........SUNRISE   516 AM CDT   SUNSET   837 PM CDT


-  INDICATES NEGATIVE NUMBERS.
R  INDICATES RECORD WAS SET OR TIED.
MM INDICATES DATA IS MISSING.
T  INDICATES TRACE AMOUNT.

$$
