000
CDUS43 KGRB 192230
CLIAUW


CLIMATE REPORT
NATIONAL WEATHER SERVICE GREEN BAY
429 PM CST MON FEB 19 2018


...................................

...THE WAUSAU WI CLIMATE SUMMARY FOR FEBRUARY 19 2018...
VALID TODAY AS OF 0400 PM LOCAL TIME.

CLIMATE NORMAL PERIOD 1981 TO 2010
CLIMATE RECORD PERIOD 1896 TO 2018


WEATHER ITEM   OBSERVED TIME   RECORD YEAR NORMAL DEPARTURE LAST
                VALUE   (LST)  VALUE       VALUE  FROM      YEAR
                                                  NORMAL
..................................................................
TEMPERATURE (F)
 TODAY
  MAXIMUM         31   1142 AM  57    2017  29      2       57
  MINIMUM         18    609 AM -25    1929  11      7       29
  AVERAGE         25                        20      5       43

PRECIPITATION (IN)
  TODAY           MM             1.20 1898   0.03  MM        0.00
  MONTH TO DATE    0.28                      0.57  -0.29     0.08
  SINCE DEC 1      2.68                      2.95  -0.27     5.08
  SINCE JAN 1      1.52                      1.59  -0.07     2.42

SNOWFALL (IN)
  TODAY           MM            12.0  1898   0.3   MM        0.0
  MONTH TO DATE    5.5                       6.4   -0.9      0.4
  SINCE DEC 1     28.3                      33.8   -5.5     43.4
  SINCE JUL 1     36.6                      42.1   -5.5     46.5
  SNOW DEPTH      MM

DEGREE DAYS
 HEATING
  TODAY           40                        45     -5       22
  MONTH TO DATE 1022                       898    124      802
  SINCE DEC 1   4054                      3889    165     3672
  SINCE JUL 1   5739                      5748     -9     4950

 COOLING
  TODAY            0                         0      0        0
  MONTH TO DATE    0                         0      0        0
  SINCE JAN 1      0                         0      0        0
..................................................................


WIND (MPH)
  HIGHEST WIND SPEED    18   HIGHEST WIND DIRECTION     E (70)
  HIGHEST GUST SPEED    24   HIGHEST GUST DIRECTION     E (70)
  AVERAGE WIND SPEED     6.0


SKY COVER
  POSSIBLE SUNSHINE  MM
  AVERAGE SKY COVER 0.7


WEATHER CONDITIONS
 THE FOLLOWING WEATHER WAS RECORDED TODAY.
  LT FREEZING RAIN
  LIGHT SNOW
  FOG
  HAZE


RELATIVE HUMIDITY (PERCENT)
 HIGHEST   100           500 AM
 LOWEST     75           300 PM
 AVERAGE    88

..........................................................


THE WAUSAU WI CLIMATE NORMALS FOR TOMORROW
                         NORMAL    RECORD    YEAR
 MAXIMUM TEMPERATURE (F)   30        53      1930
 MINIMUM TEMPERATURE (F)   12       -27      1929


SUNRISE AND SUNSET
FEBRUARY 19 2018......SUNRISE   653 AM CST   SUNSET   532 PM CST
FEBRUARY 20 2018......SUNRISE   651 AM CST   SUNSET   534 PM CST


-  INDICATES NEGATIVE NUMBERS.
R  INDICATES RECORD WAS SET OR TIED.
MM INDICATES DATA IS MISSING.
T  INDICATES TRACE AMOUNT.




$$
