000
CDUS43 KGRB 270718
CLIAUW


CLIMATE REPORT
NATIONAL WEATHER SERVICE GREEN BAY
216 AM CDT SAT MAY 27 2017


...................................

...THE WAUSAU WI CLIMATE SUMMARY FOR MAY 26 2017...

CLIMATE NORMAL PERIOD 1981 TO 2010
CLIMATE RECORD PERIOD 1896 TO 2017


WEATHER ITEM   OBSERVED TIME   RECORD YEAR NORMAL DEPARTURE LAST
                VALUE   (LST)  VALUE       VALUE  FROM      YEAR
                                                  NORMAL
..................................................................
TEMPERATURE (F)
 YESTERDAY
  MAXIMUM         72    219 PM  91    1967  70      2       80
  MINIMUM         54   1121 PM  30    1905  47      7       61
  AVERAGE         63                        59      4

PRECIPITATION (IN)
  YESTERDAY        T             1.84 2015   0.11  -0.11     0.17
  MONTH TO DATE    3.44                      2.84   0.60     1.89
  SINCE MAR 1     11.41                      7.33   4.08     9.23
  SINCE JAN 1     15.35                      9.27   6.08    10.66

SNOWFALL (IN)
  YESTERDAY        0.0           T    1906   0.0    0.0      0.0
  MONTH TO DATE    0.0                       0.2   -0.2       T
  SINCE JUL 1     60.5                      59.6    0.9     43.4
  SNOW DEPTH       0

DEGREE DAYS
 HEATING
  YESTERDAY        2                         7     -5        0
  MONTH TO DATE  314                       276     38      237
  SINCE MAR 1   1959                      1992    -33     1660
  SINCE JUL 1   7185                      8128   -943     6783

 COOLING
  YESTERDAY        0                         1     -1        6
  MONTH TO DATE    1                         9     -8       29
  SINCE MAR 1      1                        11    -10       31
  SINCE JAN 1      1                        11    -10       31
..................................................................


WIND (MPH)
  HIGHEST WIND SPEED    14   HIGHEST WIND DIRECTION     S (160)
  HIGHEST GUST SPEED    17   HIGHEST GUST DIRECTION     S (160)
  AVERAGE WIND SPEED     6.3


SKY COVER
  POSSIBLE SUNSHINE  MM
  AVERAGE SKY COVER 0.7


WEATHER CONDITIONS
 THE FOLLOWING WEATHER WAS RECORDED YESTERDAY.
  LIGHT RAIN


RELATIVE HUMIDITY (PERCENT)
 HIGHEST    93           700 AM
 LOWEST     53           400 PM
 AVERAGE    73

..........................................................


THE WAUSAU WI CLIMATE NORMALS FOR TODAY
                         NORMAL    RECORD    YEAR
 MAXIMUM TEMPERATURE (F)   70        88      1978
                                             1911
 MINIMUM TEMPERATURE (F)   48        32      1906
                                             1902
                                             1895


SUNRISE AND SUNSET
MAY 27 2017...........SUNRISE   518 AM CDT   SUNSET   834 PM CDT
MAY 28 2017...........SUNRISE   518 AM CDT   SUNSET   835 PM CDT


-  INDICATES NEGATIVE NUMBERS.
R  INDICATES RECORD WAS SET OR TIED.
MM INDICATES DATA IS MISSING.
T  INDICATES TRACE AMOUNT.

$$
