000
CDUS43 KGRB 160651
CLIAUW


CLIMATE REPORT
NATIONAL WEATHER SERVICE GREEN BAY
150 AM CDT TUE SEP 16 2014


...................................

...THE WAUSAU WI CLIMATE SUMMARY FOR SEPTEMBER 15 2014...

CLIMATE NORMAL PERIOD 1981 TO 2010
CLIMATE RECORD PERIOD 1896 TO 2014


WEATHER ITEM   OBSERVED TIME   RECORD YEAR NORMAL DEPARTURE LAST
                VALUE   (LST)  VALUE       VALUE  FROM      YEAR
                                                  NORMAL
..................................................................
TEMPERATURE (F)
 YESTERDAY
  MAXIMUM         62    330 PM  93    1939  69     -7       65
  MINIMUM         40   1159 PM  30    2007  48     -8       42
  AVERAGE         51                        59     -8

PRECIPITATION (IN)
  YESTERDAY        T             2.01 1903   0.13  -0.13     0.54
  MONTH TO DATE    5.31                      1.95   3.36     1.20
  SINCE SEP 1      5.31                      1.95   3.36     1.20
  SINCE JAN 1     31.96                     24.16   7.80    28.83

SNOWFALL (IN)
  YESTERDAY        0.0           T    1959   0.0    0.0      0.0
                                      1916
  MONTH TO DATE    0.0                       0.0    0.0      0.0
  SINCE SEP 1      0.0                       0.0    0.0      0.0
  SINCE JUL 1      0.0                       0.0    0.0      0.0
  SNOW DEPTH       0

DEGREE DAYS
 HEATING
  YESTERDAY       14                         7      7       11
  MONTH TO DATE  103                        74     29       54
  SINCE SEP 1    103                        74     29       54
  SINCE JUL 1    157                       140     17      110

 COOLING
  YESTERDAY        0                         1     -1        0
  MONTH TO DATE    9                        24    -15       50
  SINCE SEP 1      9                        24    -15       50
  SINCE JAN 1    335                       399    -64      500
..................................................................


WIND (MPH)
  HIGHEST WIND SPEED    14   HIGHEST WIND DIRECTION    NW (310)
  HIGHEST GUST SPEED    18   HIGHEST GUST DIRECTION    NW (300)
  AVERAGE WIND SPEED     5.0


SKY COVER
  POSSIBLE SUNSHINE  MM
  AVERAGE SKY COVER 0.5


WEATHER CONDITIONS
 THE FOLLOWING WEATHER WAS RECORDED YESTERDAY.
  LIGHT RAIN


RELATIVE HUMIDITY (PERCENT)
 HIGHEST    89          1100 PM
 LOWEST     44           500 PM
 AVERAGE    67

..........................................................


THE WAUSAU WI CLIMATE NORMALS FOR TODAY
                         NORMAL    RECORD    YEAR
 MAXIMUM TEMPERATURE (F)   69        92      1939
 MINIMUM TEMPERATURE (F)   48        32      1916


SUNRISE AND SUNSET
SEPTEMBER 16 2014.....SUNRISE   638 AM CDT   SUNSET   707 PM CDT
SEPTEMBER 17 2014.....SUNRISE   640 AM CDT   SUNSET   706 PM CDT


-  INDICATES NEGATIVE NUMBERS.
R  INDICATES RECORD WAS SET OR TIED.
MM INDICATES DATA IS MISSING.
T  INDICATES TRACE AMOUNT.




$$
