000
CDUS43 KGRB 210629
CLIAUW


CLIMATE REPORT
NATIONAL WEATHER SERVICE GREEN BAY
1229 AM CST TUE NOV 21 2017


...................................

...THE WAUSAU WI CLIMATE SUMMARY FOR NOVEMBER 20 2017...

CLIMATE NORMAL PERIOD 1981 TO 2010
CLIMATE RECORD PERIOD 1896 TO 2017


WEATHER ITEM   OBSERVED TIME   RECORD YEAR NORMAL DEPARTURE LAST
                VALUE   (LST)  VALUE       VALUE  FROM      YEAR
                                                  NORMAL
..................................................................
TEMPERATURE (F)
 YESTERDAY
  MAXIMUM         46    155 PM  60    2003  38      8       29
                                      1982
                                      1913
  MINIMUM         22    740 AM  -3    1921  23     -1       21
  AVERAGE         34                        30      4

PRECIPITATION (IN)
  YESTERDAY        0.00          1.14 1992   0.06  -0.06     0.00
  MONTH TO DATE    1.18                      1.39  -0.21     0.07
  SINCE SEP 1      6.74                      8.23  -1.49     7.15
  SINCE JAN 1     36.06                     30.44   5.62    32.50

SNOWFALL (IN)
  YESTERDAY        0.0           3.0  1956   0.3   -0.3      0.0
                                      1944
  MONTH TO DATE    8.3                       3.5    4.8      0.1
  SINCE JUL 1      8.3                       4.9    3.4      0.1
  SNOW DEPTH       0

DEGREE DAYS
 HEATING
  YESTERDAY       31                        35     -4       40
  MONTH TO DATE  700                       600    100      399
  SINCE SEP 1   1315                      1418   -103      948
  SINCE JUL 1   1373                      1484   -111      970

 COOLING
  YESTERDAY        0                         0      0        0
  MONTH TO DATE    0                         0      0        0
  SINCE SEP 1     67                        32     35       25
  SINCE JAN 1    339                       407    -68      512
..................................................................


WIND (MPH)
  HIGHEST WIND SPEED    16   HIGHEST WIND DIRECTION    SE (150)
  HIGHEST GUST SPEED    21   HIGHEST GUST DIRECTION     W (250)
  AVERAGE WIND SPEED     8.1


SKY COVER
  POSSIBLE SUNSHINE  MM
  AVERAGE SKY COVER 0.0


WEATHER CONDITIONS
 THE FOLLOWING WEATHER WAS RECORDED YESTERDAY.
  NO SIGNIFICANT WEATHER WAS OBSERVED.


RELATIVE HUMIDITY (PERCENT)
 HIGHEST    92           500 AM
 LOWEST     49           200 PM
 AVERAGE    71

..........................................................


THE WAUSAU WI CLIMATE NORMALS FOR TODAY
                         NORMAL    RECORD    YEAR
 MAXIMUM TEMPERATURE (F)   37        64      1990
 MINIMUM TEMPERATURE (F)   22        -2      2014


SUNRISE AND SUNSET
NOVEMBER 21 2017......SUNRISE   704 AM CST   SUNSET   424 PM CST
NOVEMBER 22 2017......SUNRISE   706 AM CST   SUNSET   424 PM CST


-  INDICATES NEGATIVE NUMBERS.
R  INDICATES RECORD WAS SET OR TIED.
MM INDICATES DATA IS MISSING.
T  INDICATES TRACE AMOUNT.




$$
