000
CDUS43 KGRB 302120
CLIAUW


CLIMATE REPORT
NATIONAL WEATHER SERVICE GREEN BAY
420 PM CDT MON MAY 30 2016


...................................

...THE WAUSAU WI CLIMATE SUMMARY FOR MAY 30 2016...
VALID TODAY AS OF 0400 PM LOCAL TIME.

CLIMATE NORMAL PERIOD 1981 TO 2010
CLIMATE RECORD PERIOD 1896 TO 2016


WEATHER ITEM   OBSERVED TIME   RECORD YEAR NORMAL DEPARTURE LAST
                VALUE   (LST)  VALUE       VALUE  FROM      YEAR
                                                  NORMAL
..................................................................
TEMPERATURE (F)
 TODAY
  MAXIMUM         80    249 PM  94    1939  71      9       60
  MINIMUM         56    348 AM  32    2001  49      7       40
  AVERAGE         68                        60      8       50

PRECIPITATION (IN)
  TODAY            0.00          2.91 1942   0.13  -0.13     0.03
  MONTH TO DATE    2.58                      3.35  -0.77     6.01
  SINCE MAR 1      9.92                      7.84   2.08     9.98
  SINCE JAN 1     11.35                      9.78   1.57    10.73

SNOWFALL (IN)
  TODAY            0.0           T    1989   0.0             0.0
                                      1897
  MONTH TO DATE    T                         0.2              T
  SINCE MAR 1     19.0                      14.3             9.7
  SINCE JUL 1     43.4                      59.6            53.7
  SNOW DEPTH       0

DEGREE DAYS
 HEATING
  TODAY            0                         6     -6       15
  MONTH TO DATE  237                       302    -65      228
  SINCE MAR 1   1660                      2018   -358     1829
  SINCE JUL 1   6783                      8154  -1371     8409

 COOLING
  TODAY            3                         1      2        0
  MONTH TO DATE   44                        13     31       18
  SINCE JAN 1     46                        15     31       18
..................................................................


WIND (MPH)
  HIGHEST WIND SPEED    15   HIGHEST WIND DIRECTION     W (280)
  HIGHEST GUST SPEED    21   HIGHEST GUST DIRECTION     W (280)
  AVERAGE WIND SPEED     6.1


SKY COVER
  POSSIBLE SUNSHINE  MM
  AVERAGE SKY COVER 0.1


WEATHER CONDITIONS
 THE FOLLOWING WEATHER WAS RECORDED TODAY.
  NO SIGNIFICANT WEATHER WAS OBSERVED.


RELATIVE HUMIDITY (PERCENT)
 HIGHEST    93           200 AM
 LOWEST     35          1200 PM
 AVERAGE    64

..........................................................


THE WAUSAU WI CLIMATE NORMALS FOR TOMORROW
                         NORMAL    RECORD    YEAR
 MAXIMUM TEMPERATURE (F)   71       104      1934
 MINIMUM TEMPERATURE (F)   49        31      1897


SUNRISE AND SUNSET
MAY 30 2016...........SUNRISE   516 AM CDT   SUNSET   837 PM CDT
MAY 31 2016...........SUNRISE   516 AM CDT   SUNSET   837 PM CDT


-  INDICATES NEGATIVE NUMBERS.
R  INDICATES RECORD WAS SET OR TIED.
MM INDICATES DATA IS MISSING.
T  INDICATES TRACE AMOUNT.




$$
