000
CDUS43 KGRB 210640
CLIAUW


CLIMATE REPORT
NATIONAL WEATHER SERVICE GREEN BAY
139 AM CDT THU AUG 21 2014


...................................

...THE WAUSAU WI CLIMATE SUMMARY FOR AUGUST 20 2014...

CLIMATE NORMAL PERIOD 1981 TO 2010
CLIMATE RECORD PERIOD 1896 TO 2014


WEATHER ITEM   OBSERVED TIME   RECORD YEAR NORMAL DEPARTURE LAST
                VALUE   (LST)  VALUE       VALUE  FROM      YEAR
                                                  NORMAL
..................................................................
TEMPERATURE (F)
 YESTERDAY
  MAXIMUM         75    357 PM  95    1916  77     -2       87
  MINIMUM         60   1159 PM  36    1950  57      3       61
  AVERAGE         68                        67      1

PRECIPITATION (IN)
  YESTERDAY        0.00          5.16 1926   0.13  -0.13     0.00
  MONTH TO DATE    3.47                      2.74   0.73     0.25
  SINCE JUN 1     11.58                     10.88   0.70     9.88
  SINCE JAN 1     23.02                     20.79   2.23    24.35

SNOWFALL (IN)
  YESTERDAY        0.0           0.0    MM   0.0    0.0      0.0
  MONTH TO DATE    0.0                       0.0    0.0      0.0
  SINCE JUN 1      0.0                       0.0    0.0      0.0
  SINCE JUL 1      0.0                       0.0    0.0      0.0
  SNOW DEPTH       0

DEGREE DAYS
 HEATING
  YESTERDAY        0                         1     -1        0
  MONTH TO DATE   10                        20    -10       26
  SINCE JUN 1     71                       132    -61      142
  SINCE JUL 1     49                        43      6       56

 COOLING
  YESTERDAY        3                         3      0        9
  MONTH TO DATE   58                        85    -27       33
  SINCE JUN 1    252                       326    -74      302
  SINCE JAN 1    277                       345    -68      339
..................................................................


WIND (MPH)
  HIGHEST WIND SPEED    10   HIGHEST WIND DIRECTION     N (350)
  HIGHEST GUST SPEED    14   HIGHEST GUST DIRECTION     N (10)
  AVERAGE WIND SPEED     3.4


SKY COVER
  POSSIBLE SUNSHINE  MM
  AVERAGE SKY COVER 0.7


WEATHER CONDITIONS
 THE FOLLOWING WEATHER WAS RECORDED YESTERDAY.
  LIGHT RAIN


RELATIVE HUMIDITY (PERCENT)
 HIGHEST   100           100 AM
 LOWEST     60           400 PM
 AVERAGE    80

..........................................................


THE WAUSAU WI CLIMATE NORMALS FOR TODAY
                         NORMAL    RECORD    YEAR
 MAXIMUM TEMPERATURE (F)   77        99      1955
 MINIMUM TEMPERATURE (F)   57        39      2004


SUNRISE AND SUNSET
AUGUST 21 2014........SUNRISE   607 AM CDT   SUNSET   755 PM CDT
AUGUST 22 2014........SUNRISE   609 AM CDT   SUNSET   753 PM CDT


-  INDICATES NEGATIVE NUMBERS.
R  INDICATES RECORD WAS SET OR TIED.
MM INDICATES DATA IS MISSING.
T  INDICATES TRACE AMOUNT.




$$
