000
CDUS43 KGRB 270709
CLIAUW


CLIMATE REPORT
NATIONAL WEATHER SERVICE GREEN BAY
208 AM CDT THU JUL 27 2017


...................................

...THE WAUSAU WI CLIMATE SUMMARY FOR JULY 26 2017...

CLIMATE NORMAL PERIOD 1981 TO 2010
CLIMATE RECORD PERIOD 1896 TO 2017


WEATHER ITEM   OBSERVED TIME   RECORD YEAR NORMAL DEPARTURE LAST
                VALUE   (LST)  VALUE       VALUE  FROM      YEAR
                                                  NORMAL
..................................................................
TEMPERATURE (F)
 YESTERDAY
  MAXIMUM         76    412 PM  99    1955  80     -4       87
  MINIMUM         65   1159 PM  44    1900  59      6       61
  AVERAGE         71                        69      2

PRECIPITATION (IN)
  YESTERDAY        1.41          2.24 2007   0.13   1.28     0.00
  MONTH TO DATE    4.57                      3.19   1.38     2.93
  SINCE JUN 1      9.91                      7.50   2.41     8.15
  SINCE JAN 1     25.70                     17.41   8.29    19.81

SNOWFALL (IN)
  YESTERDAY        0.0           0.0    MM   0.0    0.0      0.0
  MONTH TO DATE    0.0                       0.0    0.0      0.0
  SINCE JUL 1      0.0                       0.0    0.0      0.0
  SNOW DEPTH       0

DEGREE DAYS
 HEATING
  YESTERDAY        0                         1     -1        0
  MONTH TO DATE    3                        26    -23        8
  SINCE JUN 1     57                       115    -58       38
  SINCE JUL 1      3                        26    -23        8

 COOLING
  YESTERDAY        6                         5      1        9
  MONTH TO DATE  121                       130     -9      157
  SINCE JUN 1    200                       215    -15      261
  SINCE JAN 1    201                       234    -33      308
..................................................................


WIND (MPH)
  HIGHEST WIND SPEED    25   HIGHEST WIND DIRECTION     W (250)
  HIGHEST GUST SPEED    38   HIGHEST GUST DIRECTION    SW (240)
  AVERAGE WIND SPEED     6.9


SKY COVER
  POSSIBLE SUNSHINE  MM
  AVERAGE SKY COVER 0.7


WEATHER CONDITIONS
 THE FOLLOWING WEATHER WAS RECORDED YESTERDAY.
  THUNDERSTORM
  HEAVY RAIN
  RAIN
  LIGHT RAIN
  FOG


RELATIVE HUMIDITY (PERCENT)
 HIGHEST   100           500 AM
 LOWEST     84          1200 AM
 AVERAGE    92

..........................................................


THE WAUSAU WI CLIMATE NORMALS FOR TODAY
                         NORMAL    RECORD    YEAR
 MAXIMUM TEMPERATURE (F)   80        98      1931
 MINIMUM TEMPERATURE (F)   59        45      1937


SUNRISE AND SUNSET
JULY 27 2017..........SUNRISE   539 AM CDT   SUNSET   831 PM CDT
JULY 28 2017..........SUNRISE   540 AM CDT   SUNSET   829 PM CDT


-  INDICATES NEGATIVE NUMBERS.
R  INDICATES RECORD WAS SET OR TIED.
MM INDICATES DATA IS MISSING.
T  INDICATES TRACE AMOUNT.




$$
