000
CDUS42 KGSP 230630
CLIAVL

CLIMATE REPORT
NATIONAL WEATHER SERVICE GREENVILLE-SPARTANBURG SC
130 AM EST SUN NOV 23 2014


...................................

...THE ASHEVILLE NC CLIMATE SUMMARY FOR NOVEMBER 22 2014...

CLIMATE NORMAL PERIOD 1981 TO 2010
CLIMATE RECORD PERIOD 1869 TO 2014


WEATHER ITEM   OBSERVED TIME   RECORD YEAR NORMAL DEPARTURE LAST
                VALUE   (LST)  VALUE       VALUE  FROM      YEAR
                                                  NORMAL
..................................................................
TEMPERATURE (F)
 YESTERDAY
  MAXIMUM         57    229 PM  74    1940  57      0       67
  MINIMUM         21    741 AM  15    2008  34    -13       47
                                      1937
  AVERAGE         39                        45     -6       57

PRECIPITATION (IN)
  YESTERDAY        0.00          1.18 1992   0.13  -0.13     0.02
  MONTH TO DATE    1.30                      2.56  -1.26     0.86
  SINCE SEP 1     11.20                      9.28   1.92     6.10
  SINCE JAN 1     41.98                     40.89   1.09    64.86

SNOWFALL (IN)
  YESTERDAY        0.0           1.3  1952   0.1             0.0
  MONTH TO DATE    3.2                       0.1              T
  SINCE SEP 1      3.2                       0.1              T
  SINCE JUL 1      3.2                       0.1              T
  SNOW DEPTH       0

DEGREE DAYS
 HEATING
  YESTERDAY       26                        20      6        8
  MONTH TO DATE  509                       363    146      394
  SINCE SEP 1    753                       696     57      640
  SINCE JUL 1    755                       698     57      645

 COOLING
  YESTERDAY        0                         0      0        0
  MONTH TO DATE    0                         0      0        0
  SINCE SEP 1    167                       105     62      122
  SINCE JAN 1    919                       862     57      860
..................................................................


WIND (MPH)
  HIGHEST WIND SPEED    17   HIGHEST WIND DIRECTION     S (160)
  HIGHEST GUST SPEED    21   HIGHEST GUST DIRECTION     S (160)
  AVERAGE WIND SPEED     4.9


SKY COVER
  POSSIBLE SUNSHINE  MM
  AVERAGE SKY COVER 0.2


WEATHER CONDITIONS
 THE FOLLOWING WEATHER WAS RECORDED YESTERDAY.
  NO SIGNIFICANT WEATHER WAS OBSERVED.


RELATIVE HUMIDITY (PERCENT)
 HIGHEST    84           500 AM
 LOWEST     28           200 PM
 AVERAGE    56

..........................................................


THE ASHEVILLE NC CLIMATE NORMALS FOR TODAY
                         NORMAL    RECORD    YEAR
 MAXIMUM TEMPERATURE (F)   56        75      1973
 MINIMUM TEMPERATURE (F)   34        13      1937


SUNRISE AND SUNSET
NOVEMBER 23 2014......SUNRISE   713 AM EST   SUNSET   520 PM EST
NOVEMBER 24 2014......SUNRISE   714 AM EST   SUNSET   519 PM EST


-  INDICATES NEGATIVE NUMBERS.
R  INDICATES RECORD WAS SET OR TIED.
MM INDICATES DATA IS MISSING.
T  INDICATES TRACE AMOUNT.

$$
