000
CDUS42 KGSP 040634
CLIAVL

CLIMATE REPORT
NATIONAL WEATHER SERVICE GREENVILLE-SPARTANBURG SC
134 AM EST WED MAR 4 2015


...................................

...THE ASHEVILLE NC CLIMATE SUMMARY FOR MARCH 3 2015...

CLIMATE NORMAL PERIOD 1981 TO 2010
CLIMATE RECORD PERIOD 1869 TO 2015


WEATHER ITEM   OBSERVED TIME   RECORD YEAR NORMAL DEPARTURE LAST
                VALUE   (LST)  VALUE       VALUE  FROM      YEAR
                                                  NORMAL
..................................................................
TEMPERATURE (F)
 YESTERDAY
  MAXIMUM         52    422 PM  80    1976  55     -3       57
  MINIMUM         40    223 AM   9    1980  33      7       30
  AVERAGE         46                        44      2       44

PRECIPITATION (IN)
  YESTERDAY        0.05          1.25 1934   0.12  -0.07     0.18
  MONTH TO DATE    0.06                      0.37  -0.31     0.18
  SINCE MAR 1      0.06                      0.37  -0.31     0.18
  SINCE JAN 1      5.90                      7.80  -1.90     5.53

SNOWFALL (IN)
  YESTERDAY        0.0           3.8  1942   0.1             0.0
  MONTH TO DATE    0.0                       0.2              T
  SINCE MAR 1      0.0                       0.2              T
  SINCE JUL 1     13.3                       7.5             9.4
  SNOW DEPTH       0

DEGREE DAYS
 HEATING
  YESTERDAY       19                        21     -2       21
  MONTH TO DATE   62                        64     -2       59
  SINCE MAR 1     62                        64     -2       59
  SINCE JUL 1   3371                      3281     90     3378

 COOLING
  YESTERDAY        0                         0      0        0
  MONTH TO DATE    0                         0      0        0
  SINCE MAR 1      0                         0      0        0
  SINCE JAN 1      0                         0      0        0
..................................................................


WIND (MPH)
  HIGHEST WIND SPEED    13   HIGHEST WIND DIRECTION     S (160)
  HIGHEST GUST SPEED    18   HIGHEST GUST DIRECTION    SE (140)
  AVERAGE WIND SPEED     7.1


SKY COVER
  POSSIBLE SUNSHINE  MM
  AVERAGE SKY COVER 1.0


WEATHER CONDITIONS
 THE FOLLOWING WEATHER WAS RECORDED YESTERDAY.
  LIGHT RAIN
  FOG


RELATIVE HUMIDITY (PERCENT)
 HIGHEST    93           700 PM
 LOWEST     70           900 AM
 AVERAGE    82

..........................................................


THE ASHEVILLE NC CLIMATE NORMALS FOR TODAY
                         NORMAL    RECORD    YEAR
 MAXIMUM TEMPERATURE (F)   55        79      1976
 MINIMUM TEMPERATURE (F)   33         7      1943


SUNRISE AND SUNSET
MARCH  4 2015.........SUNRISE   656 AM EST   SUNSET   628 PM EST
MARCH  5 2015.........SUNRISE   655 AM EST   SUNSET   629 PM EST


-  INDICATES NEGATIVE NUMBERS.
R  INDICATES RECORD WAS SET OR TIED.
MM INDICATES DATA IS MISSING.
T  INDICATES TRACE AMOUNT.

$$
07
