000
CDUS42 KGSP 290639
CLIAVL

CLIMATE REPORT
NATIONAL WEATHER SERVICE GREENVILLE-SPARTANBURG SC
137 AM EST MON DEC 29 2014


...................................

...THE ASHEVILLE NC CLIMATE SUMMARY FOR DECEMBER 28 2014...

CLIMATE NORMAL PERIOD 1981 TO 2010
CLIMATE RECORD PERIOD 1869 TO 2014


WEATHER ITEM   OBSERVED TIME   RECORD YEAR NORMAL DEPARTURE LAST
                VALUE   (LST)  VALUE       VALUE  FROM      YEAR
                                                  NORMAL
..................................................................
TEMPERATURE (F)
 YESTERDAY
  MAXIMUM         60   1249 PM  73    1889  47     13       46
  MINIMUM         50   1217 AM   0    1925  28     22       21
  AVERAGE         55                        37     18       34

PRECIPITATION (IN)
  YESTERDAY        0.01          2.67 1958   0.10  -0.09     0.23
  MONTH TO DATE    2.03                      3.28  -1.25     6.90
  SINCE DEC 1      2.03                      3.28  -1.25     6.90
  SINCE JAN 1     46.54                     45.26   1.28    74.45

SNOWFALL (IN)
  YESTERDAY        0.0           1.2  1967   0.1             0.0
  MONTH TO DATE    T                         0.7             0.0
  SINCE DEC 1      T                         0.7             0.0
  SINCE JUL 1      3.2                       0.8             0.2
  SNOW DEPTH       0

DEGREE DAYS
 HEATING
  YESTERDAY       10                        28    -18       31
  MONTH TO DATE  571                       710   -139      620
  SINCE DEC 1    571                       710   -139      620
  SINCE JUL 1   1486                      1577    -91     1503

 COOLING
  YESTERDAY        0                         0      0        0
  MONTH TO DATE    0                         0      0        0
  SINCE DEC 1      0                         0      0        0
  SINCE JAN 1    919                       863     56      860
..................................................................


WIND (MPH)
  HIGHEST WIND SPEED    20   HIGHEST WIND DIRECTION    NW (330)
  HIGHEST GUST SPEED    24   HIGHEST GUST DIRECTION    NW (330)
  AVERAGE WIND SPEED     8.6


SKY COVER
  POSSIBLE SUNSHINE  MM
  AVERAGE SKY COVER 0.7


WEATHER CONDITIONS
 THE FOLLOWING WEATHER WAS RECORDED YESTERDAY.
  LIGHT RAIN


RELATIVE HUMIDITY (PERCENT)
 HIGHEST    89          1000 PM
 LOWEST     48           100 AM
 AVERAGE    69

..........................................................


THE ASHEVILLE NC CLIMATE NORMALS FOR TODAY
                         NORMAL    RECORD    YEAR
 MAXIMUM TEMPERATURE (F)   47        74      1984
 MINIMUM TEMPERATURE (F)   27        -3      1894


SUNRISE AND SUNSET
DECEMBER 29 2014......SUNRISE   739 AM EST   SUNSET   526 PM EST
DECEMBER 30 2014......SUNRISE   739 AM EST   SUNSET   527 PM EST


-  INDICATES NEGATIVE NUMBERS.
R  INDICATES RECORD WAS SET OR TIED.
MM INDICATES DATA IS MISSING.
T  INDICATES TRACE AMOUNT.

$$
