000
CDUS42 KGSP 260635
CLIAVL

CLIMATE REPORT
NATIONAL WEATHER SERVICE GREENVILLE-SPARTANBURG SC
134 AM EST WED NOV 26 2014


...................................

...THE ASHEVILLE NC CLIMATE SUMMARY FOR NOVEMBER 25 2014...

CLIMATE NORMAL PERIOD 1981 TO 2010
CLIMATE RECORD PERIOD 1869 TO 2014


WEATHER ITEM   OBSERVED TIME   RECORD YEAR NORMAL DEPARTURE LAST
                VALUE   (LST)  VALUE       VALUE  FROM      YEAR
                                                  NORMAL
..................................................................
TEMPERATURE (F)
 YESTERDAY
  MAXIMUM         57    324 PM  74    1990  55      2       39
  MINIMUM         43    730 AM   1    1950  33     10       20
  AVERAGE         50                        44      6       30

PRECIPITATION (IN)
  YESTERDAY        T             1.87 1979   0.14  -0.14      T
  MONTH TO DATE    3.35                      2.97   0.38     0.86
  SINCE SEP 1     13.25                      9.69   3.56     6.10
  SINCE JAN 1     44.03                     41.30   2.73    64.86

SNOWFALL (IN)
  YESTERDAY        0.0           0.4  1930   0.0              T
  MONTH TO DATE    3.2                       0.1              T
  SINCE SEP 1      3.2                       0.1              T
  SINCE JUL 1      3.2                       0.1              T
  SNOW DEPTH       0

DEGREE DAYS
 HEATING
  YESTERDAY       15                        21     -6       35
  MONTH TO DATE  548                       424    124      485
  SINCE SEP 1    792                       757     35      731
  SINCE JUL 1    794                       759     35      736

 COOLING
  YESTERDAY        0                         0      0        0
  MONTH TO DATE    0                         0      0        0
  SINCE SEP 1    167                       105     62      122
  SINCE JAN 1    919                       862     57      860
..................................................................


WIND (MPH)
  HIGHEST WIND SPEED    22   HIGHEST WIND DIRECTION     N (340)
  HIGHEST GUST SPEED    28   HIGHEST GUST DIRECTION     N (340)
  AVERAGE WIND SPEED    11.3


SKY COVER
  POSSIBLE SUNSHINE  MM
  AVERAGE SKY COVER 0.1


WEATHER CONDITIONS
 THE FOLLOWING WEATHER WAS RECORDED YESTERDAY.
  LIGHT RAIN


RELATIVE HUMIDITY (PERCENT)
 HIGHEST    66           200 AM
 LOWEST     22           400 PM
 AVERAGE    44

..........................................................


THE ASHEVILLE NC CLIMATE NORMALS FOR TODAY
                         NORMAL    RECORD    YEAR
 MAXIMUM TEMPERATURE (F)   55        75      1985
 MINIMUM TEMPERATURE (F)   33         6      1950


SUNRISE AND SUNSET
NOVEMBER 26 2014......SUNRISE   716 AM EST   SUNSET   519 PM EST
NOVEMBER 27 2014......SUNRISE   717 AM EST   SUNSET   518 PM EST


-  INDICATES NEGATIVE NUMBERS.
R  INDICATES RECORD WAS SET OR TIED.
MM INDICATES DATA IS MISSING.
T  INDICATES TRACE AMOUNT.




$$
JPT
