000
CDUS42 KGSP 170631
CLIAVL

CLIMATE REPORT
NATIONAL WEATHER SERVICE GREENVILLE-SPARTANBURG SC
230 AM EDT THU APR 17 2014


...................................

...THE ASHEVILLE NC CLIMATE SUMMARY FOR APRIL 16 2014...

CLIMATE NORMAL PERIOD 1981 TO 2010
CLIMATE RECORD PERIOD 1869 TO 2014


WEATHER ITEM   OBSERVED TIME   RECORD YEAR NORMAL DEPARTURE LAST
                VALUE   (LST)  VALUE       VALUE  FROM      YEAR
                                                  NORMAL
..................................................................
TEMPERATURE (F)
 YESTERDAY
  MAXIMUM         55    446 PM  87    2006  68    -13       76
  MINIMUM         29    550 AM  26    1943  43    -14       56
  AVERAGE         42                        55    -13       66

PRECIPITATION (IN)
  YESTERDAY        0.00          1.78 1998   0.11  -0.11     0.00
                                      1921
  MONTH TO DATE    2.91                      1.78   1.13     2.22
  SINCE MAR 1      5.21                      5.61  -0.40     5.54
  SINCE JAN 1     10.56                     13.04  -2.48    17.68

SNOWFALL (IN)
  YESTERDAY        0.0           T    1986   0.0             0.0
  MONTH TO DATE    0.0                       0.6             0.0
  SINCE MAR 1      0.4                       2.5             0.3
  SINCE JUL 1      9.8                       9.8             0.5
  SNOW DEPTH       0

DEGREE DAYS
 HEATING
  YESTERDAY       23                        10     13        0
  MONTH TO DATE  160                       189    -29      151
  SINCE MAR 1    789                       744     45      861
  SINCE JUL 1   4108                      3961    147     3802

 COOLING
  YESTERDAY        0                         0      0        1
  MONTH TO DATE    0                         0      0        3
  SINCE MAR 1      0                         1     -1        3
  SINCE JAN 1      0                         1     -1        3
..................................................................


WIND (MPH)
  HIGHEST WIND SPEED    32   HIGHEST WIND DIRECTION    NW (330)
  HIGHEST GUST SPEED    42   HIGHEST GUST DIRECTION    NW (320)
  AVERAGE WIND SPEED    10.5


SKY COVER
  POSSIBLE SUNSHINE  MM
  AVERAGE SKY COVER 0.0


WEATHER CONDITIONS
 THE FOLLOWING WEATHER WAS RECORDED YESTERDAY.
  NO SIGNIFICANT WEATHER WAS OBSERVED.


RELATIVE HUMIDITY (PERCENT)
 HIGHEST    64          1100 PM
 LOWEST     18           200 PM
 AVERAGE    41

..........................................................


THE ASHEVILLE NC CLIMATE NORMALS FOR TODAY
                         NORMAL    RECORD    YEAR
 MAXIMUM TEMPERATURE (F)   68        89      1896
 MINIMUM TEMPERATURE (F)   43        26      1904


SUNRISE AND SUNSET
APRIL 17 2014.........SUNRISE   655 AM EDT   SUNSET   805 PM EDT
APRIL 18 2014.........SUNRISE   654 AM EDT   SUNSET   806 PM EDT


-  INDICATES NEGATIVE NUMBERS.
R  INDICATES RECORD WAS SET OR TIED.
MM INDICATES DATA IS MISSING.
T  INDICATES TRACE AMOUNT.




$$
