000
CDUS42 KGSP 210638
CLIAVL

CLIMATE REPORT
NATIONAL WEATHER SERVICE GREENVILLE-SPARTANBURG SC
138 AM EST SAT JAN 21 2017


...................................

...THE ASHEVILLE NC CLIMATE SUMMARY FOR JANUARY 20 2017...

CLIMATE NORMAL PERIOD 1981 TO 2010
CLIMATE RECORD PERIOD 1869 TO 2017


WEATHER ITEM   OBSERVED TIME   RECORD YEAR NORMAL DEPARTURE LAST
                VALUE   (LST)  VALUE       VALUE  FROM      YEAR
                                                  NORMAL
..................................................................
TEMPERATURE (F)
 YESTERDAY
  MAXIMUM         68    248 PM  69    1906  47     21       37
                                      1890
  MINIMUM         47   1159 PM -13    1985  27     20       19
  AVERAGE         58                        37     21       28

PRECIPITATION (IN)
  YESTERDAY        0.17          2.49 1979   0.13   0.04      T
  MONTH TO DATE    1.63                      2.34  -0.71     1.69
  SINCE DEC 1      3.94                      5.93  -1.99    10.45
  SINCE JAN 1      1.63                      2.34  -0.71     1.69

SNOWFALL (IN)
  YESTERDAY        0.0           3.7  1983   0.2             0.2
  MONTH TO DATE    7.0                       2.7             0.3
  SINCE DEC 1      7.0                       3.6             0.3
  SINCE JUL 1      7.0                       3.7             0.3
  SNOW DEPTH       0

DEGREE DAYS
 HEATING
  YESTERDAY        7                        28    -21       37
  MONTH TO DATE  406                       560   -154      609
  SINCE DEC 1   1113                      1354   -241     1030
  SINCE JUL 1   1684                      2221   -537     1705

 COOLING
  YESTERDAY        0                         0      0        0
  MONTH TO DATE    0                         0      0        0
  SINCE DEC 1      0                         0      0        0
  SINCE JAN 1      0                         0      0        0
..................................................................


WIND (MPH)
  HIGHEST WIND SPEED    13   HIGHEST WIND DIRECTION     S (190)
  HIGHEST GUST SPEED    17   HIGHEST GUST DIRECTION    SW (220)
  AVERAGE WIND SPEED     4.0


SKY COVER
  POSSIBLE SUNSHINE  MM
  AVERAGE SKY COVER 0.5


WEATHER CONDITIONS
 THE FOLLOWING WEATHER WAS RECORDED YESTERDAY.
  RAIN
  LIGHT RAIN
  FOG


RELATIVE HUMIDITY (PERCENT)
 HIGHEST    89           900 AM
 LOWEST     48           200 PM
 AVERAGE    69

..........................................................


THE ASHEVILLE NC CLIMATE NORMALS FOR TODAY
                         NORMAL    RECORD    YEAR
 MAXIMUM TEMPERATURE (F)   48        72      1927
 MINIMUM TEMPERATURE (F)   27       -16      1985


SUNRISE AND SUNSET
JANUARY 21 2017.......SUNRISE   736 AM EST   SUNSET   547 PM EST
JANUARY 22 2017.......SUNRISE   736 AM EST   SUNSET   548 PM EST


-  INDICATES NEGATIVE NUMBERS.
R  INDICATES RECORD WAS SET OR TIED.
MM INDICATES DATA IS MISSING.
T  INDICATES TRACE AMOUNT.

$$

OUTLAW
