193
CDUS42 KGSP 092130
CLIAVL

CLIMATE REPORT
NATIONAL WEATHER SERVICE GREENVILLE-SPARTANBURG SC
428 PM EST TUE FEB 9 2016


...................................

...THE ASHEVILLE NC CLIMATE SUMMARY FOR FEBRUARY 9 2016...
VALID TODAY AS OF 400 PM LOCAL TIME.

CLIMATE NORMAL PERIOD 1981 TO 2010
CLIMATE RECORD PERIOD 1869 TO 2016


WEATHER ITEM   OBSERVED TIME   RECORD YEAR NORMAL DEPARTURE LAST
                VALUE   (LST)  VALUE       VALUE  FROM      YEAR
                                                  NORMAL
..................................................................
TEMPERATURE (F)
 TODAY
  MAXIMUM         32    109 AM  71    1957  50    -18       55
  MINIMUM         25    631 AM  -2    1895  29     -4       45
  AVERAGE         29                        39    -10       50

PRECIPITATION (IN)
  TODAY            T             1.05 1944   0.13  -0.13     0.29
                                      1891
  MONTH TO DATE    2.42                      1.19   1.23     1.00
  SINCE DEC 1     14.47                      8.45   6.02     6.46
  SINCE JAN 1      5.71                      4.86   0.85     4.06

SNOWFALL (IN)
  TODAY            T             7.7  1948   0.1   -0.1      0.0
  MONTH TO DATE    T                         0.8   -0.8       T
  SINCE DEC 1     13.8                       5.8    8.0       T
  SINCE JUL 1     13.8                       5.9    7.9      3.2
  SNOW DEPTH       0

DEGREE DAYS
 HEATING
  TODAY           36                        26     10       15
  MONTH TO DATE  210                       238    -28      231
  SINCE DEC 1   1558                      1898   -340     1731
  SINCE JUL 1   2233                      2765   -532     2646

 COOLING
  TODAY            0                         0      0        0
  MONTH TO DATE    0                         0      0        0
  SINCE DEC 1      0                         0      0        0
  SINCE JAN 1      0                         0      0        0
..................................................................


WIND (MPH)
  HIGHEST WIND SPEED    20   HIGHEST WIND DIRECTION    NW (330)
  HIGHEST GUST SPEED    25   HIGHEST GUST DIRECTION    NW (320)
  AVERAGE WIND SPEED    10.5


SKY COVER
  POSSIBLE SUNSHINE  MM
  AVERAGE SKY COVER 0.9


WEATHER CONDITIONS
 THE FOLLOWING WEATHER WAS RECORDED TODAY.
  LIGHT SNOW


RELATIVE HUMIDITY (PERCENT)
 HIGHEST    81           600 AM
 LOWEST     42           200 PM
 AVERAGE    62

..........................................................


THE ASHEVILLE NC CLIMATE NORMALS FOR TOMORROW
                         NORMAL    RECORD    YEAR
 MAXIMUM TEMPERATURE (F)   50        80      1932
 MINIMUM TEMPERATURE (F)   29         6      1895


SUNRISE AND SUNSET
FEBRUARY  9 2016......SUNRISE   723 AM EST   SUNSET   606 PM EST
FEBRUARY 10 2016......SUNRISE   722 AM EST   SUNSET   607 PM EST


-  INDICATES NEGATIVE NUMBERS.
R  INDICATES RECORD WAS SET OR TIED.
MM INDICATES DATA IS MISSING.
T  INDICATES TRACE AMOUNT.




$$
JPT
