000
CDUS42 KGSP 210642
CLIAVL

CLIMATE REPORT
NATIONAL WEATHER SERVICE GREENVILLE-SPARTANBURG SC
141 AM EST WED FEB 21 2018


...................................

...THE ASHEVILLE NC CLIMATE SUMMARY FOR FEBRUARY 20 2018...

CLIMATE NORMAL PERIOD 1981 TO 2010
CLIMATE RECORD PERIOD 1869 TO 2018


WEATHER ITEM   OBSERVED TIME   RECORD YEAR NORMAL DEPARTURE LAST
                VALUE   (LST)  VALUE       VALUE  FROM      YEAR
                                                  NORMAL
..................................................................
TEMPERATURE (F)
 YESTERDAY
  MAXIMUM         70    343 PM  75    1939  52     18       70
  MINIMUM         54   1239 AM   4    2015  31     23       31
  AVERAGE         62                        41     21       51

PRECIPITATION (IN)
  YESTERDAY        T             1.81 1954   0.14  -0.14     0.00
  MONTH TO DATE    4.72                      2.69   2.03     0.44
  SINCE DEC 1     11.23                      9.95   1.28     6.47
  SINCE JAN 1      8.76                      6.36   2.40     4.16

SNOWFALL (IN)
  YESTERDAY        0.0           4.0  1947   0.0             0.0
  MONTH TO DATE    T                         1.6             0.0
  SINCE DEC 1     10.8                       6.6             7.3
  SINCE JUL 1     10.8                       6.7             7.3
  SNOW DEPTH       0

DEGREE DAYS
 HEATING
  YESTERDAY        3                        24    -21       14
  MONTH TO DATE  350                       509   -159      368
  SINCE DEC 1   2073                      2169    -96     1710
  SINCE JUL 1   2791                      3036   -245     2281

 COOLING
  YESTERDAY        0                         0      0        0
  MONTH TO DATE    0                         0      0        0
  SINCE DEC 1      0                         0      0        0
  SINCE JAN 1      0                         0      0        0
..................................................................


WIND (MPH)
  HIGHEST WIND SPEED    18   HIGHEST WIND DIRECTION     S (190)
  HIGHEST GUST SPEED    24   HIGHEST GUST DIRECTION     S (190)
  AVERAGE WIND SPEED     6.8


SKY COVER
  POSSIBLE SUNSHINE  MM
  AVERAGE SKY COVER 0.9


WEATHER CONDITIONS
 THE FOLLOWING WEATHER WAS RECORDED YESTERDAY.
  LIGHT RAIN
  FOG


RELATIVE HUMIDITY (PERCENT)
 HIGHEST   100           200 AM
 LOWEST     61           200 PM
 AVERAGE    81

..........................................................


THE ASHEVILLE NC CLIMATE NORMALS FOR TODAY
                         NORMAL    RECORD    YEAR
 MAXIMUM TEMPERATURE (F)   52        77      1986
 MINIMUM TEMPERATURE (F)   31         8      1896


SUNRISE AND SUNSET
FEBRUARY 21 2018......SUNRISE   710 AM EST   SUNSET   618 PM EST
FEBRUARY 22 2018......SUNRISE   709 AM EST   SUNSET   619 PM EST


-  INDICATES NEGATIVE NUMBERS.
R  INDICATES RECORD WAS SET OR TIED.
MM INDICATES DATA IS MISSING.
T  INDICATES TRACE AMOUNT.




$$
