000
CDUS42 KGSP 292033
CLIAVL

CLIMATE REPORT
NATIONAL WEATHER SERVICE GREENVILLE-SPARTANBURG SC
430 PM EDT FRI MAY 29 2015


...................................

...THE ASHEVILLE NC CLIMATE SUMMARY FOR MAY 29 2015...VALID TODAY AS
OF 430 PM LOCAL TIME.

CLIMATE NORMAL PERIOD 1981 TO 2010
CLIMATE RECORD PERIOD 1869 TO 2015


WEATHER ITEM   OBSERVED TIME   RECORD YEAR NORMAL DEPARTURE LAST
                VALUE   (LST)  VALUE       VALUE  FROM      YEAR
                                                  NORMAL
..................................................................
TEMPERATURE (F)
 TODAY
  MAXIMUM         79    304 PM  92    1941  78      1       81
  MINIMUM         61    413 AM  40    1894  55      6       59
  AVERAGE         70                        66      4       70

PRECIPITATION (IN)
  TODAY            T             1.94 1976   0.12  -0.12     0.02
  MONTH TO DATE    1.34                      3.40  -2.06     3.64
  SINCE MAR 1      8.40                     10.56  -2.16    11.03
  SINCE JAN 1     14.24                     17.99  -3.75    16.38

SNOWFALL (IN)
  TODAY            0.0           0.0    MM   0.0    0.0      0.0
  MONTH TO DATE    0.0                       0.0    0.0      0.0
  SINCE MAR 1      T                         2.6   -2.6      0.4
  SINCE JUL 1     13.3                       9.9    3.4      9.8
  SNOW DEPTH       0

DEGREE DAYS
 HEATING
  TODAY            0                         2     -2        0
  MONTH TO DATE   43                       107    -64       83
  SINCE MAR 1    674                       962   -288      975
  SINCE JUL 1   3983                      4179   -196     4294

 COOLING
  TODAY            5                         3      2        5
  MONTH TO DATE   92                        47     45       68
  SINCE MAR 1    111                        55     56       70
  SINCE JAN 1    111                        55     56       70
..................................................................


WIND (MPH)
  HIGHEST WIND SPEED    16   HIGHEST WIND DIRECTION     S (180)
  HIGHEST GUST SPEED    20   HIGHEST GUST DIRECTION     S (190)
  AVERAGE WIND SPEED     4.5


SKY COVER
  POSSIBLE SUNSHINE  MM
  AVERAGE SKY COVER 0.7


WEATHER CONDITIONS
 THE FOLLOWING WEATHER WAS RECORDED TODAY.
  LIGHT RAIN
  FOG


RELATIVE HUMIDITY (PERCENT)
 HIGHEST   100           200 AM
 LOWEST     54           200 PM
 AVERAGE    77

..........................................................


THE ASHEVILLE NC CLIMATE NORMALS FOR TOMORROW
                         NORMAL    RECORD    YEAR
 MAXIMUM TEMPERATURE (F)   78        91      1969
 MINIMUM TEMPERATURE (F)   55        40      1893


SUNRISE AND SUNSET
MAY 29 2015...........SUNRISE   618 AM EDT   SUNSET   838 PM EDT
MAY 30 2015...........SUNRISE   617 AM EDT   SUNSET   839 PM EDT


-  INDICATES NEGATIVE NUMBERS.
R  INDICATES RECORD WAS SET OR TIED.
MM INDICATES DATA IS MISSING.
T  INDICATES TRACE AMOUNT.




$$
