000
CDUS42 KGSP 202038
CLIAVL

CLIMATE REPORT
NATIONAL WEATHER SERVICE GREENVILLE-SPARTANBURG SC
435 PM EDT WED SEP 20 2017


...................................

...THE ASHEVILLE NC CLIMATE SUMMARY FOR SEPTEMBER 20 2017...
VALID TODAY AS OF 0430 PM LOCAL TIME.

CLIMATE NORMAL PERIOD 1981 TO 2010
CLIMATE RECORD PERIOD 1869 TO 2017


WEATHER ITEM   OBSERVED TIME   RECORD YEAR NORMAL DEPARTURE LAST
                VALUE   (LST)  VALUE       VALUE  FROM      YEAR
                                                  NORMAL
..................................................................
TEMPERATURE (F)
 TODAY
  MAXIMUM         85    245 PM  93    1925  76      9       86
  MINIMUM         61    710 AM  36    1889  54      7       62
  AVERAGE         73                        65      8       74

PRECIPITATION (IN)
  TODAY            0.00          3.27 2009   0.12  -0.12     0.00
  MONTH TO DATE    3.75                      2.62   1.13     0.02
  SINCE SEP 1      3.75                      2.62   1.13     0.02
  SINCE JAN 1     40.36                     34.23   6.13    28.47

SNOWFALL (IN)
  TODAY            0.0           0.0    MM   0.0    0.0      0.0
  MONTH TO DATE    0.0                       0.0    0.0      0.0
  SINCE SEP 1      0.0                       0.0    0.0      0.0
  SINCE JUL 1      0.0                       0.0    0.0      0.0
  SNOW DEPTH       0

DEGREE DAYS
 HEATING
  TODAY            0                         2     -2        0
  MONTH TO DATE   37                        17     20        0
  SINCE SEP 1     37                        17     20        0
  SINCE JUL 1     37                        19     18        0

 COOLING
  TODAY            8                         2      6        9
  MONTH TO DATE   46                        80    -34      161
  SINCE SEP 1     46                        80    -34      161
  SINCE JAN 1    912                       837     75     1244
..................................................................


WIND (MPH)
  HIGHEST WIND SPEED    14   HIGHEST WIND DIRECTION     N (340)
  HIGHEST GUST SPEED    19   HIGHEST GUST DIRECTION    NW (330)
  AVERAGE WIND SPEED     5.3


SKY COVER
  POSSIBLE SUNSHINE  MM
  AVERAGE SKY COVER 0.1


WEATHER CONDITIONS
 THE FOLLOWING WEATHER WAS RECORDED TODAY.
  FOG
  FOG W/VISIBILITY <= 1/4 MILE
  HAZE


RELATIVE HUMIDITY (PERCENT)
 HIGHEST   100           600 AM
 LOWEST     44           200 PM
 AVERAGE    72

..........................................................


THE ASHEVILLE NC CLIMATE NORMALS FOR TOMORROW
                         NORMAL    RECORD    YEAR
 MAXIMUM TEMPERATURE (F)   75        91      1931
 MINIMUM TEMPERATURE (F)   54        38      1897


SUNRISE AND SUNSET
SEPTEMBER 20 2017.....SUNRISE   717 AM EDT   SUNSET   730 PM EDT
SEPTEMBER 21 2017.....SUNRISE   718 AM EDT   SUNSET   728 PM EDT


-  INDICATES NEGATIVE NUMBERS.
R  INDICATES RECORD WAS SET OR TIED.
MM INDICATES DATA IS MISSING.
T  INDICATES TRACE AMOUNT.




$$
