000
CDUS41 KBGM 270533
CLIAVP


CLIMATE REPORT
NATIONAL WEATHER SERVICE BINGHAMTON NY
133 AM EDT WED AUG 27 2014


...................................

...THE AVOCA PA CLIMATE SUMMARY FOR AUGUST 26 2014...

CLIMATE NORMAL PERIOD 1981 TO 2010
CLIMATE RECORD PERIOD 1901 TO 2014


WEATHER ITEM   OBSERVED TIME   RECORD YEAR NORMAL DEPARTURE LAST
                VALUE   (LST)  VALUE       VALUE  FROM      YEAR
                                                  NORMAL
..................................................................
TEMPERATURE (F)
 YESTERDAY
  MAXIMUM         85    348 PM  98    1948  79      6       84
  MINIMUM         59    616 AM  45    1944  58      1       66
  AVERAGE         72                        68      4       75

PRECIPITATION (IN)
  YESTERDAY        0.00          0.90 1961   0.11  -0.11     0.23
  MONTH TO DATE    3.47                      2.90   0.57     1.29
  SINCE JUN 1      8.12                     10.72  -2.60     8.44
  SINCE JAN 1     20.83                     24.52  -3.69    18.21

SNOWFALL (IN)
  YESTERDAY        0.0           0.0  1995   0.0    0.0      0.0
  MONTH TO DATE    0.0                       0.0    0.0      0.0
  SINCE JUN 1      0.0                       0.0    0.0      0.0
  SINCE JUL 1      0.0                       0.0    0.0      0.0

DEGREE DAYS
 HEATING
  YESTERDAY        0                         1     -1        0
  MONTH TO DATE    7                         9     -2        8
  SINCE JUN 1     20                        71    -51       30
  SINCE JUL 1      9                        17     -8        9

 COOLING
  YESTERDAY        7                         4      3       10
  MONTH TO DATE  134                       143     -9      116
  SINCE JUN 1    528                       466     62      581
  SINCE JAN 1    569                       503     66      645
..................................................................


WIND (MPH)
  HIGHEST WIND SPEED    15   HIGHEST WIND DIRECTION     W (270)
  HIGHEST GUST SPEED    18   HIGHEST GUST DIRECTION     W (270)
  AVERAGE WIND SPEED     4.5


SKY COVER
  AVERAGE SKY COVER 0.0



RELATIVE HUMIDITY (PERCENT)
 HIGHEST    87           500 AM
 LOWEST     37           200 PM
 AVERAGE    62

..........................................................


THE AVOCA PA CLIMATE NORMALS FOR TODAY
                         NORMAL    RECORD    YEAR
 MAXIMUM TEMPERATURE (F)   78        96      1948
 MINIMUM TEMPERATURE (F)   58        44      1910
                                             1904


SUNRISE AND SUNSET
AUGUST 27 2014........SUNRISE   624 AM EDT   SUNSET   744 PM EDT
AUGUST 28 2014........SUNRISE   625 AM EDT   SUNSET   742 PM EDT


-  INDICATES NEGATIVE NUMBERS.
R  INDICATES RECORD WAS SET OR TIED.
MM INDICATES DATA IS MISSING.
T  INDICATES TRACE AMOUNT.




$$
