000
CDUS41 KBGM 260602
CLIAVP


CLIMATE REPORT
NATIONAL WEATHER SERVICE BINGHAMTON NY
102 AM EST WED NOV 26 2014


...................................

...THE AVOCA PA CLIMATE SUMMARY FOR NOVEMBER 25 2014...

CLIMATE NORMAL PERIOD 1981 TO 2010
CLIMATE RECORD PERIOD 1901 TO 2014


WEATHER ITEM   OBSERVED TIME   RECORD YEAR NORMAL DEPARTURE LAST
                VALUE   (LST)  VALUE       VALUE  FROM      YEAR
                                                  NORMAL
..................................................................
TEMPERATURE (F)
 YESTERDAY
  MAXIMUM         63   1232 AM  70    1979  45     18       33
  MINIMUM         38   1146 PM   7    1938  31      7       16
  AVERAGE         51                        38     13       25

PRECIPITATION (IN)
  YESTERDAY        0.00          3.46 1950   0.11  -0.11     0.00
  MONTH TO DATE    1.01                      2.61  -1.60     1.29
  SINCE SEP 1      5.92                     10.02  -4.10     4.43
  SINCE JAN 1     27.48                     35.05  -7.57    22.78

SNOWFALL (IN)
  YESTERDAY        0.0          18.5  1971   0.1   -0.1      0.0
  MONTH TO DATE    T                         2.3   -2.3      1.7
  SINCE SEP 1      T                         2.4   -2.4      1.7
  SINCE JUL 1      T                         2.4   -2.4      1.7

DEGREE DAYS
 HEATING
  YESTERDAY       14                        27    -13       40
  MONTH TO DATE  594                       569     25      611
  SINCE SEP 1   1005                      1146   -141     1086
  SINCE JUL 1   1016                      1172   -156     1095

 COOLING
  YESTERDAY        0                         0      0        0
  MONTH TO DATE    0                         0      0        0
  SINCE SEP 1    100                        56     44       93
  SINCE JAN 1    686                       580    106      795
..................................................................


WIND (MPH)
  HIGHEST WIND SPEED    23   HIGHEST WIND DIRECTION     W (260)
  HIGHEST GUST SPEED    36   HIGHEST GUST DIRECTION     W (280)
  AVERAGE WIND SPEED     9.8


SKY COVER
  AVERAGE SKY COVER 0.1



RELATIVE HUMIDITY (PERCENT)
 HIGHEST    59          1100 PM
 LOWEST     28           200 AM
 AVERAGE    44

..........................................................


THE AVOCA PA CLIMATE NORMALS FOR TODAY
                         NORMAL    RECORD    YEAR
 MAXIMUM TEMPERATURE (F)   45        68      1979
 MINIMUM TEMPERATURE (F)   30         6      1938


SUNRISE AND SUNSET
NOVEMBER 26 2014......SUNRISE   704 AM EST   SUNSET   436 PM EST
NOVEMBER 27 2014......SUNRISE   705 AM EST   SUNSET   436 PM EST


-  INDICATES NEGATIVE NUMBERS.
R  INDICATES RECORD WAS SET OR TIED.
MM INDICATES DATA IS MISSING.
T  INDICATES TRACE AMOUNT.




$$
