000
CDUS41 KBGM 160542
CLIAVP


CLIMATE REPORT
NATIONAL WEATHER SERVICE BINGHAMTON NY
142 AM EDT WED APR 16 2014


...................................

...THE AVOCA PA CLIMATE SUMMARY FOR APRIL 15 2014...

CLIMATE NORMAL PERIOD 1981 TO 2010
CLIMATE RECORD PERIOD 1901 TO 2014


WEATHER ITEM   OBSERVED TIME   RECORD YEAR NORMAL DEPARTURE LAST
                VALUE   (LST)  VALUE       VALUE  FROM      YEAR
                                                  NORMAL
..................................................................
TEMPERATURE (F)
 YESTERDAY
  MAXIMUM         66   1207 AM  85    1994  59      7       66
  MINIMUM         29   1159 PM  22    1926  38     -9       42
  AVERAGE         48                        49     -1       54

PRECIPITATION (IN)
  YESTERDAY        1.11          2.83 1983   0.12   0.99     0.00
  MONTH TO DATE    1.88                      1.66   0.22     0.73
  SINCE MAR 1      3.95                      4.21  -0.26     2.35
  SINCE JAN 1      8.83                      8.61   0.22     5.68

SNOWFALL (IN)
  YESTERDAY        0.7           2.5  1962   0.1    0.6      0.0
  MONTH TO DATE    0.7                       1.9   -1.2       T
  SINCE MAR 1      3.1                      10.9   -7.8      6.5
  SINCE JUL 1     58.9                      44.8   14.1     33.9

DEGREE DAYS
 HEATING
  YESTERDAY       17                        17      0       11
  MONTH TO DATE  234                       291    -57      268
  SINCE MAR 1   1277                      1162    115     1194
  SINCE JUL 1   6100                      5768    332     5418

 COOLING
  YESTERDAY        0                         0      0        0
  MONTH TO DATE    7                         0      7        4
  SINCE MAR 1      7                         0      7        4
  SINCE JAN 1      7                         0      7        4
..................................................................


WIND (MPH)
  HIGHEST WIND SPEED    30   HIGHEST WIND DIRECTION    NW (320)
  HIGHEST GUST SPEED    40   HIGHEST GUST DIRECTION    NW (320)
  AVERAGE WIND SPEED    14.8


SKY COVER
  AVERAGE SKY COVER 1.0



RELATIVE HUMIDITY (PERCENT)
 HIGHEST    93          1000 AM
 LOWEST     58          1200 AM
 AVERAGE    76

..........................................................


THE AVOCA PA CLIMATE NORMALS FOR TODAY
                         NORMAL    RECORD    YEAR
 MAXIMUM TEMPERATURE (F)   59        88      2012
                                             2002
 MINIMUM TEMPERATURE (F)   39        20      1943


SUNRISE AND SUNSET
APRIL 16 2014.........SUNRISE   622 AM EDT   SUNSET   744 PM EDT
APRIL 17 2014.........SUNRISE   620 AM EDT   SUNSET   745 PM EDT


-  INDICATES NEGATIVE NUMBERS.
R  INDICATES RECORD WAS SET OR TIED.
MM INDICATES DATA IS MISSING.
T  INDICATES TRACE AMOUNT.




$$
