000
CDUS41 KBGM 070600
CLIAVP


CLIMATE REPORT
NATIONAL WEATHER SERVICE BINGHAMTON NY
100 AM EST SUN FEB 7 2016


...................................

...THE AVOCA PA CLIMATE SUMMARY FOR FEBRUARY 6 2016...

CLIMATE NORMAL PERIOD 1981 TO 2010
CLIMATE RECORD PERIOD 1901 TO 2016


WEATHER ITEM   OBSERVED TIME   RECORD YEAR NORMAL DEPARTURE LAST
                VALUE   (LST)  VALUE       VALUE  FROM      YEAR
                                                  NORMAL
..................................................................
TEMPERATURE (F)
 YESTERDAY
  MAXIMUM         42    354 PM  57    1938  35      7       23
  MINIMUM         20    529 AM  -9    1906  19      1        2
  AVERAGE         31                        27      4       13

PRECIPITATION (IN)
  YESTERDAY        0.00          1.03 2008   0.08  -0.08      T
  MONTH TO DATE    0.49                      0.47   0.02     0.56
  SINCE DEC 1      4.83                      5.52  -0.69     5.21
  SINCE JAN 1      2.28                      2.84  -0.56     2.43

SNOWFALL (IN)
  YESTERDAY        0.0           9.6  1978   0.3   -0.3      0.1
  MONTH TO DATE    0.0                       2.1   -2.1      6.8
  SINCE DEC 1      5.3                      23.7  -18.4     26.7
  SINCE JUL 1      5.3                      26.7  -21.4     35.6

DEGREE DAYS
 HEATING
  YESTERDAY       34                        38     -4       52
  MONTH TO DATE  157                       229    -72      271
  SINCE DEC 1   1920                      2507   -587     2454
  SINCE JUL 1   2828                      3820   -992     3644

 COOLING
  YESTERDAY        0                         0      0        0
  MONTH TO DATE    0                         0      0        0
  SINCE DEC 1      0                         0      0        0
  SINCE JAN 1      0                         0      0        0
..................................................................


WIND (MPH)
  HIGHEST WIND SPEED    17   HIGHEST WIND DIRECTION     W (250)
  HIGHEST GUST SPEED    22   HIGHEST GUST DIRECTION     W (250)
  AVERAGE WIND SPEED     4.7


SKY COVER
  AVERAGE SKY COVER 0.2



RELATIVE HUMIDITY (PERCENT)
 HIGHEST    77           100 AM
 LOWEST     36           400 PM
 AVERAGE    57

..........................................................


THE AVOCA PA CLIMATE NORMALS FOR TODAY
                         NORMAL    RECORD    YEAR
 MAXIMUM TEMPERATURE (F)   35        55      1925
                                             1904
 MINIMUM TEMPERATURE (F)   20        -4      1966
                                             1910
                                             1907


SUNRISE AND SUNSET
FEBRUARY  7 2016......SUNRISE   708 AM EST   SUNSET   526 PM EST
FEBRUARY  8 2016......SUNRISE   707 AM EST   SUNSET   528 PM EST


-  INDICATES NEGATIVE NUMBERS.
R  INDICATES RECORD WAS SET OR TIED.
MM INDICATES DATA IS MISSING.
T  INDICATES TRACE AMOUNT.




$$
