000
CDUS41 KBGM 260802
CLIAVP


CLIMATE REPORT
NATIONAL WEATHER SERVICE BINGHAMTON NY
302 AM EST MON JAN 26 2015


...................................

...THE AVOCA PA CLIMATE SUMMARY FOR JANUARY 25 2015...

CLIMATE NORMAL PERIOD 1981 TO 2010
CLIMATE RECORD PERIOD 1901 TO 2015


WEATHER ITEM   OBSERVED TIME   RECORD YEAR NORMAL DEPARTURE LAST
                VALUE   (LST)  VALUE       VALUE  FROM      YEAR
                                                  NORMAL
..................................................................
TEMPERATURE (F)
 YESTERDAY
  MAXIMUM         35    836 AM  67    1967  33      2       22
  MINIMUM         20   1159 PM  -5    1961  18      2       15
                                      1945
  AVERAGE         28                        26      2       19

PRECIPITATION (IN)
  YESTERDAY        0.01          1.23 2010   0.08  -0.07     0.01
  MONTH TO DATE    1.54                      1.89  -0.35     2.08
  SINCE DEC 1      4.32                      4.57  -0.25     5.42
  SINCE JAN 1      1.54                      1.89  -0.35     2.08

SNOWFALL (IN)
  YESTERDAY        T             6.8  1988   0.4   -0.4      0.3
  MONTH TO DATE    9.7                      11.6   -1.9     12.6
  SINCE DEC 1     14.1                      19.0   -4.9     23.4
  SINCE JUL 1     23.0                      22.0    1.0     26.1

DEGREE DAYS
 HEATING
  YESTERDAY       37                        39     -2       46
  MONTH TO DATE 1004                       974     30     1060
  SINCE DEC 1   1906                      2039   -133     2098
  SINCE JUL 1   3096                      3352   -256     3374

 COOLING
  YESTERDAY        0                         0      0        0
  MONTH TO DATE    0                         0      0        0
  SINCE DEC 1      0                         0      0        0
  SINCE JAN 1      0                         0      0        0
..................................................................


WIND (MPH)
  HIGHEST WIND SPEED    21   HIGHEST WIND DIRECTION    NW (300)
  HIGHEST GUST SPEED    30   HIGHEST GUST DIRECTION    NW (300)
  AVERAGE WIND SPEED    10.4


SKY COVER
  AVERAGE SKY COVER 0.6



RELATIVE HUMIDITY (PERCENT)
 HIGHEST    78           400 AM
 LOWEST     35           300 PM
 AVERAGE    57

..........................................................


THE AVOCA PA CLIMATE NORMALS FOR TODAY
                         NORMAL    RECORD    YEAR
 MAXIMUM TEMPERATURE (F)   33        67      1950
 MINIMUM TEMPERATURE (F)   18        -5      1961
                                             1927


SUNRISE AND SUNSET
JANUARY 26 2015.......SUNRISE   720 AM EST   SUNSET   511 PM EST
JANUARY 27 2015.......SUNRISE   719 AM EST   SUNSET   513 PM EST


-  INDICATES NEGATIVE NUMBERS.
R  INDICATES RECORD WAS SET OR TIED.
MM INDICATES DATA IS MISSING.
T  INDICATES TRACE AMOUNT.




$$

HEDEN
