000
CDUS41 KBGM 220523
CLIAVP


CLIMATE REPORT
NATIONAL WEATHER SERVICE BINGHAMTON NY
1222 AM EST MON JAN 22 2018


...................................

...THE AVOCA PA CLIMATE SUMMARY FOR JANUARY 21 2018...

CLIMATE NORMAL PERIOD 1981 TO 2010
CLIMATE RECORD PERIOD 1901 TO 2018


WEATHER ITEM   OBSERVED TIME   RECORD YEAR NORMAL DEPARTURE LAST
                VALUE   (LST)  VALUE       VALUE  FROM      YEAR
                                                  NORMAL
..................................................................
TEMPERATURE (F)
 YESTERDAY
  MAXIMUM         41    644 PM  67    1906  33      8       47
  MINIMUM         27    821 AM -21    1994  18      9       38
  AVERAGE         34                        26      8       43

PRECIPITATION (IN)
  YESTERDAY        T             1.39 1959   0.08  -0.08     0.00
  MONTH TO DATE    1.81                      1.57   0.24     2.12
  SINCE DEC 1      3.49                      4.25  -0.76     4.18
  SINCE JAN 1      1.81                      1.57   0.24     2.12

SNOWFALL (IN)
  YESTERDAY        0.0           4.2  2001   0.5   -0.5      0.0
  MONTH TO DATE   10.4                       9.9    0.5      1.9
  SINCE DEC 1     17.5                      17.3    0.2      8.8
  SINCE JUL 1     17.6                      20.3   -2.7     14.5

DEGREE DAYS
 HEATING
  YESTERDAY       31                        39     -8       22
  MONTH TO DATE  903                       818     85      698
  SINCE DEC 1   2014                      1883    131     1692
  SINCE JUL 1   3054                      3196   -142     2710

 COOLING
  YESTERDAY        0                         0      0        0
  MONTH TO DATE    0                         0      0        0
  SINCE DEC 1      0                         0      0        0
  SINCE JAN 1      0                         0      0        0
..................................................................


WIND (MPH)
  HIGHEST WIND SPEED     8   HIGHEST WIND DIRECTION    NE (60)
  HIGHEST GUST SPEED    10   HIGHEST GUST DIRECTION    NE (60)
  AVERAGE WIND SPEED     1.6


SKY COVER
  AVERAGE SKY COVER 0.6



RELATIVE HUMIDITY (PERCENT)
 HIGHEST    92           400 AM
 LOWEST     64          1200 AM
 AVERAGE    78

..........................................................


THE AVOCA PA CLIMATE NORMALS FOR TODAY
                         NORMAL    RECORD    YEAR
 MAXIMUM TEMPERATURE (F)   33        66      1906
 MINIMUM TEMPERATURE (F)   18       -11      1984


SUNRISE AND SUNSET
JANUARY 22 2018.......SUNRISE   723 AM EST   SUNSET   507 PM EST
JANUARY 23 2018.......SUNRISE   722 AM EST   SUNSET   508 PM EST


-  INDICATES NEGATIVE NUMBERS.
R  INDICATES RECORD WAS SET OR TIED.
MM INDICATES DATA IS MISSING.
T  INDICATES TRACE AMOUNT.




$$
