000
CDUS41 KBGM 230551
CLIAVP


CLIMATE REPORT
NATIONAL WEATHER SERVICE BINGHAMTON NY
151 AM EDT MON OCT 23 2017


...................................

...THE AVOCA PA CLIMATE SUMMARY FOR OCTOBER 22 2017...

CLIMATE NORMAL PERIOD 1981 TO 2010
CLIMATE RECORD PERIOD 1901 TO 2017


WEATHER ITEM   OBSERVED TIME   RECORD YEAR NORMAL DEPARTURE LAST
                VALUE   (LST)  VALUE       VALUE  FROM      YEAR
                                                  NORMAL
..................................................................
TEMPERATURE (F)
 YESTERDAY
  MAXIMUM         78   1249 PM  83    1979  59     19       50
  MINIMUM         44    533 AM  22    1940  39      5       43
  AVERAGE         61                        49     12       47

PRECIPITATION (IN)
  YESTERDAY        0.00          1.12 1984   0.10  -0.10     0.23
  MONTH TO DATE    1.49                      2.45  -0.96     1.19
  SINCE SEP 1      3.21                      6.52  -3.31     4.19
  SINCE JAN 1     33.33                     31.55   1.78    25.75

SNOWFALL (IN)
  YESTERDAY        0.0           T    2010   0.0    0.0      0.0
                                      1988
                                      1969
  MONTH TO DATE    0.0                       0.0    0.0      0.0
  SINCE SEP 1      0.0                       0.0    0.0      0.0
  SINCE JUL 1      0.0                       0.0    0.0      0.0

DEGREE DAYS
 HEATING
  YESTERDAY        4                        16    -12       18
  MONTH TO DATE  120                       282   -162      158
  SINCE SEP 1    212                       418   -206      217
  SINCE JUL 1    229                       444   -215      218

 COOLING
  YESTERDAY        0                         0      0        0
  MONTH TO DATE   37                         0     37        5
  SINCE SEP 1    165                        52    113      132
  SINCE JAN 1    804                       576    228      998
..................................................................


WIND (MPH)
  HIGHEST WIND SPEED    13   HIGHEST WIND DIRECTION    SW (210)
  HIGHEST GUST SPEED    17   HIGHEST GUST DIRECTION     S (190)
  AVERAGE WIND SPEED     2.9


SKY COVER
  AVERAGE SKY COVER 0.0



RELATIVE HUMIDITY (PERCENT)
 HIGHEST    86           500 AM
 LOWEST     28           100 PM
 AVERAGE    57

..........................................................


THE AVOCA PA CLIMATE NORMALS FOR TODAY
                         NORMAL    RECORD    YEAR
 MAXIMUM TEMPERATURE (F)   58        82      1947
 MINIMUM TEMPERATURE (F)   39        25      1969


SUNRISE AND SUNSET
OCTOBER 23 2017.......SUNRISE   724 AM EDT   SUNSET   610 PM EDT
OCTOBER 24 2017.......SUNRISE   725 AM EDT   SUNSET   608 PM EDT


-  INDICATES NEGATIVE NUMBERS.
R  INDICATES RECORD WAS SET OR TIED.
MM INDICATES DATA IS MISSING.
T  INDICATES TRACE AMOUNT.




$$
