000
CDUS41 KBGM 182121
CLIAVP


CLIMATE REPORT
NATIONAL WEATHER SERVICE BINGHAMTON NY
521 PM EDT FRI AUG 18 2017


...................................

...THE AVOCA PA CLIMATE SUMMARY FOR AUGUST 18 2017...
VALID AS OF 0500 PM LOCAL TIME.

CLIMATE NORMAL PERIOD 1981 TO 2010
CLIMATE RECORD PERIOD 1901 TO 2017


WEATHER ITEM   OBSERVED TIME   RECORD YEAR NORMAL DEPARTURE LAST
                VALUE   (LST)  VALUE       VALUE  FROM      YEAR
                                                  NORMAL
..................................................................
TEMPERATURE (F)
 TODAY
  MAXIMUM         81    303 PM  93    1995  80      1       84
                                      1913
  MINIMUM         73    431 AM  44    1941  60     13       65
  AVERAGE         77                        70      7       75

PRECIPITATION (IN)
  TODAY            0.20          4.40 1955   0.11   0.09     0.15
  MONTH TO DATE    1.20                      2.04  -0.84     2.16
  SINCE JUN 1     10.89                      9.86   1.03     7.83
  SINCE JAN 1     29.22                     23.66   5.56    20.65

SNOWFALL (IN)
  TODAY            0.0           0.0  1995   0.0    0.0      0.0
  MONTH TO DATE    0.0                       0.0    0.0      0.0
  SINCE JUN 1      0.0                       0.0    0.0      0.0
  SINCE JUL 1      0.0                       0.0    0.0      0.0

DEGREE DAYS
 HEATING
  TODAY            0                         1     -1        0
  MONTH TO DATE    2                         1      1        0
  SINCE JUN 1     45                        63    -18       24
  SINCE JUL 1      2                         9     -7        0

 COOLING
  TODAY           12                         5      7       10
  MONTH TO DATE  118                       105     13      205
  SINCE JUN 1    545                       428    117      698
  SINCE JAN 1    597                       465    132      770
..................................................................


WIND (MPH)
  HIGHEST WIND SPEED    10   HIGHEST WIND DIRECTION    SW (230)
  HIGHEST GUST SPEED    18   HIGHEST GUST DIRECTION    SW (210)
  AVERAGE WIND SPEED     4.0


SKY COVER
  AVERAGE SKY COVER 0.9


WEATHER CONDITIONS
 THE FOLLOWING WEATHER WAS RECORDED TODAY.
  THUNDERSTORM
  RAIN
  LIGHT RAIN
  FOG
  HAZE


RELATIVE HUMIDITY (PERCENT)
 HIGHEST    93           300 AM
 LOWEST     79          1100 AM
 AVERAGE    86

..........................................................


THE AVOCA PA CLIMATE NORMALS FOR TOMORROW
                         NORMAL    RECORD    YEAR
 MAXIMUM TEMPERATURE (F)   80        91      1916
                                             1914
 MINIMUM TEMPERATURE (F)   59        44      1924


SUNRISE AND SUNSET
AUGUST 18 2017........SUNRISE   615 AM EDT   SUNSET   757 PM EDT
AUGUST 19 2017........SUNRISE   616 AM EDT   SUNSET   756 PM EDT


-  INDICATES NEGATIVE NUMBERS.
R  INDICATES RECORD WAS SET OR TIED.
MM INDICATES DATA IS MISSING.
T  INDICATES TRACE AMOUNT.




$$
