000
CDUS43 KGRR 302127
CLIAZO


CLIMATE REPORT
NATIONAL WEATHER SERVICE GRAND RAPIDS, MI
526 PM EDT SUN APR 30 2017


...................................

...THE KALAMAZOO MI CLIMATE SUMMARY FOR APRIL 30 2017...
VALID TODAY AS OF 0500 PM LOCAL TIME.

CLIMATE NORMAL PERIOD 1981 TO 2010
CLIMATE RECORD PERIOD 1998 TO 2017


WEATHER ITEM   OBSERVED TIME   NORMAL DEPARTURE LAST
                VALUE   (LST)  VALUE  FROM      YEAR
                                      NORMAL
......................................................
TEMPERATURE (F)
 TODAY
  MAXIMUM         66    354 PM  65      1       53
  MINIMUM         43    604 AM  43      0       47
  AVERAGE         55            54      1       50

PRECIPITATION (IN)
  TODAY            0.44          0.15   0.29     0.42
  MONTH TO DATE    2.47          3.08  -0.61     3.13
  SINCE MAR 1      6.64          5.33   1.31     6.09
  SINCE JAN 1     11.36          8.57   2.79     7.65

DEGREE DAYS
 HEATING
  TODAY           10            11     -1       15
  MONTH TO DATE  354           485   -131      508
  SINCE MAR 1   1238          1370   -132     1210
  SINCE JUL 1   5134          6143  -1009     5258

 COOLING
  TODAY            0             0      0        0
  MONTH TO DATE   11             4      7        2
  SINCE MAR 1     11             4      7        2
  SINCE JAN 1     11             4      7        2
......................................................


WIND (MPH)
  RESULTANT WIND SPEED   7   RESULTANT WIND DIRECTION   E (90)
  HIGHEST WIND SPEED    16   HIGHEST WIND DIRECTION     E (100)
  HIGHEST GUST SPEED    28   HIGHEST GUST DIRECTION     E (90)
  AVERAGE WIND SPEED     7.4


SKY COVER
  AVERAGE SKY COVER 1.0


WEATHER CONDITIONS
 THE FOLLOWING WEATHER WAS RECORDED TODAY.
  HEAVY RAIN
  RAIN
  LIGHT RAIN
  FOG
  HAZE


RELATIVE HUMIDITY (PERCENT)
 HIGHEST    89           600 AM
 LOWEST     76           200 AM
 AVERAGE    83

..........................................................


THE KALAMAZOO MI CLIMATE NORMALS FOR TOMORROW
                         NORMAL
 MAXIMUM TEMPERATURE (F)   66
 MINIMUM TEMPERATURE (F)   43


SUNRISE AND SUNSET
APRIL 30 2017.........SUNRISE   639 AM EDT   SUNSET   841 PM EDT
MAY  1 2017...........SUNRISE   637 AM EDT   SUNSET   842 PM EDT


-  INDICATES NEGATIVE NUMBERS.
R  INDICATES RECORD WAS SET OR TIED.
MM INDICATES DATA IS MISSING.
T  INDICATES TRACE AMOUNT.




$$
