000
CDUS43 KGRR 201338
CLIAZO


CLIMATE REPORT
NATIONAL WEATHER SERVICE GRAND RAPIDS, MI
936 AM EDT SAT SEP 20 2014


...................................

...THE KALAMAZOO MI CLIMATE SUMMARY FOR SEPTEMBER 20 2014...
VALID AS OF 0900 AM LOCAL TIME.

CLIMATE NORMAL PERIOD 1981 TO 2010
CLIMATE RECORD PERIOD 1998 TO 2014


WEATHER ITEM   OBSERVED TIME   RECORD YEAR NORMAL DEPARTURE LAST
                VALUE   (LST)  VALUE       VALUE  FROM      YEAR
                                                  NORMAL
..................................................................
TEMPERATURE (F)
 TODAY
  MAXIMUM         61    759 AM  MM      MM  71    -10       73
  MINIMUM         55    509 AM  MM      MM  50      5       63
  AVERAGE         58                        61     -3       68

PRECIPITATION (IN)
  TODAY            0.00         MM      MM   0.13  -0.13     0.13
  MONTH TO DATE    2.17                      2.64  -0.47     1.55
  SINCE SEP 1      2.17                      2.64  -0.47     1.55
  SINCE JAN 1     18.96                     26.23  -7.27    30.64

DEGREE DAYS
 HEATING
  TODAY            7                         5      2        0
  MONTH TO DATE  103                        55     48       54
  SINCE SEP 1    103                        55     48       54

 COOLING
  TODAY            0                         1     -1        3
  MONTH TO DATE   55                        48      7       81
  SINCE SEP 1     55                        48      7       81
..................................................................


WIND (MPH)
  HIGHEST WIND SPEED    14   HIGHEST WIND DIRECTION     S (190)
  HIGHEST GUST SPEED    18   HIGHEST GUST DIRECTION     S (190)



WEATHER CONDITIONS
 THE FOLLOWING WEATHER WAS RECORDED TODAY.
  NO SIGNIFICANT WEATHER WAS OBSERVED.


..........................................................




SUNRISE AND SUNSET
SEPTEMBER 20 2014.....SUNRISE   727 AM EDT   SUNSET   743 PM EDT
SEPTEMBER 21 2014.....SUNRISE   728 AM EDT   SUNSET   741 PM EDT


-  INDICATES NEGATIVE NUMBERS.
R  INDICATES RECORD WAS SET OR TIED.
MM INDICATES DATA IS MISSING.
T  INDICATES TRACE AMOUNT.




$$

CAS
