000
CDUS43 KGRR 242126
CLIAZO


CLIMATE REPORT
NATIONAL WEATHER SERVICE GRAND RAPIDS, MI
525 PM EDT SAT JUN 24 2017


...................................

...THE KALAMAZOO MI CLIMATE SUMMARY FOR JUNE 24 2017...
VALID TODAY AS OF 0500 PM LOCAL TIME.

CLIMATE NORMAL PERIOD 1981 TO 2010
CLIMATE RECORD PERIOD 1998 TO 2017


WEATHER ITEM   OBSERVED TIME   NORMAL DEPARTURE LAST
                VALUE   (LST)  VALUE  FROM      YEAR
                                      NORMAL
......................................................
TEMPERATURE (F)
 TODAY
  MAXIMUM         74    352 PM  82     -8       83
  MINIMUM         60    542 AM  60      0       60
  AVERAGE         67            71     -4       72

PRECIPITATION (IN)
  TODAY            0.00          0.13  -0.13     0.00
  MONTH TO DATE    0.74          2.99  -2.25     1.86
  SINCE JUN 1      0.74          2.99  -2.25     1.86
  SINCE JAN 1     15.89         15.43   0.46    12.84

DEGREE DAYS
 HEATING
  TODAY            0             1     -1        0
  MONTH TO DATE    9            47    -38       23
  SINCE JUN 1      9            47    -38       23
  SINCE JUL 1   5380          6415  -1035     5510

 COOLING
  TODAY            2             6     -4        7
  MONTH TO DATE  155           104     51      136
  SINCE JUN 1    155           104     51      136
  SINCE JAN 1    194           145     49      203
......................................................


WIND (MPH)
  RESULTANT WIND SPEED  10   RESULTANT WIND DIRECTION   W (280)
  HIGHEST WIND SPEED    22   HIGHEST WIND DIRECTION    NW (310)
  HIGHEST GUST SPEED    29   HIGHEST GUST DIRECTION    NW (310)
  AVERAGE WIND SPEED    10.8


SKY COVER
  AVERAGE SKY COVER 0.3


WEATHER CONDITIONS
 THE FOLLOWING WEATHER WAS RECORDED TODAY.
  NO SIGNIFICANT WEATHER WAS OBSERVED.


RELATIVE HUMIDITY (PERCENT)
 HIGHEST    78           400 AM
 LOWEST     41           400 PM
 AVERAGE    60

..........................................................


THE KALAMAZOO MI CLIMATE NORMALS FOR TOMORROW
                         NORMAL
 MAXIMUM TEMPERATURE (F)   82
 MINIMUM TEMPERATURE (F)   60


SUNRISE AND SUNSET
JUNE 24 2017..........SUNRISE   607 AM EDT   SUNSET   923 PM EDT
JUNE 25 2017..........SUNRISE   607 AM EDT   SUNSET   923 PM EDT


-  INDICATES NEGATIVE NUMBERS.
R  INDICATES RECORD WAS SET OR TIED.
MM INDICATES DATA IS MISSING.
T  INDICATES TRACE AMOUNT.




$$
