000
CDUS43 KGRR 310513
CLIAZO


CLIMATE REPORT
NATIONAL WEATHER SERVICE GRAND RAPIDS, MI
112 AM EDT MON AUG 31 2015


...................................

...THE KALAMAZOO MI CLIMATE SUMMARY FOR AUGUST 30 2015...

CLIMATE NORMAL PERIOD 1981 TO 2010
CLIMATE RECORD PERIOD 1998 TO 2015


WEATHER ITEM   OBSERVED TIME   NORMAL DEPARTURE LAST
                VALUE   (LST)  VALUE  FROM      YEAR
                                      NORMAL
......................................................
TEMPERATURE (F)
 YESTERDAY
  MAXIMUM         79    410 PM  79      0       84
  MINIMUM         60   1032 PM  58      2       68
  AVERAGE         70            68      2       76

PRECIPITATION (IN)
  YESTERDAY        0.00          0.16  -0.16     0.20
  MONTH TO DATE    2.94          3.71  -0.77     1.55
  SINCE JUN 1     10.80         10.99  -0.19     8.37
  SINCE JAN 1     20.51         23.43  -2.92    16.79

DEGREE DAYS
 HEATING
  YESTERDAY        0             1     -1        0
  MONTH TO DATE   19             6     13        9
  SINCE JUN 1     49            59    -10       51
  SINCE JUL 1     28            11     17       32

 COOLING
  YESTERDAY        5             4      1       11
  MONTH TO DATE  171           181    -10      196
  SINCE JUN 1    443           566   -123      487
  SINCE JAN 1    510           607    -97      541
......................................................


WIND (MPH)
  RESULTANT WIND SPEED   2   RESULTANT WIND DIRECTION  SW (210)
  HIGHEST WIND SPEED     9   HIGHEST WIND DIRECTION    NW (300)
  HIGHEST GUST SPEED    12   HIGHEST GUST DIRECTION    SW (230)
  AVERAGE WIND SPEED     4.0


SKY COVER
  AVERAGE SKY COVER 0.8


WEATHER CONDITIONS
 THE FOLLOWING WEATHER WAS RECORDED YESTERDAY.
  FOG
  FOG W/VISIBILITY <= 1/4 MILE
  HAZE


RELATIVE HUMIDITY (PERCENT)
 HIGHEST   100           700 AM
 LOWEST     69           300 PM
 AVERAGE    85

..........................................................


THE KALAMAZOO MI CLIMATE NORMALS FOR TODAY
                         NORMAL
 MAXIMUM TEMPERATURE (F)   79
 MINIMUM TEMPERATURE (F)   58


SUNRISE AND SUNSET
AUGUST 31 2015........SUNRISE   706 AM EDT   SUNSET   818 PM EDT
SEPTEMBER  1 2015.....SUNRISE   707 AM EDT   SUNSET   816 PM EDT


-  INDICATES NEGATIVE NUMBERS.
R  INDICATES RECORD WAS SET OR TIED.
MM INDICATES DATA IS MISSING.
T  INDICATES TRACE AMOUNT.




$$
