896
CDUS43 KGRR 242228
CLIAZO


CLIMATE REPORT
NATIONAL WEATHER SERVICE GRAND RAPIDS, MI
528 PM EST FRI NOV 24 2017


...................................

...THE KALAMAZOO MI CLIMATE SUMMARY FOR NOVEMBER 24 2017...
VALID TODAY AS OF 0500 PM LOCAL TIME.

CLIMATE NORMAL PERIOD 1981 TO 2010
CLIMATE RECORD PERIOD 1998 TO 2017


WEATHER ITEM   OBSERVED TIME   NORMAL DEPARTURE LAST
                VALUE   (LST)  VALUE  FROM      YEAR
                                      NORMAL
......................................................
TEMPERATURE (F)
 TODAY
  MAXIMUM         56    320 PM  43     13       45
  MINIMUM         30    242 AM  31     -1       37
  AVERAGE         43            37      6       41

PRECIPITATION (IN)
  TODAY            0.00          0.08  -0.08     0.02
  MONTH TO DATE    3.30          2.46   0.84     1.34
  SINCE SEP 1     17.52          9.61   7.91     8.03
  SINCE JAN 1     38.55         33.20   5.35    35.74

DEGREE DAYS
 HEATING
  TODAY           22            28     -6       24
  MONTH TO DATE  627           558     69      441
  SINCE SEP 1   1007          1134   -127      762
  SINCE JUL 1   1025          1150   -125      763

 COOLING
  TODAY            0             0      0        0
  MONTH TO DATE    0             0      0        0
  SINCE SEP 1    152            64     88      118
  SINCE JAN 1    768           675     93      912
......................................................


WIND (MPH)
  RESULTANT WIND SPEED  12   RESULTANT WIND DIRECTION   S (190)
  HIGHEST WIND SPEED    21   HIGHEST WIND DIRECTION     S (190)
  HIGHEST GUST SPEED    26   HIGHEST GUST DIRECTION     S (190)
  AVERAGE WIND SPEED    12.0


SKY COVER
  AVERAGE SKY COVER 0.0


WEATHER CONDITIONS
 THE FOLLOWING WEATHER WAS RECORDED TODAY.
  NO SIGNIFICANT WEATHER WAS OBSERVED.


RELATIVE HUMIDITY (PERCENT)
 HIGHEST    72           500 AM
 LOWEST     41           100 PM
 AVERAGE    57

..........................................................


THE KALAMAZOO MI CLIMATE NORMALS FOR TOMORROW
                         NORMAL
 MAXIMUM TEMPERATURE (F)   43
 MINIMUM TEMPERATURE (F)   30


SUNRISE AND SUNSET
NOVEMBER 24 2017......SUNRISE   744 AM EST   SUNSET   514 PM EST
NOVEMBER 25 2017......SUNRISE   745 AM EST   SUNSET   513 PM EST


-  INDICATES NEGATIVE NUMBERS.
R  INDICATES RECORD WAS SET OR TIED.
MM INDICATES DATA IS MISSING.
T  INDICATES TRACE AMOUNT.




$$
