000
CDUS43 KGRR 241432
CLIAZO


CLIMATE REPORT
NATIONAL WEATHER SERVICE GRAND RAPIDS, MI
931 AM EST FRI FEB 24 2017


...................................

...THE KALAMAZOO MI CLIMATE SUMMARY FOR FEBRUARY 24 2017...
VALID AS OF 0900 AM LOCAL TIME.

CLIMATE NORMAL PERIOD 1981 TO 2010
CLIMATE RECORD PERIOD 1998 TO 2017


WEATHER ITEM   OBSERVED TIME   NORMAL DEPARTURE LAST
                VALUE   (LST)  VALUE  FROM      YEAR
                                      NORMAL
......................................................
TEMPERATURE (F)
 TODAY
  MAXIMUM         47   1209 AM  37     10       35
  MINIMUM         43    821 AM  22     21       30
  AVERAGE         45            29     16       33

PRECIPITATION (IN)
  TODAY            0.12          0.06   0.06     0.05
  MONTH TO DATE    1.07          1.21  -0.14     0.46
  SINCE DEC 1      4.81          4.98  -0.17     4.53
  SINCE JAN 1      3.76          3.00   0.76     1.34

DEGREE DAYS
 HEATING
  TODAY           20            36    -16       32
  MONTH TO DATE  680           925   -245      884
  SINCE DEC 1   2896          3306   -410     2838
  SINCE JUL 1   3796          4633   -837     3903

 COOLING
  TODAY            0             0      0        0
  MONTH TO DATE    0             0      0        0
  SINCE DEC 1      0             0      0        0
  SINCE JAN 1      0             0      0        0
......................................................


WIND (MPH)
  RESULTANT WIND SPEED   8   RESULTANT WIND DIRECTION   E (80)
  HIGHEST WIND SPEED    16   HIGHEST WIND DIRECTION     E (110)
  HIGHEST GUST SPEED    23   HIGHEST GUST DIRECTION     E (110)
  AVERAGE WIND SPEED     8.1


SKY COVER
  AVERAGE SKY COVER 1.0


WEATHER CONDITIONS
 THE FOLLOWING WEATHER WAS RECORDED TODAY.
  THUNDERSTORM
  LIGHT RAIN
  FOG


RELATIVE HUMIDITY (PERCENT)
 HIGHEST    89           600 AM
 LOWEST     86          1200 AM
 AVERAGE    88

..........................................................


THE KALAMAZOO MI CLIMATE NORMALS FOR TOMORROW
                         NORMAL
 MAXIMUM TEMPERATURE (F)   37
 MINIMUM TEMPERATURE (F)   22


SUNRISE AND SUNSET
FEBRUARY 24 2017......SUNRISE   725 AM EST   SUNSET   626 PM EST
FEBRUARY 25 2017......SUNRISE   723 AM EST   SUNSET   628 PM EST


-  INDICATES NEGATIVE NUMBERS.
R  INDICATES RECORD WAS SET OR TIED.
MM INDICATES DATA IS MISSING.
T  INDICATES TRACE AMOUNT.




$$
