000
CDUS41 KBOX 240547
CLIBDL


CLIMATE REPORT
NATIONAL WEATHER SERVICE TAUNTON MA
1236 AM EST MON NOV 24 2014


...................................

...THE HARTFORD CT CLIMATE SUMMARY FOR NOVEMBER 23 2014...

CLIMATE NORMAL PERIOD 1981 TO 2010
CLIMATE RECORD PERIOD 1904 TO 2014


WEATHER ITEM   OBSERVED TIME   RECORD YEAR NORMAL DEPARTURE LAST
                VALUE   (LST)  VALUE       VALUE  FROM      YEAR
                                                  NORMAL
..................................................................
TEMPERATURE (F)
 YESTERDAY
  MAXIMUM         61    216 PM  75    1931  49     12       50
  MINIMUM         40   1156 PM  12    1972  31      9       28
  AVERAGE         51                        40     11       39

PRECIPITATION (IN)
  YESTERDAY        T             1.98 1920   0.14  -0.14      T
  MONTH TO DATE    1.83                      2.98  -1.15     0.58
  SINCE SEP 1      7.37                     11.23  -3.86     6.35
  SINCE JAN 1     39.34                     41.50  -2.16    44.35

SNOWFALL (IN)
  YESTERDAY       MM             5.0  1989   0.1   MM         T
  MONTH TO DATE    T                         1.2   -1.2       T
  SINCE SEP 1      T                         1.2   -1.2       T
  SINCE JUL 1      T                         1.2   -1.2       T
  SNOW DEPTH       0

DEGREE DAYS
 HEATING
  YESTERDAY       14                        25    -11       26
  MONTH TO DATE  537                       492     45      502
  SINCE SEP 1    920                      1009    -89      983
  SINCE JUL 1    922                      1021    -99      985

 COOLING
  YESTERDAY        0                         0      0        0
  MONTH TO DATE    0                         0      0        0
  SINCE SEP 1    112                        81     31       70
  SINCE JAN 1    771                       756     15      894
..................................................................


WIND (MPH)
  RESULTANT WIND SPEED   8   RESULTANT WIND DIRECTION   S (180)
  HIGHEST WIND SPEED    15   HIGHEST WIND DIRECTION     S (190)
  HIGHEST GUST SPEED    19   HIGHEST GUST DIRECTION     S (200)
  AVERAGE WIND SPEED     8.1


SKY COVER
  POSSIBLE SUNSHINE  MM
  AVERAGE SKY COVER 0.8


WEATHER CONDITIONS
 THE FOLLOWING WEATHER WAS RECORDED YESTERDAY.
  LIGHT RAIN


RELATIVE HUMIDITY (PERCENT)
 HIGHEST    65          1100 PM
 LOWEST     28           200 PM
 AVERAGE    47

..........................................................


THE HARTFORD CT CLIMATE NORMALS FOR TODAY
                         NORMAL    RECORD    YEAR
 MAXIMUM TEMPERATURE (F)   48        69      1931
 MINIMUM TEMPERATURE (F)   31         1      1989


SUNRISE AND SUNSET
NOVEMBER 24 2014......SUNRISE   651 AM EST   SUNSET   423 PM EST
NOVEMBER 25 2014......SUNRISE   652 AM EST   SUNSET   423 PM EST


-  INDICATES NEGATIVE NUMBERS.
R  INDICATES RECORD WAS SET OR TIED.
MM INDICATES DATA IS MISSING.
T  INDICATES TRACE AMOUNT.




$$
