581
CDUS41 KBOX 022144
CLIBDL


CLIMATE REPORT
NATIONAL WEATHER SERVICE TAUNTON MA
541 PM EDT MON MAY 2 2016


...................................

...THE HARTFORD CT CLIMATE SUMMARY FOR MAY 2 2016...
VALID TODAY AS OF 0500 PM LOCAL TIME.

CLIMATE NORMAL PERIOD 1981 TO 2010
CLIMATE RECORD PERIOD 1904 TO 2016


WEATHER ITEM   OBSERVED TIME   RECORD YEAR NORMAL DEPARTURE LAST
                VALUE   (LST)  VALUE       VALUE  FROM      YEAR
                                                  NORMAL
..................................................................
TEMPERATURE (F)
 TODAY
  MAXIMUM         51    359 PM  93    2001  67    -16       74
  MINIMUM         41    104 AM  30    1943  44     -3       41
  AVERAGE         46                        55     -9       58

PRECIPITATION (IN)
  TODAY            0.66          1.83 1989   0.12   0.54     0.00
  MONTH TO DATE    0.76                      0.24   0.52     0.00
  SINCE MAR 1      5.40                      7.58  -2.18     6.06
  SINCE JAN 1     12.23                     13.70  -1.47    12.24

SNOWFALL (IN)
  TODAY            0.0           0.0  2001   0.0    0.0      0.0
                                      2000
  MONTH TO DATE    0.0                       0.0    0.0      0.0
  SINCE MAR 1      9.8                       7.8    2.0      9.0
  SINCE JUL 1     26.9                      40.5  -13.6     63.8
  SNOW DEPTH       0

DEGREE DAYS
 HEATING
  TODAY           19                        10      9        7
  MONTH TO DATE   38                        20     18       17
  SINCE MAR 1   1198                      1335   -137     1475
  SINCE JUL 1   4874                      5773   -899     6120

 COOLING
  TODAY            0                         0      0        0
  MONTH TO DATE    0                         0      0        0
  SINCE MAR 1      2                         6     -4        0
  SINCE JAN 1      2                         6     -4        0
..................................................................


WIND (MPH)
  HIGHEST WIND SPEED    18   HIGHEST WIND DIRECTION     W (260)
  HIGHEST GUST SPEED    20   HIGHEST GUST DIRECTION     W (260)
  AVERAGE WIND SPEED     6.1


SKY COVER
  POSSIBLE SUNSHINE  MM
  AVERAGE SKY COVER 1.0


WEATHER CONDITIONS
 THE FOLLOWING WEATHER WAS RECORDED TODAY.
  THUNDERSTORM
  HEAVY RAIN
  RAIN
  LIGHT RAIN
  FOG


RELATIVE HUMIDITY (PERCENT)
 HIGHEST    96           600 AM
 LOWEST     86          1100 AM
 AVERAGE    91

..........................................................


THE HARTFORD CT CLIMATE NORMALS FOR TOMORROW
                         NORMAL    RECORD    YEAR
 MAXIMUM TEMPERATURE (F)   67        93      2001
 MINIMUM TEMPERATURE (F)   44        30      1964


SUNRISE AND SUNSET
MAY  2 2016...........SUNRISE   545 AM EDT   SUNSET   751 PM EDT
MAY  3 2016...........SUNRISE   544 AM EDT   SUNSET   752 PM EDT


-  INDICATES NEGATIVE NUMBERS.
R  INDICATES RECORD WAS SET OR TIED.
MM INDICATES DATA IS MISSING.
T  INDICATES TRACE AMOUNT.




$$
