000
CDUS41 KOKX 050720
CLIBDR


CLIMATE REPORT
NATIONAL WEATHER SERVICE NEW YORK NY
320 AM EDT SAT SEP 5 2015


...................................

...THE BRIDGEPORT CT CLIMATE SUMMARY FOR SEPTEMBER 4 2015...

CLIMATE NORMAL PERIOD 1981 TO 2010
CLIMATE RECORD PERIOD 1948 TO 2015


WEATHER ITEM   OBSERVED TIME   RECORD YEAR NORMAL DEPARTURE LAST
                VALUE   (LST)  VALUE       VALUE  FROM      YEAR
                                                  NORMAL
..................................................................
TEMPERATURE (F)
 YESTERDAY
  MAXIMUM         81    341 PM  91    1973  78      3       84
  MINIMUM         69   1159 PM  51    1997  62      7       64
  AVERAGE         75                        70      5       74

PRECIPITATION (IN)
  YESTERDAY        0.00          0.93 1988   0.11  -0.11     0.00
  MONTH TO DATE    0.00                      0.45  -0.45      T
  SINCE SEP 1      0.00                      0.45  -0.45      T
  SINCE JAN 1     23.59                     29.35  -5.76    31.24

SNOWFALL (IN)
  YESTERDAY        0.0           0.0  2002   0.0    0.0      0.0
                                      2001
  MONTH TO DATE    0.0                       0.0    0.0      0.0
  SINCE OCT 1     59.7                      27.6   32.1     57.4
  SINCE JUL 1      0.0                       0.0    0.0      0.0
  SNOW DEPTH       0

DEGREE DAYS
 HEATING
  YESTERDAY        0                         0      0        0
  MONTH TO DATE    0                         0      0        0
  SINCE SEP 1      0                         0      0        0
  SINCE JUL 1      0                         4     -4        0

 COOLING
  YESTERDAY       10                         6      4        9
  MONTH TO DATE   50                        24     26       55
  SINCE SEP 1     50                        24     26       55
  SINCE JAN 1    970                       742    228      789
..................................................................


WIND (MPH)
  HIGHEST WIND SPEED    20   HIGHEST WIND DIRECTION     E (90)
  HIGHEST GUST SPEED    25   HIGHEST GUST DIRECTION     E (90)
  AVERAGE WIND SPEED    11.6


SKY COVER
  AVERAGE SKY COVER 0.3


WEATHER CONDITIONS
 THE FOLLOWING WEATHER WAS RECORDED YESTERDAY.
  NO SIGNIFICANT WEATHER WAS OBSERVED.


RELATIVE HUMIDITY (PERCENT)
 HIGHEST    82          1200 AM
 LOWEST     58           300 PM
 AVERAGE    70

..........................................................


THE BRIDGEPORT CT CLIMATE NORMALS FOR TODAY
                         NORMAL    RECORD    YEAR
 MAXIMUM TEMPERATURE (F)   77        91      1961
 MINIMUM TEMPERATURE (F)   62        49      1982


SUNRISE AND SUNSET
SEPTEMBER  5 2015.....SUNRISE   623 AM EDT   SUNSET   719 PM EDT
SEPTEMBER  6 2015.....SUNRISE   624 AM EDT   SUNSET   717 PM EDT


-  INDICATES NEGATIVE NUMBERS.
R  INDICATES RECORD WAS SET OR TIED.
MM INDICATES DATA IS MISSING.
T  INDICATES TRACE AMOUNT.




$$
