435
CDUS41 KOKX 180652
CLIBDR


CLIMATE REPORT
NATIONAL WEATHER SERVICE NEW YORK NY
152 AM EST THU JAN 18 2018


...................................

...THE BRIDGEPORT CT CLIMATE SUMMARY FOR JANUARY 17 2018...

CLIMATE NORMAL PERIOD 1981 TO 2010
CLIMATE RECORD PERIOD 1948 TO 2018


WEATHER ITEM   OBSERVED TIME   RECORD YEAR NORMAL DEPARTURE LAST
                VALUE   (LST)  VALUE       VALUE  FROM      YEAR
                                                  NORMAL
..................................................................
TEMPERATURE (F)
 YESTERDAY
  MAXIMUM         37    444 AM  55    1949  37      0       42
  MINIMUM         22   1159 PM  -3    1982  23     -1       36
  AVERAGE         30                        30      0       39

PRECIPITATION (IN)
  YESTERDAY        0.19          0.77 1994   0.11   0.08     0.17
  MONTH TO DATE    1.64                      1.78  -0.14     1.88
  SINCE DEC 1      3.33                      5.11  -1.78     5.31
  SINCE JAN 1      1.64                      1.78  -0.14     1.88

SNOWFALL (IN)
  YESTERDAY        T             5.2  1985   0.3   -0.3      0.0
  MONTH TO DATE    9.3                       4.4    4.9      8.5
  SINCE OCT 1     18.0                      10.2    7.8     14.5
  SINCE JUL 1     18.0                      10.2    7.8     14.5
  SNOW DEPTH       0

DEGREE DAYS
 HEATING
  YESTERDAY       35                        35      0       26
  MONTH TO DATE  694                       591    103      520
  SINCE DEC 1   1665                      1510    155     1357
  SINCE JUL 1   2420                      2484    -64     2085

 COOLING
  YESTERDAY        0                         0      0        0
  MONTH TO DATE    0                         0      0        0
  SINCE DEC 1      0                         0      0        0
  SINCE JAN 1      0                         0      0        0
..................................................................


WIND (MPH)
  HIGHEST WIND SPEED    17   HIGHEST WIND DIRECTION     N (350)
  HIGHEST GUST SPEED    22   HIGHEST GUST DIRECTION     N (340)
  AVERAGE WIND SPEED     8.5


SKY COVER
  AVERAGE SKY COVER 0.9


WEATHER CONDITIONS
 THE FOLLOWING WEATHER WAS RECORDED YESTERDAY.
  LIGHT RAIN
  LIGHT SNOW
  FOG


RELATIVE HUMIDITY (PERCENT)
 HIGHEST    92           300 AM
 LOWEST     60          1100 PM
 AVERAGE    76

..........................................................


THE BRIDGEPORT CT CLIMATE NORMALS FOR TODAY
                         NORMAL    RECORD    YEAR
 MAXIMUM TEMPERATURE (F)   37        60      2006
 MINIMUM TEMPERATURE (F)   23        -5      1982


SUNRISE AND SUNSET
JANUARY 18 2018.......SUNRISE   714 AM EST   SUNSET   452 PM EST
JANUARY 19 2018.......SUNRISE   714 AM EST   SUNSET   453 PM EST


-  INDICATES NEGATIVE NUMBERS.
R  INDICATES RECORD WAS SET OR TIED.
MM INDICATES DATA IS MISSING.
T  INDICATES TRACE AMOUNT.




$$
