000
CDAK48 PABE 291146
CLIBET

CLIMATE REPORT
NATIONAL WEATHER SERVICE BETHEL, AK
346 AM AKDT WED JUL 29 2015

...................................
...THE BETHEL AP CLIMATE SUMMARY FOR JULY 28 2015...

CLIMATE NORMAL PERIOD  1981 TO  2010
CLIMATE RECORD PERIOD  1923 TO  2015

WEATHER ITEM   OBSERVED TIME    RECORD YEAR NORMAL DEPARTURE LAST
               VALUE    (LST)   VALUE       VALUE  FROM      YEAR
                                                   NORMAL
...................................................................
TEMPERATURE
YESTERDAY
 MAXIMUM            59  0747 PM    78  1987     62      -3     61
 MINIMUM            50  1157 PM    35  2000     49       1     49
 AVERAGE            55                          55       0     55

PRECIPITATION
(INCHES)
 YESTERDAY        0.00           1.24  2010   0.10   -0.10   0.01
 MONTH TO DATE    1.97                        2.06   -0.09   2.45
 SINCE JUN 1      2.25                        3.78   -1.53   3.97
 SINCE JAN 1      6.65                        7.87   -1.22   7.01

SNOWFALL
(INCHES)
 YESTERDAY         0.0            0.0  2015    0.0     0.0    0.0
 MONTH TO DATE     0.0                         0.0     0.0    0.0
 SINCE JUN 1       0.0                         0.0     0.0    0.0
 SINCE JUL 1       0.0                         0.0     0.0    0.0
 SNOW DEPTH (IN)     0                                          0

DEGREE DAYS
 HEATING
  YESTERDAY         10                          10       0     10
  MONTH TO DATE    221                         254     -33    262
  SINCE JUN 1      459                         631    -172    682
  SINCE JUL 1      221                         254     -33    262

 COOLING
  YESTERDAY          0                           0       0      0
  MONTH TO DATE      1                           0       1      0
  SINCE JUN 1       11                           0      11      0
  SINCE JAN 1       11                           0      11      0
...................................................................

WIND (MPH)
 HIGHEST WIND SPEED    14     HIGHEST WIND DIRECTION    230
 HIGHEST GUST SPEED    16     HIGHEST GUST DIRECTION    250
 AVERAGE WIND SPEED   7.5

SKY COVER
  POSSIBLE SUNSHINE    MM          AVERAGE SKY COVER     MM

WEATHER CONDITIONS
 THE FOLLOWING WEATHER WAS RECORDED YESTERDAY.
 NO SIGNIFICANT WEATHER WAS OBSERVED.

RELATIVE HUMIDITY
 HIGHEST RH     MM PERCENT       MM
 LOWEST  RH     MM PERCENT       MM
 AVERAGE RH     MM PERCENT       MM
...................................................................

THE BETHEL CLIMATE NORMALS FOR TODAY
                           NORMAL    RECORD   YEAR
 MAXIMUM TEMPERATURE (F)     62        75     2013
 MINIMUM TEMPERATURE (F)     49        35     2000

SUNRISE AND SUNSET
 JUL 29 2015..........SUNRISE  6:16 AM      SUNSET 11:31 PM
 JUL 30 2015..........SUNRISE  6:18 AM      SUNSET 11:28 PM

-  INDICATES NEGATIVE NUMBERS.
R  INDICATES RECORD HAS BEEN SET OR TIED.
MM INDICATES DATA IS MISSING.
T  INDICATES TRACE OF PRECIPITATION.

&&
-------------------------------------------------------------------

AMOUNT OF DAYLIGHT TODAY  (HOUR:MIN)........17 HOURS 15 MINUTES
GAIN/LOSS SINCE YESTERDAY (HOUR:MIN:SEC)....-0:04:55

$$
DAC
