000
CDAK48 PABE 021134
CLIBET

CLIMATE REPORT
NATIONAL WEATHER SERVICE BETHEL, AK
334 AM AKDT THU JUL 2 2015

...................................
...THE BETHEL AP CLIMATE SUMMARY FOR JULY 1 2015...

CLIMATE NORMAL PERIOD  1981 TO  2010
CLIMATE RECORD PERIOD  1923 TO  2015

WEATHER ITEM   OBSERVED TIME    RECORD YEAR NORMAL DEPARTURE LAST
               VALUE    (LST)   VALUE       VALUE  FROM      YEAR
                                                   NORMAL
...................................................................
TEMPERATURE
YESTERDAY
 MAXIMUM            63  0655 PM    82  1962     64      -1     66
 MINIMUM            50  0805 AM    38  1945     48       2     49
 AVERAGE            57                          56       1     58

PRECIPITATION
(INCHES)
 YESTERDAY           T           0.73  1998   0.06   -0.06   0.00
 MONTH TO DATE       T                        0.06   -0.06   0.00
 SINCE JUN 1      0.28                        1.78   -1.50   1.52
 SINCE JAN 1      4.68                        5.87   -1.19   4.56

SNOWFALL
(INCHES)
 YESTERDAY         0.0            0.0  2015    0.0     0.0    0.0
 MONTH TO DATE     0.0                         0.0     0.0    0.0
 SINCE JUN 1       0.0                         0.0     0.0    0.0
 SINCE JUL 1       0.0                         0.0     0.0    0.0
 SNOW DEPTH (IN)     0                                          0

DEGREE DAYS
 HEATING
  YESTERDAY          8                           9      -1      7
  MONTH TO DATE      8                           9      -1      7
  SINCE JUN 1      246                         386    -140    427
  SINCE JUL 1        8                           9      -1      7

 COOLING
  YESTERDAY          0                           0       0      0
  MONTH TO DATE      0                           0       0      0
  SINCE JUN 1       10                           0      10      0
  SINCE JAN 1       10                           0      10      0
...................................................................

WIND (MPH)
 HIGHEST WIND SPEED    13     HIGHEST WIND DIRECTION    270
 HIGHEST GUST SPEED    16     HIGHEST GUST DIRECTION    290
 AVERAGE WIND SPEED   5.8

SKY COVER
  POSSIBLE SUNSHINE    MM          AVERAGE SKY COVER     MM

WEATHER CONDITIONS
 THE FOLLOWING WEATHER WAS RECORDED YESTERDAY.
 SMOKE OR HAZE
 RAIN


RELATIVE HUMIDITY
 HIGHEST RH     MM PERCENT       MM
 LOWEST  RH     MM PERCENT       MM
 AVERAGE RH     MM PERCENT       MM
...................................................................

THE BETHEL CLIMATE NORMALS FOR TODAY
                           NORMAL    RECORD   YEAR
 MAXIMUM TEMPERATURE (F)     64        82     1974
 MINIMUM TEMPERATURE (F)     48        38     1924

SUNRISE AND SUNSET
 JUL 2 2015..........SUNRISE  5:22 AM      SUNSET 12:21 AM
 JUL 3 2015..........SUNRISE  5:23 AM      SUNSET 12:20 AM

-  INDICATES NEGATIVE NUMBERS.
R  INDICATES RECORD HAS BEEN SET OR TIED.
MM INDICATES DATA IS MISSING.
T  INDICATES TRACE OF PRECIPITATION.

&&
-------------------------------------------------------------------

AMOUNT OF DAYLIGHT TODAY  (HOUR:MIN)........18 HOURS 59 MINUTES
GAIN/LOSS SINCE YESTERDAY (HOUR:MIN:SEC)....-0:01:57

$$
DAC
