000
CDAK48 PABE 230054
CLIBET


CLIMATE REPORT
NATIONAL WEATHER SERVICE ANCHORAGE, AK
454 PM AKDT THU JUN 22 2017


...................................

...THE BETHEL CLIMATE SUMMARY FOR JUNE 22 2017...
VALID TODAY AS OF 0400 PM LOCAL TIME.

CLIMATE NORMAL PERIOD 1981 TO 2010
CLIMATE RECORD PERIOD 1948 TO 2017


WEATHER ITEM   OBSERVED TIME   RECORD YEAR NORMAL DEPARTURE LAST
                VALUE   (LST)  VALUE       VALUE  FROM      YEAR
                                                  NORMAL
..................................................................
TEMPERATURE (F)
 TODAY
  MAXIMUM         64    259 PM  82    1943  63      1       64
                                      1924
  MINIMUM         44    329 AM  36    1965  46     -2       48
  AVERAGE         54                        54      0       56

PRECIPITATION (IN)
  TODAY            0.00          0.34 1978   0.06  -0.06      T
  MONTH TO DATE    0.87                      1.23  -0.36     1.26
  SINCE JUN 1      0.87                      1.23  -0.36     1.26
  SINCE JAN 1      5.84                      5.32   0.52     4.50

SNOWFALL (IN)
  TODAY            0.0          MM      MM   0.0    0.0      0.0
  MONTH TO DATE    0.0                       0.0    0.0      0.0
  SINCE JUN 1      0.0                       0.0    0.0      0.0
  SINCE JUL 1     31.2                      61.8  -30.6     29.9
  SNOW DEPTH       0

DEGREE DAYS
 HEATING
  TODAY           11                        11      0        9
  MONTH TO DATE  189                       300   -111      226
  SINCE JUN 1    189                       300   -111      226
  SINCE JUL 1  11759                     12441   -682     9939

 COOLING
  TODAY            0                         0      0        0
  MONTH TO DATE    0                         0      0        0
  SINCE JUN 1      0                         0      0        0
  SINCE JAN 1      0                         0      0        0
..................................................................


WIND (MPH)
  RESULTANT WIND SPEED   6   RESULTANT WIND DIRECTION   N (350)
  HIGHEST WIND SPEED    12   HIGHEST WIND DIRECTION    NW (320)
  HIGHEST GUST SPEED    17   HIGHEST GUST DIRECTION    NW (330)
  AVERAGE WIND SPEED     8.0



WEATHER CONDITIONS
 THE FOLLOWING WEATHER WAS RECORDED TODAY.
  NO SIGNIFICANT WEATHER WAS OBSERVED.


RELATIVE HUMIDITY (PERCENT)
 HIGHEST   100
 LOWEST     52
 AVERAGE    76

..........................................................


THE BETHEL CLIMATE NORMALS FOR TOMORROW
                         NORMAL    RECORD    YEAR
 MAXIMUM TEMPERATURE (F)   63        81      1924
 MINIMUM TEMPERATURE (F)   46        37      1981
                                             1954


SUNRISE AND SUNSET
JUNE 22 2017..........SUNRISE   514 AM AKDT  SUNSET  1225 AM AKDT
JUNE 23 2017..........SUNRISE   514 AM AKDT  SUNSET  1225 AM AKDT


-  INDICATES NEGATIVE NUMBERS.
R  INDICATES RECORD WAS SET OR TIED.
MM INDICATES DATA IS MISSING.
T  INDICATES TRACE AMOUNT.




$$
