000
CDAK48 PABE 271304
CLIBET


CLIMATE REPORT
NATIONAL WEATHER SERVICE ANCHORAGE, AK
503 AM AKDT THU APR 27 2017


...................................

...THE BETHEL CLIMATE SUMMARY FOR APRIL 26 2017...

CLIMATE NORMAL PERIOD 1981 TO 2010
CLIMATE RECORD PERIOD 1948 TO 2017


WEATHER ITEM   OBSERVED TIME   RECORD YEAR NORMAL DEPARTURE LAST
                VALUE   (LST)  VALUE       VALUE  FROM      YEAR
                                                  NORMAL
..................................................................
TEMPERATURE (F)
 YESTERDAY
  MAXIMUM         50    325 PM  58    1958  41      9       56
  MINIMUM         33    643 AM  -4    1964  25      8       35
  AVERAGE         42                        33      9       46

PRECIPITATION (IN)
  YESTERDAY        0.06          0.41 2009   0.02   0.04      T
  MONTH TO DATE    0.41                      0.62  -0.21     0.56
  SINCE MAR 1      0.71                      1.33  -0.62     1.29
  SINCE JAN 1      2.60                      2.83  -0.23     1.68

SNOWFALL (IN)
  YESTERDAY        0.0           2.4  1951   0.1   -0.1      0.0
  MONTH TO DATE    0.9                       5.2   -4.3      0.4
  SINCE MAR 1      3.8                      13.4   -9.6      2.9
  SINCE JUL 1     31.2                      59.2  -28.0     29.9
  SNOW DEPTH       0

DEGREE DAYS
 HEATING
  YESTERDAY       23                        32     -9       19
  MONTH TO DATE  766                      1018   -252      617
  SINCE MAR 1   2591                      2562     29     1929
  SINCE JUL 1  10851                     11300   -449     9186

 COOLING
  YESTERDAY        0                         0      0        0
  MONTH TO DATE    0                         0      0        0
  SINCE MAR 1      0                         0      0        0
  SINCE JAN 1      0                         0      0        0
..................................................................


WIND (MPH)
  RESULTANT WIND SPEED   3   RESULTANT WIND DIRECTION  SW (210)
  HIGHEST WIND SPEED    17   HIGHEST WIND DIRECTION     S (190)
  HIGHEST GUST SPEED    22   HIGHEST GUST DIRECTION     S (200)
  AVERAGE WIND SPEED     5.2



WEATHER CONDITIONS
 THE FOLLOWING WEATHER WAS RECORDED YESTERDAY.
  LIGHT RAIN
  FOG
  FOG W/VISIBILITY <= 1/4 MILE


RELATIVE HUMIDITY (PERCENT)
 HIGHEST   100
 LOWEST     52
 AVERAGE    76

..........................................................


THE BETHEL CLIMATE NORMALS FOR TODAY
                         NORMAL    RECORD    YEAR
 MAXIMUM TEMPERATURE (F)   41        59      2014
 MINIMUM TEMPERATURE (F)   26       -13      1924


SUNRISE AND SUNSET
APRIL 27 2017.........SUNRISE   651 AM AKDT  SUNSET  1040 PM AKDT
APRIL 28 2017.........SUNRISE   648 AM AKDT  SUNSET  1043 PM AKDT


-  INDICATES NEGATIVE NUMBERS.
R  INDICATES RECORD WAS SET OR TIED.
MM INDICATES DATA IS MISSING.
T  INDICATES TRACE AMOUNT.




$$
