000
CDAK48 PAFC 260104 RRA
CLIBET

CLIMATE REPORT
NATIONAL WEATHER SERVICE ANCHORAGE, AK
503 PM AKDT SUN SEP 25 2016


...................................

...THE BETHEL CLIMATE SUMMARY FOR SEPTEMBER 25 2016...
VALID TODAY AS OF 0500 PM LOCAL TIME.

CLIMATE NORMAL PERIOD 1981 TO 2010
CLIMATE RECORD PERIOD 1948 TO 2016


WEATHER ITEM   OBSERVED TIME   RECORD YEAR NORMAL DEPARTURE LAST
                VALUE   (LST)  VALUE       VALUE  FROM      YEAR
                                                  NORMAL
..................................................................
TEMPERATURE (F)
 TODAY
  MAXIMUM         47        MM  63    1926  48     -1       49
  MINIMUM         31        MM  21    1983  35     -4       40
  AVERAGE         39                        42     -3       45

PRECIPITATION (IN)
  TODAY            0.00          0.69 2015   0.09  -0.09     0.64
  MONTH TO DATE    3.07                      2.34   0.73     3.73
  SINCE SEP 1      3.07                      2.34   0.73     3.73
  SINCE JAN 1     13.99                     13.76   0.23    13.29

SNOWFALL (IN)
  TODAY            0.0          MM      MM   0.1   -0.1     MM
  MONTH TO DATE    0.0                       0.4   -0.4      0.0
  SINCE SEP 1      0.0                       0.4   -0.4      0.0
  SINCE JUL 1      0.0                       0.4   -0.4      0.0
  SNOW DEPTH       0

DEGREE DAYS
 HEATING
  TODAY           26                        24      2       20
  MONTH TO DATE  397                       458    -61      479
  SINCE SEP 1    397                       458    -61      479
  SINCE JUL 1    759                      1094   -335     1081

 COOLING
  TODAY            0                         0      0        0
  MONTH TO DATE    0                         0      0        0
  SINCE SEP 1      0                         0      0        0
  SINCE JAN 1     13                         4      9       11
..................................................................


WIND (MPH)
  RESULTANT WIND SPEED   6   RESULTANT WIND DIRECTION   S (190)
  HIGHEST WIND SPEED    16   HIGHEST WIND DIRECTION     S (160)
  HIGHEST GUST SPEED    MM   HIGHEST GUST DIRECTION    MM
  AVERAGE WIND SPEED     9.2



WEATHER CONDITIONS
 THE FOLLOWING WEATHER WAS RECORDED TODAY.
  FOG
  FOG W/VISIBILITY <= 1/4 MILE


RELATIVE HUMIDITY (PERCENT)
 HIGHEST   100
 LOWEST     65
 AVERAGE    83

..........................................................


THE BETHEL CLIMATE NORMALS FOR TOMORROW
                         NORMAL    RECORD    YEAR
 MAXIMUM TEMPERATURE (F)   47        56      1935
                                             1929
 MINIMUM TEMPERATURE (F)   35        20      1983


SUNRISE AND SUNSET
SEPTEMBER 25 2016.....SUNRISE   840 AM AKDT  SUNSET   835 PM AKDT
SEPTEMBER 26 2016.....SUNRISE   843 AM AKDT  SUNSET   832 PM AKDT

CIVIL TWILIGHT
SEPTEMBER 25 2016       START   711 AM AKDT     END   831 PM AKDT
SEPTEMBER 26 2016       START   713 AM AKDT     END   828 PM AKDT



-  INDICATES NEGATIVE NUMBERS.
R  INDICATES RECORD WAS SET OR TIED.
MM INDICATES DATA IS MISSING.
T  INDICATES TRACE AMOUNT.




$$
&&
------------------------------------------------------
AMOUNT OF DAYLIGHT TODAY  (HOUR:MIN)........11:55
GAIN/LOSS SINCE YESTERDAY (HOUR:MIN:SEC)....-0:05:39
