000
CDUS41 KCTP 260626
CLIBFD


CLIMATE REPORT
NATIONAL WEATHER SERVICE STATE COLLEGE PA
226 AM EDT WED APR 26 2017


...................................

...THE BRADFORD CLIMATE SUMMARY FOR APRIL 25 2017...

CLIMATE NORMAL PERIOD 1981 TO 2010
CLIMATE RECORD PERIOD 1957 TO 2017


WEATHER ITEM   OBSERVED TIME   RECORD YEAR NORMAL DEPARTURE LAST
                VALUE   (LST)  VALUE       VALUE  FROM      YEAR
                                                  NORMAL
..................................................................
TEMPERATURE (F)
 YESTERDAY
  MAXIMUM         66    122 PM  82    2009  59      7       72
  MINIMUM         47    723 AM  17    1967  35     12       38
  AVERAGE         57                        47     10       55

PRECIPITATION (IN)
  YESTERDAY        0.06          1.10 1993   0.12  -0.06     0.08
  MONTH TO DATE    4.20                      2.95   1.25     3.05
  SINCE MAR 1      7.94                      6.32   1.62     5.98
  SINCE JAN 1     15.02                     11.96   3.06    10.59

DEGREE DAYS
 HEATING
  YESTERDAY        8                        13     -5       10
  MONTH TO DATE  394                       428    -34      589
  SINCE MAR 1   1461                      1465     -4     1333
  SINCE JUL 1   6044                      7035   -991     6033

 COOLING
  YESTERDAY        0                         0      0        0
  MONTH TO DATE    1                         0      1        0
  SINCE MAR 1      1                         0      1        0
  SINCE JAN 1      1                         0      1        0
..................................................................


WIND (MPH)
  HIGHEST WIND SPEED    21   HIGHEST WIND DIRECTION    SE (150)
  HIGHEST GUST SPEED    29   HIGHEST GUST DIRECTION    SE (150)
  AVERAGE WIND SPEED    10.4


SKY COVER
  POSSIBLE SUNSHINE  MM
  AVERAGE SKY COVER 1.0


WEATHER CONDITIONS
 THE FOLLOWING WEATHER WAS RECORDED YESTERDAY.
  LIGHT RAIN
  FOG


RELATIVE HUMIDITY (PERCENT)
 HIGHEST   100          1100 PM
 LOWEST     50           400 AM
 AVERAGE    75

..........................................................


THE BRADFORD CLIMATE NORMALS FOR TODAY
                         NORMAL    RECORD    YEAR
 MAXIMUM TEMPERATURE (F)   59        82      1990
 MINIMUM TEMPERATURE (F)   35        18      1972


SUNRISE AND SUNSET
APRIL 26 2017.........SUNRISE   617 AM EDT   SUNSET   808 PM EDT
APRIL 27 2017.........SUNRISE   616 AM EDT   SUNSET   809 PM EDT


-  INDICATES NEGATIVE NUMBERS.
R  INDICATES RECORD WAS SET OR TIED.
MM INDICATES DATA IS MISSING.
T  INDICATES TRACE AMOUNT.




$$
