000
CDUS41 KCTP 202131
CLIBFD


CLIMATE REPORT
NATIONAL WEATHER SERVICE STATE COLLEGE PA
530 PM EDT SUN AUG 20 2017


...................................

...THE BRADFORD CLIMATE SUMMARY FOR AUGUST 20 2017...
VALID TODAY AS OF 0500 PM LOCAL TIME.

CLIMATE NORMAL PERIOD 1981 TO 2010
CLIMATE RECORD PERIOD 1957 TO 2017


WEATHER ITEM   OBSERVED TIME   RECORD YEAR NORMAL DEPARTURE LAST
                VALUE   (LST)  VALUE       VALUE  FROM      YEAR
                                                  NORMAL
..................................................................
TEMPERATURE (F)
 TODAY
  MAXIMUM         79    354 PM  84    2016  75      4       84
                                      1959
  MINIMUM         48    501 AM  35    1998  52     -4       60
  AVERAGE         64                        64      0       72

PRECIPITATION (IN)
  TODAY            0.00          1.95 1999   0.14  -0.14     0.19
  MONTH TO DATE    0.99                      2.68  -1.69     5.63
  SINCE JUN 1     12.57                     11.78   0.79    13.16
  SINCE JAN 1     33.77                     28.52   5.25    27.59

DEGREE DAYS
 HEATING
  TODAY            1                         1      0        0
  MONTH TO DATE   26                        12     14        0
  SINCE JUN 1    182                       221    -39      123
  SINCE JUL 1     50                        76    -26       31

 COOLING
  TODAY            0                         2     -2        7
  MONTH TO DATE   34                        40     -6      122
  SINCE JUN 1    195                       154     41      275
  SINCE JAN 1    214                       164     50      294
..................................................................


WIND (MPH)
  HIGHEST WIND SPEED    12   HIGHEST WIND DIRECTION     W (280)
  HIGHEST GUST SPEED    17   HIGHEST GUST DIRECTION     W (290)
  AVERAGE WIND SPEED     3.9


SKY COVER
  POSSIBLE SUNSHINE  MM
  AVERAGE SKY COVER 0.2


WEATHER CONDITIONS
 THE FOLLOWING WEATHER WAS RECORDED TODAY.
  FOG


RELATIVE HUMIDITY (PERCENT)
 HIGHEST   100          1200 AM
 LOWEST     45           300 PM
 AVERAGE    73

..........................................................


THE BRADFORD CLIMATE NORMALS FOR TOMORROW
                         NORMAL    RECORD    YEAR
 MAXIMUM TEMPERATURE (F)   75        86      1959
 MINIMUM TEMPERATURE (F)   52        34      1984


SUNRISE AND SUNSET
AUGUST 20 2017........SUNRISE   628 AM EDT   SUNSET   807 PM EDT
AUGUST 21 2017........SUNRISE   629 AM EDT   SUNSET   805 PM EDT


-  INDICATES NEGATIVE NUMBERS.
R  INDICATES RECORD WAS SET OR TIED.
MM INDICATES DATA IS MISSING.
T  INDICATES TRACE AMOUNT.




$$
