000
CDUS41 KCTP 280637
CLIBFD


CLIMATE REPORT
NATIONAL WEATHER SERVICE STATE COLLEGE PA
237 AM EDT WED JUN 28 2017


...................................

...THE BRADFORD CLIMATE SUMMARY FOR JUNE 27 2017...

CLIMATE NORMAL PERIOD 1981 TO 2010
CLIMATE RECORD PERIOD 1957 TO 2017


WEATHER ITEM   OBSERVED TIME   RECORD YEAR NORMAL DEPARTURE LAST
                VALUE   (LST)  VALUE       VALUE  FROM      YEAR
                                                  NORMAL
..................................................................
TEMPERATURE (F)
 YESTERDAY
  MAXIMUM         61    210 PM  87    1969  76    -15       83
  MINIMUM         45   1159 PM  32    1961  52     -7       58
  AVERAGE         53                        64    -11       71

PRECIPITATION (IN)
  YESTERDAY        0.11          1.68 2006   0.16  -0.05     0.20
  MONTH TO DATE    6.43                      4.44   1.99     3.02
  SINCE JUN 1      6.43                      4.44   1.99     3.02
  SINCE JAN 1     27.63                     21.18   6.45    17.45

DEGREE DAYS
 HEATING
  YESTERDAY       12                         1     11        0
  MONTH TO DATE  123                        56     67       81
  SINCE JUN 1    123                        56     67       81
  SINCE JUL 1   6548                      7684  -1136     6584

 COOLING
  YESTERDAY        0                         2     -2        6
  MONTH TO DATE   61                        35     26       30
  SINCE JUN 1     61                        35     26       30
  SINCE JAN 1     80                        45     35       49
..................................................................


WIND (MPH)
  HIGHEST WIND SPEED    18   HIGHEST WIND DIRECTION     W (280)
  HIGHEST GUST SPEED    28   HIGHEST GUST DIRECTION     W (290)
  AVERAGE WIND SPEED     5.2


SKY COVER
  POSSIBLE SUNSHINE  MM
  AVERAGE SKY COVER 0.6


WEATHER CONDITIONS
 THE FOLLOWING WEATHER WAS RECORDED YESTERDAY.
  HEAVY RAIN
  RAIN
  LIGHT RAIN
  FOG


RELATIVE HUMIDITY (PERCENT)
 HIGHEST   100           100 AM
 LOWEST     60          1100 AM
 AVERAGE    80

..........................................................


THE BRADFORD CLIMATE NORMALS FOR TODAY
                         NORMAL    RECORD    YEAR
 MAXIMUM TEMPERATURE (F)   76        87      1963
 MINIMUM TEMPERATURE (F)   52        36      1961


SUNRISE AND SUNSET
JUNE 28 2017..........SUNRISE   542 AM EDT   SUNSET   853 PM EDT
JUNE 29 2017..........SUNRISE   543 AM EDT   SUNSET   853 PM EDT


-  INDICATES NEGATIVE NUMBERS.
R  INDICATES RECORD WAS SET OR TIED.
MM INDICATES DATA IS MISSING.
T  INDICATES TRACE AMOUNT.




$$
