000
CDUS41 KCTP 100614
CLIBFD


CLIMATE REPORT
NATIONAL WEATHER SERVICE STATE COLLEGE PA
213 AM EDT THU JUL 10 2014


...................................

...THE BRADFORD CLIMATE SUMMARY FOR JULY 9 2014...

CLIMATE NORMAL PERIOD 1981 TO 2010
CLIMATE RECORD PERIOD 1957 TO 2014


WEATHER ITEM   OBSERVED TIME   RECORD YEAR NORMAL DEPARTURE LAST
                VALUE   (LST)  VALUE       VALUE  FROM      YEAR
                                                  NORMAL
..................................................................
TEMPERATURE (F)
 YESTERDAY
  MAXIMUM         73   1150 AM  92    1988  77     -4       76
  MINIMUM         57   1151 PM  33    1963  53      4       65
  AVERAGE         65                        65      0       71

PRECIPITATION (IN)
  YESTERDAY        T             1.32 2010   0.14  -0.14     0.14
  MONTH TO DATE    1.57                      1.21   0.36     1.07
  SINCE JUN 1      7.61                      6.12   1.49     5.68
  SINCE JAN 1     23.56                     22.86   0.70    16.71

DEGREE DAYS
 HEATING
  YESTERDAY        0                         0      0        0
  MONTH TO DATE   17                         1     16        0
  SINCE JUN 1    102                       146    -44      104
  SINCE JUL 1     17                         1     16        0

 COOLING
  YESTERDAY        0                         3     -3        6
  MONTH TO DATE   28                        21      7       63
  SINCE JUN 1     84                        61     23      113
  SINCE JAN 1    102                        71     31      156
..................................................................


WIND (MPH)
  HIGHEST WIND SPEED    23   HIGHEST WIND DIRECTION    NW (300)
  HIGHEST GUST SPEED    31   HIGHEST GUST DIRECTION    NW (310)
  AVERAGE WIND SPEED     7.1


SKY COVER
  POSSIBLE SUNSHINE  MM
  AVERAGE SKY COVER 0.5


WEATHER CONDITIONS
 THE FOLLOWING WEATHER WAS RECORDED YESTERDAY.
  LIGHT RAIN


RELATIVE HUMIDITY (PERCENT)
 HIGHEST    93           200 AM
 LOWEST     61          1100 AM
 AVERAGE    77

..........................................................


THE BRADFORD CLIMATE NORMALS FOR TODAY
                         NORMAL    RECORD    YEAR
 MAXIMUM TEMPERATURE (F)   77        92      1988
 MINIMUM TEMPERATURE (F)   53        40      1961


SUNRISE AND SUNSET
JULY 10 2014..........SUNRISE   549 AM EDT   SUNSET   850 PM EDT
JULY 11 2014..........SUNRISE   550 AM EDT   SUNSET   850 PM EDT


-  INDICATES NEGATIVE NUMBERS.
R  INDICATES RECORD WAS SET OR TIED.
MM INDICATES DATA IS MISSING.
T  INDICATES TRACE AMOUNT.




$$
