000
CDUS41 KCTP 052121
CLIBFD


CLIMATE REPORT
NATIONAL WEATHER SERVICE STATE COLLEGE PA
521 PM EDT SUN JUL 5 2015


...................................

...THE BRADFORD CLIMATE SUMMARY FOR JULY 5 2015...
VALID TODAY AS OF 0500 PM LOCAL TIME.

CLIMATE NORMAL PERIOD 1981 TO 2010
CLIMATE RECORD PERIOD 1957 TO 2015


WEATHER ITEM   OBSERVED TIME   RECORD YEAR NORMAL DEPARTURE LAST
                VALUE   (LST)  VALUE       VALUE  FROM      YEAR
                                                  NORMAL
..................................................................
TEMPERATURE (F)
 TODAY
  MAXIMUM         78    359 PM  91    1993  77      1       74
  MINIMUM         46    420 AM  37    1961  53     -7       43
  AVERAGE         62                        65     -3       59

PRECIPITATION (IN)
  TODAY            0.00          1.62 2005   0.13  -0.13     0.00
  MONTH TO DATE    0.11                      0.67  -0.56     0.73
  SINCE JUN 1      7.58                      5.58   2.00     6.77
  SINCE JAN 1     20.01                     22.32  -2.31    22.72

DEGREE DAYS
 HEATING
  TODAY            3                         0      3        6
  MONTH TO DATE   18                         1     17       12
  SINCE JUN 1    125                       146    -21       97
  SINCE JUL 1     18                         1     17       12

 COOLING
  TODAY            0                         2     -2        0
  MONTH TO DATE    0                        10    -10       21
  SINCE JUN 1     38                        50    -12       77
  SINCE JAN 1     82                        60     22       95
..................................................................


WIND (MPH)
  HIGHEST WIND SPEED     9   HIGHEST WIND DIRECTION     E (100)
  HIGHEST GUST SPEED    14   HIGHEST GUST DIRECTION     S (170)
  AVERAGE WIND SPEED     1.6


SKY COVER
  POSSIBLE SUNSHINE  MM
  AVERAGE SKY COVER 0.0


WEATHER CONDITIONS
 THE FOLLOWING WEATHER WAS RECORDED TODAY.
  FOG


RELATIVE HUMIDITY (PERCENT)
 HIGHEST    93          1200 AM
 LOWEST     38           300 PM
 AVERAGE    66

..........................................................


THE BRADFORD CLIMATE NORMALS FOR TOMORROW
                         NORMAL    RECORD    YEAR
 MAXIMUM TEMPERATURE (F)   77        93      1988
 MINIMUM TEMPERATURE (F)   53        37      1979


SUNRISE AND SUNSET
JULY  5 2015..........SUNRISE   546 AM EDT   SUNSET   852 PM EDT
JULY  6 2015..........SUNRISE   546 AM EDT   SUNSET   852 PM EDT


-  INDICATES NEGATIVE NUMBERS.
R  INDICATES RECORD WAS SET OR TIED.
MM INDICATES DATA IS MISSING.
T  INDICATES TRACE AMOUNT.




$$
