000
CDUS41 KCTP 250611
CLIBFD


CLIMATE REPORT
NATIONAL WEATHER SERVICE STATE COLLEGE PA
211 AM EDT SAT MAR 25 2017


...................................

...THE BRADFORD CLIMATE SUMMARY FOR MARCH 24 2017...

CLIMATE NORMAL PERIOD 1981 TO 2010
CLIMATE RECORD PERIOD 1957 TO 2017


WEATHER ITEM   OBSERVED TIME   RECORD YEAR NORMAL DEPARTURE LAST
                VALUE   (LST)  VALUE       VALUE  FROM      YEAR
                                                  NORMAL
..................................................................
TEMPERATURE (F)
 YESTERDAY
  MAXIMUM         65    546 PM  69    2016  45     20       69
  MINIMUM         33   1242 AM   5    2014  25      8       40
  AVERAGE         49                        35     14       55

PRECIPITATION (IN)
  YESTERDAY        0.04          0.69 1979   0.12  -0.08     0.23
  MONTH TO DATE    1.87                      2.55  -0.68     1.87
  SINCE MAR 1      1.87                      2.55  -0.68     1.87
  SINCE JAN 1      8.95                      8.19   0.76     6.48

DEGREE DAYS
 HEATING
  YESTERDAY       16                        25     -9       10
  MONTH TO DATE  920                       697    223      590
  SINCE MAR 1    920                       697    223      590
  SINCE JUL 1   5503                      6267   -764     5290

 COOLING
  YESTERDAY        0                         0      0        0
  MONTH TO DATE    0                         0      0        0
  SINCE MAR 1      0                         0      0        0
  SINCE JAN 1      0                         0      0        0
..................................................................


WIND (MPH)
  HIGHEST WIND SPEED    18   HIGHEST WIND DIRECTION    SW (230)
  HIGHEST GUST SPEED    29   HIGHEST GUST DIRECTION    SW (240)
  AVERAGE WIND SPEED     9.1


SKY COVER
  POSSIBLE SUNSHINE  MM
  AVERAGE SKY COVER 0.5


WEATHER CONDITIONS
 THE FOLLOWING WEATHER WAS RECORDED YESTERDAY.
  LIGHT RAIN
  FOG


RELATIVE HUMIDITY (PERCENT)
 HIGHEST    92           700 AM
 LOWEST     29          1200 AM
 AVERAGE    61

..........................................................


THE BRADFORD CLIMATE NORMALS FOR TODAY
                         NORMAL    RECORD    YEAR
 MAXIMUM TEMPERATURE (F)   45        69      1988
 MINIMUM TEMPERATURE (F)   25        -3      1974


SUNRISE AND SUNSET
MARCH 25 2017.........SUNRISE   709 AM EDT   SUNSET   733 PM EDT
MARCH 26 2017.........SUNRISE   707 AM EDT   SUNSET   734 PM EDT


-  INDICATES NEGATIVE NUMBERS.
R  INDICATES RECORD WAS SET OR TIED.
MM INDICATES DATA IS MISSING.
T  INDICATES TRACE AMOUNT.




$$
