000
CDUS41 KCTP 210621
CLIBFD


CLIMATE REPORT
NATIONAL WEATHER SERVICE STATE COLLEGE PA
221 AM EDT THU AUG 21 2014


...................................

...THE BRADFORD CLIMATE SUMMARY FOR AUGUST 20 2014...

CLIMATE NORMAL PERIOD 1981 TO 2010
CLIMATE RECORD PERIOD 1957 TO 2014


WEATHER ITEM   OBSERVED TIME   RECORD YEAR NORMAL DEPARTURE LAST
                VALUE   (LST)  VALUE       VALUE  FROM      YEAR
                                                  NORMAL
..................................................................
TEMPERATURE (F)
 YESTERDAY
  MAXIMUM         75    458 PM  84    1959  75      0       80
  MINIMUM         62    332 AM  35    1998  52     10       47
  AVERAGE         69                        64      5       64

PRECIPITATION (IN)
  YESTERDAY        0.01          1.95 1999   0.14  -0.13     0.00
  MONTH TO DATE    3.58                      2.68   0.90     2.09
  SINCE JUN 1     13.20                     11.78   1.42     9.32
  SINCE JAN 1     29.15                     28.52   0.63    20.35

DEGREE DAYS
 HEATING
  YESTERDAY        0                         1     -1        1
  MONTH TO DATE   70                        12     58       74
  SINCE JUN 1    249                       221     28      230
  SINCE JUL 1    164                        76     88      126

 COOLING
  YESTERDAY        4                         2      2        0
  MONTH TO DATE    8                        40    -32       10
  SINCE JUN 1    127                       154    -27      208
  SINCE JAN 1    145                       164    -19      251
..................................................................


WIND (MPH)
  HIGHEST WIND SPEED    13   HIGHEST WIND DIRECTION    SW (210)
  HIGHEST GUST SPEED    18   HIGHEST GUST DIRECTION    SW (210)
  AVERAGE WIND SPEED     3.7


SKY COVER
  POSSIBLE SUNSHINE  MM
  AVERAGE SKY COVER 0.7


WEATHER CONDITIONS
 THE FOLLOWING WEATHER WAS RECORDED YESTERDAY.
  LIGHT RAIN
  FOG
  FOG W/VISIBILITY <= 1/4 MILE


RELATIVE HUMIDITY (PERCENT)
 HIGHEST   100           300 AM
 LOWEST     60           500 PM
 AVERAGE    80

..........................................................


THE BRADFORD CLIMATE NORMALS FOR TODAY
                         NORMAL    RECORD    YEAR
 MAXIMUM TEMPERATURE (F)   75        86      1959
 MINIMUM TEMPERATURE (F)   52        34      1984


SUNRISE AND SUNSET
AUGUST 21 2014........SUNRISE   629 AM EDT   SUNSET   806 PM EDT
AUGUST 22 2014........SUNRISE   630 AM EDT   SUNSET   804 PM EDT


-  INDICATES NEGATIVE NUMBERS.
R  INDICATES RECORD WAS SET OR TIED.
MM INDICATES DATA IS MISSING.
T  INDICATES TRACE AMOUNT.




$$
