000
CDUS41 KCTP 230613
CLIBFD


CLIMATE REPORT
NATIONAL WEATHER SERVICE STATE COLLEGE PA
212 AM EDT SAT MAY 23 2015


...................................

...THE BRADFORD CLIMATE SUMMARY FOR MAY 22 2015...

CLIMATE NORMAL PERIOD 1981 TO 2010
CLIMATE RECORD PERIOD 1957 TO 2015


WEATHER ITEM   OBSERVED TIME   RECORD YEAR NORMAL DEPARTURE LAST
                VALUE   (LST)  VALUE       VALUE  FROM      YEAR
                                                  NORMAL
..................................................................
TEMPERATURE (F)
 YESTERDAY
  MAXIMUM         60    129 PM  84    2013  67     -7       72
  MINIMUM         30   1158 PM  24    2002  42    -12       52
  AVERAGE         45                        55    -10       62

PRECIPITATION (IN)
  YESTERDAY        0.00          1.32 1982   0.15  -0.15     0.01
  MONTH TO DATE    1.48                      2.89  -1.41     5.43
  SINCE MAR 1      8.05                      9.81  -1.76    11.69
  SINCE JAN 1     10.89                     15.45  -4.56    15.22

DEGREE DAYS
 HEATING
  YESTERDAY       20                         6     14        3
  MONTH TO DATE  170                       194    -24      256
  SINCE MAR 1   1959                      1875     84     2041
  SINCE JUL 1   7858                      7445    413     7707

 COOLING
  YESTERDAY        0                         0      0        0
  MONTH TO DATE   30                         0     30       14
  SINCE MAR 1     30                         2     28       16
  SINCE JAN 1     30                         2     28       16
..................................................................


WIND (MPH)
  HIGHEST WIND SPEED    25   HIGHEST WIND DIRECTION    NW (310)
  HIGHEST GUST SPEED    33   HIGHEST GUST DIRECTION    NW (320)
  AVERAGE WIND SPEED    10.7


SKY COVER
  POSSIBLE SUNSHINE  MM
  AVERAGE SKY COVER 0.2


WEATHER CONDITIONS
 THE FOLLOWING WEATHER WAS RECORDED YESTERDAY.
  NO SIGNIFICANT WEATHER WAS OBSERVED.


RELATIVE HUMIDITY (PERCENT)
 HIGHEST    76           600 AM
 LOWEST     23           200 PM
 AVERAGE    50

..........................................................


THE BRADFORD CLIMATE NORMALS FOR TODAY
                         NORMAL    RECORD    YEAR
 MAXIMUM TEMPERATURE (F)   68        84      1991
 MINIMUM TEMPERATURE (F)   43        26      1963


SUNRISE AND SUNSET
MAY 23 2015...........SUNRISE   548 AM EDT   SUNSET   835 PM EDT
MAY 24 2015...........SUNRISE   547 AM EDT   SUNSET   836 PM EDT


-  INDICATES NEGATIVE NUMBERS.
R  INDICATES RECORD WAS SET OR TIED.
MM INDICATES DATA IS MISSING.
T  INDICATES TRACE AMOUNT.




$$
