000
CDUS41 KCTP 030623
CLIBFD


CLIMATE REPORT
NATIONAL WEATHER SERVICE STATE COLLEGE PA
123 AM EST TUE MAR 3 2015


...................................

...THE BRADFORD CLIMATE SUMMARY FOR MARCH 2 2015...

CLIMATE NORMAL PERIOD 1981 TO 2010
CLIMATE RECORD PERIOD 1957 TO 2015


WEATHER ITEM   OBSERVED TIME   RECORD YEAR NORMAL DEPARTURE LAST
                VALUE   (LST)  VALUE       VALUE  FROM      YEAR
                                                  NORMAL
..................................................................
TEMPERATURE (F)
 YESTERDAY
  MAXIMUM         27   1219 AM  64    1991  36     -9       28
  MINIMUM          3   1150 PM -21    1980  17    -14        2
  AVERAGE         15                        27    -12       15

PRECIPITATION (IN)
  YESTERDAY        0.01          1.60 1976   0.09  -0.08     0.04
  MONTH TO DATE    0.36                      0.19   0.17     0.04
  SINCE MAR 1      0.36                      0.19   0.17     0.04
  SINCE JAN 1      3.20                      5.83  -2.63     3.57

DEGREE DAYS
 HEATING
  YESTERDAY       50                        33     17       50
  MONTH TO DATE   95                        66     29       92
  SINCE MAR 1     95                        66     29       92
  SINCE JUL 1   5994                      5636    358     5758

 COOLING
  YESTERDAY        0                         0      0        0
  MONTH TO DATE    0                         0      0        0
  SINCE MAR 1      0                         0      0        0
  SINCE JAN 1      0                         0      0        0
..................................................................


WIND (MPH)
  HIGHEST WIND SPEED    25   HIGHEST WIND DIRECTION     W (280)
  HIGHEST GUST SPEED    41   HIGHEST GUST DIRECTION    NW (310)
  AVERAGE WIND SPEED    12.5


SKY COVER
  POSSIBLE SUNSHINE  MM
  AVERAGE SKY COVER 0.7


WEATHER CONDITIONS
 THE FOLLOWING WEATHER WAS RECORDED YESTERDAY.
  LIGHT SNOW
  FOG
  HAZE


RELATIVE HUMIDITY (PERCENT)
 HIGHEST    86          1100 PM
 LOWEST     50           300 PM
 AVERAGE    68

..........................................................


THE BRADFORD CLIMATE NORMALS FOR TODAY
                         NORMAL    RECORD    YEAR
 MAXIMUM TEMPERATURE (F)   37        66      1976
 MINIMUM TEMPERATURE (F)   17        -9      2003


SUNRISE AND SUNSET
MARCH  3 2015.........SUNRISE   647 AM EST   SUNSET   607 PM EST
MARCH  4 2015.........SUNRISE   645 AM EST   SUNSET   608 PM EST


-  INDICATES NEGATIVE NUMBERS.
R  INDICATES RECORD WAS SET OR TIED.
MM INDICATES DATA IS MISSING.
T  INDICATES TRACE AMOUNT.




$$
