000
CDUS41 KCTP 202120
CLIBFD


CLIMATE REPORT
NATIONAL WEATHER SERVICE STATE COLLEGE PA
519 PM EDT FRI OCT 20 2017


...................................

...THE BRADFORD CLIMATE SUMMARY FOR OCTOBER 20 2017...
VALID TODAY AS OF 0500 PM LOCAL TIME.

CLIMATE NORMAL PERIOD 1981 TO 2010
CLIMATE RECORD PERIOD 1957 TO 2017


WEATHER ITEM   OBSERVED TIME   RECORD YEAR NORMAL DEPARTURE LAST
                VALUE   (LST)  VALUE       VALUE  FROM      YEAR
                                                  NORMAL
..................................................................
TEMPERATURE (F)
 TODAY
  MAXIMUM         71    241 PM  75    1963  56     15       73
  MINIMUM         39    642 AM  12    1972  35      4       49
  AVERAGE         55                        45     10       61

PRECIPITATION (IN)
  TODAY            0.00          0.92 2006   0.10  -0.10     0.79
  MONTH TO DATE    2.85                      2.27   0.58     2.81
  SINCE SEP 1      5.24                      6.19  -0.95     5.36
  SINCE JAN 1     40.39                     36.14   4.25    34.36

DEGREE DAYS
 HEATING
  TODAY           10                        15     -5        4
  MONTH TO DATE  177                       251    -74      217
  SINCE SEP 1    353                       515   -162      357
  SINCE JUL 1    462                       668   -206      400

 COOLING
  TODAY            0                         0      0        0
  MONTH TO DATE    7                         0      7        3
  SINCE SEP 1     40                        15     25       45
  SINCE JAN 1    264                       192     72      370
..................................................................


WIND (MPH)
  HIGHEST WIND SPEED    13   HIGHEST WIND DIRECTION     N (350)
  HIGHEST GUST SPEED    17   HIGHEST GUST DIRECTION     N (350)
  AVERAGE WIND SPEED     3.7


SKY COVER
  POSSIBLE SUNSHINE  MM
  AVERAGE SKY COVER 0.1


WEATHER CONDITIONS
 THE FOLLOWING WEATHER WAS RECORDED TODAY.
  FOG
  FOG W/VISIBILITY <= 1/4 MILE


RELATIVE HUMIDITY (PERCENT)
 HIGHEST   100           100 AM
 LOWEST     22           100 PM
 AVERAGE    61

..........................................................


THE BRADFORD CLIMATE NORMALS FOR TOMORROW
                         NORMAL    RECORD    YEAR
 MAXIMUM TEMPERATURE (F)   55        75      1979
 MINIMUM TEMPERATURE (F)   35        21      1972


SUNRISE AND SUNSET
OCTOBER 20 2017.......SUNRISE   733 AM EDT   SUNSET   625 PM EDT
OCTOBER 21 2017.......SUNRISE   734 AM EDT   SUNSET   624 PM EDT


-  INDICATES NEGATIVE NUMBERS.
R  INDICATES RECORD WAS SET OR TIED.
MM INDICATES DATA IS MISSING.
T  INDICATES TRACE AMOUNT.




$$
