000
CDUS41 KCTP 240620
CLIBFD


CLIMATE REPORT
NATIONAL WEATHER SERVICE STATE COLLEGE PA
120 AM EST FRI FEB 24 2017


...................................

...THE BRADFORD CLIMATE SUMMARY FOR FEBRUARY 23 2017...

CLIMATE NORMAL PERIOD 1981 TO 2010
CLIMATE RECORD PERIOD 1957 TO 2017


WEATHER ITEM   OBSERVED TIME   RECORD YEAR NORMAL DEPARTURE LAST
                VALUE   (LST)  VALUE       VALUE  FROM      YEAR
                                                  NORMAL
..................................................................
TEMPERATURE (F)
 YESTERDAY
  MAXIMUM         60R   509 PM  57    1977  34     26       42
  MINIMUM         46   1149 PM -13    2015  16     30       22
  AVERAGE         53                        25     28       32

PRECIPITATION (IN)
  YESTERDAY        T             0.91 1975   0.09  -0.09     0.00
  MONTH TO DATE    2.02                      1.90   0.12     2.38
  SINCE DEC 1      9.83                      8.59   1.24     8.33
  SINCE JAN 1      6.59                      5.19   1.40     3.53

DEGREE DAYS
 HEATING
  YESTERDAY       12                        34    -22       33
  MONTH TO DATE  773                       834    -61      925
  SINCE DEC 1   3075                      3410   -335     3032
  SINCE JUL 1   4463                      5245   -782     4512

 COOLING
  YESTERDAY        0                         0      0        0
  MONTH TO DATE    0                         0      0        0
  SINCE DEC 1      0                         0      0        0
  SINCE JAN 1      0                         0      0        0
..................................................................


WIND (MPH)
  HIGHEST WIND SPEED    14   HIGHEST WIND DIRECTION    SW (210)
  HIGHEST GUST SPEED    20   HIGHEST GUST DIRECTION    SW (210)
  AVERAGE WIND SPEED     4.9


SKY COVER
  POSSIBLE SUNSHINE  MM
  AVERAGE SKY COVER 0.8


WEATHER CONDITIONS
 THE FOLLOWING WEATHER WAS RECORDED YESTERDAY.
  LIGHT RAIN
  FOG
  FOG W/VISIBILITY <= 1/4 MILE


RELATIVE HUMIDITY (PERCENT)
 HIGHEST   100           800 AM
 LOWEST     72           500 PM
 AVERAGE    86

..........................................................


THE BRADFORD CLIMATE NORMALS FOR TODAY
                         NORMAL    RECORD    YEAR
 MAXIMUM TEMPERATURE (F)   35        59      1961
 MINIMUM TEMPERATURE (F)   16       -20      2015


SUNRISE AND SUNSET
FEBRUARY 24 2017......SUNRISE   657 AM EST   SUNSET   559 PM EST
FEBRUARY 25 2017......SUNRISE   655 AM EST   SUNSET   600 PM EST


-  INDICATES NEGATIVE NUMBERS.
R  INDICATES RECORD WAS SET OR TIED.
MM INDICATES DATA IS MISSING.
T  INDICATES TRACE AMOUNT.




$$
