000
CDUS41 KCTP 292118
CLIBFD


CLIMATE REPORT
NATIONAL WEATHER SERVICE STATE COLLEGE PA
517 PM EDT FRI APR 29 2016


...................................

...THE BRADFORD CLIMATE SUMMARY FOR APRIL 29 2016...
VALID TODAY AS OF 0500 PM LOCAL TIME.

CLIMATE NORMAL PERIOD 1981 TO 2010
CLIMATE RECORD PERIOD 1957 TO 2016


WEATHER ITEM   OBSERVED TIME   RECORD YEAR NORMAL DEPARTURE LAST
                VALUE   (LST)  VALUE       VALUE  FROM      YEAR
                                                  NORMAL
..................................................................
TEMPERATURE (F)
 TODAY
  MAXIMUM         46    220 PM  76    1984  61    -15       68
  MINIMUM         40    709 AM  16    1977  36      4       32
  AVERAGE         43                        48     -5       50

PRECIPITATION (IN)
  TODAY            0.10          1.35 1983   0.12  -0.02     0.00
  MONTH TO DATE    3.57                      3.43   0.14     4.23
  SINCE MAR 1      6.50                      6.80  -0.30     6.57
  SINCE JAN 1     11.11                     12.44  -1.33     9.41

DEGREE DAYS
 HEATING
  TODAY           22                        12     10       15
  MONTH TO DATE  671                       478    193      604
  SINCE MAR 1   1415                      1515   -100     1773
  SINCE JUL 1   6115                      7085   -970     7672

 COOLING
  TODAY            0                         0      0        0
  MONTH TO DATE    0                         0      0        0
  SINCE MAR 1      0                         0      0        0
  SINCE JAN 1      0                         0      0        0
..................................................................


WIND (MPH)
  HIGHEST WIND SPEED    10   HIGHEST WIND DIRECTION    SE (140)
  HIGHEST GUST SPEED    14   HIGHEST GUST DIRECTION    SE (140)
  AVERAGE WIND SPEED     6.3


SKY COVER
  POSSIBLE SUNSHINE  MM
  AVERAGE SKY COVER 1.0


WEATHER CONDITIONS
 THE FOLLOWING WEATHER WAS RECORDED TODAY.
  RAIN
  LIGHT RAIN
  FOG


RELATIVE HUMIDITY (PERCENT)
 HIGHEST   100           600 AM
 LOWEST     86           100 AM
 AVERAGE    93

..........................................................


THE BRADFORD CLIMATE NORMALS FOR TOMORROW
                         NORMAL    RECORD    YEAR
 MAXIMUM TEMPERATURE (F)   61        80      1962
 MINIMUM TEMPERATURE (F)   36        20      2002


SUNRISE AND SUNSET
APRIL 29 2016.........SUNRISE   613 AM EDT   SUNSET   811 PM EDT
APRIL 30 2016.........SUNRISE   612 AM EDT   SUNSET   812 PM EDT


-  INDICATES NEGATIVE NUMBERS.
R  INDICATES RECORD WAS SET OR TIED.
MM INDICATES DATA IS MISSING.
T  INDICATES TRACE AMOUNT.




$$
