000
CDUS41 KCTP 310639
CLIBFD


CLIMATE REPORT
NATIONAL WEATHER SERVICE STATE COLLEGE PA
238 AM EDT SUN JUL 31 2016


...................................

...THE BRADFORD CLIMATE SUMMARY FOR JULY 30 2016...

CLIMATE NORMAL PERIOD 1981 TO 2010
CLIMATE RECORD PERIOD 1957 TO 2016


WEATHER ITEM   OBSERVED TIME   RECORD YEAR NORMAL DEPARTURE LAST
                VALUE   (LST)  VALUE       VALUE  FROM      YEAR
                                                  NORMAL
..................................................................
TEMPERATURE (F)
 YESTERDAY
  MAXIMUM         70    521 PM  88    1999  77     -7       80
  MINIMUM         62   1044 AM  40    1971  53      9       55
  AVERAGE         66                        65      1       68

PRECIPITATION (IN)
  YESTERDAY        0.39          0.81 1993   0.13   0.26     0.24
  MONTH TO DATE    4.46                      4.05   0.41     2.69
  SINCE JUN 1      7.48                      8.96  -1.48    10.16
  SINCE JAN 1     21.91                     25.70  -3.79    22.59

DEGREE DAYS
 HEATING
  YESTERDAY        0                         0      0        0
  MONTH TO DATE   31                         1     30       47
  SINCE JUN 1    123                       146    -23      154
  SINCE JUL 1     31                         1     30       47

 COOLING
  YESTERDAY        1                         2     -1        3
  MONTH TO DATE  115                        68     47       71
  SINCE JUN 1    147                       108     39      109
  SINCE JAN 1    166                       118     48      153
..................................................................


WIND (MPH)
  HIGHEST WIND SPEED    10   HIGHEST WIND DIRECTION     E (90)
  HIGHEST GUST SPEED    13   HIGHEST GUST DIRECTION    NE (60)
  AVERAGE WIND SPEED     4.6


SKY COVER
  POSSIBLE SUNSHINE  MM
  AVERAGE SKY COVER 0.9


WEATHER CONDITIONS
 THE FOLLOWING WEATHER WAS RECORDED YESTERDAY.
  HEAVY RAIN
  RAIN
  FOG


RELATIVE HUMIDITY (PERCENT)
 HIGHEST    93           100 AM
 LOWEST     78           700 AM
 AVERAGE    86

..........................................................


THE BRADFORD CLIMATE NORMALS FOR TODAY
                         NORMAL    RECORD    YEAR
 MAXIMUM TEMPERATURE (F)   77        92      1975
 MINIMUM TEMPERATURE (F)   53        41      1964


SUNRISE AND SUNSET
JULY 31 2016..........SUNRISE   608 AM EDT   SUNSET   833 PM EDT
AUGUST  1 2016........SUNRISE   609 AM EDT   SUNSET   832 PM EDT


-  INDICATES NEGATIVE NUMBERS.
R  INDICATES RECORD WAS SET OR TIED.
MM INDICATES DATA IS MISSING.
T  INDICATES TRACE AMOUNT.




$$
