783
CDUS45 KCYS 070734
CLIBFF


CLIMATE REPORT
NATIONAL WEATHER SERVICE CHEYENNE WY
1233 AM MST SUN FEB 7 2016


...................................

...THE SCOTTSBLUFF NE AIRPORT CLIMATE SUMMARY FOR FEBRUARY 6 2016...

CLIMATE NORMAL PERIOD 1981 TO 2010
CLIMATE RECORD PERIOD 1871 TO 2016


WEATHER ITEM   OBSERVED TIME   RECORD YEAR NORMAL DEPARTURE LAST
                VALUE   (LST)  VALUE       VALUE  FROM      YEAR
                                                  NORMAL
..................................................................
TEMPERATURE (F)
 YESTERDAY
  MAXIMUM         44    332 PM  70    2015  42      2       70
  MINIMUM         14    120 AM -41    1899  15     -1       32
  AVERAGE         29                        29      0       51

PRECIPITATION (IN)
  YESTERDAY        0.00          0.31 1986   0.01  -0.01     0.00
  MONTH TO DATE    0.34                      0.10   0.24     0.28
  SINCE JAN 1      0.55                      0.51   0.04     0.73

SNOWFALL (IN)
  YESTERDAY        0.0           3.3  1986   0.2   -0.2      0.0
  MONTH TO DATE    3.4                       1.4    2.0      4.1
  SINCE JUL 1     21.8                      22.8   -1.0     40.5
  SNOW DEPTH      MM

DEGREE DAYS
 HEATING
  YESTERDAY       36                        36      0       14
  MONTH TO DATE  253                       220     33      193
  SINCE DEC 1   2600                      2597      3     2583
  SINCE JUL 1   3875                      4162   -287     4028

 COOLING
  YESTERDAY        0                         0      0        0
  MONTH TO DATE    0                         0      0        0
  SINCE DEC 1      0                         0      0        0
  SINCE JAN 1      0                         0      0        0
..................................................................


WIND (MPH)
  HIGHEST WIND SPEED    33   HIGHEST WIND DIRECTION     W (270)
  HIGHEST GUST SPEED    40   HIGHEST GUST DIRECTION     W (270)
  AVERAGE WIND SPEED    13.5


SKY COVER
  AVERAGE SKY COVER 0.0


WEATHER CONDITIONS
 THE FOLLOWING WEATHER WAS RECORDED YESTERDAY.
  NO SIGNIFICANT WEATHER WAS OBSERVED.


RELATIVE HUMIDITY (PERCENT)
 HIGHEST    80          1200 AM
 LOWEST     46           700 PM
 AVERAGE    63

..........................................................


THE SCOTTSBLUFF NE AIRPORT CLIMATE NORMALS FOR TODAY
                         NORMAL    RECORD    YEAR
 MAXIMUM TEMPERATURE (F)   43        72      2015
 MINIMUM TEMPERATURE (F)   15       -24      1895


SUNRISE AND SUNSET
FEBRUARY  7 2016......SUNRISE   701 AM MST   SUNSET   517 PM MST
FEBRUARY  8 2016......SUNRISE   700 AM MST   SUNSET   518 PM MST


-  INDICATES NEGATIVE NUMBERS.
R  INDICATES RECORD WAS SET OR TIED.
MM INDICATES DATA IS MISSING.
T  INDICATES TRACE AMOUNT.




$$
