000
CDUS45 KCYS 290728
CLIBFF


CLIMATE REPORT
NATIONAL WEATHER SERVICE CHEYENNE WY
127 AM MDT SAT AUG 29 2015


...................................

...THE SCOTTSBLUFF NE AIRPORT CLIMATE SUMMARY FOR AUGUST 28 2015...

CLIMATE NORMAL PERIOD 1981 TO 2010
CLIMATE RECORD PERIOD 1871 TO 2015


WEATHER ITEM   OBSERVED TIME   RECORD YEAR NORMAL DEPARTURE LAST
                VALUE   (LST)  VALUE       VALUE  FROM      YEAR
                                                  NORMAL
..................................................................
TEMPERATURE (F)
 YESTERDAY
  MAXIMUM         90    210 PM 101    2012  86      4       70
  MINIMUM         56    356 AM  39    2004  53      3       52
                                      1964
  AVERAGE         73                        69      4       61

PRECIPITATION (IN)
  YESTERDAY        0.00          0.85 1957   0.04  -0.04     0.16
  MONTH TO DATE    1.24                      1.19   0.05     1.56
  SINCE JAN 1     19.47                     12.19   7.28    11.94

SNOWFALL (IN)
  YESTERDAY        0.0          MM      MM   0.0    0.0      0.0
  MONTH TO DATE    0.0                       0.0    0.0      0.0
  SINCE JUL 1      0.0                       0.0    0.0      0.0
  SNOW DEPTH       0

DEGREE DAYS
 HEATING
  YESTERDAY        0                         1     -1        4
  MONTH TO DATE   27                         7     20        5
  SINCE JUN 1     36                        73    -37       65
  SINCE JUL 1     33                        13     20       12

 COOLING
  YESTERDAY        8                         5      3        0
  MONTH TO DATE  219                       214      5      230
  SINCE JUN 1    651                       627     24      607
  SINCE JAN 1    651                       650      1      634
..................................................................


WIND (MPH)
  HIGHEST WIND SPEED    17   HIGHEST WIND DIRECTION     W (290)
  HIGHEST GUST SPEED    21   HIGHEST GUST DIRECTION    NW (300)
  AVERAGE WIND SPEED     7.2


SKY COVER
  AVERAGE SKY COVER 0.0


WEATHER CONDITIONS
 THE FOLLOWING WEATHER WAS RECORDED YESTERDAY.
  HAZE


RELATIVE HUMIDITY (PERCENT)
 HIGHEST    93           300 AM
 LOWEST     19           200 PM
 AVERAGE    56

..........................................................


THE SCOTTSBLUFF NE AIRPORT CLIMATE NORMALS FOR TODAY
                         NORMAL    RECORD    YEAR
 MAXIMUM TEMPERATURE (F)   85       104      1898
 MINIMUM TEMPERATURE (F)   53        39      1915


SUNRISE AND SUNSET
AUGUST 29 2015........SUNRISE   617 AM MDT   SUNSET   733 PM MDT
AUGUST 30 2015........SUNRISE   618 AM MDT   SUNSET   731 PM MDT


-  INDICATES NEGATIVE NUMBERS.
R  INDICATES RECORD WAS SET OR TIED.
MM INDICATES DATA IS MISSING.
T  INDICATES TRACE AMOUNT.




$$
