194
CDUS45 KCYS 290745
CLIBFF


CLIMATE REPORT
NATIONAL WEATHER SERVICE CHEYENNE WY
145 AM MDT THU SEP 29 2016


...................................

...THE SCOTTSBLUFF NE AIRPORT CLIMATE SUMMARY FOR SEPTEMBER 28 2016...

CLIMATE NORMAL PERIOD 1981 TO 2010
CLIMATE RECORD PERIOD 1871 TO 2016


WEATHER ITEM   OBSERVED TIME   RECORD YEAR NORMAL DEPARTURE LAST
                VALUE   (LST)  VALUE       VALUE  FROM      YEAR
                                                  NORMAL
..................................................................
TEMPERATURE (F)
 YESTERDAY
  MAXIMUM         82    235 PM  93    2011  72     10       77
  MINIMUM         45    602 AM  20    1895  40      5       57
  AVERAGE         64                        56      8       67

PRECIPITATION (IN)
  YESTERDAY        0.00          1.21 1973   0.04  -0.04     0.00
  MONTH TO DATE    1.40                      1.10   0.30     1.00
  SINCE JAN 1     14.72                     13.40   1.32    20.49

SNOWFALL (IN)
  YESTERDAY        0.0           4.5  1985   0.0    0.0      0.0
  MONTH TO DATE    0.0                       0.4   -0.4      0.0
  SINCE JUL 1      0.0                       0.4   -0.4      0.0
  SNOW DEPTH       0

DEGREE DAYS
 HEATING
  YESTERDAY        1                        10     -9        0
  MONTH TO DATE   86                       139    -53       32
  SINCE SEP 1     86                       139    -53       32
  SINCE JUL 1    102                       159    -57       65

 COOLING
  YESTERDAY        0                         0      0        2
  MONTH TO DATE   72                        57     15      107
  SINCE SEP 1     72                        57     15      107
  SINCE JAN 1    893                       722    171      787
..................................................................


WIND (MPH)
  HIGHEST WIND SPEED    17   HIGHEST WIND DIRECTION     E (100)
  HIGHEST GUST SPEED    22   HIGHEST GUST DIRECTION     E (100)
  AVERAGE WIND SPEED     8.0


SKY COVER
  AVERAGE SKY COVER 0.0


WEATHER CONDITIONS
 THE FOLLOWING WEATHER WAS RECORDED YESTERDAY.
  NO SIGNIFICANT WEATHER WAS OBSERVED.


RELATIVE HUMIDITY (PERCENT)
 HIGHEST    83           600 AM
 LOWEST     21           200 PM
 AVERAGE    52

..........................................................


THE SCOTTSBLUFF NE AIRPORT CLIMATE NORMALS FOR TODAY
                         NORMAL    RECORD    YEAR
 MAXIMUM TEMPERATURE (F)   71        93      1942
 MINIMUM TEMPERATURE (F)   39        20      1916


SUNRISE AND SUNSET
SEPTEMBER 29 2016.....SUNRISE   650 AM MDT   SUNSET   639 PM MDT
SEPTEMBER 30 2016.....SUNRISE   651 AM MDT   SUNSET   637 PM MDT


-  INDICATES NEGATIVE NUMBERS.
R  INDICATES RECORD WAS SET OR TIED.
MM INDICATES DATA IS MISSING.
T  INDICATES TRACE AMOUNT.




$$
