000
CDUS45 KCYS 210727
CLIBFF


CLIMATE REPORT
NATIONAL WEATHER SERVICE CHEYENNE WY
127 AM MDT TUE OCT 21 2014


...................................

...THE SCOTTSBLUFF NEBRASKA AIRPORT CLIMATE SUMMARY FOR OCTOBER 20 2014...

CLIMATE NORMAL PERIOD 1981 TO 2010
CLIMATE RECORD PERIOD 1871 TO 2014


WEATHER ITEM   OBSERVED TIME   RECORD YEAR NORMAL DEPARTURE LAST
                VALUE   (LST)  VALUE       VALUE  FROM      YEAR
                                                  NORMAL
..................................................................
TEMPERATURE (F)
 YESTERDAY
  MAXIMUM         81    252 PM  86    1921  63     18       55
  MINIMUM         35    532 AM  15    1982  32      3       31
                                      1932
                                      1905
  AVERAGE         58                        47     11       43

PRECIPITATION (IN)
  YESTERDAY        0.00          1.02 1963   0.04  -0.04      T
  MONTH TO DATE    0.05                      0.80  -0.75     1.56
  SINCE JAN 1     16.35                     14.28   2.07    11.78

SNOWFALL (IN)
  YESTERDAY        0.0           1.0  1908   0.1   -0.1      0.0
  MONTH TO DATE    0.0                       1.4   -1.4      6.3
  SINCE JUL 1      T                         1.9   -1.9      6.3
  SNOW DEPTH       0

DEGREE DAYS
 HEATING
  YESTERDAY        7                        18    -11       22
  MONTH TO DATE  209                       291    -82      354
  SINCE SEP 1    320                       450   -130      440
  SINCE JUL 1    333                       470   -137      442

 COOLING
  YESTERDAY        0                         0      0        0
  MONTH TO DATE    0                         0      0        0
  SINCE SEP 1     76                        58     18      155
  SINCE JAN 1    719                       723     -4     1047
..................................................................


WIND (MPH)
  HIGHEST WIND SPEED    20   HIGHEST WIND DIRECTION     S (190)
  HIGHEST GUST SPEED    25   HIGHEST GUST DIRECTION     S (190)
  AVERAGE WIND SPEED     8.1


SKY COVER
  AVERAGE SKY COVER 0.0


WEATHER CONDITIONS
 THE FOLLOWING WEATHER WAS RECORDED YESTERDAY.
  NO SIGNIFICANT WEATHER WAS OBSERVED.


RELATIVE HUMIDITY (PERCENT)
 HIGHEST    92           200 AM
 LOWEST     21           300 PM
 AVERAGE    57

..........................................................


THE SCOTTSBLUFF NEBRASKA AIRPORT CLIMATE NORMALS FOR TODAY
                         NORMAL    RECORD    YEAR
 MAXIMUM TEMPERATURE (F)   62        84      2003
                                             1947
                                             1927
 MINIMUM TEMPERATURE (F)   31        18      1996
                                             1933
                                             1911


SUNRISE AND SUNSET
OCTOBER 21 2014.......SUNRISE   714 AM MDT   SUNSET   604 PM MDT
OCTOBER 22 2014.......SUNRISE   715 AM MDT   SUNSET   602 PM MDT


-  INDICATES NEGATIVE NUMBERS.
R  INDICATES RECORD WAS SET OR TIED.
MM INDICATES DATA IS MISSING.
T  INDICATES TRACE AMOUNT.




$$
