000
CDUS45 KCYS 180727
CLIBFF


CLIMATE REPORT
NATIONAL WEATHER SERVICE CHEYENNE WY
126 AM MDT THU SEP 18 2014


...................................

...THE SCOTTSBLUFF NEBRASKA AIRPORT CLIMATE SUMMARY FOR SEPTEMBER 17 2014...

CLIMATE NORMAL PERIOD 1981 TO 2010
CLIMATE RECORD PERIOD 1871 TO 2014


WEATHER ITEM   OBSERVED TIME   RECORD YEAR NORMAL DEPARTURE LAST
                VALUE   (LST)  VALUE       VALUE  FROM      YEAR
                                                  NORMAL
..................................................................
TEMPERATURE (F)
 YESTERDAY
  MAXIMUM         89    333 PM  99    2000  77     12       89
  MINIMUM         48    554 AM  26    1903  45      3       52
  AVERAGE         69                        61      8       71

PRECIPITATION (IN)
  YESTERDAY        0.00          1.20 1996   0.04  -0.04     0.00
  MONTH TO DATE    0.26                      0.67  -0.41     1.02
  SINCE JAN 1     12.30                     12.97  -0.67     8.87

SNOWFALL (IN)
  YESTERDAY        0.0          MM      MM   0.0    0.0      0.0
  MONTH TO DATE    T                         0.1   -0.1      0.0
  SINCE JUL 1      T                         0.1   -0.1      0.0
  SNOW DEPTH       0

DEGREE DAYS
 HEATING
  YESTERDAY        0                         5     -5        0
  MONTH TO DATE   97                        55     42       10
  SINCE SEP 1     97                        55     42       10
  SINCE JUL 1    110                        75     35       12

 COOLING
  YESTERDAY        4                         1      3        6
  MONTH TO DATE   28                        49    -21      140
  SINCE SEP 1     28                        49    -21      140
  SINCE JAN 1    671                       714    -43     1032
..................................................................


WIND (MPH)
  HIGHEST WIND SPEED    14   HIGHEST WIND DIRECTION    NW (310)
  HIGHEST GUST SPEED    17   HIGHEST GUST DIRECTION    NW (310)
  AVERAGE WIND SPEED     4.8


SKY COVER
  AVERAGE SKY COVER 0.0


WEATHER CONDITIONS
 THE FOLLOWING WEATHER WAS RECORDED YESTERDAY.
  HAZE


RELATIVE HUMIDITY (PERCENT)
 HIGHEST    86           600 AM
 LOWEST     18           200 PM
 AVERAGE    52

..........................................................


THE SCOTTSBLUFF NEBRASKA AIRPORT CLIMATE NORMALS FOR TODAY
                         NORMAL    RECORD    YEAR
 MAXIMUM TEMPERATURE (F)   77        98      1895
 MINIMUM TEMPERATURE (F)   44        30      1906


SUNRISE AND SUNSET
SEPTEMBER 18 2014.....SUNRISE   638 AM MDT   SUNSET   659 PM MDT
SEPTEMBER 19 2014.....SUNRISE   639 AM MDT   SUNSET   657 PM MDT


-  INDICATES NEGATIVE NUMBERS.
R  INDICATES RECORD WAS SET OR TIED.
MM INDICATES DATA IS MISSING.
T  INDICATES TRACE AMOUNT.




$$
