000
CDUS45 KCYS 030727
CLIBFF


CLIMATE REPORT
NATIONAL WEATHER SERVICE CHEYENNE WY
1226 AM MST SAT DEC 3 2016


...................................

...THE SCOTTSBLUFF NE AIRPORT CLIMATE SUMMARY FOR DECEMBER 2 2016...

CLIMATE NORMAL PERIOD 1981 TO 2010
CLIMATE RECORD PERIOD 1871 TO 2016


WEATHER ITEM   OBSERVED TIME   RECORD YEAR NORMAL DEPARTURE LAST
                VALUE   (LST)  VALUE       VALUE  FROM      YEAR
                                                  NORMAL
..................................................................
TEMPERATURE (F)
 YESTERDAY
  MAXIMUM         41    303 PM  72    1941  42     -1       49
  MINIMUM         12    659 AM  -6    1908  15     -3       18
  AVERAGE         27                        28     -1       34

PRECIPITATION (IN)
  YESTERDAY        0.00          0.70 1913   0.01  -0.01     0.00
  MONTH TO DATE    0.00                      0.03  -0.03      T
  SINCE JAN 1     15.19                     15.31  -0.12    22.85

SNOWFALL (IN)
  YESTERDAY        0.0           7.5  1921   0.2   -0.2      0.0
  MONTH TO DATE    0.0                       0.4   -0.4       T
  SINCE JUL 1      0.4                       9.3   -8.9      4.8
  SNOW DEPTH       0

DEGREE DAYS
 HEATING
  YESTERDAY       38                        37      1       31
  MONTH TO DATE   75                        73      2       62
  SINCE DEC 1     75                        73      2       62
  SINCE JUL 1   1152                      1638   -486     1337

 COOLING
  YESTERDAY        0                         0      0        0
  MONTH TO DATE    0                         0      0        0
  SINCE DEC 1      0                         0      0        0
  SINCE JAN 1    898                       724    174      792
..................................................................


WIND (MPH)
  HIGHEST WIND SPEED    10   HIGHEST WIND DIRECTION    NW (300)
  HIGHEST GUST SPEED    12   HIGHEST GUST DIRECTION     W (250)
  AVERAGE WIND SPEED     4.7


SKY COVER
  AVERAGE SKY COVER 0.3


WEATHER CONDITIONS
 THE FOLLOWING WEATHER WAS RECORDED YESTERDAY.
  NO SIGNIFICANT WEATHER WAS OBSERVED.


RELATIVE HUMIDITY (PERCENT)
 HIGHEST    92           700 AM
 LOWEST     41           300 PM
 AVERAGE    67

..........................................................


THE SCOTTSBLUFF NE AIRPORT CLIMATE NORMALS FOR TODAY
                         NORMAL    RECORD    YEAR
 MAXIMUM TEMPERATURE (F)   42        67      1998
                                             1948
 MINIMUM TEMPERATURE (F)   14       -10      1978


SUNRISE AND SUNSET
DECEMBER  3 2016......SUNRISE   705 AM MST   SUNSET   424 PM MST
DECEMBER  4 2016......SUNRISE   706 AM MST   SUNSET   424 PM MST


-  INDICATES NEGATIVE NUMBERS.
R  INDICATES RECORD WAS SET OR TIED.
MM INDICATES DATA IS MISSING.
T  INDICATES TRACE AMOUNT.




$$
