000
CDUS45 KCYS 220322
CLIBFF


CLIMATE REPORT
NATIONAL WEATHER SERVICE CHEYENNE WY
922 PM MDT MON JUL 21 2014


...................................

...THE SCOTTSBLUFF NEBRASKA AIRPORT CLIMATE SUMMARY FOR JULY 21 2014...
VALID TODAY AS OF 0900 PM LOCAL TIME.

CLIMATE NORMAL PERIOD 1981 TO 2010
CLIMATE RECORD PERIOD 1871 TO 2014


WEATHER ITEM   OBSERVED TIME   RECORD YEAR NORMAL DEPARTURE LAST
                VALUE   (LST)  VALUE       VALUE  FROM      YEAR
                                                  NORMAL
..................................................................
TEMPERATURE (F)
 TODAY
  MAXIMUM        102    230 PM 104    2012  91     11       92
  MINIMUM         63    518 AM  44    1897  59      4       59
  AVERAGE         83                        75      8       76

PRECIPITATION (IN)
  TODAY            0.06          0.95 1966   0.06   0.00     0.00
  MONTH TO DATE    1.39                      1.26   0.13     0.74
  SINCE JUN 1      3.12                      4.11  -0.99     2.28
  SINCE JAN 1     10.27                     10.43  -0.16     6.92

SNOWFALL (IN)
  TODAY            0.0          MM      MM   0.0    0.0      0.0
  MONTH TO DATE    0.0                       0.0    0.0      0.0
  SINCE JUL 1      0.0                       0.0    0.0      0.0
  SNOW DEPTH       0

DEGREE DAYS
 HEATING
  TODAY            0                         0      0        0
  MONTH TO DATE    7                         1      6        0
  SINCE JUN 1     60                        61     -1       21
  SINCE JUL 1      7                         1      6        0

 COOLING
  TODAY           18                        10      8       11
  MONTH TO DATE  177                       190    -13      240
  SINCE JUN 1    272                       316    -44      435
  SINCE JAN 1    299                       339    -40      489
..................................................................


WIND (MPH)
  HIGHEST WIND SPEED    45   HIGHEST WIND DIRECTION     W (260)
  HIGHEST GUST SPEED    72   HIGHEST GUST DIRECTION     W (260)
  AVERAGE WIND SPEED     8.5


SKY COVER
  AVERAGE SKY COVER 0.0


WEATHER CONDITIONS
 THE FOLLOWING WEATHER WAS RECORDED TODAY.
  THUNDERSTORM
  LIGHT RAIN


RELATIVE HUMIDITY (PERCENT)
 HIGHEST    68           800 PM
 LOWEST     16           200 PM
 AVERAGE    42

..........................................................


THE SCOTTSBLUFF NEBRASKA AIRPORT CLIMATE NORMALS FOR TOMORROW
                         NORMAL    RECORD    YEAR
 MAXIMUM TEMPERATURE (F)   90       103      2007
                                             1964
                                             1940
 MINIMUM TEMPERATURE (F)   59        43      1897


SUNRISE AND SUNSET
JULY 21 2014..........SUNRISE   538 AM MDT   SUNSET   823 PM MDT
JULY 22 2014..........SUNRISE   539 AM MDT   SUNSET   823 PM MDT


-  INDICATES NEGATIVE NUMBERS.
R  INDICATES RECORD WAS SET OR TIED.
MM INDICATES DATA IS MISSING.
T  INDICATES TRACE AMOUNT.




$$
