000
CDUS45 KCYS 290745
CLIBFF


CLIMATE REPORT
NATIONAL WEATHER SERVICE CHEYENNE WY
145 AM MDT SUN MAY 29 2016


...................................

...THE SCOTTSBLUFF NE AIRPORT CLIMATE SUMMARY FOR MAY 28 2016...

CLIMATE NORMAL PERIOD 1981 TO 2010
CLIMATE RECORD PERIOD 1871 TO 2016


WEATHER ITEM   OBSERVED TIME   RECORD YEAR NORMAL DEPARTURE LAST
                VALUE   (LST)  VALUE       VALUE  FROM      YEAR
                                                  NORMAL
..................................................................
TEMPERATURE (F)
 YESTERDAY
  MAXIMUM         78    351 PM 100    1934  75      3       76
  MINIMUM         37    414 AM  23    1947  47    -10       50
  AVERAGE         58                        61     -3       63

PRECIPITATION (IN)
  YESTERDAY        T             1.18 1905   0.10  -0.10     0.06
  MONTH TO DATE    1.61                      2.17  -0.56     7.08
  SINCE JAN 1      9.11                      6.01   3.10    11.29

SNOWFALL (IN)
  YESTERDAY       MM             3.0  1947   0.0   MM        0.0
  MONTH TO DATE    0.0                       0.5   -0.5      8.0
  SINCE JUL 1     34.6                      42.1   -7.5     51.7
  SNOW DEPTH       0

DEGREE DAYS
 HEATING
  YESTERDAY        7                         5      2        2
  MONTH TO DATE  286                       249     37      334
  SINCE MAR 1   1478                      1630   -152     1423
  SINCE JUL 1   5908                      6542   -634     6138

 COOLING
  YESTERDAY        0                         1     -1        0
  MONTH TO DATE    4                        17    -13        0
  SINCE MAR 1      4                        19    -15        0
  SINCE JAN 1      4                        19    -15        0
..................................................................


WIND (MPH)
  HIGHEST WIND SPEED    18   HIGHEST WIND DIRECTION     E (100)
  HIGHEST GUST SPEED    23   HIGHEST GUST DIRECTION     E (110)
  AVERAGE WIND SPEED     7.3


SKY COVER
  AVERAGE SKY COVER 0.1


WEATHER CONDITIONS
 THE FOLLOWING WEATHER WAS RECORDED YESTERDAY.
  THUNDERSTORM
  FOG
  FOG W/VISIBILITY <= 1/4 MILE


RELATIVE HUMIDITY (PERCENT)
 HIGHEST    93           300 AM
 LOWEST     29           100 PM
 AVERAGE    61

..........................................................


THE SCOTTSBLUFF NE AIRPORT CLIMATE NORMALS FOR TODAY
                         NORMAL    RECORD    YEAR
 MAXIMUM TEMPERATURE (F)   76       103      2003
 MINIMUM TEMPERATURE (F)   47        18      1947


SUNRISE AND SUNSET
MAY 29 2016...........SUNRISE   523 AM MDT   SUNSET   821 PM MDT
MAY 30 2016...........SUNRISE   523 AM MDT   SUNSET   822 PM MDT


-  INDICATES NEGATIVE NUMBERS.
R  INDICATES RECORD WAS SET OR TIED.
MM INDICATES DATA IS MISSING.
T  INDICATES TRACE AMOUNT.




$$
