000
CDUS46 KHNX 291222
CLIBFL


CLIMATE REPORT
NATIONAL WEATHER SERVICE SAN JOAQUIN VALLEY, CA
522 AM PDT WED JUL 29 2015


...................................

...THE BAKERSFIELD CLIMATE SUMMARY FOR JULY 28 2015...

CLIMATE NORMAL PERIOD 1981 TO 2010
CLIMATE RECORD PERIOD 1889 TO 2015


WEATHER ITEM   OBSERVED TIME   RECORD YEAR NORMAL DEPARTURE
                VALUE   (LST)  VALUE       VALUE  FROM
                                                  NORMAL
...............................................................
TEMPERATURE (F)
 YESTERDAY
  MAXIMUM         99    505 PM 118    1908  98      1
  MINIMUM         72    501 AM  50    1914  71      1
  AVERAGE         86                        84      2

PRECIPITATION (IN)
  YESTERDAY        0.00          T    2014   0.00   0.00
                                      1968
                                      1943
  MONTH TO DATE    0.04                      0.00   0.04
  SINCE OCT 1      5.33                      6.35  -1.02
  SINCE JAN 1      2.66                      4.39  -1.73

SNOWFALL (IN)
  YESTERDAY        0.0
  MONTH TO DATE    0.0
  SINCE JUN 1      0.0
  SINCE JUL 1      0.0
  SNOW DEPTH       0

DEGREE DAYS
 HEATING
  YESTERDAY        0                                0
  MONTH TO DATE    0                                0
  SINCE JUN 1      0                               -2
  SINCE JUL 1      0                                0

 COOLING
  YESTERDAY       21                                1
  MONTH TO DATE  532                                5
  SINCE JUN 1   1085                              179
  SINCE JAN 1   1430                              257
...............................................................


WIND (MPH)
  HIGHEST WIND SPEED    16   HIGHEST WIND DIRECTION    NW (300)
  HIGHEST GUST SPEED    20   HIGHEST GUST DIRECTION    NW (300)
  AVERAGE WIND SPEED     5.8




RELATIVE HUMIDITY (PERCENT)
 HIGHEST    41
 LOWEST     13
 AVERAGE    27

..........................................................


THE BAKERSFIELD CLIMATE NORMALS FOR TODAY
                         NORMAL    RECORD    YEAR
 MAXIMUM TEMPERATURE (F)   98       114      1908
 MINIMUM TEMPERATURE (F)   71        52      1914


SUNRISE AND SUNSET
JULY 29 2015..........SUNRISE   602 AM PDT   SUNSET   803 PM PDT
JULY 30 2015..........SUNRISE   603 AM PDT   SUNSET   802 PM PDT


-  INDICATES NEGATIVE NUMBERS.
R  INDICATES RECORD WAS SET OR TIED.
MM INDICATES DATA IS MISSING.
T  INDICATES TRACE AMOUNT.




$$
