000
CDUS46 KHNX 220826
CLIBFL


CLIMATE REPORT
NATIONAL WEATHER SERVICE SAN JOAQUIN VALLEY, CA
125 AM PDT TUE JUL 22 2014


...................................

...THE BAKERSFIELD CLIMATE SUMMARY FOR JULY 21 2014...

CLIMATE NORMAL PERIOD 1981 TO 2010
CLIMATE RECORD PERIOD 1889 TO 2014


WEATHER ITEM   OBSERVED TIME   RECORD YEAR NORMAL DEPARTURE
                VALUE   (LST)  VALUE       VALUE  FROM
                                                  NORMAL
...............................................................
TEMPERATURE (F)
 YESTERDAY
  MAXIMUM         94    507 PM 112    1938  98     -4
                                      1908
  MINIMUM         71    524 AM  50    1906  71      0
  AVERAGE         83                        85     -2

PRECIPITATION (IN)
  YESTERDAY        0.00          0.10 1913   0.00   0.00
  MONTH TO DATE    T                         0.00   0.00
  SINCE JUL 1      T                         0.00   0.00
  SINCE JAN 1      1.34                      4.39  -3.05

SNOWFALL (IN)
  YESTERDAY        0.0
  MONTH TO DATE    0.0
  SINCE JUN 1      0.0
  SINCE JUL 1      0.0
  SNOW DEPTH       0

DEGREE DAYS
 HEATING
  YESTERDAY        0                                0
  MONTH TO DATE    0                                0
  SINCE JUN 1      0                               -2
  SINCE JUL 1      0                                0

 COOLING
  YESTERDAY       18                               -2
  MONTH TO DATE  465                               78
  SINCE JUN 1    968                              202
  SINCE JAN 1   1420                              387
...............................................................


WIND (MPH)
  HIGHEST WIND SPEED    15   HIGHEST WIND DIRECTION    NW (300)
  HIGHEST GUST SPEED    21   HIGHEST GUST DIRECTION     W (290)
  AVERAGE WIND SPEED     7.8




RELATIVE HUMIDITY (PERCENT)
 HIGHEST    57
 LOWEST     32
 AVERAGE    45

..........................................................


THE BAKERSFIELD CLIMATE NORMALS FOR TODAY
                         NORMAL    RECORD    YEAR
 MAXIMUM TEMPERATURE (F)   98       113      1908
 MINIMUM TEMPERATURE (F)   71        50      1903


SUNRISE AND SUNSET
JULY 22 2014..........SUNRISE   557 AM PDT   SUNSET   808 PM PDT
JULY 23 2014..........SUNRISE   558 AM PDT   SUNSET   807 PM PDT


-  INDICATES NEGATIVE NUMBERS.
R  INDICATES RECORD WAS SET OR TIED.
MM INDICATES DATA IS MISSING.
T  INDICATES TRACE AMOUNT.




$$
