000
CDUS46 KHNX 170829
CLIBFL


CLIMATE REPORT
NATIONAL WEATHER SERVICE SAN JOAQUIN VALLEY, CA
1229 AM PST TUE JAN 17 2017


...................................

...THE BAKERSFIELD CLIMATE SUMMARY FOR JANUARY 16 2017...

CLIMATE NORMAL PERIOD 1981 TO 2010
CLIMATE RECORD PERIOD 1889 TO 2017


WEATHER ITEM   OBSERVED TIME   RECORD YEAR NORMAL DEPARTURE
                VALUE   (LST)  VALUE       VALUE  FROM
                                                  NORMAL
...............................................................
TEMPERATURE (F)
 YESTERDAY
  MAXIMUM         51    336 PM  82    1923  56     -5
  MINIMUM         37   1148 PM  20    1903  39     -2
  AVERAGE         44                        48     -4

PRECIPITATION (IN)
  YESTERDAY        0.00          0.78 1933   0.04  -0.04
  MONTH TO DATE    1.62                      0.60   1.02
  SINCE OCT 1      4.65                      2.56   2.09
  SINCE JAN 1      1.62                      0.60   1.02

SNOWFALL (IN)
  YESTERDAY        0.0
  MONTH TO DATE    0.0
  SINCE DEC 1      0.0
  SINCE JUL 1      0.0
  SNOW DEPTH       0

DEGREE DAYS
 HEATING
  YESTERDAY       21                                4
  MONTH TO DATE  214                              -73
  SINCE DEC 1    674                             -146
  SINCE JUL 1    879                             -299

 COOLING
  YESTERDAY        0                                0
  MONTH TO DATE    2                                2
  SINCE DEC 1      2                                2
  SINCE JAN 1      2                                2
...............................................................


WIND (MPH)
  HIGHEST WIND SPEED    13   HIGHEST WIND DIRECTION     S (190)
  HIGHEST GUST SPEED    15   HIGHEST GUST DIRECTION     S (190)
  AVERAGE WIND SPEED     2.3




RELATIVE HUMIDITY (PERCENT)
 HIGHEST    83
 LOWEST     59
 AVERAGE    71

..........................................................


THE BAKERSFIELD CLIMATE NORMALS FOR TODAY
                         NORMAL    RECORD    YEAR
 MAXIMUM TEMPERATURE (F)   56        77      2014
 MINIMUM TEMPERATURE (F)   39        23      1903


SUNRISE AND SUNSET
JANUARY 17 2017.......SUNRISE   704 AM PST   SUNSET   509 PM PST
JANUARY 18 2017.......SUNRISE   704 AM PST   SUNSET   510 PM PST


-  INDICATES NEGATIVE NUMBERS.
R  INDICATES RECORD WAS SET OR TIED.
MM INDICATES DATA IS MISSING.
T  INDICATES TRACE AMOUNT.




$$
