000
CDUS46 KHNX 090824
CLIBFL


CLIMATE REPORT
NATIONAL WEATHER SERVICE SAN JOAQUIN VALLEY, CA
1223 AM PST FRI DEC 9 2016


...................................

...THE BAKERSFIELD CLIMATE SUMMARY FOR DECEMBER 8 2016...

CLIMATE NORMAL PERIOD 1981 TO 2010
CLIMATE RECORD PERIOD 1889 TO 2016


WEATHER ITEM   OBSERVED TIME   RECORD YEAR NORMAL DEPARTURE
                VALUE   (LST)  VALUE       VALUE  FROM
                                                  NORMAL
...............................................................
TEMPERATURE (F)
 YESTERDAY
  MAXIMUM         67    301 PM  83    1915  58      9
  MINIMUM         45   1200 AM  24    1903  39      6
  AVERAGE         56                        49      7

PRECIPITATION (IN)
  YESTERDAY        0.01          1.02 1931   0.03  -0.02
  MONTH TO DATE    0.01                      0.22  -0.21
  SINCE OCT 1      0.63                      1.16  -0.53
  SINCE JAN 1      4.73                      5.67  -0.94

SNOWFALL (IN)
  YESTERDAY        0.0
  MONTH TO DATE    0.0
  SINCE DEC 1      0.0
  SINCE JUL 1      0.0
  SNOW DEPTH       0

DEGREE DAYS
 HEATING
  YESTERDAY        9                               -7
  MONTH TO DATE  128                                3
  SINCE DEC 1    128                                3
  SINCE JUL 1    333                             -150

 COOLING
  YESTERDAY        0                                0
  MONTH TO DATE    0                                0
  SINCE DEC 1      0                                0
  SINCE JAN 1   2738                              480
...............................................................


WIND (MPH)
  HIGHEST WIND SPEED    10   HIGHEST WIND DIRECTION    NE (40)
  HIGHEST GUST SPEED    14   HIGHEST GUST DIRECTION     S (180)
  AVERAGE WIND SPEED     3.6




RELATIVE HUMIDITY (PERCENT)
 HIGHEST    82
 LOWEST     48
 AVERAGE    65

..........................................................


THE BAKERSFIELD CLIMATE NORMALS FOR TODAY
                         NORMAL    RECORD    YEAR
 MAXIMUM TEMPERATURE (F)   58        74      1979
                                             1950
                                             1939
 MINIMUM TEMPERATURE (F)   39        24      1923
                                             1916
                                             1903


SUNRISE AND SUNSET
DECEMBER  9 2016......SUNRISE   654 AM PST   SUNSET   444 PM PST
DECEMBER 10 2016......SUNRISE   655 AM PST   SUNSET   444 PM PST


-  INDICATES NEGATIVE NUMBERS.
R  INDICATES RECORD WAS SET OR TIED.
MM INDICATES DATA IS MISSING.
T  INDICATES TRACE AMOUNT.




$$
