000
CDUS46 KHNX 200821
CLIBFL


CLIMATE REPORT
NATIONAL WEATHER SERVICE SAN JOAQUIN VALLEY, CA
121 AM PDT MON OCT 20 2014


...................................

...THE BAKERSFIELD CLIMATE SUMMARY FOR OCTOBER 19 2014...

CLIMATE NORMAL PERIOD 1981 TO 2010
CLIMATE RECORD PERIOD 1889 TO 2014


WEATHER ITEM   OBSERVED TIME   RECORD YEAR NORMAL DEPARTURE
                VALUE   (LST)  VALUE       VALUE  FROM
                                                  NORMAL
...............................................................
TEMPERATURE (F)
 YESTERDAY
  MAXIMUM         82    226 PM  96    1973  78      4
  MINIMUM         56    617 AM  35    1908  54      2
  AVERAGE         69                        66      3

PRECIPITATION (IN)
  YESTERDAY        0.00          0.96 1936   0.01  -0.01
  MONTH TO DATE    0.00                      0.13  -0.13
  SINCE JUL 1      0.01                      0.25  -0.24
  SINCE JAN 1      1.35                      4.64  -3.29

SNOWFALL (IN)
  YESTERDAY        0.0
  MONTH TO DATE    0.0
  SINCE SEP 1      0.0
  SINCE JUL 1      0.0
  SNOW DEPTH       0

DEGREE DAYS
 HEATING
  YESTERDAY        0                               -2
  MONTH TO DATE    0                              -16
  SINCE SEP 1      0                              -18
  SINCE JUL 1      0                              -18

 COOLING
  YESTERDAY        4                                1
  MONTH TO DATE  192                               89
  SINCE SEP 1    677                              212
  SINCE JAN 1   2958                              725
...............................................................


WIND (MPH)
  HIGHEST WIND SPEED    13   HIGHEST WIND DIRECTION    NW (300)
  HIGHEST GUST SPEED    17   HIGHEST GUST DIRECTION    NW (300)
  AVERAGE WIND SPEED     3.2




RELATIVE HUMIDITY (PERCENT)
 HIGHEST    62
 LOWEST     33
 AVERAGE    48

..........................................................


THE BAKERSFIELD CLIMATE NORMALS FOR TODAY
                         NORMAL    RECORD    YEAR
 MAXIMUM TEMPERATURE (F)   78        97      1927
 MINIMUM TEMPERATURE (F)   54        33      1908


SUNRISE AND SUNSET
OCTOBER 20 2014.......SUNRISE   707 AM PDT   SUNSET   615 PM PDT
OCTOBER 21 2014.......SUNRISE   708 AM PDT   SUNSET   613 PM PDT


-  INDICATES NEGATIVE NUMBERS.
R  INDICATES RECORD WAS SET OR TIED.
MM INDICATES DATA IS MISSING.
T  INDICATES TRACE AMOUNT.




$$
