000
CDUS46 KHNX 260823
CLIBFL


CLIMATE REPORT
NATIONAL WEATHER SERVICE SAN JOAQUIN VALLEY, CA
122 AM PDT SUN MAR 26 2017


...................................

...THE BAKERSFIELD CLIMATE SUMMARY FOR MARCH 25 2017...

CLIMATE NORMAL PERIOD 1981 TO 2010
CLIMATE RECORD PERIOD 1889 TO 2017


WEATHER ITEM   OBSERVED TIME   RECORD YEAR NORMAL DEPARTURE
                VALUE   (LST)  VALUE       VALUE  FROM
                                                  NORMAL
...............................................................
TEMPERATURE (F)
 YESTERDAY
  MAXIMUM         67    214 PM  90    1997  70     -3
  MINIMUM         50   1159 PM  32    1907  47      3
                                      1904
                                      1902
  AVERAGE         59                        59      0

PRECIPITATION (IN)
  YESTERDAY        0.03          0.78 1977   0.04  -0.01
  MONTH TO DATE    0.16                      1.02  -0.86
  SINCE OCT 1      7.41                      5.38   2.03
  SINCE JAN 1      4.38                      3.42   0.96

SNOWFALL (IN)
  YESTERDAY        0.0
  MONTH TO DATE    0.0
  SINCE MAR 1      0.0
  SINCE JUL 1      0.0
  SNOW DEPTH       0

DEGREE DAYS
 HEATING
  YESTERDAY        6                               -1
  MONTH TO DATE  141                              -58
  SINCE MAR 1    141                              -58
  SINCE JUL 1   1509                             -464

 COOLING
  YESTERDAY        0                                0
  MONTH TO DATE   24                               24
  SINCE MAR 1     24                               24
  SINCE JAN 1     26                               26
...............................................................


WIND (MPH)
  HIGHEST WIND SPEED    17   HIGHEST WIND DIRECTION    NW (320)
  HIGHEST GUST SPEED    22   HIGHEST GUST DIRECTION    NW (310)
  AVERAGE WIND SPEED     5.6




RELATIVE HUMIDITY (PERCENT)
 HIGHEST    86
 LOWEST     56
 AVERAGE    71

..........................................................


THE BAKERSFIELD CLIMATE NORMALS FOR TODAY
                         NORMAL    RECORD    YEAR
 MAXIMUM TEMPERATURE (F)   70        90      2015
 MINIMUM TEMPERATURE (F)   47        21      1907


SUNRISE AND SUNSET
MARCH 26 2017.........SUNRISE   651 AM PDT   SUNSET   713 PM PDT
MARCH 27 2017.........SUNRISE   649 AM PDT   SUNSET   714 PM PDT


-  INDICATES NEGATIVE NUMBERS.
R  INDICATES RECORD WAS SET OR TIED.
MM INDICATES DATA IS MISSING.
T  INDICATES TRACE AMOUNT.




$$
