000
CDUS44 KAMA 240646
CLIBGD


CLIMATE REPORT
NATIONAL WEATHER SERVICE AMARILLO TX
143 AM CDT FRI MAR 24 2017


...................................

...THE BORGER CLIMATE SUMMARY FOR MARCH 23 2017...

CLIMATE NORMAL PERIOD 1981 TO 2010
CLIMATE RECORD PERIOD 1949 TO 2017


WEATHER ITEM   OBSERVED TIME   RECORD YEAR NORMAL DEPARTURE LAST
                VALUE   (LST)  VALUE       VALUE  FROM      YEAR
                                                  NORMAL
..................................................................
TEMPERATURE (F)
 YESTERDAY
  MAXIMUM         84R   212 PM  84    2002  66     18       68
  MINIMUM         55   1159 PM  16    1952  38     17       39
  AVERAGE         70                        52     18       54

PRECIPITATION (IN)
  YESTERDAY        0.05          3.32 2000   0.04   0.01     0.00
  MONTH TO DATE    0.05                      0.96  -0.91      T
  SINCE MAR 1      0.05                      0.96  -0.91      T
  SINCE JAN 1      3.53                      2.17   1.36     0.92

SNOWFALL (IN)
  YESTERDAY        0.0           9.0  1987                   0.0
  MONTH TO DATE    0.0                                       0.0
  SINCE MAR 1      0.0                                       0.0
  SINCE JUL 1      0.1                                       6.2
  SNOW DEPTH       0

DEGREE DAYS
 HEATING
  YESTERDAY        0                        14    -14       11
  MONTH TO DATE  204                       387   -183      227
  SINCE MAR 1    204                       387   -183      227
  SINCE JUL 1   2539                      3380   -841     2722

 COOLING
  YESTERDAY        5                         0      5        0
  MONTH TO DATE   33                         0     33       11
  SINCE MAR 1     33                         0     33       11
  SINCE JAN 1     47                         0     47       17
..................................................................


WIND (MPH)
  RESULTANT WIND SPEED  16   RESULTANT WIND DIRECTION   S (170)
  HIGHEST WIND SPEED    40   HIGHEST WIND DIRECTION     S (170)
  HIGHEST GUST SPEED    53   HIGHEST GUST DIRECTION     S (170)
  AVERAGE WIND SPEED    18.3


SKY COVER
  AVERAGE SKY COVER 0.2


WEATHER CONDITIONS
 THE FOLLOWING WEATHER WAS RECORDED YESTERDAY.
  THUNDERSTORM
  LIGHT RAIN


RELATIVE HUMIDITY (PERCENT)
 HIGHEST    90           800 AM
 LOWEST     31           200 PM
 AVERAGE    61

..........................................................


THE BORGER CLIMATE NORMALS FOR TODAY
                         NORMAL    RECORD    YEAR
 MAXIMUM TEMPERATURE (F)   66        85      2012
 MINIMUM TEMPERATURE (F)   39        17      1965


SUNRISE AND SUNSET
MARCH 24 2017.........SUNRISE   743 AM CDT   SUNSET   801 PM CDT
MARCH 25 2017.........SUNRISE   742 AM CDT   SUNSET   802 PM CDT


-  INDICATES NEGATIVE NUMBERS.
R  INDICATES RECORD WAS SET OR TIED.
MM INDICATES DATA IS MISSING.
T  INDICATES TRACE AMOUNT.




$$
