000
CDUS44 KAMA 230656
CLIBGD


CLIMATE REPORT
NATIONAL WEATHER SERVICE AMARILLO TX
156 AM CDT FRI JUN 23 2017


...................................

...THE BORGER CLIMATE SUMMARY FOR JUNE 22 2017...

CLIMATE NORMAL PERIOD 1981 TO 2010
CLIMATE RECORD PERIOD 1949 TO 2017


WEATHER ITEM   OBSERVED TIME   RECORD YEAR NORMAL DEPARTURE LAST
                VALUE   (LST)  VALUE       VALUE  FROM      YEAR
                                                  NORMAL
..................................................................
TEMPERATURE (F)
 YESTERDAY
  MAXIMUM        102R   414 PM 102    1981  91     11      101
  MINIMUM         66    547 AM  52    1989  66      0       74
  AVERAGE         84                        79      5       88

PRECIPITATION (IN)
  YESTERDAY        T             1.44 1987   0.11  -0.11     0.00
  MONTH TO DATE    0.35                      2.43  -2.08     1.13
  SINCE JUN 1      0.35                      2.43  -2.08     1.13
  SINCE JAN 1     11.50                      9.48   2.02    10.00

SNOWFALL (IN)
  YESTERDAY        0.0           T    1950                   0.0
  MONTH TO DATE    0.0                                       0.0
  SINCE JUN 1      0.0                                       0.0
  SINCE JUL 1      1.2                                       8.9
  SNOW DEPTH       0

DEGREE DAYS
 HEATING
  YESTERDAY        0                         0      0        0
  MONTH TO DATE    0                         0      0        0
  SINCE JUN 1      0                         0      0        0
  SINCE JUL 1   2909                      3763   -854     3087

 COOLING
  YESTERDAY       19                        14      5       23
  MONTH TO DATE  344                       242    102      306
  SINCE JUN 1    344                       242    102      306
  SINCE JAN 1    584                       439    145      493
..................................................................


WIND (MPH)
  RESULTANT WIND SPEED   6   RESULTANT WIND DIRECTION   S (170)
  HIGHEST WIND SPEED    26   HIGHEST WIND DIRECTION    SE (140)
  HIGHEST GUST SPEED    33   HIGHEST GUST DIRECTION    SE (140)
  AVERAGE WIND SPEED     9.1


SKY COVER
  AVERAGE SKY COVER 0.0


WEATHER CONDITIONS
 THE FOLLOWING WEATHER WAS RECORDED YESTERDAY.
  THUNDERSTORM
  LIGHT RAIN


RELATIVE HUMIDITY (PERCENT)
 HIGHEST    81           600 AM
 LOWEST     19           300 PM
 AVERAGE    50

..........................................................


THE BORGER CLIMATE NORMALS FOR TODAY
                         NORMAL    RECORD    YEAR
 MAXIMUM TEMPERATURE (F)   91       105      2011
 MINIMUM TEMPERATURE (F)   66        52      1989


SUNRISE AND SUNSET
JUNE 23 2017..........SUNRISE   631 AM CDT   SUNSET   905 PM CDT
JUNE 24 2017..........SUNRISE   631 AM CDT   SUNSET   905 PM CDT


-  INDICATES NEGATIVE NUMBERS.
R  INDICATES RECORD WAS SET OR TIED.
MM INDICATES DATA IS MISSING.
T  INDICATES TRACE AMOUNT.




$$
