372
CDUS44 KAMA 131516
CLIBGD


CLIMATE REPORT
NATIONAL WEATHER SERVICE AMARILLO TX
915 AM CST WED DEC 13 2017


...................................

...THE BORGER CLIMATE SUMMARY FOR DECEMBER 13 2017...
VALID AS OF 0900 AM LOCAL TIME.

CLIMATE NORMAL PERIOD 1981 TO 2010
CLIMATE RECORD PERIOD 1949 TO 2017


WEATHER ITEM   OBSERVED TIME   RECORD YEAR NORMAL DEPARTURE LAST
                VALUE   (LST)  VALUE       VALUE  FROM      YEAR
                                                  NORMAL
..................................................................
TEMPERATURE (F)
 TODAY
  MINIMUM         37    833 AM   8    1958  27     10       23

PRECIPITATION (IN)
  TODAY            0.00          0.61 1987   0.02  -0.02     0.00
  MONTH TO DATE    0.00                      0.23  -0.23     0.11
  SINCE DEC 1      0.00                      0.23  -0.23     0.11
  SINCE JAN 1     26.10                     21.18   4.92    15.67

SNOWFALL (IN)
  TODAY            0.0          MM      MM                   0.0
  MONTH TO DATE    0.0                                       0.0
  SINCE DEC 1      0.0                                       0.0
  SINCE JUL 1      0.8                                       0.0
  SNOW DEPTH       0

..................................................................


WIND (MPH)
  RESULTANT WIND SPEED  12   RESULTANT WIND DIRECTION  SW (240)
  HIGHEST WIND SPEED    17   HIGHEST WIND DIRECTION    SW (240)
  HIGHEST GUST SPEED    21   HIGHEST GUST DIRECTION     W (250)
  AVERAGE WIND SPEED    11.8


SKY COVER
  AVERAGE SKY COVER 0.0


WEATHER CONDITIONS
 THE FOLLOWING WEATHER WAS RECORDED TODAY.
  NO SIGNIFICANT WEATHER WAS OBSERVED.


RELATIVE HUMIDITY (PERCENT)
 HIGHEST    30           700 AM
 LOWEST     23          1200 AM
 AVERAGE    27

..........................................................


THE BORGER CLIMATE NORMALS FOR TOMORROW
                         NORMAL    RECORD    YEAR
 MAXIMUM TEMPERATURE (F)   50        72      1962
 MINIMUM TEMPERATURE (F)   27         8      1963


SUNRISE AND SUNSET
DECEMBER 13 2017......SUNRISE   747 AM CST   SUNSET   533 PM CST
DECEMBER 14 2017......SUNRISE   748 AM CST   SUNSET   533 PM CST


-  INDICATES NEGATIVE NUMBERS.
R  INDICATES RECORD WAS SET OR TIED.
MM INDICATES DATA IS MISSING.
T  INDICATES TRACE AMOUNT.




$$
