000
CDUS44 KAMA 271530
CLIBGD


CLIMATE REPORT
NATIONAL WEATHER SERVICE AMARILLO TX
930 AM CST THU NOV 27 2014


...................................

...THE BORGER CLIMATE SUMMARY FOR NOVEMBER 27 2014...
VALID AS OF 0900 AM LOCAL TIME.

CLIMATE NORMAL PERIOD 1981 TO 2013
CLIMATE RECORD PERIOD 1949 TO 2014


WEATHER ITEM   OBSERVED TIME   RECORD YEAR NORMAL DEPARTURE LAST
                VALUE   (LST)  VALUE       VALUE  FROM      YEAR
                                                  NORMAL
..................................................................
TEMPERATURE (F)
 TODAY
  MINIMUM         26    734 AM  10    1976  32     -6       25

PRECIPITATION (IN)
  TODAY            0.00          0.54 1982   0.01  -0.01     0.00
  MONTH TO DATE    0.23                      0.80  -0.57     0.85
  SINCE SEP 1      2.90                      4.90  -2.00     3.37
  SINCE JAN 1     10.64                     20.91 -10.27    14.93

SNOWFALL (IN)
  TODAY            0.0           3.7  1982                   0.0
  MONTH TO DATE    1.9                                       3.8
  SINCE SEP 1      1.9                                       3.8
  SINCE JUL 1      1.9                                       3.8
  SNOW DEPTH       0

..................................................................


WIND (MPH)
  RESULTANT WIND SPEED   2   RESULTANT WIND DIRECTION   S (180)
  HIGHEST WIND SPEED     9   HIGHEST WIND DIRECTION     S (200)
  HIGHEST GUST SPEED    13   HIGHEST GUST DIRECTION    SW (210)
  AVERAGE WIND SPEED     2.6


SKY COVER
  AVERAGE SKY COVER 0.0


WEATHER CONDITIONS
 THE FOLLOWING WEATHER WAS RECORDED TODAY.
  NO SIGNIFICANT WEATHER WAS OBSERVED.


RELATIVE HUMIDITY (PERCENT)
 HIGHEST    68           700 AM
 LOWEST     48          1200 AM
 AVERAGE    58

..........................................................


THE BORGER CLIMATE NORMALS FOR TOMORROW
                         NORMAL    RECORD    YEAR
 MAXIMUM TEMPERATURE (F)   56        82      1949
 MINIMUM TEMPERATURE (F)   31         2      1976


SUNRISE AND SUNSET
NOVEMBER 27 2014......SUNRISE   733 AM CST   SUNSET   533 PM CST
NOVEMBER 28 2014......SUNRISE   734 AM CST   SUNSET   533 PM CST


-  INDICATES NEGATIVE NUMBERS.
R  INDICATES RECORD WAS SET OR TIED.
MM INDICATES DATA IS MISSING.
T  INDICATES TRACE AMOUNT.




$$
