000
CDUS44 KAMA 230630
CLIBGD


CLIMATE REPORT
NATIONAL WEATHER SERVICE AMARILLO TX
130 AM CDT WED JUL 23 2014


...................................

...THE BORGER CLIMATE SUMMARY FOR JULY 22 2014...

CLIMATE NORMAL PERIOD 1981 TO 2013
CLIMATE RECORD PERIOD 1949 TO 2014


WEATHER ITEM   OBSERVED TIME   RECORD YEAR NORMAL DEPARTURE LAST
                VALUE   (LST)  VALUE       VALUE  FROM      YEAR
                                                  NORMAL
..................................................................
TEMPERATURE (F)
 YESTERDAY
  MAXIMUM         97    304 PM 105    2001  95      2       98
  MINIMUM         74    622 AM  57    1970  70      4       75
  AVERAGE         86                        82      4       87

PRECIPITATION (IN)
  YESTERDAY        T             1.36 1973   0.07  -0.07     0.00
  MONTH TO DATE    2.52                      1.67   0.85     1.77
  SINCE JUN 1      4.26                      4.84  -0.58     3.94
  SINCE JAN 1      6.38                     11.89  -5.51     8.41

SNOWFALL (IN)
  YESTERDAY        0.0           T    1955                   0.0
  MONTH TO DATE    0.0                                       0.0
  SINCE JUN 1      0.0                                       0.0
  SINCE JUL 1      0.0                                       0.0
  SNOW DEPTH       0

DEGREE DAYS
 HEATING
  YESTERDAY        0                         0      0        0
  MONTH TO DATE    1                         0      1        0
  SINCE JUN 1      4                         3      1        0
  SINCE JUL 1      1                         0      1        0

 COOLING
  YESTERDAY       21                        18      3       22
  MONTH TO DATE  329                       367    -38      360
  SINCE JUN 1    736                       725     11      853
  SINCE JAN 1   1050                       922    128     1141
..................................................................


WIND (MPH)
  RESULTANT WIND SPEED   4   RESULTANT WIND DIRECTION   S (160)
  HIGHEST WIND SPEED    16   HIGHEST WIND DIRECTION    SE (140)
  HIGHEST GUST SPEED    22   HIGHEST GUST DIRECTION     S (170)
  AVERAGE WIND SPEED     6.0


SKY COVER
  AVERAGE SKY COVER 0.0


WEATHER CONDITIONS
 THE FOLLOWING WEATHER WAS RECORDED YESTERDAY.
  THUNDERSTORM
  LIGHT RAIN


RELATIVE HUMIDITY (PERCENT)
 HIGHEST    69           500 AM
 LOWEST     34           300 PM
 AVERAGE    52

..........................................................


THE BORGER CLIMATE NORMALS FOR TODAY
                         NORMAL    RECORD    YEAR
 MAXIMUM TEMPERATURE (F)   95       106      2001
 MINIMUM TEMPERATURE (F)   70        59      1990


SUNRISE AND SUNSET
JULY 23 2014..........SUNRISE   647 AM CDT   SUNSET   857 PM CDT
JULY 24 2014..........SUNRISE   648 AM CDT   SUNSET   856 PM CDT


-  INDICATES NEGATIVE NUMBERS.
R  INDICATES RECORD WAS SET OR TIED.
MM INDICATES DATA IS MISSING.
T  INDICATES TRACE AMOUNT.




$$
