000
CDUS44 KAMA 221515
CLIBGD


CLIMATE REPORT
NATIONAL WEATHER SERVICE AMARILLO TX
915 AM CST SAT NOV 22 2014


...................................

...THE BORGER CLIMATE SUMMARY FOR NOVEMBER 22 2014...
VALID AS OF 0900 AM LOCAL TIME.

CLIMATE NORMAL PERIOD 1981 TO 2013
CLIMATE RECORD PERIOD 1949 TO 2014


WEATHER ITEM   OBSERVED TIME   RECORD YEAR NORMAL DEPARTURE LAST
                VALUE   (LST)  VALUE       VALUE  FROM      YEAR
                                                  NORMAL
..................................................................
TEMPERATURE (F)
 TODAY
  MINIMUM         42    741 AM  12    1972  33      9       22

PRECIPITATION (IN)
  TODAY            0.00          0.14 1983   0.03  -0.03     0.04
  MONTH TO DATE    0.23                      0.68  -0.45     0.42
  SINCE SEP 1      2.90                      4.78  -1.88     2.94
  SINCE JAN 1     10.64                     20.79 -10.15    14.50

SNOWFALL (IN)
  TODAY            0.0           0.5  1992                    T
  MONTH TO DATE    1.9                                        T
  SINCE SEP 1      1.9                                        T
  SINCE JUL 1      1.9                                        T
  SNOW DEPTH       0

..................................................................


WIND (MPH)
  RESULTANT WIND SPEED   4   RESULTANT WIND DIRECTION  SW (220)
  HIGHEST WIND SPEED     8   HIGHEST WIND DIRECTION    SW (210)
  HIGHEST GUST SPEED    11   HIGHEST GUST DIRECTION     S (180)
  AVERAGE WIND SPEED     5.1


SKY COVER
  AVERAGE SKY COVER 0.0


WEATHER CONDITIONS
 THE FOLLOWING WEATHER WAS RECORDED TODAY.
  NO SIGNIFICANT WEATHER WAS OBSERVED.


RELATIVE HUMIDITY (PERCENT)
 HIGHEST    89           700 AM
 LOWEST     71          1200 AM
 AVERAGE    80

..........................................................


THE BORGER CLIMATE NORMALS FOR TOMORROW
                         NORMAL    RECORD    YEAR
 MAXIMUM TEMPERATURE (F)   58        79      1965
 MINIMUM TEMPERATURE (F)   33         8      1957


SUNRISE AND SUNSET
NOVEMBER 22 2014......SUNRISE   728 AM CST   SUNSET   535 PM CST
NOVEMBER 23 2014......SUNRISE   729 AM CST   SUNSET   534 PM CST


-  INDICATES NEGATIVE NUMBERS.
R  INDICATES RECORD WAS SET OR TIED.
MM INDICATES DATA IS MISSING.
T  INDICATES TRACE AMOUNT.




$$
