000
CDUS41 KBGM 080540
CLIBGM


CLIMATE REPORT
NATIONAL WEATHER SERVICE BINGHAMTON NY
1239 AM EST THU DEC 8 2016


...................................

...THE BINGHAMTON NY CLIMATE SUMMARY FOR DECEMBER 7 2016...

CLIMATE NORMAL PERIOD 1981 TO 2010
CLIMATE RECORD PERIOD 1951 TO 2016


WEATHER ITEM   OBSERVED TIME   RECORD YEAR NORMAL DEPARTURE LAST
                VALUE   (LST)  VALUE       VALUE  FROM      YEAR
                                                  NORMAL
..................................................................
TEMPERATURE (F)
 YESTERDAY
  MAXIMUM         38    237 PM  62    1998  36      2       46
                                      1951
  MINIMUM         31   1151 PM   7    1970  24      7       25
  AVERAGE         35                        30      5       36

PRECIPITATION (IN)
  YESTERDAY        0.06          0.86 1976   0.10  -0.04     0.00
  MONTH TO DATE    1.12                      0.72   0.40     1.00
  SINCE DEC 1      1.12                      0.72   0.40     1.00
  SINCE JAN 1     33.64                     37.19  -3.55    40.10

SNOWFALL (IN)
  YESTERDAY        0.2           5.1  1959   0.5   -0.3      0.0
  MONTH TO DATE    5.5                       3.4    2.1       T
  SINCE DEC 1      5.5                       3.4    2.1       T
  SINCE JUL 1     34.1                      10.2   23.9      1.1
  SNOW DEPTH       3

DEGREE DAYS
 HEATING
  YESTERDAY       30                        35     -5       29
  MONTH TO DATE  217                       237    -20      194
  SINCE DEC 1    217                       237    -20      194
  SINCE JUL 1   1566                      1812   -246     1464

 COOLING
  YESTERDAY        0                         0      0        0
  MONTH TO DATE    0                         0      0        0
  SINCE DEC 1      0                         0      0        0
  SINCE JAN 1    563                       381    182      443
..................................................................


WIND (MPH)
  HIGHEST WIND SPEED    13   HIGHEST WIND DIRECTION     W (280)
  HIGHEST GUST SPEED    18   HIGHEST GUST DIRECTION    NW (310)
  AVERAGE WIND SPEED     5.8


SKY COVER
  AVERAGE SKY COVER 0.7


WEATHER CONDITIONS
 THE FOLLOWING WEATHER WAS RECORDED YESTERDAY.
  LIGHT SNOW
  FOG


RELATIVE HUMIDITY (PERCENT)
 HIGHEST   100          1200 AM
 LOWEST     64           200 PM
 AVERAGE    82

..........................................................


THE BINGHAMTON NY CLIMATE NORMALS FOR TODAY
                         NORMAL    RECORD    YEAR
 MAXIMUM TEMPERATURE (F)   36        59      1966
 MINIMUM TEMPERATURE (F)   24         4      1976


SUNRISE AND SUNSET
DECEMBER  8 2016......SUNRISE   720 AM EST   SUNSET   432 PM EST
DECEMBER  9 2016......SUNRISE   721 AM EST   SUNSET   432 PM EST


-  INDICATES NEGATIVE NUMBERS.
R  INDICATES RECORD WAS SET OR TIED.
MM INDICATES DATA IS MISSING.
T  INDICATES TRACE AMOUNT.




$$
