000
CDUS41 KBGM 260802
CLIBGM


CLIMATE REPORT
NATIONAL WEATHER SERVICE BINGHAMTON NY
302 AM EST MON JAN 26 2015


...................................

...THE BINGHAMTON NY CLIMATE SUMMARY FOR JANUARY 25 2015...

CLIMATE NORMAL PERIOD 1981 TO 2010
CLIMATE RECORD PERIOD 1951 TO 2015


WEATHER ITEM   OBSERVED TIME   RECORD YEAR NORMAL DEPARTURE LAST
                VALUE   (LST)  VALUE       VALUE  FROM      YEAR
                                                  NORMAL
..................................................................
TEMPERATURE (F)
 YESTERDAY
  MAXIMUM         30    534 AM  63    1967  29      1       22
  MINIMUM          8   1159 PM  -9    1963  15     -7        9
  AVERAGE         19                        22     -3       16

PRECIPITATION (IN)
  YESTERDAY        T             1.75 2010   0.08  -0.08     0.06
  MONTH TO DATE    1.58                      1.99  -0.41     2.92
  SINCE DEC 1      4.88                      4.82   0.06     6.36
  SINCE JAN 1      1.58                      1.99  -0.41     2.92

SNOWFALL (IN)
  YESTERDAY       MM             8.4  1958   0.7   MM        1.7
  MONTH TO DATE   11.3                      18.1   -6.8     22.5
  SINCE DEC 1     24.4                      35.9  -11.5     47.5
  SINCE JUL 1     38.1                      42.7   -4.6     55.7
  SNOW DEPTH       3

DEGREE DAYS
 HEATING
  YESTERDAY       46                        43      3       49
  MONTH TO DATE 1152                      1069     83     1157
  SINCE DEC 1   2221                      2239    -18     2305
  SINCE JUL 1   3756                      3814    -58     3896

 COOLING
  YESTERDAY        0                         0      0        0
  MONTH TO DATE    0                         0      0        0
  SINCE DEC 1      0                         0      0        0
  SINCE JAN 1      0                         0      0        0
..................................................................


WIND (MPH)
  HIGHEST WIND SPEED    23   HIGHEST WIND DIRECTION    NW (310)
  HIGHEST GUST SPEED    34   HIGHEST GUST DIRECTION    NW (310)
  AVERAGE WIND SPEED    11.8


SKY COVER
  AVERAGE SKY COVER 0.5


WEATHER CONDITIONS
 THE FOLLOWING WEATHER WAS RECORDED YESTERDAY.
  LIGHT SNOW
  FOG


RELATIVE HUMIDITY (PERCENT)
 HIGHEST    92           500 AM
 LOWEST     62          1100 AM
 AVERAGE    77

..........................................................


THE BINGHAMTON NY CLIMATE NORMALS FOR TODAY
                         NORMAL    RECORD    YEAR
 MAXIMUM TEMPERATURE (F)   29        51      1976
 MINIMUM TEMPERATURE (F)   15        -5      1966


SUNRISE AND SUNSET
JANUARY 26 2015.......SUNRISE   723 AM EST   SUNSET   510 PM EST
JANUARY 27 2015.......SUNRISE   722 AM EST   SUNSET   512 PM EST


-  INDICATES NEGATIVE NUMBERS.
R  INDICATES RECORD WAS SET OR TIED.
MM INDICATES DATA IS MISSING.
T  INDICATES TRACE AMOUNT.




$$

HEDEN
