654
CDUS41 KCAR 210532
CLIBGR


CLIMATE REPORT
NATIONAL WEATHER SERVICE CARIBOU, ME
126 AM EDT THU SEP 21 2017


...................................

...THE BANGOR ME CLIMATE SUMMARY FOR SEPTEMBER 20 2017...

CLIMATE NORMAL PERIOD 1981 TO 2010
CLIMATE RECORD PERIOD 1925 TO 2017


WEATHER ITEM   OBSERVED TIME   RECORD YEAR NORMAL DEPARTURE LAST
                VALUE   (LST)  VALUE       VALUE  FROM      YEAR
                                                  NORMAL
..................................................................
TEMPERATURE (F)
 YESTERDAY
  MAXIMUM         79    151 PM  88    1948  68     11       77
  MINIMUM         66    242 AM  27    1929  46     20       62
  AVERAGE         73                        57     16       70

PRECIPITATION (IN)
  YESTERDAY        T             1.75 1987   0.14  -0.14      T
  MONTH TO DATE    2.69                      2.40   0.29     0.68
  SINCE SEP 1      2.69                      2.40   0.29     0.68
  SINCE JAN 1     28.86                     28.65   0.21    22.67

SNOWFALL (IN)
  YESTERDAY        0.0           0.0  2002   0.0             0.0
                                      2001
  MONTH TO DATE    T                         0.0             0.0
  SINCE SEP 1      T                         0.0             0.0
  SINCE JUL 1      T                         0.0             0.0
  SNOW DEPTH       0

DEGREE DAYS
 HEATING
  YESTERDAY        0                         8     -8        0
  MONTH TO DATE   36                       106    -70       43
  SINCE SEP 1     36                       106    -70       43
  SINCE JUL 1     83                       169    -86       70

 COOLING
  YESTERDAY        8                         0      8        5
  MONTH TO DATE   40                        21     19       56
  SINCE SEP 1     40                        21     19       56
  SINCE JAN 1    322                       315      7      445
..................................................................


WIND (MPH)
  RESULTANT WIND SPEED   9   RESULTANT WIND DIRECTION   N (20)
  HIGHEST WIND SPEED    17   HIGHEST WIND DIRECTION     N (20)
  HIGHEST GUST SPEED    21   HIGHEST GUST DIRECTION     N (20)


SKY COVER
  POSSIBLE SUNSHINE  MM
  AVERAGE SKY COVER 0.9


WEATHER CONDITIONS
 THE FOLLOWING WEATHER WAS RECORDED YESTERDAY.
  LIGHT RAIN
  FOG


RELATIVE HUMIDITY (PERCENT)
 HIGHEST    93
 LOWEST     67
 AVERAGE    80

..........................................................


THE BANGOR ME CLIMATE NORMALS FOR TODAY
                         NORMAL    RECORD    YEAR
 MAXIMUM TEMPERATURE (F)   68        90      1965
 MINIMUM TEMPERATURE (F)   46        27      1929


SUNRISE AND SUNSET
SEPTEMBER 21 2017.....SUNRISE   621 AM EDT   SUNSET   634 PM EDT
SEPTEMBER 22 2017.....SUNRISE   623 AM EDT   SUNSET   632 PM EDT


-  INDICATES NEGATIVE NUMBERS.
R  INDICATES RECORD WAS SET OR TIED.
MM INDICATES DATA IS MISSING.
T  INDICATES TRACE AMOUNT.




$$
