000
CDUS41 KCAR 220532
CLIBGR


CLIMATE REPORT
NATIONAL WEATHER SERVICE CARIBOU, ME
128 AM EDT MON SEP 22 2014


...................................

...THE BANGOR ME CLIMATE SUMMARY FOR SEPTEMBER 21 2014...

CLIMATE NORMAL PERIOD 1981 TO 2010
CLIMATE RECORD PERIOD 1925 TO 2014


WEATHER ITEM   OBSERVED TIME   RECORD YEAR NORMAL DEPARTURE LAST
                VALUE   (LST)  VALUE       VALUE  FROM      YEAR
                                                  NORMAL
..................................................................
TEMPERATURE (F)
 YESTERDAY
  MAXIMUM         72    154 PM  90    1965  68      4       69
  MINIMUM         58    430 AM  27    1929  46     12       49
  AVERAGE         65                        57      8       59

PRECIPITATION (IN)
  YESTERDAY        0.02          1.39 1938   0.13  -0.11     0.00
  MONTH TO DATE    0.85                      2.53  -1.68     6.70
  SINCE SEP 1      0.85                      2.53  -1.68     6.70
  SINCE JAN 1     28.59                     28.78  -0.19    31.88

SNOWFALL (IN)
  YESTERDAY        0.0           0.0  2002   0.0             0.0
                                      2001
  MONTH TO DATE    0.0                       0.0             0.0
  SINCE SEP 1      0.0                       0.0             0.0
  SINCE JUL 1      0.0                       0.0             0.0
  SNOW DEPTH       0

DEGREE DAYS
 HEATING
  YESTERDAY        0                         9     -9        6
  MONTH TO DATE  152                       115     37      117
  SINCE SEP 1    152                       115     37      117
  SINCE JUL 1    173                       178     -5      149

 COOLING
  YESTERDAY        0                         0      0        0
  MONTH TO DATE   42                        21     21       33
  SINCE SEP 1     42                        21     21       33
  SINCE JAN 1    356                       315     41      355
..................................................................


WIND (MPH)
  RESULTANT WIND SPEED   9   RESULTANT WIND DIRECTION   S (180)
  HIGHEST WIND SPEED    22   HIGHEST WIND DIRECTION     S (170)
  HIGHEST GUST SPEED    32   HIGHEST GUST DIRECTION     S (190)


SKY COVER
  POSSIBLE SUNSHINE  MM
  AVERAGE SKY COVER 0.8


WEATHER CONDITIONS
 THE FOLLOWING WEATHER WAS RECORDED YESTERDAY.
  LIGHT RAIN
  FOG
  HAZE


RELATIVE HUMIDITY (PERCENT)
 HIGHEST   100
 LOWEST     79
 AVERAGE    90

..........................................................


THE BANGOR ME CLIMATE NORMALS FOR TODAY
                         NORMAL    RECORD    YEAR
 MAXIMUM TEMPERATURE (F)   67        90      1965
 MINIMUM TEMPERATURE (F)   46        30      1929


SUNRISE AND SUNSET
SEPTEMBER 22 2014.....SUNRISE   622 AM EDT   SUNSET   633 PM EDT
SEPTEMBER 23 2014.....SUNRISE   623 AM EDT   SUNSET   631 PM EDT


-  INDICATES NEGATIVE NUMBERS.
R  INDICATES RECORD WAS SET OR TIED.
MM INDICATES DATA IS MISSING.
T  INDICATES TRACE AMOUNT.




$$
