000
CDUS41 KCAR 270527
CLIBGR


CLIMATE REPORT
NATIONAL WEATHER SERVICE CARIBOU, ME
127 AM EDT FRI MAR 27 2015


...................................

...THE BANGOR ME CLIMATE SUMMARY FOR MARCH 26 2015...

CLIMATE NORMAL PERIOD 1981 TO 2010
CLIMATE RECORD PERIOD 1925 TO 2015


WEATHER ITEM   OBSERVED TIME   RECORD YEAR NORMAL DEPARTURE LAST
                VALUE   (LST)  VALUE       VALUE  FROM      YEAR
                                                  NORMAL
..................................................................
TEMPERATURE (F)
 YESTERDAY
  MAXIMUM         45   1148 AM  65    1946  44      1       31
                                      1945
  MINIMUM         34    920 PM   2    1960  25      9       16
  AVERAGE         40                        34      6       24

PRECIPITATION (IN)
  YESTERDAY        0.27          1.14 1930   0.12   0.15      T
  MONTH TO DATE    1.39                      2.79  -1.40     2.15
  SINCE MAR 1      1.39                      2.79  -1.40     2.15
  SINCE JAN 1      6.28                      8.20  -1.92     7.32

SNOWFALL (IN)
  YESTERDAY       MM             4.0  2002   0.3              T
  MONTH TO DATE   15.6                      10.3            15.7
  SINCE MAR 1     15.6                      10.3            15.7
  SINCE JUL 1    132.7                      61.0            78.9
  SNOW DEPTH      MM

DEGREE DAYS
 HEATING
  YESTERDAY       25                        31     -6       41
  MONTH TO DATE 1093                       927    166     1149
  SINCE MAR 1   1093                       927    166     1149
  SINCE JUL 1   6983                      6573    410     6901

 COOLING
  YESTERDAY        0                         0      0        0
  MONTH TO DATE    0                         0      0        0
  SINCE MAR 1      0                         0      0        0
  SINCE JAN 1      0                         0      0        0
..................................................................


WIND (MPH)
  RESULTANT WIND SPEED   7   RESULTANT WIND DIRECTION   S (200)
  HIGHEST WIND SPEED    23   HIGHEST WIND DIRECTION     S (200)
  HIGHEST GUST SPEED    32   HIGHEST GUST DIRECTION    SW (210)


SKY COVER
  POSSIBLE SUNSHINE  MM
  AVERAGE SKY COVER 0.9


WEATHER CONDITIONS
 THE FOLLOWING WEATHER WAS RECORDED YESTERDAY.
  LIGHT RAIN
  FOG


RELATIVE HUMIDITY (PERCENT)
 HIGHEST   100
 LOWEST     70
 AVERAGE    85

..........................................................


THE BANGOR ME CLIMATE NORMALS FOR TODAY
                         NORMAL    RECORD    YEAR
 MAXIMUM TEMPERATURE (F)   44        70      1993
 MINIMUM TEMPERATURE (F)   25         9      1990
                                             1975
                                             1947


SUNRISE AND SUNSET
MARCH 27 2015.........SUNRISE   626 AM EDT   SUNSET   656 PM EDT
MARCH 28 2015.........SUNRISE   624 AM EDT   SUNSET   658 PM EDT


-  INDICATES NEGATIVE NUMBERS.
R  INDICATES RECORD WAS SET OR TIED.
MM INDICATES DATA IS MISSING.
T  INDICATES TRACE AMOUNT.




$$
