000
CDUS41 KCAR 190529
CLIBGR


CLIMATE REPORT
NATIONAL WEATHER SERVICE CARIBOU, ME
1228 AM EST SUN NOV 19 2017


...................................

...THE BANGOR ME CLIMATE SUMMARY FOR NOVEMBER 18 2017...

CLIMATE NORMAL PERIOD 1981 TO 2010
CLIMATE RECORD PERIOD 1925 TO 2017


WEATHER ITEM   OBSERVED TIME   RECORD YEAR NORMAL DEPARTURE LAST
                VALUE   (LST)  VALUE       VALUE  FROM      YEAR
                                                  NORMAL
..................................................................
TEMPERATURE (F)
 YESTERDAY
  MAXIMUM         40   1159 PM  69    1987  44     -4       56
  MINIMUM         21    607 AM   8    1943  28     -7       39
  AVERAGE         31                        36     -5       48

PRECIPITATION (IN)
  YESTERDAY        0.03          1.09 1935   0.14  -0.11     0.00
  MONTH TO DATE    1.47                      2.49  -1.02     1.98
  SINCE SEP 1      9.75                     10.49  -0.74     6.41
  SINCE JAN 1     35.92                     36.74  -0.82    28.40

SNOWFALL (IN)
  YESTERDAY        0.0           9.6  1980   0.0             0.0
  MONTH TO DATE    T                         0.5             0.0
  SINCE SEP 1      T                         0.6             0.0
  SINCE JUL 1      T                         0.6             0.0
  SNOW DEPTH       0

DEGREE DAYS
 HEATING
  YESTERDAY       34                        29      5       17
  MONTH TO DATE  486                       465     21      401
  SINCE SEP 1    848                      1228   -380     1040
  SINCE JUL 1    895                      1291   -396     1067

 COOLING
  YESTERDAY        0                         0      0        0
  MONTH TO DATE    0                         0      0        0
  SINCE SEP 1     86                        24     62       59
  SINCE JAN 1    368                       318     50      448
..................................................................


WIND (MPH)
  RESULTANT WIND SPEED   2   RESULTANT WIND DIRECTION   W (280)
  HIGHEST WIND SPEED    14   HIGHEST WIND DIRECTION     W (280)
  HIGHEST GUST SPEED    19   HIGHEST GUST DIRECTION     W (280)


SKY COVER
  POSSIBLE SUNSHINE  MM
  AVERAGE SKY COVER 0.6


WEATHER CONDITIONS
 THE FOLLOWING WEATHER WAS RECORDED YESTERDAY.
  LIGHT RAIN
  FOG


RELATIVE HUMIDITY (PERCENT)
 HIGHEST    74
 LOWEST     40
 AVERAGE    57

..........................................................


THE BANGOR ME CLIMATE NORMALS FOR TODAY
                         NORMAL    RECORD    YEAR
 MAXIMUM TEMPERATURE (F)   44        65      1953
 MINIMUM TEMPERATURE (F)   28         8      1936


SUNRISE AND SUNSET
NOVEMBER 19 2017......SUNRISE   638 AM EST   SUNSET   403 PM EST
NOVEMBER 20 2017......SUNRISE   639 AM EST   SUNSET   402 PM EST


-  INDICATES NEGATIVE NUMBERS.
R  INDICATES RECORD WAS SET OR TIED.
MM INDICATES DATA IS MISSING.
T  INDICATES TRACE AMOUNT.




$$
