000
CDUS41 KCAR 020540
CLIBGR


CLIMATE REPORT
NATIONAL WEATHER SERVICE CARIBOU, ME
137 AM EDT TUE SEP 2 2014


...................................

...THE BANGOR ME CLIMATE SUMMARY FOR SEPTEMBER 1 2014...

CLIMATE NORMAL PERIOD 1981 TO 2010
CLIMATE RECORD PERIOD 1925 TO 2014


WEATHER ITEM   OBSERVED TIME   RECORD YEAR NORMAL DEPARTURE LAST
                VALUE   (LST)  VALUE       VALUE  FROM      YEAR
                                                  NORMAL
..................................................................
TEMPERATURE (F)
 YESTERDAY
  MAXIMUM         84    225 PM  95    2010  75      9       81
                                      1937
  MINIMUM         67   1020 PM  37    2002  53     14       66
  AVERAGE         76                        64     12       74

PRECIPITATION (IN)
  YESTERDAY        0.24          2.26 2013   0.11   0.13     2.26
  MONTH TO DATE    0.24                      0.11   0.13     2.26
  SINCE SEP 1      0.24                      0.11   0.13     2.26
  SINCE JAN 1     27.98                     26.36   1.62    27.44

SNOWFALL (IN)
  YESTERDAY        0.0           0.0  2002   0.0             0.0
                                      2001
  MONTH TO DATE    0.0                       0.0             0.0
  SINCE SEP 1      0.0                       0.0             0.0
  SINCE JUL 1      0.0                       0.0             0.0
  SNOW DEPTH       0

DEGREE DAYS
 HEATING
  YESTERDAY        0                         3     -3        0
  MONTH TO DATE    0                         3     -3        0
  SINCE SEP 1      0                         3     -3        0
  SINCE JUL 1     21                        66    -45       32

 COOLING
  YESTERDAY       11                         2      9        9
  MONTH TO DATE   11                         2      9        9
  SINCE SEP 1     11                         2      9        9
  SINCE JAN 1    325                       296     29      331
..................................................................


WIND (MPH)
  RESULTANT WIND SPEED   3   RESULTANT WIND DIRECTION   S (190)
  HIGHEST WIND SPEED    15   HIGHEST WIND DIRECTION    NW (300)
  HIGHEST GUST SPEED    20   HIGHEST GUST DIRECTION    NW (310)


SKY COVER
  POSSIBLE SUNSHINE  MM
  AVERAGE SKY COVER 0.7


WEATHER CONDITIONS
 THE FOLLOWING WEATHER WAS RECORDED YESTERDAY.
  THUNDERSTORM
  HEAVY RAIN
  RAIN
  LIGHT RAIN
  FOG
  HAZE


RELATIVE HUMIDITY (PERCENT)
 HIGHEST    97
 LOWEST     58
 AVERAGE    78

..........................................................


THE BANGOR ME CLIMATE NORMALS FOR TODAY
                         NORMAL    RECORD    YEAR
 MAXIMUM TEMPERATURE (F)   75        94      2010
 MINIMUM TEMPERATURE (F)   52        40      1991


SUNRISE AND SUNSET
SEPTEMBER  2 2014.....SUNRISE   559 AM EDT   SUNSET   710 PM EDT
SEPTEMBER  3 2014.....SUNRISE   600 AM EDT   SUNSET   709 PM EDT


-  INDICATES NEGATIVE NUMBERS.
R  INDICATES RECORD WAS SET OR TIED.
MM INDICATES DATA IS MISSING.
T  INDICATES TRACE AMOUNT.




$$
