000
CDUS41 KCAR 300529
CLIBGR


CLIMATE REPORT
NATIONAL WEATHER SERVICE CARIBOU, ME
128 AM EDT SAT MAY 30 2015


...................................

...THE BANGOR ME CLIMATE SUMMARY FOR MAY 29 2015...

CLIMATE NORMAL PERIOD 1981 TO 2010
CLIMATE RECORD PERIOD 1925 TO 2015


WEATHER ITEM   OBSERVED TIME   RECORD YEAR NORMAL DEPARTURE LAST
                VALUE   (LST)  VALUE       VALUE  FROM      YEAR
                                                  NORMAL
..................................................................
TEMPERATURE (F)
 YESTERDAY
  MAXIMUM         77    102 PM  94    1931  69      8       72
  MINIMUM         58    344 AM  33    1970  47     11       35
  AVERAGE         68                        58     10       54

PRECIPITATION (IN)
  YESTERDAY        0.00          2.16 1984   0.13  -0.13     0.00
  MONTH TO DATE    2.03                      3.40  -1.37     3.31
  SINCE MAR 1      5.87                     10.40  -4.53     9.24
  SINCE JAN 1     10.76                     15.81  -5.05    14.41

SNOWFALL (IN)
  YESTERDAY        0.0           0.0  2002   0.0             0.0
                                      2001
  MONTH TO DATE    0.0                       0.1             0.0
  SINCE MAR 1     21.9                      15.5            16.8
  SINCE JUL 1    139.0                      66.2            80.0
  SNOW DEPTH       0

DEGREE DAYS
 HEATING
  YESTERDAY        0                         7     -7       11
  MONTH TO DATE  244                       341    -97      302
  SINCE MAR 1   2219                      2093    126     2295
  SINCE JUL 1   8109                      7739    370     8047

 COOLING
  YESTERDAY        3                         0      3        0
  MONTH TO DATE   20                         0     20        0
  SINCE MAR 1     20                         0     20        0
  SINCE JAN 1     20                         0     20        0
..................................................................


WIND (MPH)
  RESULTANT WIND SPEED   0   RESULTANT WIND DIRECTION   E (80)
  HIGHEST WIND SPEED    15   HIGHEST WIND DIRECTION     S (190)
  HIGHEST GUST SPEED    19   HIGHEST GUST DIRECTION     S (180)


SKY COVER
  POSSIBLE SUNSHINE  MM
  AVERAGE SKY COVER 0.6


WEATHER CONDITIONS
 THE FOLLOWING WEATHER WAS RECORDED YESTERDAY.
  FOG


RELATIVE HUMIDITY (PERCENT)
 HIGHEST    97
 LOWEST     54
 AVERAGE    76

..........................................................


THE BANGOR ME CLIMATE NORMALS FOR TODAY
                         NORMAL    RECORD    YEAR
 MAXIMUM TEMPERATURE (F)   70        93      1929
 MINIMUM TEMPERATURE (F)   47        34      1941
                                             1940


SUNRISE AND SUNSET
MAY 30 2015...........SUNRISE   454 AM EDT   SUNSET   812 PM EDT
MAY 31 2015...........SUNRISE   453 AM EDT   SUNSET   813 PM EDT


-  INDICATES NEGATIVE NUMBERS.
R  INDICATES RECORD WAS SET OR TIED.
MM INDICATES DATA IS MISSING.
T  INDICATES TRACE AMOUNT.




$$
