000
CDUS41 KCAR 200529
CLIBGR


CLIMATE REPORT
NATIONAL WEATHER SERVICE CARIBOU, ME
127 AM EDT THU JUL 20 2017


...................................

...THE BANGOR ME CLIMATE SUMMARY FOR JULY 19 2017...

CLIMATE NORMAL PERIOD 1981 TO 2010
CLIMATE RECORD PERIOD 1925 TO 2017


WEATHER ITEM   OBSERVED TIME   RECORD YEAR NORMAL DEPARTURE LAST
                VALUE   (LST)  VALUE       VALUE  FROM      YEAR
                                                  NORMAL
..................................................................
TEMPERATURE (F)
 YESTERDAY
  MAXIMUM         85    222 PM  95    1991  80      5       75
                                      1982
                                      1946
  MINIMUM         52    601 AM  38    1944  58     -6       56
  AVERAGE         69                        69      0       66

PRECIPITATION (IN)
  YESTERDAY        T             1.22 2007   0.11  -0.11     0.00
  MONTH TO DATE    1.65                      2.05  -0.40     2.65
  SINCE JUN 1      5.97                      5.81   0.16     5.50
  SINCE JAN 1     24.27                     21.86   2.41    19.71

SNOWFALL (IN)
  YESTERDAY        0.0           0.0  2002   0.0             0.0
                                      2001
  MONTH TO DATE    0.0                       0.0             0.0
  SINCE JUN 1      T                         0.0             0.0
  SINCE JUL 1      0.0                       0.0             0.0
  SNOW DEPTH       0

DEGREE DAYS
 HEATING
  YESTERDAY        0                         1     -1        0
  MONTH TO DATE   10                        19     -9       23
  SINCE JUN 1    101                       126    -25      126
  SINCE JUL 1     10                        19     -9       23

 COOLING
  YESTERDAY        4                         5     -1        1
  MONTH TO DATE   65                        76    -11       90
  SINCE JUN 1    118                       128    -10      112
  SINCE JAN 1    125                       134     -9      122
..................................................................


WIND (MPH)
  RESULTANT WIND SPEED   6   RESULTANT WIND DIRECTION   S (180)
  HIGHEST WIND SPEED    15   HIGHEST WIND DIRECTION     S (190)
  HIGHEST GUST SPEED    19   HIGHEST GUST DIRECTION     S (180)


SKY COVER
  POSSIBLE SUNSHINE  MM
  AVERAGE SKY COVER 0.8


WEATHER CONDITIONS
 THE FOLLOWING WEATHER WAS RECORDED YESTERDAY.
  LIGHT RAIN
  FOG
  HAZE


RELATIVE HUMIDITY (PERCENT)
 HIGHEST   100
 LOWEST     58
 AVERAGE    79

..........................................................


THE BANGOR ME CLIMATE NORMALS FOR TODAY
                         NORMAL    RECORD    YEAR
 MAXIMUM TEMPERATURE (F)   80        96      1991
 MINIMUM TEMPERATURE (F)   58        41      1943


SUNRISE AND SUNSET
JULY 20 2017..........SUNRISE   509 AM EDT   SUNSET   814 PM EDT
JULY 21 2017..........SUNRISE   510 AM EDT   SUNSET   813 PM EDT


-  INDICATES NEGATIVE NUMBERS.
R  INDICATES RECORD WAS SET OR TIED.
MM INDICATES DATA IS MISSING.
T  INDICATES TRACE AMOUNT.




$$
