000
CDUS41 KCAR 020532
CLIBGR


CLIMATE REPORT
NATIONAL WEATHER SERVICE CARIBOU, ME
1232 AM EST FRI DEC 2 2016


...................................

...THE BANGOR ME CLIMATE SUMMARY FOR DECEMBER 1 2016...

CLIMATE NORMAL PERIOD 1981 TO 2010
CLIMATE RECORD PERIOD 1925 TO 2016


WEATHER ITEM   OBSERVED TIME   RECORD YEAR NORMAL DEPARTURE LAST
                VALUE   (LST)  VALUE       VALUE  FROM      YEAR
                                                  NORMAL
..................................................................
TEMPERATURE (F)
 YESTERDAY
  MAXIMUM         43    955 AM  59    2006  39      4       39
                                      2001
  MINIMUM         30    801 PM   2    1941  23      7       14
  AVERAGE         37                        31      6       27

PRECIPITATION (IN)
  YESTERDAY        0.82          1.15 2004   0.13   0.69     0.05
  MONTH TO DATE    0.82                      0.13   0.69     0.05
  SINCE DEC 1      0.82                      0.13   0.69     0.05
  SINCE JAN 1     31.40                     38.58  -7.18    31.52

SNOWFALL (IN)
  YESTERDAY        0.0           6.1    MM   0.3             0.0
  MONTH TO DATE    0.0                       0.3             0.0
  SINCE DEC 1      0.0                       0.3             0.0
  SINCE JUL 1      1.5                       2.7             2.5
  SNOW DEPTH       0

DEGREE DAYS
 HEATING
  YESTERDAY       28                        34     -6       38
  MONTH TO DATE   28                        34     -6       38
  SINCE DEC 1     28                        34     -6       38
  SINCE JUL 1   1447                      1703   -256     1539

 COOLING
  YESTERDAY        0                         0      0        0
  MONTH TO DATE    0                         0      0        0
  SINCE DEC 1      0                         0      0        0
  SINCE JAN 1    448                       318    130      406
..................................................................


WIND (MPH)
  RESULTANT WIND SPEED   4   RESULTANT WIND DIRECTION  NE (50)
  HIGHEST WIND SPEED    23   HIGHEST WIND DIRECTION     N (350)
  HIGHEST GUST SPEED    29   HIGHEST GUST DIRECTION     E (80)


SKY COVER
  POSSIBLE SUNSHINE  MM
  AVERAGE SKY COVER 0.9


WEATHER CONDITIONS
 THE FOLLOWING WEATHER WAS RECORDED YESTERDAY.
  RAIN
  LIGHT RAIN
  FOG


RELATIVE HUMIDITY (PERCENT)
 HIGHEST   100
 LOWEST     89
 AVERAGE    95

..........................................................


THE BANGOR ME CLIMATE NORMALS FOR TODAY
                         NORMAL    RECORD    YEAR
 MAXIMUM TEMPERATURE (F)   39        59      1934
 MINIMUM TEMPERATURE (F)   22        -3      1940
                                             1936


SUNRISE AND SUNSET
DECEMBER  2 2016......SUNRISE   654 AM EST   SUNSET   355 PM EST
DECEMBER  3 2016......SUNRISE   655 AM EST   SUNSET   355 PM EST


-  INDICATES NEGATIVE NUMBERS.
R  INDICATES RECORD WAS SET OR TIED.
MM INDICATES DATA IS MISSING.
T  INDICATES TRACE AMOUNT.




$$
