000
CDUS41 KCAR 062034
CLIBGR


CLIMATE REPORT
NATIONAL WEATHER SERVICE CARIBOU, ME
433 PM EDT FRI MAY 6 2016


...................................

...THE BANGOR ME CLIMATE SUMMARY FOR MAY 6 2016...
VALID TODAY AS OF 0400 PM LOCAL TIME.

CLIMATE NORMAL PERIOD 1981 TO 2010
CLIMATE RECORD PERIOD 1925 TO 2016


WEATHER ITEM   OBSERVED TIME   RECORD YEAR NORMAL DEPARTURE LAST
                VALUE   (LST)  VALUE       VALUE  FROM      YEAR
                                                  NORMAL
..................................................................
TEMPERATURE (F)
 TODAY
  MAXIMUM         70    258 PM  87    1930  62      8       74
  MINIMUM         45    536 AM  29    1940  39      6       39
  AVERAGE         58                        50      8       57

PRECIPITATION (IN)
  TODAY            0.07          2.20 1989   0.12  -0.05     0.00
  MONTH TO DATE    0.92                      0.70   0.22      T
  SINCE MAR 1      6.77                      7.70  -0.93     3.84
  SINCE JAN 1     13.04                     13.11  -0.07     8.73

SNOWFALL (IN)
  TODAY            0.0           0.0  2002   0.0    0.0      0.0
                                      2001
  MONTH TO DATE    0.0                       0.0    0.0      0.0
  SINCE MAR 1      6.0                      15.4   -9.4     21.9
  SINCE JUL 1     44.6                      66.1  -21.5    139.0
  SNOW DEPTH       0

DEGREE DAYS
 HEATING
  TODAY            7                        15     -8        8
  MONTH TO DATE   85                        93     -8       66
  SINCE MAR 1   1798                      1845    -47     2041
  SINCE JUL 1   6713                      7491   -778     7931

 COOLING
  TODAY            0                         0      0        0
  MONTH TO DATE    0                         0      0        0
  SINCE MAR 1      0                         0      0        0
  SINCE JAN 1      0                         0      0        0
..................................................................


WIND (MPH)
  HIGHEST WIND SPEED    22   HIGHEST WIND DIRECTION     N (20)
  HIGHEST GUST SPEED    27   HIGHEST GUST DIRECTION     N (10)
  AVERAGE WIND SPEED    12.2


SKY COVER
  POSSIBLE SUNSHINE  MM
  AVERAGE SKY COVER 0.8


WEATHER CONDITIONS
 THE FOLLOWING WEATHER WAS RECORDED TODAY.
  LIGHT RAIN
  FOG


RELATIVE HUMIDITY (PERCENT)
 HIGHEST    86          1200 AM
 LOWEST     40           300 PM
 AVERAGE    63

..........................................................


THE BANGOR ME CLIMATE NORMALS FOR TOMORROW
                         NORMAL    RECORD    YEAR
 MAXIMUM TEMPERATURE (F)   62        86      1930
 MINIMUM TEMPERATURE (F)   40        28      1966


SUNRISE AND SUNSET
MAY  6 2016...........SUNRISE   517 AM EDT   SUNSET   747 PM EDT
MAY  7 2016...........SUNRISE   516 AM EDT   SUNSET   748 PM EDT


-  INDICATES NEGATIVE NUMBERS.
R  INDICATES RECORD WAS SET OR TIED.
MM INDICATES DATA IS MISSING.
T  INDICATES TRACE AMOUNT.




$$
