000
CDUS41 KCAR 280546
CLIBGR


CLIMATE REPORT
NATIONAL WEATHER SERVICE CARIBOU, ME
145 AM EDT THU AUG 28 2014


...................................

...THE BANGOR ME CLIMATE SUMMARY FOR AUGUST 27 2014...

CLIMATE NORMAL PERIOD 1981 TO 2010
CLIMATE RECORD PERIOD 1925 TO 2014


WEATHER ITEM   OBSERVED TIME   RECORD YEAR NORMAL DEPARTURE LAST
                VALUE   (LST)  VALUE       VALUE  FROM      YEAR
                                                  NORMAL
..................................................................
TEMPERATURE (F)
 YESTERDAY
  MAXIMUM         86    124 PM  99    1948  76     10       86
  MINIMUM         63    528 AM  32    1940  54      9       58
  AVERAGE         75                        65     10       72

PRECIPITATION (IN)
  YESTERDAY        0.00          0.89 1986   0.09  -0.09     0.00
  MONTH TO DATE    2.81                      2.63   0.18     3.29
  SINCE JUN 1     13.18                      9.85   3.33    12.49
  SINCE JAN 1     27.59                     25.90   1.69    23.78

SNOWFALL (IN)
  YESTERDAY        0.0           0.0  2002   0.0             0.0
                                      2001
  MONTH TO DATE    0.0                       0.0             0.0
  SINCE JUN 1      0.0                       0.0             0.0
  SINCE JUL 1      0.0                       0.0             0.0
  SNOW DEPTH       0

DEGREE DAYS
 HEATING
  YESTERDAY        0                         2     -2        0
  MONTH TO DATE    8                        33    -25       17
  SINCE JUN 1     84                       163    -79      125
  SINCE JUL 1     13                        56    -43       25

 COOLING
  YESTERDAY       10                         2      8        7
  MONTH TO DATE   88                        93     -5       55
  SINCE JUN 1    307                       277     30      297
  SINCE JAN 1    307                       283     24      305
..................................................................


WIND (MPH)
  RESULTANT WIND SPEED   4   RESULTANT WIND DIRECTION  SW (240)
  HIGHEST WIND SPEED    14   HIGHEST WIND DIRECTION     W (290)
  HIGHEST GUST SPEED    19   HIGHEST GUST DIRECTION     W (280)


SKY COVER
  POSSIBLE SUNSHINE  MM
  AVERAGE SKY COVER 0.4


WEATHER CONDITIONS
 THE FOLLOWING WEATHER WAS RECORDED YESTERDAY.
  NO SIGNIFICANT WEATHER WAS OBSERVED.


RELATIVE HUMIDITY (PERCENT)
 HIGHEST    93
 LOWEST     48
 AVERAGE    71

..........................................................


THE BANGOR ME CLIMATE NORMALS FOR TODAY
                         NORMAL    RECORD    YEAR
 MAXIMUM TEMPERATURE (F)   76        98      1948
 MINIMUM TEMPERATURE (F)   54        32      1940


SUNRISE AND SUNSET
AUGUST 28 2014........SUNRISE   553 AM EDT   SUNSET   719 PM EDT
AUGUST 29 2014........SUNRISE   554 AM EDT   SUNSET   718 PM EDT


-  INDICATES NEGATIVE NUMBERS.
R  INDICATES RECORD WAS SET OR TIED.
MM INDICATES DATA IS MISSING.
T  INDICATES TRACE AMOUNT.




$$
