000
CDUS44 KBMX 050841
CLIBHM


CLIMATE REPORT
NATIONAL WEATHER SERVICE BIRMINGHAM, AL
240 AM CST MON DEC 5 2016


...................................

...THE BIRMINGHAM CLIMATE SUMMARY FOR DECEMBER 4 2016...

CLIMATE NORMAL PERIOD 1981 TO 2010
CLIMATE RECORD PERIOD 1895 TO 2016


WEATHER ITEM   OBSERVED TIME   RECORD YEAR NORMAL DEPARTURE LAST
                VALUE   (LST)  VALUE       VALUE  FROM      YEAR
                                                  NORMAL
..................................................................
TEMPERATURE (F)
 YESTERDAY
  MAXIMUM         53    424 PM  78    1998  59     -6       58
  MINIMUM         45    436 AM  20    1989  38      7       31
  AVERAGE         49                        49      0       45

PRECIPITATION (IN)
  YESTERDAY        0.33          1.93 1912   0.17   0.16     0.00
  MONTH TO DATE    0.47                      0.67  -0.20     2.35
  SINCE DEC 1      0.47                      0.67  -0.20     2.35
  SINCE JAN 1     38.39                     49.94 -11.55    52.74

SNOWFALL (IN)
  YESTERDAY        0.0                       0.0    0.0      0.0
  MONTH TO DATE    0.0                       0.0    0.0      0.0
  SINCE DEC 1      0.0                       0.0    0.0      0.0
  SINCE JUL 1      0.0                       0.0    0.0      0.0
  SNOW DEPTH       0

DEGREE DAYS
 HEATING
  YESTERDAY       16                        17     -1       20
  MONTH TO DATE   69                        65      4       60
  SINCE DEC 1     69                        65      4       60
  SINCE JUL 1    301                       523   -222      331
..................................................................


WIND (MPH)
  HIGHEST WIND SPEED    13   HIGHEST WIND DIRECTION     E (70)
  HIGHEST GUST SPEED    19   HIGHEST GUST DIRECTION     E (80)
  AVERAGE WIND SPEED     5.3


SKY COVER
  AVERAGE SKY COVER 1.0


WEATHER CONDITIONS
 THE FOLLOWING WEATHER WAS RECORDED YESTERDAY.
  HEAVY RAIN
  RAIN
  LIGHT RAIN
  FOG


RELATIVE HUMIDITY (PERCENT)
 HIGHEST   100           300 PM
 LOWEST     92          1200 AM
 AVERAGE    96

..........................................................


THE BIRMINGHAM CLIMATE NORMALS FOR TODAY
                         NORMAL    RECORD    YEAR
 MAXIMUM TEMPERATURE (F)   58        79      1998
 MINIMUM TEMPERATURE (F)   38        21      1907


SUNRISE AND SUNSET
DECEMBER  5 2016......SUNRISE   637 AM CST   SUNSET   439 PM CST
DECEMBER  6 2016......SUNRISE   638 AM CST   SUNSET   439 PM CST


-  INDICATES NEGATIVE NUMBERS.
R  INDICATES RECORD WAS SET OR TIED.
MM INDICATES DATA IS MISSING.
T  INDICATES TRACE AMOUNT.




$$
