810
CDUS44 KBMX 240801
CLIBHM


CLIMATE REPORT
NATIONAL WEATHER SERVICE BIRMINGHAM, AL
300 AM CDT FRI MAR 24 2017


...................................

...THE BIRMINGHAM CLIMATE SUMMARY FOR MARCH 23 2017...

CLIMATE NORMAL PERIOD 1981 TO 2010
CLIMATE RECORD PERIOD 1895 TO 2017


WEATHER ITEM   OBSERVED TIME   RECORD YEAR NORMAL DEPARTURE LAST
                VALUE   (LST)  VALUE       VALUE  FROM      YEAR
                                                  NORMAL
..................................................................
TEMPERATURE (F)
 YESTERDAY
  MAXIMUM         78    357 PM  88    1995  69      9       74
  MINIMUM         51    559 AM  27    2002  45      6       54
                                      1986
                                      1968
  AVERAGE         65                        57      8       64

PRECIPITATION (IN)
  YESTERDAY        0.00          2.84 2013   0.17  -0.17     0.00
  MONTH TO DATE    2.78                      3.93  -1.15     3.15
  SINCE MAR 1      2.78                      3.93  -1.15     3.15
  SINCE JAN 1     12.44                     13.30  -0.86    13.89

SNOWFALL (IN)
  YESTERDAY        0.0                       0.0    0.0      0.0
  MONTH TO DATE    0.0                       0.5   -0.5      0.0
  SINCE MAR 1      0.0                       0.5   -0.5      0.0
  SINCE JUL 1      0.3                       1.3   -1.0       T
  SNOW DEPTH       0

DEGREE DAYS
 HEATING
  YESTERDAY        0                         9     -9        1
  MONTH TO DATE  250                       259     -9      162
  SINCE MAR 1    250                       259     -9      162
  SINCE JUL 1   1622                      2449   -827     1832

 COOLING
  YESTERDAY        0                         1     -1        0
  MONTH TO DATE   13                        13      0       37
  SINCE MAR 1     13                        13      0       37
  SINCE JAN 1     28                        17     11       44
..................................................................


WIND (MPH)
  HIGHEST WIND SPEED    14   HIGHEST WIND DIRECTION    SE (130)
  HIGHEST GUST SPEED    22   HIGHEST GUST DIRECTION    SE (120)
  AVERAGE WIND SPEED     9.1


SKY COVER
  AVERAGE SKY COVER 0.2


WEATHER CONDITIONS
 THE FOLLOWING WEATHER WAS RECORDED YESTERDAY.
  HAZE


RELATIVE HUMIDITY (PERCENT)
 HIGHEST    65          1000 PM
 LOWEST     30           200 AM
 AVERAGE    48

..........................................................


THE BIRMINGHAM CLIMATE NORMALS FOR TODAY
                         NORMAL    RECORD    YEAR
 MAXIMUM TEMPERATURE (F)   69        89      1929
 MINIMUM TEMPERATURE (F)   45        23      1968


SUNRISE AND SUNSET
MARCH 24 2017.........SUNRISE   645 AM CDT   SUNSET   702 PM CDT
MARCH 25 2017.........SUNRISE   644 AM CDT   SUNSET   703 PM CDT


-  INDICATES NEGATIVE NUMBERS.
R  INDICATES RECORD WAS SET OR TIED.
MM INDICATES DATA IS MISSING.
T  INDICATES TRACE AMOUNT.




$$
