248
CDUS44 KBMX 160835
CLIBHM


CLIMATE REPORT
NATIONAL WEATHER SERVICE BIRMINGHAM, AL
235 AM CST MON JAN 16 2017


...................................

...THE BIRMINGHAM CLIMATE SUMMARY FOR JANUARY 15 2017...

CLIMATE NORMAL PERIOD 1981 TO 2010
CLIMATE RECORD PERIOD 1895 TO 2017


WEATHER ITEM   OBSERVED TIME   RECORD YEAR NORMAL DEPARTURE LAST
                VALUE   (LST)  VALUE       VALUE  FROM      YEAR
                                                  NORMAL
..................................................................
TEMPERATURE (F)
 YESTERDAY
  MAXIMUM         73    308 PM  78    1947  54     19       53
  MINIMUM         47    720 AM   8    1927  34     13       44
  AVERAGE         60                        44     16       49

PRECIPITATION (IN)
  YESTERDAY        0.00          2.78 1954   0.16  -0.16     0.34
  MONTH TO DATE    2.56                      2.21   0.35     0.86
  SINCE DEC 1      4.95                      6.66  -1.71    11.39
  SINCE JAN 1      2.56                      2.21   0.35     0.86

SNOWFALL (IN)
  YESTERDAY        0.0                       0.1   -0.1     MM
  MONTH TO DATE    0.3                       0.3    0.0      0.0
  SINCE DEC 1      0.3                       0.4   -0.1      0.0
  SINCE JUL 1      0.3                       0.4   -0.1      0.0
  SNOW DEPTH       0

DEGREE DAYS
 HEATING
  YESTERDAY        5                        22    -17       16
  MONTH TO DATE  229                       323    -94      333
  SINCE DEC 1    713                       912   -199      616
  SINCE JUL 1    945                      1370   -425      887
..................................................................


WIND (MPH)
  HIGHEST WIND SPEED    12   HIGHEST WIND DIRECTION    SW (240)
  HIGHEST GUST SPEED    15   HIGHEST GUST DIRECTION     S (200)
  AVERAGE WIND SPEED     1.8


SKY COVER
  AVERAGE SKY COVER 0.6


WEATHER CONDITIONS
 THE FOLLOWING WEATHER WAS RECORDED YESTERDAY.
  FOG


RELATIVE HUMIDITY (PERCENT)
 HIGHEST   100           400 AM
 LOWEST     41           100 PM
 AVERAGE    71

..........................................................


THE BIRMINGHAM CLIMATE NORMALS FOR TODAY
                         NORMAL    RECORD    YEAR
 MAXIMUM TEMPERATURE (F)   54        77      1943
 MINIMUM TEMPERATURE (F)   34         7      1972


SUNRISE AND SUNSET
JANUARY 16 2017.......SUNRISE   651 AM CST   SUNSET   503 PM CST
JANUARY 17 2017.......SUNRISE   651 AM CST   SUNSET   504 PM CST


-  INDICATES NEGATIVE NUMBERS.
R  INDICATES RECORD WAS SET OR TIED.
MM INDICATES DATA IS MISSING.
T  INDICATES TRACE AMOUNT.




$$
