000
CDUS44 KBMX 310709
CLIBHM


CLIMATE REPORT
NATIONAL WEATHER SERVICE BIRMINGHAM, AL
208 AM CDT MON AUG 31 2015


...................................

...THE BIRMINGHAM CLIMATE SUMMARY FOR AUGUST 30 2015...

CLIMATE NORMAL PERIOD 1981 TO 2010
CLIMATE RECORD PERIOD 2014 TO 2015


WEATHER ITEM   OBSERVED TIME   RECORD YEAR NORMAL DEPARTURE LAST
                VALUE   (LST)  VALUE       VALUE  FROM      YEAR
                                                  NORMAL
..................................................................
TEMPERATURE (F)
 YESTERDAY
  MAXIMUM         74    301 PM 100    1995  89    -15       90
                                      1951
  MINIMUM         69    604 AM  54    1992  69      0       72
  AVERAGE         72                        79     -7       81

PRECIPITATION (IN)
  YESTERDAY        0.19          1.40 1956   0.12   0.07     1.19
  MONTH TO DATE    7.23                      3.81   3.42     4.27
  SINCE JUN 1     16.34                     12.99   3.35    10.00
  SINCE JAN 1     42.07                     36.96   5.11    32.86

DEGREE DAYS
 COOLING
  YESTERDAY        7                        14     -7       16
  MONTH TO DATE  443                       470    -27      493
  SINCE JUN 1   1467                      1351    116     1331
  SINCE JAN 1   1802                      1633    169     1624
..................................................................


WIND (MPH)
  HIGHEST WIND SPEED    13   HIGHEST WIND DIRECTION    NE (40)
  HIGHEST GUST SPEED    17   HIGHEST GUST DIRECTION    NE (40)
  AVERAGE WIND SPEED     5.8


SKY COVER
  AVERAGE SKY COVER 0.8


WEATHER CONDITIONS
 THE FOLLOWING WEATHER WAS RECORDED YESTERDAY.
  RAIN
  LIGHT RAIN
  FOG


RELATIVE HUMIDITY (PERCENT)
 HIGHEST   100           700 AM
 LOWEST     79           300 PM
 AVERAGE    90

..........................................................


THE BIRMINGHAM CLIMATE NORMALS FOR TODAY
                         NORMAL    RECORD    YEAR
 MAXIMUM TEMPERATURE (F)   89       100      1951
 MINIMUM TEMPERATURE (F)   69        51      1946


SUNRISE AND SUNSET
AUGUST 31 2015........SUNRISE   620 AM CDT   SUNSET   714 PM CDT
SEPTEMBER  1 2015.....SUNRISE   621 AM CDT   SUNSET   713 PM CDT


-  INDICATES NEGATIVE NUMBERS.
R  INDICATES RECORD WAS SET OR TIED.
MM INDICATES DATA IS MISSING.
T  INDICATES TRACE AMOUNT.




$$
