000
CDUS44 KBMX 290043
CLIBHM


CLIMATE REPORT
NATIONAL WEATHER SERVICE BIRMINGHAM, AL
742 PM CDT SUN AUG 28 2016


...................................

...THE BIRMINGHAM CLIMATE SUMMARY FOR AUGUST 28 2016...
VALID TODAY AS OF 0700 PM LOCAL TIME.

CLIMATE NORMAL PERIOD 1981 TO 2010
CLIMATE RECORD PERIOD 1895 TO 2016


WEATHER ITEM   OBSERVED TIME   RECORD YEAR NORMAL DEPARTURE LAST
                VALUE   (LST)  VALUE       VALUE  FROM      YEAR
                                                  NORMAL
..................................................................
TEMPERATURE (F)
 TODAY
  MAXIMUM         94    210 PM 103    1924  90      4       88
  MINIMUM         76    547 AM  56    1952  70      6       70
  AVERAGE         85                        80      5       79

PRECIPITATION (IN)
  TODAY            0.06          1.06 1949   0.11  -0.05     0.00
                                      1923
  MONTH TO DATE    2.52                      3.58  -1.06     5.88
  SINCE JUN 1     13.56                     12.76   0.80    14.99
  SINCE JAN 1     35.17                     36.73  -1.56    40.72

DEGREE DAYS
 COOLING
  TODAY           20                        15      5       14
  MONTH TO DATE  512                       441     71      424
  SINCE JUN 1   1581                      1322    259     1448
  SINCE JAN 1   1904                      1604    300     1783
..................................................................


WIND (MPH)
  HIGHEST WIND SPEED    31   HIGHEST WIND DIRECTION     N (20)
  HIGHEST GUST SPEED    38   HIGHEST GUST DIRECTION     N (20)
  AVERAGE WIND SPEED     6.0


SKY COVER
  AVERAGE SKY COVER 0.2


WEATHER CONDITIONS
 THE FOLLOWING WEATHER WAS RECORDED TODAY.
  THUNDERSTORM


RELATIVE HUMIDITY (PERCENT)
 HIGHEST    82           100 AM
 LOWEST     46           200 PM
 AVERAGE    64

..........................................................


THE BIRMINGHAM CLIMATE NORMALS FOR TOMORROW
                         NORMAL    RECORD    YEAR
 MAXIMUM TEMPERATURE (F)   90       101      1990
 MINIMUM TEMPERATURE (F)   70        52      1992


SUNRISE AND SUNSET
AUGUST 28 2016........SUNRISE   619 AM CDT   SUNSET   717 PM CDT
AUGUST 29 2016........SUNRISE   619 AM CDT   SUNSET   716 PM CDT


-  INDICATES NEGATIVE NUMBERS.
R  INDICATES RECORD WAS SET OR TIED.
MM INDICATES DATA IS MISSING.
T  INDICATES TRACE AMOUNT.




$$
