000
CDUS44 KBMX 250046
CLIBHM


CLIMATE REPORT
NATIONAL WEATHER SERVICE BIRMINGHAM, AL
743 PM CDT MON JUL 24 2017


...................................

...THE BIRMINGHAM CLIMATE SUMMARY FOR JULY 24 2017...
VALID TODAY AS OF 0700 PM LOCAL TIME.

CLIMATE NORMAL PERIOD 1981 TO 2010
CLIMATE RECORD PERIOD 1895 TO 2017


WEATHER ITEM   OBSERVED TIME   RECORD YEAR NORMAL DEPARTURE LAST
                VALUE   (LST)  VALUE       VALUE  FROM      YEAR
                                                  NORMAL
..................................................................
TEMPERATURE (F)
 TODAY
  MAXIMUM         90   1159 AM 104    1952  91     -1       91
  MINIMUM         70    155 PM  62    1966  72     -2       76
                                      1909
  AVERAGE         80                        81     -1       84

PRECIPITATION (IN)
  TODAY            3.64R         2.53 1910   0.16   3.48      T
  MONTH TO DATE    9.32                      3.78   5.54     5.74
  SINCE JUN 1     20.12                      8.16  11.96     9.70
  SINCE JAN 1     47.78                     32.13  15.65    31.31

DEGREE DAYS
 COOLING
  TODAY           15                        16     -1       19
  MONTH TO DATE  416                       381     35      463
  SINCE JUN 1    776                       763     13      942
  SINCE JAN 1   1238                      1045    193     1265
..................................................................


WIND (MPH)
  HIGHEST WIND SPEED    31   HIGHEST WIND DIRECTION     N (350)
  HIGHEST GUST SPEED    43   HIGHEST GUST DIRECTION     N (340)
  AVERAGE WIND SPEED     4.9


SKY COVER
  AVERAGE SKY COVER 0.7


WEATHER CONDITIONS
 THE FOLLOWING WEATHER WAS RECORDED TODAY.
  THUNDERSTORM
  HEAVY RAIN
  RAIN
  LIGHT RAIN
  FOG
  FOG W/VISIBILITY <= 1/4 MILE
  HAZE


RELATIVE HUMIDITY (PERCENT)
 HIGHEST   100           400 PM
 LOWEST     63          1200 PM
 AVERAGE    82

..........................................................


THE BIRMINGHAM CLIMATE NORMALS FOR TOMORROW
                         NORMAL    RECORD    YEAR
 MAXIMUM TEMPERATURE (F)   91       106      1952
 MINIMUM TEMPERATURE (F)   72        60      1911


SUNRISE AND SUNSET
JULY 24 2017..........SUNRISE   554 AM CDT   SUNSET   753 PM CDT
JULY 25 2017..........SUNRISE   555 AM CDT   SUNSET   752 PM CDT


-  INDICATES NEGATIVE NUMBERS.
R  INDICATES RECORD WAS SET OR TIED.
MM INDICATES DATA IS MISSING.
T  INDICATES TRACE AMOUNT.




$$
