000
CDUS44 KBMX 300040
CLIBHM


CLIMATE REPORT
NATIONAL WEATHER SERVICE BIRMINGHAM, AL
740 PM CDT THU SEP 29 2016


...................................

...THE BIRMINGHAM CLIMATE SUMMARY FOR SEPTEMBER 29 2016...
VALID TODAY AS OF 0700 PM LOCAL TIME.

CLIMATE NORMAL PERIOD 1981 TO 2010
CLIMATE RECORD PERIOD 1895 TO 2016


WEATHER ITEM   OBSERVED TIME   RECORD YEAR NORMAL DEPARTURE LAST
                VALUE   (LST)  VALUE       VALUE  FROM      YEAR
                                                  NORMAL
..................................................................
TEMPERATURE (F)
 TODAY
  MAXIMUM         78    321 PM  96    1904  81     -3       87
  MINIMUM         58    609 AM  40    1967  59     -1       72
  AVERAGE         68                        70     -2       80

PRECIPITATION (IN)
  TODAY            0.00          2.37 1964   0.14  -0.14      T
  MONTH TO DATE    0.68                      3.77  -3.09     1.39
  SINCE SEP 1      0.68                      3.77  -3.09     1.39
  SINCE JAN 1     35.85                     40.85  -5.00    43.46

DEGREE DAYS

 COOLING
  TODAY            3                         6     -3       15
  MONTH TO DATE  471                       295    176      307
  SINCE SEP 1    471                       295    176      307
  SINCE JAN 1   2437                      1945    492     2121
..................................................................


WIND (MPH)
  HIGHEST WIND SPEED    17   HIGHEST WIND DIRECTION    NW (300)
  HIGHEST GUST SPEED    25   HIGHEST GUST DIRECTION    NW (320)
  AVERAGE WIND SPEED    10.0


SKY COVER
  AVERAGE SKY COVER 0.2


WEATHER CONDITIONS
 THE FOLLOWING WEATHER WAS RECORDED TODAY.
  NO SIGNIFICANT WEATHER WAS OBSERVED.


RELATIVE HUMIDITY (PERCENT)
 HIGHEST    77           600 AM
 LOWEST     29           300 PM
 AVERAGE    53

..........................................................


THE BIRMINGHAM CLIMATE NORMALS FOR TOMORROW
                         NORMAL    RECORD    YEAR
 MAXIMUM TEMPERATURE (F)   80        95      1904
 MINIMUM TEMPERATURE (F)   59        37      1967


SUNRISE AND SUNSET
SEPTEMBER 29 2016.....SUNRISE   640 AM CDT   SUNSET   633 PM CDT
SEPTEMBER 30 2016.....SUNRISE   641 AM CDT   SUNSET   632 PM CDT


-  INDICATES NEGATIVE NUMBERS.
R  INDICATES RECORD WAS SET OR TIED.
MM INDICATES DATA IS MISSING.
T  INDICATES TRACE AMOUNT.




$$
