000
CDUS44 KBMX 172220
CLIBHM


CLIMATE REPORT
NATIONAL WEATHER SERVICE BIRMINGHAM, AL
420 PM CST SUN DEC 17 2017


...................................

...THE BIRMINGHAM CLIMATE SUMMARY FOR DECEMBER 17 2017...
VALID TODAY AS OF 0400 PM LOCAL TIME.

CLIMATE NORMAL PERIOD 1981 TO 2010
CLIMATE RECORD PERIOD 1895 TO 2017


WEATHER ITEM   OBSERVED TIME   RECORD YEAR NORMAL DEPARTURE LAST
                VALUE   (LST)  VALUE       VALUE  FROM      YEAR
                                                  NORMAL
..................................................................
TEMPERATURE (F)
 TODAY
  MAXIMUM         47    259 PM  73    1984  55     -8       71
                                      1933
  MINIMUM         36   1238 AM  13    1901  36      0       54
  AVERAGE         42                        46     -4       63

PRECIPITATION (IN)
  TODAY            0.53          4.06 1961   0.13   0.40     0.01
  MONTH TO DATE    1.52                      2.61  -1.09     1.57
  SINCE DEC 1      1.52                      2.61  -1.09     1.57
  SINCE JAN 1     66.55                     51.88  14.67    39.49

SNOWFALL (IN)
  TODAY           MM                         0.0   MM        0.0
  MONTH TO DATE    4.0                       0.0    4.0      0.0
  SINCE DEC 1      4.0                       0.0    4.0      0.0
  SINCE JUL 1      4.0                       0.0    4.0      0.0
  SNOW DEPTH       0

..................................................................


WIND (MPH)
  HIGHEST WIND SPEED    14   HIGHEST WIND DIRECTION    NW (320)
  HIGHEST GUST SPEED    18   HIGHEST GUST DIRECTION    NW (310)
  AVERAGE WIND SPEED     4.6


SKY COVER
  AVERAGE SKY COVER 0.8


WEATHER CONDITIONS
 THE FOLLOWING WEATHER WAS RECORDED TODAY.
  HEAVY RAIN
  RAIN
  LIGHT RAIN
  FOG


RELATIVE HUMIDITY (PERCENT)
 HIGHEST    96          1200 PM
 LOWEST     45           500 AM
 AVERAGE    71

..........................................................


THE BIRMINGHAM CLIMATE NORMALS FOR TOMORROW
                         NORMAL    RECORD    YEAR
 MAXIMUM TEMPERATURE (F)   55        76      1984
                                             1908
 MINIMUM TEMPERATURE (F)   36         8      1901


SUNRISE AND SUNSET
DECEMBER 17 2017......SUNRISE   645 AM CST   SUNSET   441 PM CST
DECEMBER 18 2017......SUNRISE   646 AM CST   SUNSET   442 PM CST


-  INDICATES NEGATIVE NUMBERS.
R  INDICATES RECORD WAS SET OR TIED.
MM INDICATES DATA IS MISSING.
T  INDICATES TRACE AMOUNT.




$$
