000
CDUS45 KVEF 010028
CLIBIH


CLIMATE REPORT
NATIONAL WEATHER SERVICE LAS VEGAS, NV
527 PM PDT FRI JUL 31 2015


...................................

...THE BISHOP CA CLIMATE SUMMARY FOR JULY 31 2015...
VALID TODAY AS OF 0500 PM LOCAL TIME.

CLIMATE NORMAL PERIOD 1981 TO 2010
CLIMATE RECORD PERIOD 1943 TO 2015


WEATHER ITEM   OBSERVED RECORD YEAR NORMAL DEPARTURE LAST
                VALUE   VALUE       VALUE  FROM      YEAR
                                           NORMAL
...........................................................
TEMPERATURE (F)
 TODAY
  MAXIMUM         95    109    2000  99     -4       96
  MINIMUM         65     47    1985  56      9       58
  AVERAGE         80

PRECIPITATION (IN)
  TODAY            0.01   0.23 1976   0.00   0.01     0.00
  MONTH TO DATE    0.47               0.16   0.31     0.15
  SINCE OCT 1      2.99               4.85  -1.86     2.63
  SINCE JAN 1      2.53               3.23  -0.70     2.41

SNOWFALL (IN)
  TODAY            0.0   MM      MM   0.0    0.0      0.0
  MONTH TO DATE    0.0                0.0    0.0      0.0
  SINCE JUN 1      0.0                0.0    0.0      0.0
  SINCE JUL 1      0.0                0.0    0.0      0.0
  SNOW DEPTH      MM

DEGREE DAYS
 HEATING
  TODAY            0                  0      0        0
  MONTH TO DATE    0                  0      0        0
  SINCE JUN 1      0                 20    -20        0
  SINCE JUL 1      0                  1     -1        0

 COOLING
  TODAY           15                 12      3       12
  MONTH TO DATE  362                382    -20      464
  SINCE JUN 1    696                596    100      760
  SINCE JAN 1    747                664     83      845
...........................................................


WIND (MPH)
  RESULTANT WIND SPEED   2   RESULTANT WIND DIRECTION   W (290)
  HIGHEST WIND SPEED    22   HIGHEST WIND DIRECTION    SE (150)
  HIGHEST GUST SPEED    28   HIGHEST GUST DIRECTION     S (160)
  AVERAGE WIND SPEED     5.8


SKY COVER
  POSSIBLE SUNSHINE  MM
  AVERAGE SKY COVER 0.4


WEATHER CONDITIONS
 THE FOLLOWING WEATHER WAS RECORDED TODAY.
  NO SIGNIFICANT WEATHER WAS OBSERVED.


RELATIVE HUMIDITY (PERCENT)
 HIGHEST    56           400 AM
 LOWEST     19          1200 PM
 AVERAGE    38

..........................................................


THE BISHOP CA CLIMATE NORMALS FOR TOMORROW
                         NORMAL    RECORD    YEAR
 MAXIMUM TEMPERATURE (F)   99       107      1977
 MINIMUM TEMPERATURE (F)   56        44      1985


SUNRISE AND SUNSET
JULY 31 2015..........SUNRISE   557 AM PDT   SUNSET   802 PM PDT
AUGUST  1 2015........SUNRISE   558 AM PDT   SUNSET   801 PM PDT


-  INDICATES NEGATIVE NUMBERS.
R  INDICATES RECORD WAS SET OR TIED.
MM INDICATES DATA IS MISSING.
T  INDICATES TRACE AMOUNT.




$$
