000
CDUS45 KVEF 280028
CLIBIH


CLIMATE REPORT
NATIONAL WEATHER SERVICE LAS VEGAS, NV
528 PM PDT SAT AUG 27 2016


...................................

...THE BISHOP CA CLIMATE SUMMARY FOR AUGUST 27 2016...
VALID TODAY AS OF 0500 PM LOCAL TIME.

CLIMATE NORMAL PERIOD 1981 TO 2010
CLIMATE RECORD PERIOD 1943 TO 2016


WEATHER ITEM   OBSERVED RECORD YEAR NORMAL DEPARTURE LAST
                VALUE   VALUE       VALUE  FROM      YEAR
                                           NORMAL
...........................................................
TEMPERATURE (F)
 TODAY
  MAXIMUM         95    103    1950  94      1       99
  MINIMUM         52     41    1973  52      0       57
  AVERAGE         74

PRECIPITATION (IN)
  TODAY            0.00   0.18 1982   0.01  -0.01     0.00
  MONTH TO DATE    T                  0.12  -0.12     0.02
  SINCE OCT 1      3.88               4.97  -1.09     3.01
  SINCE JAN 1      3.07               3.35  -0.28     2.55

SNOWFALL (IN)
  TODAY            0.0   MM      MM   0.0    0.0      0.0
  MONTH TO DATE    0.0                0.0    0.0      0.0
  SINCE JUN 1      0.0                0.0    0.0      0.0
  SINCE JUL 1      0.0                0.0    0.0      0.0
  SNOW DEPTH       0

DEGREE DAYS
 HEATING
  TODAY            0                  0      0        0
  MONTH TO DATE    0                  0      0        0
  SINCE JUN 1      3                 20    -17        0
  SINCE JUL 1      0                  1     -1        0

 COOLING
  TODAY            9                  8      1       13
  MONTH TO DATE  312                282     30      356
  SINCE JUN 1   1131                878    253     1052
  SINCE JAN 1   1178                946    232     1103
...........................................................


WIND (MPH)
  RESULTANT WIND SPEED   1   RESULTANT WIND DIRECTION  NW (320)
  HIGHEST WIND SPEED    10   HIGHEST WIND DIRECTION    SW (220)
  HIGHEST GUST SPEED    13   HIGHEST GUST DIRECTION     S (200)
  AVERAGE WIND SPEED     5.5


SKY COVER
  POSSIBLE SUNSHINE  MM
  AVERAGE SKY COVER 0.0


WEATHER CONDITIONS
 THE FOLLOWING WEATHER WAS RECORDED TODAY.
  NO SIGNIFICANT WEATHER WAS OBSERVED.


RELATIVE HUMIDITY (PERCENT)
 HIGHEST    35           500 AM
 LOWEST      7           200 PM
 AVERAGE    21

..........................................................


THE BISHOP CA CLIMATE NORMALS FOR TOMORROW
                         NORMAL    RECORD    YEAR
 MAXIMUM TEMPERATURE (F)   94       103      2001
                                             1950
 MINIMUM TEMPERATURE (F)   52        40      1991


SUNRISE AND SUNSET
AUGUST 27 2016........SUNRISE   620 AM PDT   SUNSET   729 PM PDT
AUGUST 28 2016........SUNRISE   621 AM PDT   SUNSET   727 PM PDT


-  INDICATES NEGATIVE NUMBERS.
R  INDICATES RECORD WAS SET OR TIED.
MM INDICATES DATA IS MISSING.
T  INDICATES TRACE AMOUNT.




$$
