000
CDUS45 KVEF 230827
CLIBIH


CLIMATE REPORT
NATIONAL WEATHER SERVICE LAS VEGAS, NV
127 AM PDT TUE MAY 23 2017


...................................

...THE BISHOP CA CLIMATE SUMMARY FOR MAY 22 2017...

CLIMATE NORMAL PERIOD 1981 TO 2010
CLIMATE RECORD PERIOD 1943 TO 2017


WEATHER ITEM   OBSERVED TIME   RECORD YEAR NORMAL DEPARTURE LAST
                VALUE   (LST)  VALUE       VALUE  FROM      YEAR
                                                  NORMAL
..................................................................
TEMPERATURE (F)
 YESTERDAY
  MAXIMUM         91    438 PM  99    1984  84      7       74
  MINIMUM         49    357 AM  25    2010  46      3       39
  AVERAGE         70                        65      5       57

PRECIPITATION (IN)
  YESTERDAY        0.00          0.09 2014   0.01  -0.01     0.00
  MONTH TO DATE    0.35                      0.13   0.22     0.26
  SINCE OCT 1      9.16                      4.44   4.72     3.30
  SINCE JAN 1      8.80                      2.82   5.98     2.49

SNOWFALL (IN)
  YESTERDAY        0.0          MM      MM   0.0    0.0      0.0
  MONTH TO DATE    0.0                       0.0    0.0      0.0
  SINCE MAR 1      T                         0.6   -0.6       T
  SINCE JUL 1      8.6                       8.0    0.6      2.0
  SNOW DEPTH       0

DEGREE DAYS
 HEATING
  YESTERDAY        0                         3     -3        8
  MONTH TO DATE   97                        98     -1       73
  SINCE MAR 1    781                       933   -152      675
  SINCE JUL 1   3781                      4140   -359     3731

 COOLING
  YESTERDAY        5                         3      2        0
  MONTH TO DATE   25                        32     -7       28
  SINCE MAR 1     25                        36    -11       28
  SINCE JAN 1     25                        36    -11       28
..................................................................


WIND (MPH)
  RESULTANT WIND SPEED   2   RESULTANT WIND DIRECTION  NW (320)
  HIGHEST WIND SPEED    13   HIGHEST WIND DIRECTION    NW (320)
  HIGHEST GUST SPEED    14   HIGHEST GUST DIRECTION     N (360)
  AVERAGE WIND SPEED     4.8


SKY COVER
  POSSIBLE SUNSHINE  MM
  AVERAGE SKY COVER 0.0


WEATHER CONDITIONS
 THE FOLLOWING WEATHER WAS RECORDED YESTERDAY.
  NO SIGNIFICANT WEATHER WAS OBSERVED.


RELATIVE HUMIDITY (PERCENT)
 HIGHEST    61           400 AM
 LOWEST     11           300 PM
 AVERAGE    36

..........................................................


THE BISHOP CA CLIMATE NORMALS FOR TODAY
                         NORMAL    RECORD    YEAR
 MAXIMUM TEMPERATURE (F)   85        98      2001
                                             2000
                                             1984
 MINIMUM TEMPERATURE (F)   46        33      1959


SUNRISE AND SUNSET
MAY 23 2017...........SUNRISE   539 AM PDT   SUNSET   802 PM PDT
MAY 24 2017...........SUNRISE   538 AM PDT   SUNSET   803 PM PDT


-  INDICATES NEGATIVE NUMBERS.
R  INDICATES RECORD WAS SET OR TIED.
MM INDICATES DATA IS MISSING.
T  INDICATES TRACE AMOUNT.




$$
