000
CDUS45 KVEF 260041
CLIBIH


CLIMATE REPORT
NATIONAL WEATHER SERVICE LAS VEGAS, NV
438 PM PST THU DEC 25 2014


...................................

...THE BISHOP CA CLIMATE SUMMARY FOR DECEMBER 25 2014...
VALID TODAY AS OF 0400 PM LOCAL TIME.

CLIMATE NORMAL PERIOD 1981 TO 2010
CLIMATE RECORD PERIOD 1943 TO 2014


WEATHER ITEM   OBSERVED RECORD YEAR NORMAL DEPARTURE LAST
                VALUE   VALUE       VALUE  FROM      YEAR
                                           NORMAL
...........................................................
TEMPERATURE (F)
 TODAY
  MAXIMUM         45     68    1985  53     -8       65
  MINIMUM         29      2    1948  22      7       20
  AVERAGE         37

PRECIPITATION (IN)
  TODAY            0.00   0.38 2008   0.03  -0.03     0.00
  MONTH TO DATE    0.46               0.58  -0.12     0.03
  SINCE OCT 1      0.46               1.40  -0.94     0.22
  SINCE JAN 1      3.23               4.96  -1.73     1.33

SNOWFALL (IN)
  TODAY            0.0    2.0  2008   0.0    0.0      0.0
                               1945
  MONTH TO DATE    0.0                0.9   -0.9      0.5
  SINCE DEC 1      0.0                0.9   -0.9      0.5
  SINCE JUL 1      0.0                1.3   -1.3      0.5
  SNOW DEPTH      MM

DEGREE DAYS
 HEATING
  TODAY           28                 28      0       22
  MONTH TO DATE  555                681   -126      666
  SINCE DEC 1    555                681   -126      666
  SINCE JUL 1   1206               1582   -376     1669

 COOLING
  TODAY            0                  0      0        0
  MONTH TO DATE    0                  0      0        0
  SINCE DEC 1      0                  0      0        0
  SINCE JAN 1   1384               1104    280     1337
...........................................................


WIND (MPH)
  RESULTANT WIND SPEED  18   RESULTANT WIND DIRECTION   N (350)
  HIGHEST WIND SPEED    32   HIGHEST WIND DIRECTION     N (350)
  HIGHEST GUST SPEED    41   HIGHEST GUST DIRECTION     N (350)
  AVERAGE WIND SPEED    18.6


SKY COVER
  POSSIBLE SUNSHINE  MM
  AVERAGE SKY COVER 0.2


WEATHER CONDITIONS
 THE FOLLOWING WEATHER WAS RECORDED TODAY.
  NO SIGNIFICANT WEATHER WAS OBSERVED.


RELATIVE HUMIDITY (PERCENT)
 HIGHEST    52           200 AM
 LOWEST     20          1200 PM
 AVERAGE    36

..........................................................


THE BISHOP CA CLIMATE NORMALS FOR TOMORROW
                         NORMAL    RECORD    YEAR
 MAXIMUM TEMPERATURE (F)   53        68      1985
                                             1980
                                             1947
 MINIMUM TEMPERATURE (F)   22         3      1962


SUNRISE AND SUNSET
DECEMBER 25 2014......SUNRISE   706 AM PST   SUNSET   441 PM PST
DECEMBER 26 2014......SUNRISE   706 AM PST   SUNSET   442 PM PST


-  INDICATES NEGATIVE NUMBERS.
R  INDICATES RECORD WAS SET OR TIED.
MM INDICATES DATA IS MISSING.
T  INDICATES TRACE AMOUNT.




$$
