000
CDUS45 KVEF 230826
CLIBIH


CLIMATE REPORT
NATIONAL WEATHER SERVICE LAS VEGAS, NV
1226 AM PST TUE JAN 23 2018


...................................

...THE BISHOP CA CLIMATE SUMMARY FOR JANUARY 22 2018...

CLIMATE NORMAL PERIOD 1981 TO 2010
CLIMATE RECORD PERIOD 1943 TO 2018


WEATHER ITEM   OBSERVED TIME   RECORD YEAR NORMAL DEPARTURE LAST
                VALUE   (LST)  VALUE       VALUE  FROM      YEAR
                                                  NORMAL
..................................................................
TEMPERATURE (F)
 YESTERDAY
  MAXIMUM         53    426 PM  73    1950  54     -1       39
                                      1948
  MINIMUM         15    657 AM   5    1982  23     -8       33
  AVERAGE         34                        39     -5       36

PRECIPITATION (IN)
  YESTERDAY        0.00          1.08 2017   0.03  -0.03     1.08
  MONTH TO DATE    0.04                      0.83  -0.79     5.09
  SINCE OCT 1      0.20                      2.45  -2.25     5.45
  SINCE JAN 1      0.04                      0.83  -0.79     5.09

SNOWFALL (IN)
  YESTERDAY        0.0           7.0  1983   0.1   -0.1      5.3
  MONTH TO DATE    0.0                       4.3   -4.3      8.6
  SINCE DEC 1      0.0                       5.5   -5.5      8.6
  SINCE JUL 1      0.0                       5.8   -5.8      8.6
  SNOW DEPTH       0

DEGREE DAYS
 HEATING
  YESTERDAY       31                        26      5       29
  MONTH TO DATE  463                       590   -127      580
  SINCE DEC 1   1170                      1436   -266     1369
  SINCE JUL 1   1970                      2337   -367     2112

 COOLING
  YESTERDAY        0                         0      0        0
  MONTH TO DATE    0                         0      0        0
  SINCE DEC 1      0                         0      0        0
  SINCE JAN 1      0                         0      0        0
..................................................................


WIND (MPH)
  RESULTANT WIND SPEED   3   RESULTANT WIND DIRECTION  NW (330)
  HIGHEST WIND SPEED     9   HIGHEST WIND DIRECTION    NW (300)
  HIGHEST GUST SPEED    10   HIGHEST GUST DIRECTION    NW (300)
  AVERAGE WIND SPEED     4.7


SKY COVER
  POSSIBLE SUNSHINE  MM
  AVERAGE SKY COVER 0.0


WEATHER CONDITIONS
 THE FOLLOWING WEATHER WAS RECORDED YESTERDAY.
  NO SIGNIFICANT WEATHER WAS OBSERVED.


RELATIVE HUMIDITY (PERCENT)
 HIGHEST    74           400 AM
 LOWEST     14           100 PM
 AVERAGE    44

..........................................................


THE BISHOP CA CLIMATE NORMALS FOR TODAY
                         NORMAL    RECORD    YEAR
 MAXIMUM TEMPERATURE (F)   55        75      1953
 MINIMUM TEMPERATURE (F)   24         0      1964


SUNRISE AND SUNSET
JANUARY 23 2018.......SUNRISE   703 AM PST   SUNSET   508 PM PST
JANUARY 24 2018.......SUNRISE   702 AM PST   SUNSET   509 PM PST


-  INDICATES NEGATIVE NUMBERS.
R  INDICATES RECORD WAS SET OR TIED.
MM INDICATES DATA IS MISSING.
T  INDICATES TRACE AMOUNT.




$$
