000
CDUS45 KVEF 220031
CLIBIH


CLIMATE REPORT
NATIONAL WEATHER SERVICE LAS VEGAS, NV
531 PM PDT SUN SEP 21 2014


...................................

...THE BISHOP CA CLIMATE SUMMARY FOR SEPTEMBER 21 2014...
VALID TODAY AS OF 0500 PM LOCAL TIME.

CLIMATE NORMAL PERIOD 1981 TO 2010
CLIMATE RECORD PERIOD 1943 TO 2014


WEATHER ITEM   OBSERVED RECORD YEAR NORMAL DEPARTURE LAST
                VALUE   VALUE       VALUE  FROM      YEAR
                                           NORMAL
...........................................................
TEMPERATURE (F)
 TODAY
  MAXIMUM         85     97    1949  86     -1       85
                               1943
  MINIMUM         53     31    1986  46      7       39
  AVERAGE         69

PRECIPITATION (IN)
  TODAY            T      0.16 2007   0.01  -0.01     0.00
  MONTH TO DATE    0.09               0.11  -0.02      T
  SINCE OCT 1      2.92               5.10  -2.18     2.34
  SINCE JAN 1      2.70               3.48  -0.78     1.11

SNOWFALL (IN)
  TODAY            0.0   MM      MM   0.0    0.0      0.0
  MONTH TO DATE    0.0                0.0    0.0      0.0
  SINCE SEP 1      0.0                0.0    0.0      0.0
  SINCE JUL 1      0.0                0.0    0.0      0.0
  SNOW DEPTH       0

DEGREE DAYS
 HEATING
  TODAY            0                  2     -2        3
  MONTH TO DATE    0                 17    -17        3
  SINCE SEP 1      0                 17    -17        3
  SINCE JUL 1      0                 19    -19        3

 COOLING
  TODAY            4                  3      1        0
  MONTH TO DATE  189                103     86      172
  SINCE SEP 1    189                103     86      172
  SINCE JAN 1   1336               1080    256     1337
...........................................................


WIND (MPH)
  RESULTANT WIND SPEED   0   RESULTANT WIND DIRECTION  NW (300)
  HIGHEST WIND SPEED    15   HIGHEST WIND DIRECTION     S (170)
  HIGHEST GUST SPEED    20   HIGHEST GUST DIRECTION    SE (150)
  AVERAGE WIND SPEED     5.8


SKY COVER
  POSSIBLE SUNSHINE  MM
  AVERAGE SKY COVER 0.1


WEATHER CONDITIONS
 THE FOLLOWING WEATHER WAS RECORDED TODAY.
  THUNDERSTORM
  LIGHT RAIN


RELATIVE HUMIDITY (PERCENT)
 HIGHEST    89           400 AM
 LOWEST     20           200 PM
 AVERAGE    55

..........................................................


THE BISHOP CA CLIMATE NORMALS FOR TOMORROW
                         NORMAL    RECORD    YEAR
 MAXIMUM TEMPERATURE (F)   86        98      1949
 MINIMUM TEMPERATURE (F)   45        29      1945


SUNRISE AND SUNSET
SEPTEMBER 21 2014.....SUNRISE   640 AM PDT   SUNSET   652 PM PDT
SEPTEMBER 22 2014.....SUNRISE   641 AM PDT   SUNSET   650 PM PDT


-  INDICATES NEGATIVE NUMBERS.
R  INDICATES RECORD WAS SET OR TIED.
MM INDICATES DATA IS MISSING.
T  INDICATES TRACE AMOUNT.




$$
