000
CDUS45 KVEF 290828
CLIBIH


CLIMATE REPORT
NATIONAL WEATHER SERVICE LAS VEGAS, NV
126 AM PDT SUN MAY 29 2016


...................................

...THE BISHOP CA CLIMATE SUMMARY FOR MAY 28 2016...

CLIMATE NORMAL PERIOD 1981 TO 2010
CLIMATE RECORD PERIOD 1943 TO 2016


WEATHER ITEM   OBSERVED TIME   RECORD YEAR NORMAL DEPARTURE LAST
                VALUE   (LST)  VALUE       VALUE  FROM      YEAR
                                                  NORMAL
..................................................................
TEMPERATURE (F)
 YESTERDAY
  MAXIMUM         83    131 PM 102    2003  86     -3       92
  MINIMUM         49    416 AM  33    2006  47      2       50
  AVERAGE         66                        67     -1       71

PRECIPITATION (IN)
  YESTERDAY        T             0.21 1945   0.01  -0.01     0.00
  MONTH TO DATE    0.34                      0.17   0.17     1.39
  SINCE OCT 1      3.38                      4.48  -1.10     2.13
  SINCE JAN 1      2.57                      2.86  -0.29     1.67

SNOWFALL (IN)
  YESTERDAY       MM            MM      MM   0.0   MM        0.0
  MONTH TO DATE    0.0                       0.0    0.0       T
  SINCE MAR 1      T                         0.6   -0.6       T
  SINCE JUL 1      2.0                       8.0   -6.0       T
  SNOW DEPTH       0

DEGREE DAYS
 HEATING
  YESTERDAY        0                         2     -2        0
  MONTH TO DATE   96                       111    -15      127
  SINCE MAR 1    698                       946   -248      677
  SINCE JUL 1   3754                      4153   -399     3118

 COOLING
  YESTERDAY        1                         4     -3        6
  MONTH TO DATE   29                        51    -22       20
  SINCE MAR 1     29                        55    -26       24
  SINCE JAN 1     29                        55    -26       24
..................................................................


WIND (MPH)
  RESULTANT WIND SPEED   3   RESULTANT WIND DIRECTION  NW (330)
  HIGHEST WIND SPEED    25   HIGHEST WIND DIRECTION     N (360)
  HIGHEST GUST SPEED    33   HIGHEST GUST DIRECTION    NE (40)
  AVERAGE WIND SPEED     8.9


SKY COVER
  POSSIBLE SUNSHINE  MM
  AVERAGE SKY COVER 0.4


WEATHER CONDITIONS
 THE FOLLOWING WEATHER WAS RECORDED YESTERDAY.
  LIGHT RAIN


RELATIVE HUMIDITY (PERCENT)
 HIGHEST    61           400 AM
 LOWEST     15          1200 PM
 AVERAGE    38

..........................................................


THE BISHOP CA CLIMATE NORMALS FOR TODAY
                         NORMAL    RECORD    YEAR
 MAXIMUM TEMPERATURE (F)   87        99      2003
 MINIMUM TEMPERATURE (F)   47        34      2008
                                             1990


SUNRISE AND SUNSET
MAY 29 2016...........SUNRISE   535 AM PDT   SUNSET   807 PM PDT
MAY 30 2016...........SUNRISE   535 AM PDT   SUNSET   808 PM PDT


-  INDICATES NEGATIVE NUMBERS.
R  INDICATES RECORD WAS SET OR TIED.
MM INDICATES DATA IS MISSING.
T  INDICATES TRACE AMOUNT.




$$
