000
CDUS45 KVEF 230828
CLIBIH


CLIMATE REPORT
NATIONAL WEATHER SERVICE LAS VEGAS, NV
128 AM PDT FRI JUN 23 2017


...................................

...THE BISHOP CA CLIMATE SUMMARY FOR JUNE 22 2017...

CLIMATE NORMAL PERIOD 1981 TO 2010
CLIMATE RECORD PERIOD 1943 TO 2017


WEATHER ITEM   OBSERVED TIME   RECORD YEAR NORMAL DEPARTURE LAST
                VALUE   (LST)  VALUE       VALUE  FROM      YEAR
                                                  NORMAL
..................................................................
TEMPERATURE (F)
 YESTERDAY
  MAXIMUM        105    237 PM 109    1954  94     11      104
  MINIMUM         67    347 AM  40    1944  53     14       67
  AVERAGE         86                        73     13       86

PRECIPITATION (IN)
  YESTERDAY        0.00          T    2001   0.01  -0.01     0.00
                                      2000
                                      1959
  MONTH TO DATE    0.00                      0.15  -0.15     0.50
  SINCE OCT 1      9.16                      4.65   4.51     3.88
  SINCE JAN 1      8.80                      3.03   5.77     3.07

SNOWFALL (IN)
  YESTERDAY        0.0          MM      MM   0.0    0.0      0.0
  MONTH TO DATE    0.0                       0.0    0.0      0.0
  SINCE JUN 1      0.0                       0.0    0.0      0.0
  SINCE JUL 1      8.6                       8.0    0.6      2.0
  SNOW DEPTH      MM

DEGREE DAYS
 HEATING
  YESTERDAY        0                         0      0        0
  MONTH TO DATE   14                        17     -3        3
  SINCE JUN 1     14                        17     -3        3
  SINCE JUL 1   3797                      4175   -378     3757

 COOLING
  YESTERDAY       21                         8     13       21
  MONTH TO DATE  214                       136     78      229
  SINCE JUN 1    214                       136     78      229
  SINCE JAN 1    271                       204     67      276
..................................................................


WIND (MPH)
  RESULTANT WIND SPEED   4   RESULTANT WIND DIRECTION   N (340)
  HIGHEST WIND SPEED    15   HIGHEST WIND DIRECTION    NW (330)
  HIGHEST GUST SPEED    20   HIGHEST GUST DIRECTION     N (350)
  AVERAGE WIND SPEED     7.3


SKY COVER
  POSSIBLE SUNSHINE  MM
  AVERAGE SKY COVER 0.0


WEATHER CONDITIONS
 THE FOLLOWING WEATHER WAS RECORDED YESTERDAY.
  NO SIGNIFICANT WEATHER WAS OBSERVED.


RELATIVE HUMIDITY (PERCENT)
 HIGHEST    33          1200 AM
 LOWEST      8           200 PM
 AVERAGE    21

..........................................................


THE BISHOP CA CLIMATE NORMALS FOR TODAY
                         NORMAL    RECORD    YEAR
 MAXIMUM TEMPERATURE (F)   94       104      1961
                                             1954
 MINIMUM TEMPERATURE (F)   53        43      2005
                                             1966


SUNRISE AND SUNSET
JUNE 23 2017..........SUNRISE   534 AM PDT   SUNSET   818 PM PDT
JUNE 24 2017..........SUNRISE   534 AM PDT   SUNSET   818 PM PDT


-  INDICATES NEGATIVE NUMBERS.
R  INDICATES RECORD WAS SET OR TIED.
MM INDICATES DATA IS MISSING.
T  INDICATES TRACE AMOUNT.




$$
