000
CDUS45 KVEF 230040
CLIBIH


CLIMATE REPORT
NATIONAL WEATHER SERVICE LAS VEGAS, NV
538 PM PDT TUE JUL 22 2014


...................................

...THE BISHOP CA CLIMATE SUMMARY FOR JULY 22 2014...
VALID TODAY AS OF 0500 PM LOCAL TIME.

CLIMATE NORMAL PERIOD 1981 TO 2010
CLIMATE RECORD PERIOD 1943 TO 2014


WEATHER ITEM   OBSERVED RECORD YEAR NORMAL DEPARTURE LAST
                VALUE   VALUE       VALUE  FROM      YEAR
                                           NORMAL
...........................................................
TEMPERATURE (F)
 TODAY
  MAXIMUM        100    109    2003  99      1       96
  MINIMUM         60     39    1987  57      3       67
  AVERAGE         80

PRECIPITATION (IN)
  TODAY            0.00   0.31 2013   0.00   0.00     0.31
  MONTH TO DATE    T                  0.12  -0.12     0.32
  SINCE OCT 1      2.48               4.81  -2.33     2.02
  SINCE JAN 1      2.26               3.19  -0.93     0.79

SNOWFALL (IN)
  TODAY            0.0   MM      MM   0.0    0.0      0.0
  MONTH TO DATE    0.0                0.0    0.0      0.0
  SINCE JUN 1      0.0                0.0    0.0      0.0
  SINCE JUL 1      0.0                0.0    0.0      0.0
  SNOW DEPTH       0

DEGREE DAYS
 HEATING
  TODAY            0                  0      0        0
  MONTH TO DATE    0                  0      0        0
  SINCE JUN 1      0                 19    -19        0
  SINCE JUL 1      0                  0      0        0

 COOLING
  TODAY           15                 13      2       17
  MONTH TO DATE  348                269     79      344
  SINCE JUN 1    644                483    161      674
  SINCE JAN 1    729                551    178      760
...........................................................


WIND (MPH)
  RESULTANT WIND SPEED   6   RESULTANT WIND DIRECTION   S (160)
  HIGHEST WIND SPEED    26   HIGHEST WIND DIRECTION    SE (150)
  HIGHEST GUST SPEED    36   HIGHEST GUST DIRECTION     S (170)
  AVERAGE WIND SPEED     9.6


SKY COVER
  POSSIBLE SUNSHINE  MM
  AVERAGE SKY COVER 0.0


WEATHER CONDITIONS
 THE FOLLOWING WEATHER WAS RECORDED TODAY.
  NO SIGNIFICANT WEATHER WAS OBSERVED.


RELATIVE HUMIDITY (PERCENT)
 HIGHEST    56           500 AM
 LOWEST      7           300 PM
 AVERAGE    32

..........................................................


THE BISHOP CA CLIMATE NORMALS FOR TOMORROW
                         NORMAL    RECORD    YEAR
 MAXIMUM TEMPERATURE (F)   99       105      1980
                                             1953
 MINIMUM TEMPERATURE (F)   57        44      1947


SUNRISE AND SUNSET
JULY 22 2014..........SUNRISE   550 AM PDT   SUNSET   810 PM PDT
JULY 23 2014..........SUNRISE   551 AM PDT   SUNSET   809 PM PDT


-  INDICATES NEGATIVE NUMBERS.
R  INDICATES RECORD WAS SET OR TIED.
MM INDICATES DATA IS MISSING.
T  INDICATES TRACE AMOUNT.




$$
