000
CDUS45 KBYZ 301046
CLIBIL


CLIMATE REPORT
NATIONAL WEATHER SERVICE BILLINGS MT
335 AM MST FRI JAN 30 2015


...................................

...THE BILLINGS MT CLIMATE SUMMARY FOR JANUARY 29 2015...

CLIMATE NORMAL PERIOD 1981 TO 2010
CLIMATE RECORD PERIOD 1934 TO 2015


WEATHER ITEM   OBSERVED TIME   RECORD YEAR NORMAL DEPARTURE LAST
                VALUE   (LST)  VALUE       VALUE  FROM      YEAR
                                                  NORMAL
..................................................................
TEMPERATURE (F)
 YESTERDAY
  MAXIMUM         51    319 PM  60    1935  37     14       42
  MINIMUM         26    755 AM -20    1951  19      7       23
  AVERAGE         39                        28     11       33

PRECIPITATION (IN)
  YESTERDAY        0.00          0.24 1965   0.02  -0.02      T
  MONTH TO DATE    1.02                      0.45   0.57     0.62
  SINCE OCT 1      2.59                      2.76  -0.17     5.51
  SINCE JAN 1      1.02                      0.45   0.57     0.62

SNOWFALL (IN)
  YESTERDAY        0.0           2.8  1965   0.2   -0.2       T
  MONTH TO DATE   17.8                       7.9    9.9     10.1
  SINCE DEC 1     26.2                      16.1   10.1     34.0
  SINCE JUL 1     39.4                      27.8   11.6     45.1
  SNOW DEPTH       0

DEGREE DAYS
 HEATING
  YESTERDAY       26                        37    -11       32
  MONTH TO DATE 1017                      1101    -84      962
  SINCE DEC 1   2099                      2294   -195     2286
  SINCE JUL 1   3700                      3922   -222     3887

 COOLING
  YESTERDAY        0                         0      0        0
  MONTH TO DATE    0                         0      0        0
  SINCE DEC 1      0                         0      0        0
  SINCE JAN 1      0                         0      0        0
..................................................................


WIND (MPH)
  HIGHEST WIND SPEED    21   HIGHEST WIND DIRECTION    SW (240)
  HIGHEST GUST SPEED    25   HIGHEST GUST DIRECTION    SW (240)
  AVERAGE WIND SPEED    10.2


SKY COVER
  POSSIBLE SUNSHINE  MM
  AVERAGE SKY COVER 0.2


WEATHER CONDITIONS
 THE FOLLOWING WEATHER WAS RECORDED YESTERDAY.
  NO SIGNIFICANT WEATHER WAS OBSERVED.


RELATIVE HUMIDITY (PERCENT)
 HIGHEST    85           600 AM
 LOWEST     36           400 PM
 AVERAGE    61

..........................................................


THE BILLINGS MT CLIMATE NORMALS FOR TODAY
                         NORMAL    RECORD    YEAR
 MAXIMUM TEMPERATURE (F)   37        59      1992
                                             1935
 MINIMUM TEMPERATURE (F)   19       -21      1996


SUNRISE AND SUNSET
JANUARY 30 2015.......SUNRISE   738 AM MST   SUNSET   517 PM MST
JANUARY 31 2015.......SUNRISE   737 AM MST   SUNSET   518 PM MST


-  INDICATES NEGATIVE NUMBERS.
R  INDICATES RECORD WAS SET OR TIED.
MM INDICATES DATA IS MISSING.
T  INDICATES TRACE AMOUNT.





&&

...THE CLIMATE SUMMARY FOR SOUTHWEST BILLINGS FOR 29 JANUARY 2015...

HIGH TEMPERATURE........................53
LOW TEMPERATURE.........................23

PRECIPITATION...........................0.00
MONTHLY PRECIPITATION TOTAL.............0.97
YEARLY PRECIPITATION TOTAL..............0.97

SNOWFALL................................0.0
MONTHLY SNOWFALL TOTAL..................17.3
TOTAL SNOWFALL SINCE JULY 1.............42.1

SNOW DEPTH AT MIDNIGHT..................0

$$
