000
CDUS45 KBYZ 061033
CLIBIL


CLIMATE REPORT
NATIONAL WEATHER SERVICE BILLINGS MT
332 AM MST TUE DEC 6 2016


...................................

...THE BILLINGS MT CLIMATE SUMMARY FOR DECEMBER 5 2016...

CLIMATE NORMAL PERIOD 1981 TO 2010
CLIMATE RECORD PERIOD 1934 TO 2016


WEATHER ITEM   OBSERVED TIME   RECORD YEAR NORMAL DEPARTURE LAST
                VALUE   (LST)  VALUE       VALUE  FROM      YEAR
                                                  NORMAL
..................................................................
TEMPERATURE (F)
 YESTERDAY
  MAXIMUM         31   1234 AM  73    1939  36     -5       48
  MINIMUM         14    830 PM -16    1972  20     -6       33
  AVERAGE         23                        28     -5       41

PRECIPITATION (IN)
  YESTERDAY        T             0.18 1975   0.02  -0.02     0.00
  MONTH TO DATE    T                         0.09  -0.09     0.00
  SINCE OCT 1      3.89                      1.90   1.99     2.28
  SINCE JAN 1     13.22                     13.25  -0.03    12.39

SNOWFALL (IN)
  YESTERDAY        T             1.8  2005   0.3   -0.3      0.0
  MONTH TO DATE    T                         1.3   -1.3      0.0
  SINCE DEC 1      T                         1.3   -1.3      0.0
  SINCE JUL 1      5.3                      13.0   -7.7      4.1
  SNOW DEPTH       0

DEGREE DAYS
 HEATING
  YESTERDAY       42                        37      5       24
  MONTH TO DATE  157                       182    -25      146
  SINCE DEC 1    157                       182    -25      146
  SINCE JUL 1   1416                      1810   -394     1534

 COOLING
  YESTERDAY        0                         0      0        0
  MONTH TO DATE    0                         0      0        0
  SINCE DEC 1      0                         0      0        0
  SINCE JAN 1    738                       636    102      757
..................................................................


WIND (MPH)
  HIGHEST WIND SPEED    31   HIGHEST WIND DIRECTION    NW (320)
  HIGHEST GUST SPEED    38   HIGHEST GUST DIRECTION    NW (320)
  AVERAGE WIND SPEED    13.8


SKY COVER
  POSSIBLE SUNSHINE  MM
  AVERAGE SKY COVER 1.0


WEATHER CONDITIONS
 THE FOLLOWING WEATHER WAS RECORDED YESTERDAY.
  LIGHT SNOW


RELATIVE HUMIDITY (PERCENT)
 HIGHEST    69          1200 AM
 LOWEST     39           300 PM
 AVERAGE    54

..........................................................


THE BILLINGS MT CLIMATE NORMALS FOR TODAY
                         NORMAL    RECORD    YEAR
 MAXIMUM TEMPERATURE (F)   36        69      1939
 MINIMUM TEMPERATURE (F)   19       -20      1972


SUNRISE AND SUNSET
DECEMBER  6 2016......SUNRISE   741 AM MST   SUNSET   430 PM MST
DECEMBER  7 2016......SUNRISE   742 AM MST   SUNSET   430 PM MST


-  INDICATES NEGATIVE NUMBERS.
R  INDICATES RECORD WAS SET OR TIED.
MM INDICATES DATA IS MISSING.
T  INDICATES TRACE AMOUNT.





&&

...THE CLIMATE SUMMARY FOR SOUTHWEST BILLINGS FOR 05 DECEMBER 2016...

HIGH TEMPERATURE........................34
LOW TEMPERATURE.........................17

PRECIPITATION...........................T
MONTHLY PRECIPITATION TOTAL.............T
YEARLY PRECIPITATION TOTAL..............14.13

SNOWFALL................................T
MONTHLY SNOWFALL TOTAL..................T
TOTAL SNOWFALL SINCE JULY 1.............4.2

SNOW DEPTH AT MIDNIGHT..................0

$$
