000
CDUS45 KBYZ 041713
CLIBIL


CLIMATE REPORT
NATIONAL WEATHER SERVICE BILLINGS MT
1112 AM MDT SAT JUL 4 2015


...................................

...THE BILLINGS MT CLIMATE SUMMARY FOR JULY 4 2015...
VALID AS OF 1100 AM LOCAL TIME.

CLIMATE NORMAL PERIOD 1981 TO 2010
CLIMATE RECORD PERIOD 1934 TO 2015


WEATHER ITEM   OBSERVED RECORD YEAR NORMAL DEPARTURE LAST
                VALUE   VALUE       VALUE  FROM      YEAR
                                           NORMAL
...........................................................
TEMPERATURE (F)
 TODAY
  MAXIMUM         89    106    1937  84      5
  MINIMUM         65     41    1972  57      8
  AVERAGE         77

PRECIPITATION (IN)
  TODAY            0.00   1.61 1975   0.05  -0.05     0.06
  MONTH TO DATE    0.00               0.21  -0.21     0.08
  SINCE OCT 1      8.84              10.50  -1.66    14.55
  SINCE JAN 1      7.27               8.19  -0.92     9.66

...........................................................










-  INDICATES NEGATIVE NUMBERS.
R  INDICATES RECORD WAS SET OR TIED.
MM INDICATES DATA IS MISSING.
T  INDICATES TRACE AMOUNT.




$$
