000
CDUS45 KBYZ 172226
CLIBIL


CLIMATE REPORT
NATIONAL WEATHER SERVICE BILLINGS MT
426 PM MDT WED SEP 17 2014


...................................

...THE BILLINGS MT CLIMATE SUMMARY FOR SEPTEMBER 17 2014...
VALID TODAY AS OF 0400 PM LOCAL TIME.

CLIMATE NORMAL PERIOD 1981 TO 2010
CLIMATE RECORD PERIOD 1934 TO 2014


WEATHER ITEM   OBSERVED TIME   RECORD YEAR NORMAL DEPARTURE LAST
                VALUE   (LST)  VALUE       VALUE  FROM      YEAR
                                                  NORMAL
..................................................................
TEMPERATURE (F)
 TODAY
  MAXIMUM         87    239 PM  91    2009  72     15       74
  MINIMUM         59    607 AM  26    1965  47     12       58
  AVERAGE         73                        60     13       66

PRECIPITATION (IN)
  TODAY            0.00          0.57 1942   0.04  -0.04     0.05
  MONTH TO DATE    0.24                      0.70  -0.46     2.99
  SINCE OCT 1     17.02                     13.06   3.96    13.22
  SINCE JAN 1     12.13                     10.75   1.38    11.17

SNOWFALL (IN)
  TODAY            0.0           T    1965   0.0    0.0      0.0
  MONTH TO DATE    T                         0.3   -0.3       T
  SINCE SEP 1      T                         0.3   -0.3       T
  SINCE JUL 1      T                         0.3   -0.3       T
  SNOW DEPTH       0

DEGREE DAYS
 HEATING
  TODAY            0                         7     -7        0
  MONTH TO DATE  142                        73     69        2
  SINCE SEP 1    142                        73     69        2
  SINCE JUL 1    190                       110     80        2

 COOLING
  TODAY            8                         1      7        1
  MONTH TO DATE   24                        41    -17      102
  SINCE SEP 1     24                        41    -17      102
  SINCE JAN 1    576                       623    -47      839
..................................................................


WIND (MPH)
  HIGHEST WIND SPEED    17   HIGHEST WIND DIRECTION    SW (240)
  HIGHEST GUST SPEED    21   HIGHEST GUST DIRECTION    SW (240)
  AVERAGE WIND SPEED    10.7


SKY COVER
  POSSIBLE SUNSHINE  MM
  AVERAGE SKY COVER 0.5


WEATHER CONDITIONS
 THE FOLLOWING WEATHER WAS RECORDED TODAY.
  NO SIGNIFICANT WEATHER WAS OBSERVED.


RELATIVE HUMIDITY (PERCENT)
 HIGHEST    60           700 AM
 LOWEST     21           200 PM
 AVERAGE    41

..........................................................


THE BILLINGS MT CLIMATE NORMALS FOR TOMORROW
                         NORMAL    RECORD    YEAR
 MAXIMUM TEMPERATURE (F)   72        92      1984
                                             1937
 MINIMUM TEMPERATURE (F)   47        28      1971


SUNRISE AND SUNSET
SEPTEMBER 17 2014.....SUNRISE   655 AM MDT   SUNSET   721 PM MDT
SEPTEMBER 18 2014.....SUNRISE   656 AM MDT   SUNSET   719 PM MDT


-  INDICATES NEGATIVE NUMBERS.
R  INDICATES RECORD WAS SET OR TIED.
MM INDICATES DATA IS MISSING.
T  INDICATES TRACE AMOUNT.




$$
