000
CDUS45 KBYZ 270724
CLIBIL


CLIMATE REPORT
NATIONAL WEATHER SERVICE BILLINGS MT
123 AM MDT THU JUL 27 2017


...................................

...THE BILLINGS MT CLIMATE SUMMARY FOR JULY 26 2017...

CLIMATE NORMAL PERIOD 1981 TO 2010
CLIMATE RECORD PERIOD 1934 TO 2017


WEATHER ITEM   OBSERVED TIME   RECORD YEAR NORMAL DEPARTURE LAST
                VALUE   (LST)  VALUE       VALUE  FROM      YEAR
                                                  NORMAL
..................................................................
TEMPERATURE (F)
 YESTERDAY
  MAXIMUM         92    332 PM 100    1959  89      3       93
  MINIMUM         57    508 AM  48    2005  60     -3       63
                                      1971
  AVERAGE         75                        74      1       78

PRECIPITATION (IN)
  YESTERDAY        0.00          1.25 1993   0.03  -0.03     0.08
  MONTH TO DATE    0.09                      1.14  -1.05     0.24
  SINCE OCT 1     16.59                     11.43   5.16     8.72
  SINCE JAN 1     11.03                      9.12   1.91     5.87

SNOWFALL (IN)
  YESTERDAY        0.0           0.0  2002   0.0    0.0      0.0
                                      2001
                                      2000
  MONTH TO DATE    0.0                       0.0    0.0      0.0
  SINCE JUN 1      0.0                       0.0    0.0       T
  SINCE JUL 1      0.0                       0.0    0.0      0.0
  SNOW DEPTH       0

DEGREE DAYS
 HEATING
  YESTERDAY        0                         0      0        0
  MONTH TO DATE    0                        12    -12        4
  SINCE JUN 1     38                       108    -70       15
  SINCE JUL 1      0                        12    -12        4

 COOLING
  YESTERDAY       10                        10      0       13
  MONTH TO DATE  344                       208    136      227
  SINCE JUN 1    447                       293    154      415
  SINCE JAN 1    462                       310    152      426
..................................................................


WIND (MPH)
  HIGHEST WIND SPEED    20   HIGHEST WIND DIRECTION    NW (310)
  HIGHEST GUST SPEED    22   HIGHEST GUST DIRECTION    NW (310)
  AVERAGE WIND SPEED     6.2


SKY COVER
  POSSIBLE SUNSHINE  MM
  AVERAGE SKY COVER 0.5


WEATHER CONDITIONS
 THE FOLLOWING WEATHER WAS RECORDED YESTERDAY.
  NO SIGNIFICANT WEATHER WAS OBSERVED.


RELATIVE HUMIDITY (PERCENT)
 HIGHEST    67           400 AM
 LOWEST     18           300 PM
 AVERAGE    43

..........................................................


THE BILLINGS MT CLIMATE NORMALS FOR TODAY
                         NORMAL    RECORD    YEAR
 MAXIMUM TEMPERATURE (F)   89       103      1947
                                             1935
 MINIMUM TEMPERATURE (F)   60        51      1981
                                             1963


SUNRISE AND SUNSET
JULY 27 2017..........SUNRISE   552 AM MDT   SUNSET   849 PM MDT
JULY 28 2017..........SUNRISE   553 AM MDT   SUNSET   848 PM MDT


-  INDICATES NEGATIVE NUMBERS.
R  INDICATES RECORD WAS SET OR TIED.
MM INDICATES DATA IS MISSING.
T  INDICATES TRACE AMOUNT.




$$
