000
CDUS43 KBIS 270050
CLIBIS


CLIMATE REPORT
NATIONAL WEATHER SERVICE BISMARCK ND
750 PM CDT TUE MAY 26 2015


...................................

...THE BISMARCK ND CLIMATE SUMMARY FOR MAY 26 2015...
VALID TODAY AS OF 0700 PM LOCAL TIME.

CLIMATE NORMAL PERIOD 1981 TO 2010
CLIMATE RECORD PERIOD 1875 TO 2015


WEATHER ITEM   OBSERVED TIME   RECORD YEAR NORMAL DEPARTURE LAST
                VALUE   (LST)  VALUE       VALUE  FROM      YEAR
                                                  NORMAL
..................................................................
TEMPERATURE (F)
 TODAY
  MAXIMUM         83    419 PM  92    2006  71     12       80
                                      1934
  MINIMUM         51    609 AM  25    1984  46      5       61
  AVERAGE         67                        59      8       71

PRECIPITATION (IN)
  TODAY            T             1.18 1899   0.09  -0.09     0.00
  MONTH TO DATE    5.22                      1.95   3.27     0.21
  SINCE MAR 1      6.04                      4.08   1.96     2.98
  SINCE JAN 1      7.18                      5.02   2.16     3.55

SNOWFALL (IN)
  TODAY            0.0           4.0  1932   0.0    0.0      0.0
  MONTH TO DATE    0.2                       0.4   -0.2       T
  SINCE MAR 1      1.2                      13.7  -12.5     15.3
  SINCE JUL 1     24.1                      51.2  -27.1     40.5
  SNOW DEPTH       0

DEGREE DAYS
 HEATING
  TODAY            0                         7     -7        0
  MONTH TO DATE  297                       278     19      329
  SINCE MAR 1   1766                      2002   -236     2203
  SINCE JUL 1   8127                      8433   -306     9055

 COOLING
  TODAY            2                         1      1        6
  MONTH TO DATE    2                         8     -6       25
  SINCE MAR 1      2                         9     -7       25
  SINCE JAN 1      2                         9     -7       25
..................................................................


WIND (MPH)
  RESULTANT WIND SPEED   8   RESULTANT WIND DIRECTION  NW (300)
  HIGHEST WIND SPEED    22   HIGHEST WIND DIRECTION    NE (30)
  HIGHEST GUST SPEED    26   HIGHEST GUST DIRECTION     N (20)
  AVERAGE WIND SPEED     8.4


SKY COVER
  POSSIBLE SUNSHINE  MM
  AVERAGE SKY COVER 0.1


WEATHER CONDITIONS
 THE FOLLOWING WEATHER WAS RECORDED TODAY.
  LIGHT RAIN


RELATIVE HUMIDITY (PERCENT)
 HIGHEST    96           300 AM
 LOWEST     26           300 PM
 AVERAGE    61

..........................................................


THE BISMARCK ND CLIMATE NORMALS FOR TOMORROW
                         NORMAL    RECORD    YEAR
 MAXIMUM TEMPERATURE (F)   72       101      1934
 MINIMUM TEMPERATURE (F)   47        29      1907


SUNRISE AND SUNSET
MAY 26 2015...........SUNRISE   557 AM CDT   SUNSET   923 PM CDT
MAY 27 2015...........SUNRISE   556 AM CDT   SUNSET   924 PM CDT


-  INDICATES NEGATIVE NUMBERS.
R  INDICATES RECORD WAS SET OR TIED.
MM INDICATES DATA IS MISSING.
T  INDICATES TRACE AMOUNT.




$$
