000
CDUS43 KBIS 240727
CLIBIS


CLIMATE REPORT
NATIONAL WEATHER SERVICE BISMARCK ND
227 AM CDT THU APR 24 2014


...................................

...THE BISMARCK ND CLIMATE SUMMARY FOR APRIL 23 2014...

CLIMATE NORMAL PERIOD 1981 TO 2010
CLIMATE RECORD PERIOD 1875 TO 2014


WEATHER ITEM   OBSERVED TIME   RECORD YEAR NORMAL DEPARTURE LAST
                VALUE   (LST)  VALUE       VALUE  FROM      YEAR
                                                  NORMAL
..................................................................
TEMPERATURE (F)
 YESTERDAY
  MAXIMUM         59   1032 AM  84    2012  61     -2       47
                                      1895
  MINIMUM         36   1124 PM  12    2013  34      2       12
  AVERAGE         48                        47      1       30

PRECIPITATION (IN)
  YESTERDAY        0.04          1.80 1880   0.04   0.00     0.00
  MONTH TO DATE    0.29                      0.88  -0.59     1.42
  SINCE MAR 1      1.11                      1.75  -0.64     2.25
  SINCE JAN 1      1.68                      2.69  -1.01     2.84

SNOWFALL (IN)
  YESTERDAY        0.0           5.8  1961   0.1   -0.1      0.0
  MONTH TO DATE    3.9                       3.7    0.2     21.5
  SINCE MAR 1     15.0                      12.8    2.2     28.4
  SINCE JUL 1     40.2                      50.3  -10.1     57.0
  SNOW DEPTH       0

DEGREE DAYS
 HEATING
  YESTERDAY       17                        18     -1       35
  MONTH TO DATE  574                       522     52      776
  SINCE MAR 1   1738                      1610    128     2083
  SINCE JUL 1   8590                      8041    549     8405

 COOLING
  YESTERDAY        0                         0      0        0
  MONTH TO DATE    0                         0      0        0
  SINCE MAR 1      0                         0      0        0
  SINCE JAN 1      0                         0      0        0
..................................................................


WIND (MPH)
  HIGHEST WIND SPEED    39   HIGHEST WIND DIRECTION    SE (150)
  HIGHEST GUST SPEED    46   HIGHEST GUST DIRECTION    SE (150)
  AVERAGE WIND SPEED    17.4


SKY COVER
  POSSIBLE SUNSHINE  MM
  AVERAGE SKY COVER 0.6


WEATHER CONDITIONS
 THE FOLLOWING WEATHER WAS RECORDED YESTERDAY.
  LIGHT RAIN


RELATIVE HUMIDITY (PERCENT)
 HIGHEST    72           500 PM
 LOWEST     40          1200 AM
 AVERAGE    56

..........................................................


THE BISMARCK ND CLIMATE NORMALS FOR TODAY
                         NORMAL    RECORD    YEAR
 MAXIMUM TEMPERATURE (F)   61        91      1962
 MINIMUM TEMPERATURE (F)   34        19      1934
                                             1919


SUNRISE AND SUNSET
APRIL 24 2014.........SUNRISE   640 AM CDT   SUNSET   844 PM CDT
APRIL 25 2014.........SUNRISE   638 AM CDT   SUNSET   845 PM CDT


-  INDICATES NEGATIVE NUMBERS.
R  INDICATES RECORD WAS SET OR TIED.
MM INDICATES DATA IS MISSING.
T  INDICATES TRACE AMOUNT.




$$
