000
CDUS43 KBIS 280845
CLIBIS


CLIMATE REPORT
NATIONAL WEATHER SERVICE BISMARCK ND
345 AM CDT WED SEP 28 2016


...................................

...THE BISMARCK ND CLIMATE SUMMARY FOR SEPTEMBER 27 2016...

CLIMATE NORMAL PERIOD 1981 TO 2010
CLIMATE RECORD PERIOD 1875 TO 2016


WEATHER ITEM   OBSERVED TIME   RECORD YEAR NORMAL DEPARTURE LAST
                VALUE   (LST)  VALUE       VALUE  FROM      YEAR
                                                  NORMAL
..................................................................
TEMPERATURE (F)
 YESTERDAY
  MAXIMUM         74    246 PM  98    1952  67      7       80
  MINIMUM         35    717 AM  19    1942  40     -5       53
                                      1893
  AVERAGE         55                        53      2       67

PRECIPITATION (IN)
  YESTERDAY        0.00          0.43 1944   0.05  -0.05     0.00
  MONTH TO DATE    1.22                      1.46  -0.24     0.37
  SINCE SEP 1      1.22                      1.46  -0.24     0.37
  SINCE JAN 1     19.76                     15.27   4.49    15.54

SNOWFALL (IN)
  YESTERDAY        0.0           1.0  1941   0.1   -0.1      0.0
  MONTH TO DATE    0.0                       0.2   -0.2      0.0
  SINCE SEP 1      0.0                       0.2   -0.2      0.0
  SINCE JUL 1      0.0                       0.2   -0.2      0.0
  SNOW DEPTH       0

DEGREE DAYS
 HEATING
  YESTERDAY       10                        12     -2        0
  MONTH TO DATE  148                       192    -44       88
  SINCE SEP 1    148                       192    -44       88
  SINCE JUL 1    181                       247    -66      124

 COOLING
  YESTERDAY        0                         0      0        2
  MONTH TO DATE   29                        37     -8       97
  SINCE SEP 1     29                        37     -8       97
  SINCE JAN 1    546                       518     28      618
..................................................................


WIND (MPH)
  HIGHEST WIND SPEED    14   HIGHEST WIND DIRECTION     N (20)
  HIGHEST GUST SPEED    16   HIGHEST GUST DIRECTION    NE (30)
  AVERAGE WIND SPEED     3.4


SKY COVER
  POSSIBLE SUNSHINE  MM
  AVERAGE SKY COVER 0.0


WEATHER CONDITIONS
 THE FOLLOWING WEATHER WAS RECORDED YESTERDAY.
  NO SIGNIFICANT WEATHER WAS OBSERVED.


RELATIVE HUMIDITY (PERCENT)
 HIGHEST    92           100 AM
 LOWEST     31           200 PM
 AVERAGE    62

..........................................................


THE BISMARCK ND CLIMATE NORMALS FOR TODAY
                         NORMAL    RECORD    YEAR
 MAXIMUM TEMPERATURE (F)   66        97      1905
 MINIMUM TEMPERATURE (F)   40        19      1951


SUNRISE AND SUNSET
SEPTEMBER 28 2016.....SUNRISE   738 AM CDT   SUNSET   728 PM CDT
SEPTEMBER 29 2016.....SUNRISE   740 AM CDT   SUNSET   726 PM CDT


-  INDICATES NEGATIVE NUMBERS.
R  INDICATES RECORD WAS SET OR TIED.
MM INDICATES DATA IS MISSING.
T  INDICATES TRACE AMOUNT.




$$
