000
CDUS43 KBIS 200727
CLIBIS


CLIMATE REPORT
NATIONAL WEATHER SERVICE BISMARCK ND
227 AM CDT SAT SEP 20 2014


...................................

...THE BISMARCK ND CLIMATE SUMMARY FOR SEPTEMBER 19 2014...

CLIMATE NORMAL PERIOD 1981 TO 2010
CLIMATE RECORD PERIOD 1875 TO 2014


WEATHER ITEM   OBSERVED TIME   RECORD YEAR NORMAL DEPARTURE LAST
                VALUE   (LST)  VALUE       VALUE  FROM      YEAR
                                                  NORMAL
..................................................................
TEMPERATURE (F)
 YESTERDAY
  MAXIMUM         87    306 PM  94    1972  71     16       66
                                      1941
                                      1895
  MINIMUM         59   1159 PM  22    1896  44     15       50
  AVERAGE         73                        57     16       58

PRECIPITATION (IN)
  YESTERDAY        0.03          1.21 1996   0.05  -0.02      T
  MONTH TO DATE    0.26                      1.07  -0.81     3.91
  SINCE SEP 1      0.26                      1.07  -0.81     3.91
  SINCE JAN 1     12.95                     14.88  -1.93    20.22

SNOWFALL (IN)
  YESTERDAY        0.0           0.0  2002   0.0    0.0      0.0
                                      2001
  MONTH TO DATE    0.0                       0.1   -0.1      0.0
  SINCE SEP 1      0.0                       0.1   -0.1      0.0
  SINCE JUL 1      0.0                       0.1   -0.1      0.0
  SNOW DEPTH       0

DEGREE DAYS
 HEATING
  YESTERDAY        0                         9     -9        7
  MONTH TO DATE  144                       109     35       32
  SINCE SEP 1    144                       109     35       32
  SINCE JUL 1    206                       164     42       60

 COOLING
  YESTERDAY        8                         1      7        0
  MONTH TO DATE   15                        34    -19       74
  SINCE SEP 1     15                        34    -19       74
  SINCE JAN 1    421                       515    -94      554
..................................................................


WIND (MPH)
  HIGHEST WIND SPEED    28   HIGHEST WIND DIRECTION     W (280)
  HIGHEST GUST SPEED    38   HIGHEST GUST DIRECTION     W (280)
  AVERAGE WIND SPEED    11.5


SKY COVER
  POSSIBLE SUNSHINE  MM
  AVERAGE SKY COVER 0.2


WEATHER CONDITIONS
 THE FOLLOWING WEATHER WAS RECORDED YESTERDAY.
  THUNDERSTORM
  RAIN
  LIGHT RAIN
  FOG


RELATIVE HUMIDITY (PERCENT)
 HIGHEST    93           300 AM
 LOWEST     26           300 PM
 AVERAGE    60

..........................................................


THE BISMARCK ND CLIMATE NORMALS FOR TODAY
                         NORMAL    RECORD    YEAR
 MAXIMUM TEMPERATURE (F)   70        97      1898
 MINIMUM TEMPERATURE (F)   43        25      1982


SUNRISE AND SUNSET
SEPTEMBER 20 2014.....SUNRISE   727 AM CDT   SUNSET   745 PM CDT
SEPTEMBER 21 2014.....SUNRISE   729 AM CDT   SUNSET   743 PM CDT


-  INDICATES NEGATIVE NUMBERS.
R  INDICATES RECORD WAS SET OR TIED.
MM INDICATES DATA IS MISSING.
T  INDICATES TRACE AMOUNT.




$$
