923
CDUS43 KBIS 240728
CLIBIS


CLIMATE REPORT
NATIONAL WEATHER SERVICE BISMARCK ND
227 AM CDT SAT JUN 24 2017


...................................

...THE BISMARCK ND CLIMATE SUMMARY FOR JUNE 23 2017...

CLIMATE NORMAL PERIOD 1981 TO 2010
CLIMATE RECORD PERIOD 1875 TO 2017


WEATHER ITEM   OBSERVED TIME   RECORD YEAR NORMAL DEPARTURE LAST
                VALUE   (LST)  VALUE       VALUE  FROM      YEAR
                                                  NORMAL
..................................................................
TEMPERATURE (F)
 YESTERDAY
  MAXIMUM         69    513 PM 103    1988  80    -11       78
  MINIMUM         50   1159 PM  33    1942  54     -4       47
  AVERAGE         60                        67     -7       63

PRECIPITATION (IN)
  YESTERDAY        0.00          1.55 1875   0.11  -0.11     0.00
  MONTH TO DATE    1.20                      2.45  -1.25     3.70
  SINCE JUN 1      1.20                      2.45  -1.25     3.70
  SINCE JAN 1      4.33                      7.92  -3.59    10.88

DEGREE DAYS
 HEATING
  YESTERDAY        5                         2      3        2
  MONTH TO DATE    8                        82    -74       24
  SINCE JUN 1      8                        82    -74       24
  SINCE JUL 1   7893                      8547   -654     6981

 COOLING
  YESTERDAY        0                         4     -4        0
  MONTH TO DATE  108                        53     55       95
  SINCE JUN 1    108                        53     55       95
  SINCE JAN 1    122                        70     52      105
..................................................................


WIND (MPH)
  HIGHEST WIND SPEED    32   HIGHEST WIND DIRECTION    NW (330)
  HIGHEST GUST SPEED    42   HIGHEST GUST DIRECTION    NW (320)
  AVERAGE WIND SPEED    18.0


SKY COVER
  POSSIBLE SUNSHINE  MM
  AVERAGE SKY COVER 0.6


WEATHER CONDITIONS
 THE FOLLOWING WEATHER WAS RECORDED YESTERDAY.
  NO SIGNIFICANT WEATHER WAS OBSERVED.


RELATIVE HUMIDITY (PERCENT)
 HIGHEST    75           100 AM
 LOWEST     29           600 PM
 AVERAGE    52

..........................................................


THE BISMARCK ND CLIMATE NORMALS FOR TODAY
                         NORMAL    RECORD    YEAR
 MAXIMUM TEMPERATURE (F)   80       105      1936
 MINIMUM TEMPERATURE (F)   54        39      1892


SUNRISE AND SUNSET
JUNE 24 2017..........SUNRISE   550 AM CDT   SUNSET   941 PM CDT
JUNE 25 2017..........SUNRISE   550 AM CDT   SUNSET   941 PM CDT


-  INDICATES NEGATIVE NUMBERS.
R  INDICATES RECORD WAS SET OR TIED.
MM INDICATES DATA IS MISSING.
T  INDICATES TRACE AMOUNT.




$$
