000
CDUS43 KBIS 240725
CLIBIS


CLIMATE REPORT
NATIONAL WEATHER SERVICE BISMARCK ND
223 AM CDT MON APR 24 2017


...................................

...THE BISMARCK ND CLIMATE SUMMARY FOR APRIL 23 2017...

CLIMATE NORMAL PERIOD 1981 TO 2010
CLIMATE RECORD PERIOD 1875 TO 2017


WEATHER ITEM   OBSERVED TIME   RECORD YEAR NORMAL DEPARTURE LAST
                VALUE   (LST)  VALUE       VALUE  FROM      YEAR
                                                  NORMAL
..................................................................
TEMPERATURE (F)
 YESTERDAY
  MAXIMUM         41    446 PM  84    2012  61    -20       74
                                      1895
  MINIMUM         32    627 AM  12    2013  34     -2       44
  AVERAGE         37                        47    -10       59

PRECIPITATION (IN)
  YESTERDAY        0.00          1.80 1880   0.04  -0.04      T
  MONTH TO DATE    0.83                      0.88  -0.05     1.47
  SINCE MAR 1      1.35                      1.75  -0.40     1.90
  SINCE JAN 1      2.75                      2.69   0.06     2.54

SNOWFALL (IN)
  YESTERDAY        0.0           5.8  1961   0.1   -0.1      0.0
  MONTH TO DATE    0.0                       3.7   -3.7      0.2
  SINCE MAR 1      8.7                      12.8   -4.1      3.5
  SINCE JUL 1     71.6                      50.3   21.3     24.1
  SNOW DEPTH       0

DEGREE DAYS
 HEATING
  YESTERDAY       28                        18     10        6
  MONTH TO DATE  415                       522   -107      454
  SINCE MAR 1   1458                      1610   -152     1252
  SINCE JUL 1   7460                      8041   -581     6572

 COOLING
  YESTERDAY        0                         0      0        0
  MONTH TO DATE    0                         0      0        0
  SINCE MAR 1      0                         0      0        0
  SINCE JAN 1      0                         0      0        0
..................................................................


WIND (MPH)
  HIGHEST WIND SPEED    28   HIGHEST WIND DIRECTION     E (90)
  HIGHEST GUST SPEED    36   HIGHEST GUST DIRECTION     E (80)
  AVERAGE WIND SPEED    19.8


SKY COVER
  POSSIBLE SUNSHINE  MM
  AVERAGE SKY COVER 1.0


WEATHER CONDITIONS
 THE FOLLOWING WEATHER WAS RECORDED YESTERDAY.
  FOG


RELATIVE HUMIDITY (PERCENT)
 HIGHEST    96           800 PM
 LOWEST     69           600 AM
 AVERAGE    83

..........................................................


THE BISMARCK ND CLIMATE NORMALS FOR TODAY
                         NORMAL    RECORD    YEAR
 MAXIMUM TEMPERATURE (F)   61        91      1962
 MINIMUM TEMPERATURE (F)   34        19      1934
                                             1919


SUNRISE AND SUNSET
APRIL 24 2017.........SUNRISE   639 AM CDT   SUNSET   844 PM CDT
APRIL 25 2017.........SUNRISE   637 AM CDT   SUNSET   845 PM CDT


-  INDICATES NEGATIVE NUMBERS.
R  INDICATES RECORD WAS SET OR TIED.
MM INDICATES DATA IS MISSING.
T  INDICATES TRACE AMOUNT.




$$
