000
CDUS43 KBIS 170742
CLIBIS


CLIMATE REPORT
NATIONAL WEATHER SERVICE BISMARCK ND
242 AM CDT TUE OCT 17 2017


...................................

...THE BISMARCK ND CLIMATE SUMMARY FOR OCTOBER 16 2017...

CLIMATE NORMAL PERIOD 1981 TO 2010
CLIMATE RECORD PERIOD 1875 TO 2017


WEATHER ITEM   OBSERVED TIME   RECORD YEAR NORMAL DEPARTURE LAST
                VALUE   (LST)  VALUE       VALUE  FROM      YEAR
                                                  NORMAL
..................................................................
TEMPERATURE (F)
 YESTERDAY
  MAXIMUM         74    310 PM  87    1991  58     16       74
  MINIMUM         28    307 AM  12    1976  32     -4       40
  AVERAGE         51                        45      6       57

PRECIPITATION (IN)
  YESTERDAY        0.00          1.19 1980   0.05  -0.05      T
  MONTH TO DATE    0.01                      0.68  -0.67     0.19
  SINCE SEP 1      1.40                      2.27  -0.87     1.41
  SINCE JAN 1     13.04                     16.08  -3.04    19.95

SNOWFALL (IN)
  YESTERDAY        0.0           1.0  1922
  MONTH TO DATE    0.0
  SINCE SEP 1      0.0
  SINCE JUL 1      T

DEGREE DAYS
 HEATING
  YESTERDAY       14                        20     -6        8
  MONTH TO DATE  265                       269     -4      259
  SINCE SEP 1    446                       500    -54      432
  SINCE JUL 1    458                       555    -97      465

 COOLING
  YESTERDAY        0                         0      0        0
  MONTH TO DATE    0                         0      0        2
  SINCE SEP 1     49                        38     11       31
  SINCE JAN 1    615                       519     96      548
..................................................................


WIND (MPH)
  HIGHEST WIND SPEED    24   HIGHEST WIND DIRECTION     W (270)
  HIGHEST GUST SPEED    30   HIGHEST GUST DIRECTION     W (280)
  AVERAGE WIND SPEED     7.1


SKY COVER
  POSSIBLE SUNSHINE  MM
  AVERAGE SKY COVER 0.0


WEATHER CONDITIONS
 THE FOLLOWING WEATHER WAS RECORDED YESTERDAY.
  NO SIGNIFICANT WEATHER WAS OBSERVED.


RELATIVE HUMIDITY (PERCENT)
 HIGHEST    85           100 AM
 LOWEST     20           300 PM
 AVERAGE    53

..........................................................


THE BISMARCK ND CLIMATE NORMALS FOR TODAY
                         NORMAL    RECORD    YEAR
 MAXIMUM TEMPERATURE (F)   57        84      1914
                                             1895
 MINIMUM TEMPERATURE (F)   32        11      1948


SUNRISE AND SUNSET
OCTOBER 17 2017.......SUNRISE   804 AM CDT   SUNSET   652 PM CDT
OCTOBER 18 2017.......SUNRISE   805 AM CDT   SUNSET   650 PM CDT


-  INDICATES NEGATIVE NUMBERS.
R  INDICATES RECORD WAS SET OR TIED.
MM INDICATES DATA IS MISSING.
T  INDICATES TRACE AMOUNT.




$$
