000
CDUS43 KBIS 270733
CLIBIS


CLIMATE REPORT
NATIONAL WEATHER SERVICE BISMARCK ND
232 AM CDT FRI MAY 27 2016


...................................

...THE BISMARCK ND CLIMATE SUMMARY FOR MAY 26 2016...

CLIMATE NORMAL PERIOD 1981 TO 2010
CLIMATE RECORD PERIOD 1875 TO 2016


WEATHER ITEM   OBSERVED TIME   RECORD YEAR NORMAL DEPARTURE LAST
                VALUE   (LST)  VALUE       VALUE  FROM      YEAR
                                                  NORMAL
..................................................................
TEMPERATURE (F)
 YESTERDAY
  MAXIMUM         76    333 PM  92    2006  71      5       83
                                      1934
  MINIMUM         45    508 AM  25    1984  46     -1       51
  AVERAGE         61                        59      2       67

PRECIPITATION (IN)
  YESTERDAY        0.00          1.18 1899   0.09  -0.09      T
  MONTH TO DATE    1.03                      1.95  -0.92     5.22
  SINCE MAR 1      5.61                      4.08   1.53     6.04
  SINCE JAN 1      6.25                      5.02   1.23     7.18

SNOWFALL (IN)
  YESTERDAY        0.0           4.0  1932   0.0    0.0      0.0
  MONTH TO DATE    T                         0.4   -0.4      0.2
  SINCE MAR 1      3.5                      13.7  -10.2      1.2
  SINCE JUL 1     24.1                      51.2  -27.1     24.1
  SNOW DEPTH       0

DEGREE DAYS
 HEATING
  YESTERDAY        4                         7     -3        0
  MONTH TO DATE  223                       278    -55      297
  SINCE MAR 1   1616                      2002   -386     1766
  SINCE JUL 1   6936                      8433  -1497     8127

 COOLING
  YESTERDAY        0                         1     -1        2
  MONTH TO DATE   10                         8      2        2
  SINCE MAR 1     10                         9      1        2
  SINCE JAN 1     10                         9      1        2
..................................................................


WIND (MPH)
  HIGHEST WIND SPEED    20   HIGHEST WIND DIRECTION     W (290)
  HIGHEST GUST SPEED    23   HIGHEST GUST DIRECTION    NW (310)
  AVERAGE WIND SPEED     7.3


SKY COVER
  POSSIBLE SUNSHINE  MM
  AVERAGE SKY COVER 0.2


WEATHER CONDITIONS
 THE FOLLOWING WEATHER WAS RECORDED YESTERDAY.
  NO SIGNIFICANT WEATHER WAS OBSERVED.


RELATIVE HUMIDITY (PERCENT)
 HIGHEST   100           500 AM
 LOWEST     31           400 PM
 AVERAGE    66

..........................................................


THE BISMARCK ND CLIMATE NORMALS FOR TODAY
                         NORMAL    RECORD    YEAR
 MAXIMUM TEMPERATURE (F)   72       101      1934
 MINIMUM TEMPERATURE (F)   47        29      1907


SUNRISE AND SUNSET
MAY 27 2016...........SUNRISE   556 AM CDT   SUNSET   925 PM CDT
MAY 28 2016...........SUNRISE   555 AM CDT   SUNSET   926 PM CDT


-  INDICATES NEGATIVE NUMBERS.
R  INDICATES RECORD WAS SET OR TIED.
MM INDICATES DATA IS MISSING.
T  INDICATES TRACE AMOUNT.




$$
