000
CDUS43 KBIS 310744
CLIBIS


CLIMATE REPORT
NATIONAL WEATHER SERVICE BISMARCK ND
243 AM CDT WED AUG 31 2016


...................................

...THE BISMARCK ND CLIMATE SUMMARY FOR AUGUST 30 2016...

CLIMATE NORMAL PERIOD 1981 TO 2010
CLIMATE RECORD PERIOD 1875 TO 2016


WEATHER ITEM   OBSERVED TIME   RECORD YEAR NORMAL DEPARTURE LAST
                VALUE   (LST)  VALUE       VALUE  FROM      YEAR
                                                  NORMAL
..................................................................
TEMPERATURE (F)
 YESTERDAY
  MAXIMUM         85    344 PM 100    2008  79      6       98
  MINIMUM         44    530 AM  37    1965  52     -8       62
  AVERAGE         65                        66     -1       80

PRECIPITATION (IN)
  YESTERDAY        0.00          2.00 1951   0.07  -0.07     0.00
  MONTH TO DATE    1.88                      2.22  -0.34     1.41
  SINCE JUN 1     11.36                      8.28   3.08     7.90
  SINCE JAN 1     18.54                     13.75   4.79    15.17

SNOWFALL (IN)
  YESTERDAY        0.0           0.0  2002   0.0    0.0      0.0
                                      2001
  MONTH TO DATE    0.0                       0.0    0.0      0.0
  SINCE JUN 1      0.0                       0.0    0.0      0.0
  SINCE JUL 1      0.0                       0.0    0.0      0.0
  SNOW DEPTH       0

DEGREE DAYS
 HEATING
  YESTERDAY        0                         3     -3        0
  MONTH TO DATE   25                        37    -12       29
  SINCE JUN 1     59                       147    -88       79
  SINCE JUL 1     33                        54    -21       36

 COOLING
  YESTERDAY        0                         3     -3       15
  MONTH TO DATE  143                       173    -30      191
  SINCE JUN 1    498                       460     38      510
  SINCE JAN 1    508                       477     31      516
..................................................................


WIND (MPH)
  HIGHEST WIND SPEED    15   HIGHEST WIND DIRECTION    SE (120)
  HIGHEST GUST SPEED    20   HIGHEST GUST DIRECTION    SE (130)
  AVERAGE WIND SPEED     7.1


SKY COVER
  POSSIBLE SUNSHINE  MM
  AVERAGE SKY COVER 0.0


WEATHER CONDITIONS
 THE FOLLOWING WEATHER WAS RECORDED YESTERDAY.
  NO SIGNIFICANT WEATHER WAS OBSERVED.


RELATIVE HUMIDITY (PERCENT)
 HIGHEST   100           700 AM
 LOWEST     27           300 PM
 AVERAGE    64

..........................................................


THE BISMARCK ND CLIMATE NORMALS FOR TODAY
                         NORMAL    RECORD    YEAR
 MAXIMUM TEMPERATURE (F)   79       101      1953
 MINIMUM TEMPERATURE (F)   52        32      1895


SUNRISE AND SUNSET
AUGUST 31 2016........SUNRISE   702 AM CDT   SUNSET   823 PM CDT
SEPTEMBER  1 2016.....SUNRISE   703 AM CDT   SUNSET   821 PM CDT


-  INDICATES NEGATIVE NUMBERS.
R  INDICATES RECORD WAS SET OR TIED.
MM INDICATES DATA IS MISSING.
T  INDICATES TRACE AMOUNT.




$$
