000
CDUS43 KBIS 220735
CLIBIS


CLIMATE REPORT
NATIONAL WEATHER SERVICE BISMARCK ND
235 AM CDT FRI AUG 22 2014


...................................

...THE BISMARCK ND CLIMATE SUMMARY FOR AUGUST 21 2014...

CLIMATE NORMAL PERIOD 1981 TO 2010
CLIMATE RECORD PERIOD 1875 TO 2014


WEATHER ITEM   OBSERVED TIME   RECORD YEAR NORMAL DEPARTURE LAST
                VALUE   (LST)  VALUE       VALUE  FROM      YEAR
                                                  NORMAL
..................................................................
TEMPERATURE (F)
 YESTERDAY
  MAXIMUM         84    404 PM 105    1947  83      1       84
  MINIMUM         64   1033 PM  38    1920  55      9       54
  AVERAGE         74                        69      5       69

PRECIPITATION (IN)
  YESTERDAY        0.00          4.63 1998   0.07  -0.07     0.00
  MONTH TO DATE    3.09                      1.60   1.49     0.29
  SINCE JUN 1      6.84                      7.66  -0.82     4.63
  SINCE JAN 1     11.03                     13.13  -2.10    15.23

SNOWFALL (IN)
  YESTERDAY        0.0           0.0  2002   0.0    0.0      0.0
                                      2001
  MONTH TO DATE    0.0                       0.0    0.0      0.0
  SINCE JUN 1      0.0                       0.0    0.0      0.0
  SINCE JUL 1      0.0                       0.0    0.0      0.0
  SNOW DEPTH       0

DEGREE DAYS
 HEATING
  YESTERDAY        0                         1     -1        0
  MONTH TO DATE    0                        18    -18        6
  SINCE JUN 1    122                       128     -6      114
  SINCE JUL 1     28                        35     -7       28

 COOLING
  YESTERDAY        9                         5      4        4
  MONTH TO DATE  143                       135      8       80
  SINCE JUN 1    344                       422    -78      349
  SINCE JAN 1    395                       439    -44      361
..................................................................


WIND (MPH)
  HIGHEST WIND SPEED    17   HIGHEST WIND DIRECTION    NW (330)
  HIGHEST GUST SPEED    22   HIGHEST GUST DIRECTION    NW (330)
  AVERAGE WIND SPEED     8.7


SKY COVER
  POSSIBLE SUNSHINE  MM
  AVERAGE SKY COVER 0.4


WEATHER CONDITIONS
 THE FOLLOWING WEATHER WAS RECORDED YESTERDAY.
  FOG


RELATIVE HUMIDITY (PERCENT)
 HIGHEST   100           500 AM
 LOWEST     51           400 PM
 AVERAGE    76

..........................................................


THE BISMARCK ND CLIMATE NORMALS FOR TODAY
                         NORMAL    RECORD    YEAR
 MAXIMUM TEMPERATURE (F)   82       106      1960
 MINIMUM TEMPERATURE (F)   54        35      1908


SUNRISE AND SUNSET
AUGUST 22 2014........SUNRISE   650 AM CDT   SUNSET   841 PM CDT
AUGUST 23 2014........SUNRISE   651 AM CDT   SUNSET   839 PM CDT


-  INDICATES NEGATIVE NUMBERS.
R  INDICATES RECORD WAS SET OR TIED.
MM INDICATES DATA IS MISSING.
T  INDICATES TRACE AMOUNT.




$$
