000
CDUS43 KBIS 180742
CLIBIS


CLIMATE REPORT
NATIONAL WEATHER SERVICE BISMARCK ND
242 AM CDT FRI AUG 18 2017


...................................

...THE BISMARCK ND CLIMATE SUMMARY FOR AUGUST 17 2017...

CLIMATE NORMAL PERIOD 1981 TO 2010
CLIMATE RECORD PERIOD 1875 TO 2017


WEATHER ITEM   OBSERVED TIME   RECORD YEAR NORMAL DEPARTURE LAST
                VALUE   (LST)  VALUE       VALUE  FROM      YEAR
                                                  NORMAL
..................................................................
TEMPERATURE (F)
 YESTERDAY
  MAXIMUM         84    401 PM 106    2003  84      0       89
  MINIMUM         53    126 AM  36    1888  56     -3       57
  AVERAGE         69                        70     -1       73

PRECIPITATION (IN)
  YESTERDAY        0.00          1.05 1972   0.07  -0.07     0.00
  MONTH TO DATE    4.97                      1.32   3.65     1.59
  SINCE JUN 1      8.39                      7.38   1.01    11.07
  SINCE JAN 1     11.52                     12.85  -1.33    18.25

DEGREE DAYS
 HEATING
  YESTERDAY        0                         1     -1        0
  MONTH TO DATE    8                        14     -6        0
  SINCE JUN 1     38                       124    -86       34
  SINCE JUL 1      8                        31    -23        8

 COOLING
  YESTERDAY        4                         6     -2        8
  MONTH TO DATE   35                       114    -79      120
  SINCE JUN 1    502                       401    101      475
  SINCE JAN 1    516                       418     98      485
..................................................................


WIND (MPH)
  HIGHEST WIND SPEED    16   HIGHEST WIND DIRECTION    SE (140)
  HIGHEST GUST SPEED    21   HIGHEST GUST DIRECTION    SE (150)
  AVERAGE WIND SPEED     5.2


SKY COVER
  POSSIBLE SUNSHINE  MM
  AVERAGE SKY COVER 0.1


WEATHER CONDITIONS
 THE FOLLOWING WEATHER WAS RECORDED YESTERDAY.
  FOG


RELATIVE HUMIDITY (PERCENT)
 HIGHEST   100           500 AM
 LOWEST     36           100 PM
 AVERAGE    68

..........................................................


THE BISMARCK ND CLIMATE NORMALS FOR TODAY
                         NORMAL    RECORD    YEAR
 MAXIMUM TEMPERATURE (F)   84       106      1973
 MINIMUM TEMPERATURE (F)   56        37      2002


SUNRISE AND SUNSET
AUGUST 18 2017........SUNRISE   645 AM CDT   SUNSET   848 PM CDT
AUGUST 19 2017........SUNRISE   646 AM CDT   SUNSET   846 PM CDT


-  INDICATES NEGATIVE NUMBERS.
R  INDICATES RECORD WAS SET OR TIED.
MM INDICATES DATA IS MISSING.
T  INDICATES TRACE AMOUNT.




$$
