000
CDUS43 KBIS 110759
CLIBIS


CLIMATE REPORT
NATIONAL WEATHER SERVICE BISMARCK ND
159 AM CST MON DEC 11 2017


...................................

...THE BISMARCK ND CLIMATE SUMMARY FOR DECEMBER 10 2017...

CLIMATE NORMAL PERIOD 1981 TO 2010
CLIMATE RECORD PERIOD 1875 TO 2017


WEATHER ITEM   OBSERVED TIME   RECORD YEAR NORMAL DEPARTURE LAST
                VALUE   (LST)  VALUE       VALUE  FROM      YEAR
                                                  NORMAL
..................................................................
TEMPERATURE (F)
 YESTERDAY
  MAXIMUM         51    208 PM  64    1890  27     24        1
  MINIMUM         27    648 AM -26    1919   8     19      -18
                                      1917
  AVERAGE         39                        18     21       -8

PRECIPITATION (IN)
  YESTERDAY        0.00          0.29 1909   0.02  -0.02     0.02
  MONTH TO DATE    0.13                      0.16  -0.03     0.48
  SINCE DEC 1      0.13                      0.16  -0.03     0.48
  SINCE JAN 1     13.50                     17.52  -4.02    21.90

SNOWFALL (IN)
  YESTERDAY        0.0           5.0  1909
  MONTH TO DATE    2.5
  SINCE DEC 1      2.5
  SINCE JUL 1      3.8

DEGREE DAYS
 HEATING
  YESTERDAY       26                        47    -21       73
  MONTH TO DATE  342                       457   -115      531
  SINCE DEC 1    342                       457   -115      531
  SINCE JUL 1   2081                      2443   -362     2011

 COOLING
  YESTERDAY        0                         0      0        0
  MONTH TO DATE    0                         0      0        0
  SINCE DEC 1      0                         0      0        0
  SINCE JAN 1    615                       520     95      548
..................................................................


WIND (MPH)
  HIGHEST WIND SPEED    23   HIGHEST WIND DIRECTION     W (280)
  HIGHEST GUST SPEED    30   HIGHEST GUST DIRECTION     W (290)
  AVERAGE WIND SPEED     9.7


SKY COVER
  POSSIBLE SUNSHINE  MM
  AVERAGE SKY COVER 0.2


WEATHER CONDITIONS
 THE FOLLOWING WEATHER WAS RECORDED YESTERDAY.
  NO SIGNIFICANT WEATHER WAS OBSERVED.


RELATIVE HUMIDITY (PERCENT)
 HIGHEST    72           700 AM
 LOWEST     39           200 PM
 AVERAGE    56

..........................................................


THE BISMARCK ND CLIMATE NORMALS FOR TODAY
                         NORMAL    RECORD    YEAR
 MAXIMUM TEMPERATURE (F)   27        64      1939
 MINIMUM TEMPERATURE (F)    7       -22      2013


SUNRISE AND SUNSET
DECEMBER 11 2017......SUNRISE   818 AM CST   SUNSET   455 PM CST
DECEMBER 12 2017......SUNRISE   819 AM CST   SUNSET   455 PM CST


-  INDICATES NEGATIVE NUMBERS.
R  INDICATES RECORD WAS SET OR TIED.
MM INDICATES DATA IS MISSING.
T  INDICATES TRACE AMOUNT.




$$
