000
CDUS43 KGRR 231335
CLIBIV


CLIMATE REPORT
NATIONAL WEATHER SERVICE GRAND RAPIDS, MI
935 AM EDT THU OCT 23 2014


...................................

...THE HOLLAND/TULIP CITY MI CLIMATE SUMMARY FOR OCTOBER 23 2014...
VALID AS OF 0900 AM LOCAL TIME.

CLIMATE NORMAL PERIOD 1981 TO 2010
CLIMATE RECORD PERIOD 1996 TO 2014


WEATHER ITEM   OBSERVED TIME   RECORD YEAR NORMAL DEPARTURE LAST
                VALUE   (LST)  VALUE       VALUE  FROM      YEAR
                                                  NORMAL
..................................................................
TEMPERATURE (F)
 TODAY
  MAXIMUM         38   1213 AM  MM      MM  59    -21       41
  MINIMUM         31    558 AM  MM      MM  42    -11       33
  AVERAGE         35                        50    -15       37

PRECIPITATION (IN)
  TODAY            0.00         MM      MM   0.13  -0.13     0.21
  MONTH TO DATE    3.38                      2.60   0.78     3.01
  SINCE SEP 1      7.32                      6.50   0.82     4.19
  SINCE JAN 1     28.35                     29.71  -1.36    32.20

DEGREE DAYS
 HEATING
  TODAY           30                        15     15       28
  MONTH TO DATE  293                       265     28      216
  SINCE SEP 1    428                       380     48      329
  SINCE JUL 1    464                       395     69      348

 COOLING
  TODAY            0                         0      0        0
  MONTH TO DATE    1                        10     -9       14
  SINCE SEP 1     53                        74    -21      104
  SINCE JAN 1    570                       692   -122      811
..................................................................


WIND (MPH)
  HIGHEST WIND SPEED     6   HIGHEST WIND DIRECTION     S (160)
  HIGHEST GUST SPEED     6   HIGHEST GUST DIRECTION    SE (150)



WEATHER CONDITIONS
 THE FOLLOWING WEATHER WAS RECORDED TODAY.
  FOG
  FOG W/VISIBILITY <= 1/4 MILE


..........................................................




SUNRISE AND SUNSET
OCTOBER 23 2014.......SUNRISE   808 AM EDT   SUNSET   650 PM EDT
OCTOBER 24 2014.......SUNRISE   809 AM EDT   SUNSET   648 PM EDT


-  INDICATES NEGATIVE NUMBERS.
R  INDICATES RECORD WAS SET OR TIED.
MM INDICATES DATA IS MISSING.
T  INDICATES TRACE AMOUNT.




$$
