000
CDUS43 KGRR 100540
CLIBIV


CLIMATE REPORT
NATIONAL WEATHER SERVICE GRAND RAPIDS, MI
1239 AM EST SAT DEC 10 2016


...................................

...THE HOLLAND/TULIP CITY MI CLIMATE SUMMARY FOR DECEMBER 9 2016...

CLIMATE NORMAL PERIOD 1981 TO 2010
CLIMATE RECORD PERIOD 1996 TO 2016


WEATHER ITEM   OBSERVED TIME   NORMAL DEPARTURE LAST
                VALUE   (LST)  VALUE  FROM      YEAR
                                      NORMAL
......................................................
TEMPERATURE (F)
 YESTERDAY
  MAXIMUM         32    118 AM  38     -6       49
  MINIMUM         25    341 PM  28     -3       35
  AVERAGE         29            33     -4       42

PRECIPITATION (IN)
  YESTERDAY        0.05          0.09  -0.04     0.00
  MONTH TO DATE    0.98          0.88   0.10      T
  SINCE DEC 1      0.98          0.88   0.10      T
  SINCE JAN 1     30.85         35.04  -4.19    24.01

DEGREE DAYS
 HEATING
  YESTERDAY       36            32      4       23
  MONTH TO DATE  276           276      0      235
  SINCE DEC 1    276           276      0      235
  SINCE JUL 1   1174          1499   -325     1265

 COOLING
  YESTERDAY        0             0      0        0
  MONTH TO DATE    0             0      0        0
  SINCE DEC 1      0             0      0        0
  SINCE JAN 1    785           693     92      601
......................................................


WIND (MPH)
  RESULTANT WIND SPEED   9   RESULTANT WIND DIRECTION   W (290)
  HIGHEST WIND SPEED    20   HIGHEST WIND DIRECTION    NW (310)
  HIGHEST GUST SPEED    29   HIGHEST GUST DIRECTION    NW (300)
  AVERAGE WIND SPEED    10.0


SKY COVER
  AVERAGE SKY COVER 1.0


WEATHER CONDITIONS
 THE FOLLOWING WEATHER WAS RECORDED YESTERDAY.
  SNOW
  LIGHT SNOW
  FOG
  HAZE


RELATIVE HUMIDITY (PERCENT)
 HIGHEST    92           100 AM
 LOWEST     55           800 PM
 AVERAGE    74

..........................................................


THE HOLLAND/TULIP CITY MI CLIMATE NORMALS FOR TODAY
                         NORMAL
 MAXIMUM TEMPERATURE (F)   38
 MINIMUM TEMPERATURE (F)   28


SUNRISE AND SUNSET
DECEMBER 10 2016......SUNRISE   805 AM EST   SUNSET   510 PM EST
DECEMBER 11 2016......SUNRISE   806 AM EST   SUNSET   511 PM EST


-  INDICATES NEGATIVE NUMBERS.
R  INDICATES RECORD WAS SET OR TIED.
MM INDICATES DATA IS MISSING.
T  INDICATES TRACE AMOUNT.




$$
