000
CDUS43 KGRR 302129
CLIBIV


CLIMATE REPORT
NATIONAL WEATHER SERVICE GRAND RAPIDS, MI
527 PM EDT THU JUL 30 2015


...................................

...THE HOLLAND/TULIP CITY MI CLIMATE SUMMARY FOR JULY 30 2015...
VALID TODAY AS OF 0500 PM LOCAL TIME.

CLIMATE NORMAL PERIOD 1981 TO 2010
CLIMATE RECORD PERIOD 1996 TO 2015


WEATHER ITEM   OBSERVED TIME   NORMAL DEPARTURE LAST
                VALUE   (LST)  VALUE  FROM      YEAR
                                      NORMAL
......................................................
TEMPERATURE (F)
 TODAY
  MAXIMUM         83    357 PM  82      1       71
  MINIMUM         71    610 AM  63      8       53
  AVERAGE         77            72      5       62

PRECIPITATION (IN)
  TODAY            0.00          0.10  -0.10     0.00
  MONTH TO DATE    2.29          2.74  -0.45     2.83
  SINCE JUN 1      3.73          6.96  -3.23     6.56
  SINCE JAN 1     14.54         19.55  -5.01    16.09

DEGREE DAYS
 HEATING
  TODAY            0             0      0        3
  MONTH TO DATE   10             0     10       22
  SINCE JUN 1     34            48    -14       45
  SINCE JUL 1     10             0     10       22

 COOLING
  TODAY           12             7      5        0
  MONTH TO DATE  174           233    -59      103
  SINCE JUN 1    258           379   -121      286
  SINCE JAN 1    307           421   -114      325
......................................................


WIND (MPH)
  RESULTANT WIND SPEED  10   RESULTANT WIND DIRECTION   W (270)
  HIGHEST WIND SPEED    18   HIGHEST WIND DIRECTION     W (260)
  HIGHEST GUST SPEED    25   HIGHEST GUST DIRECTION     W (270)
  AVERAGE WIND SPEED    10.6


SKY COVER
  AVERAGE SKY COVER 0.0


WEATHER CONDITIONS
 THE FOLLOWING WEATHER WAS RECORDED TODAY.
  NO SIGNIFICANT WEATHER WAS OBSERVED.


RELATIVE HUMIDITY (PERCENT)
 HIGHEST    68           700 AM
 LOWEST     47           200 PM
 AVERAGE    58

..........................................................


THE HOLLAND/TULIP CITY MI CLIMATE NORMALS FOR TOMORROW
                         NORMAL
 MAXIMUM TEMPERATURE (F)   82
 MINIMUM TEMPERATURE (F)   63


SUNRISE AND SUNSET
JULY 30 2015..........SUNRISE   634 AM EDT   SUNSET   908 PM EDT
JULY 31 2015..........SUNRISE   635 AM EDT   SUNSET   907 PM EDT


-  INDICATES NEGATIVE NUMBERS.
R  INDICATES RECORD WAS SET OR TIED.
MM INDICATES DATA IS MISSING.
T  INDICATES TRACE AMOUNT.




$$

63
