000
CDUS43 KGRR 231351
CLIBIV


CLIMATE REPORT
NATIONAL WEATHER SERVICE GRAND RAPIDS, MI
951 AM EDT SUN JUL 23 2017


...................................

...THE HOLLAND/TULIP CITY MI CLIMATE SUMMARY FOR JULY 23 2017...
VALID AS OF 0900 AM LOCAL TIME.

CLIMATE NORMAL PERIOD 1981 TO 2010
CLIMATE RECORD PERIOD 1996 TO 2017


WEATHER ITEM   OBSERVED TIME   NORMAL DEPARTURE LAST
                VALUE   (LST)  VALUE  FROM      YEAR
                                      NORMAL
......................................................
TEMPERATURE (F)
 TODAY
  MAXIMUM         69    759 AM  82    -13       92
  MINIMUM         67    631 AM  63      4       62
  AVERAGE         68            72     -4       77

PRECIPITATION (IN)
  TODAY            0.02          0.08  -0.06     0.03
  MONTH TO DATE    3.27          2.13   1.14     1.17
  SINCE JUN 1      6.58          6.35   0.23     3.45
  SINCE JAN 1     21.75         18.94   2.81    16.58

DEGREE DAYS
 HEATING
  TODAY            0             0      0        0
  MONTH TO DATE    1             0      1        7
  SINCE JUN 1     21            48    -27       43
  SINCE JUL 1      1             0      1        7

 COOLING
  TODAY            3             8     -5       12
  MONTH TO DATE  148           178    -30      175
  SINCE JUN 1    301           324    -23      307
  SINCE JAN 1    332           366    -34      366
......................................................


WIND (MPH)
  RESULTANT WIND SPEED   1   RESULTANT WIND DIRECTION   S (190)
  HIGHEST WIND SPEED     9   HIGHEST WIND DIRECTION    SW (210)
  HIGHEST GUST SPEED    13   HIGHEST GUST DIRECTION     S (190)
  AVERAGE WIND SPEED     2.6


SKY COVER
  AVERAGE SKY COVER 1.0


WEATHER CONDITIONS
 THE FOLLOWING WEATHER WAS RECORDED TODAY.
  RAIN
  LIGHT RAIN
  FOG
  FOG W/VISIBILITY <= 1/4 MILE


RELATIVE HUMIDITY (PERCENT)
 HIGHEST   100           200 AM
 LOWEST     93          1200 AM
 AVERAGE    97

..........................................................


THE HOLLAND/TULIP CITY MI CLIMATE NORMALS FOR TOMORROW
                         NORMAL
 MAXIMUM TEMPERATURE (F)   82
 MINIMUM TEMPERATURE (F)   63


SUNRISE AND SUNSET
JULY 23 2017..........SUNRISE   627 AM EDT   SUNSET   915 PM EDT
JULY 24 2017..........SUNRISE   628 AM EDT   SUNSET   914 PM EDT


-  INDICATES NEGATIVE NUMBERS.
R  INDICATES RECORD WAS SET OR TIED.
MM INDICATES DATA IS MISSING.
T  INDICATES TRACE AMOUNT.




$$
