000
CDUS43 KGRR 280520
CLIBIV


CLIMATE REPORT
NATIONAL WEATHER SERVICE GRAND RAPIDS, MI
120 AM EDT THU MAY 28 2015


...................................

...THE HOLLAND/TULIP CITY MI CLIMATE SUMMARY FOR MAY 27 2015...

CLIMATE NORMAL PERIOD 1981 TO 2010
CLIMATE RECORD PERIOD 1996 TO 2015


WEATHER ITEM   OBSERVED TIME   NORMAL DEPARTURE LAST
                VALUE   (LST)  VALUE  FROM      YEAR
                                      NORMAL
......................................................
TEMPERATURE (F)
 YESTERDAY
  MAXIMUM         72   1241 PM  72      0       79
  MINIMUM         54   1110 PM  52      2       57
  AVERAGE         63            62      1       68

PRECIPITATION (IN)
  YESTERDAY        T             0.09  -0.09     0.01
  MONTH TO DATE    4.06          2.85   1.21     2.03
  SINCE MAR 1      8.60          8.37   0.23     5.57
  SINCE JAN 1     10.08         12.26  -2.18     9.53

DEGREE DAYS
 HEATING
  YESTERDAY        2             5     -3        0
  MONTH TO DATE  184           215    -31      228
  SINCE MAR 1   1654          1594     60     1867
  SINCE JUL 1   6621          6094    527     7025

 COOLING
  YESTERDAY        0             2     -2        3
  MONTH TO DATE   39            28     11       25
  SINCE MAR 1     39            32      7       25
  SINCE JAN 1     39            32      7       25
......................................................


WIND (MPH)
  RESULTANT WIND SPEED  13   RESULTANT WIND DIRECTION  SW (230)
  HIGHEST WIND SPEED    26   HIGHEST WIND DIRECTION    SW (220)
  HIGHEST GUST SPEED    35   HIGHEST GUST DIRECTION    SW (240)
  AVERAGE WIND SPEED    13.3


SKY COVER
  AVERAGE SKY COVER 0.5


WEATHER CONDITIONS
 THE FOLLOWING WEATHER WAS RECORDED YESTERDAY.
  NO SIGNIFICANT WEATHER WAS OBSERVED.


RELATIVE HUMIDITY (PERCENT)
 HIGHEST    93           900 PM
 LOWEST     68          1200 PM
 AVERAGE    81

..........................................................


THE HOLLAND/TULIP CITY MI CLIMATE NORMALS FOR TODAY
                         NORMAL
 MAXIMUM TEMPERATURE (F)   73
 MINIMUM TEMPERATURE (F)   53


SUNRISE AND SUNSET
MAY 28 2015...........SUNRISE   611 AM EDT   SUNSET   913 PM EDT
MAY 29 2015...........SUNRISE   611 AM EDT   SUNSET   914 PM EDT


-  INDICATES NEGATIVE NUMBERS.
R  INDICATES RECORD WAS SET OR TIED.
MM INDICATES DATA IS MISSING.
T  INDICATES TRACE AMOUNT.




$$
