000
CDUS43 KGRR 280520
CLIBIV


CLIMATE REPORT
NATIONAL WEATHER SERVICE GRAND RAPIDS, MI
1217 AM EST SAT FEB 28 2015


...................................

...THE HOLLAND/TULIP CITY MI CLIMATE SUMMARY FOR FEBRUARY 27 2015...

CLIMATE NORMAL PERIOD 1981 TO 2010
CLIMATE RECORD PERIOD 1996 TO 2015


WEATHER ITEM   OBSERVED TIME   NORMAL DEPARTURE LAST
                VALUE   (LST)  VALUE  FROM      YEAR
                                      NORMAL
......................................................
TEMPERATURE (F)
 YESTERDAY
  MAXIMUM         20    327 PM  38    -18       19
  MINIMUM         -9    330 AM  24    -33       -7
  AVERAGE          6            31    -25        6

PRECIPITATION (IN)
  YESTERDAY        T             0.07  -0.07      T
  MONTH TO DATE    0.84          1.72  -0.88     1.67
  SINCE DEC 1      2.87          6.11  -3.24     5.59
  SINCE JAN 1      1.48          3.81  -2.33     3.96

DEGREE DAYS
 HEATING
  YESTERDAY       59            34     25       59
  MONTH TO DATE 1312           994    318     1263
  SINCE DEC 1   3522          3245    277     3863
  SINCE JUL 1   4913          4468    445     5099

 COOLING
  YESTERDAY        0             0      0        0
  MONTH TO DATE    0             0      0        0
  SINCE DEC 1      0             0      0        0
  SINCE JAN 1      0             0      0        0
......................................................


WIND (MPH)
  RESULTANT WIND SPEED   5   RESULTANT WIND DIRECTION  SW (220)
  HIGHEST WIND SPEED    16   HIGHEST WIND DIRECTION     W (250)
  HIGHEST GUST SPEED    20   HIGHEST GUST DIRECTION    SW (240)
  AVERAGE WIND SPEED     6.6


SKY COVER
  AVERAGE SKY COVER 0.4


WEATHER CONDITIONS
 THE FOLLOWING WEATHER WAS RECORDED YESTERDAY.
  LIGHT SNOW


RELATIVE HUMIDITY (PERCENT)
 HIGHEST    76          1100 PM
 LOWEST     51           400 PM
 AVERAGE    64

..........................................................


THE HOLLAND/TULIP CITY MI CLIMATE NORMALS FOR TODAY
                         NORMAL
 MAXIMUM TEMPERATURE (F)   39
 MINIMUM TEMPERATURE (F)   24


SUNRISE AND SUNSET
FEBRUARY 28 2015......SUNRISE   722 AM EST   SUNSET   633 PM EST
MARCH  1 2015.........SUNRISE   721 AM EST   SUNSET   634 PM EST


-  INDICATES NEGATIVE NUMBERS.
R  INDICATES RECORD WAS SET OR TIED.
MM INDICATES DATA IS MISSING.
T  INDICATES TRACE AMOUNT.




$$

63
