000
CDUS43 KGRR 220524
CLIBIV


CLIMATE REPORT
NATIONAL WEATHER SERVICE GRAND RAPIDS, MI
1224 AM EST SUN JAN 22 2017


...................................

...THE HOLLAND/TULIP CITY MI CLIMATE SUMMARY FOR JANUARY 21 2017...

CLIMATE NORMAL PERIOD 1981 TO 2010
CLIMATE RECORD PERIOD 1996 TO 2017


WEATHER ITEM   OBSERVED TIME   NORMAL DEPARTURE LAST
                VALUE   (LST)  VALUE  FROM      YEAR
                                      NORMAL
......................................................
TEMPERATURE (F)
 YESTERDAY
  MAXIMUM         62    402 PM  32     30       28
  MINIMUM         39   1100 PM  20     19       21
  AVERAGE         51            26     25       25

PRECIPITATION (IN)
  YESTERDAY        0.02          0.06  -0.04     0.00
  MONTH TO DATE    2.34          1.41   0.93     1.17
  SINCE DEC 1      4.09          3.71   0.38     4.75
  SINCE JAN 1      2.34          1.41   0.93     1.17

DEGREE DAYS
 HEATING
  YESTERDAY       14            39    -25       40
  MONTH TO DATE  750           810    -60      828
  SINCE DEC 1   1852          1855     -3     1596
  SINCE JUL 1   2750          3078   -328     2626

 COOLING
  YESTERDAY        0             0      0        0
  MONTH TO DATE    0             0      0        0
  SINCE DEC 1      0             0      0        0
  SINCE JAN 1      0             0      0        0
......................................................


WIND (MPH)
  RESULTANT WIND SPEED   6   RESULTANT WIND DIRECTION   S (160)
  HIGHEST WIND SPEED    16   HIGHEST WIND DIRECTION     S (160)
  HIGHEST GUST SPEED    20   HIGHEST GUST DIRECTION    SE (150)
  AVERAGE WIND SPEED     7.0


SKY COVER
  AVERAGE SKY COVER 0.4


WEATHER CONDITIONS
 THE FOLLOWING WEATHER WAS RECORDED YESTERDAY.
  LIGHT RAIN


RELATIVE HUMIDITY (PERCENT)
 HIGHEST   100           900 AM
 LOWEST     60           400 PM
 AVERAGE    80

..........................................................


THE HOLLAND/TULIP CITY MI CLIMATE NORMALS FOR TODAY
                         NORMAL
 MAXIMUM TEMPERATURE (F)   32
 MINIMUM TEMPERATURE (F)   19


SUNRISE AND SUNSET
JANUARY 22 2017.......SUNRISE   808 AM EST   SUNSET   545 PM EST
JANUARY 23 2017.......SUNRISE   807 AM EST   SUNSET   546 PM EST


-  INDICATES NEGATIVE NUMBERS.
R  INDICATES RECORD WAS SET OR TIED.
MM INDICATES DATA IS MISSING.
T  INDICATES TRACE AMOUNT.




$$
