000
CDUS43 KGRR 232246
CLIBIV


CLIMATE REPORT
NATIONAL WEATHER SERVICE GRAND RAPIDS, MI
546 PM EST THU NOV 23 2017


...................................

...THE HOLLAND/TULIP CITY MI CLIMATE SUMMARY FOR NOVEMBER 23 2017...
VALID TODAY AS OF 0500 PM LOCAL TIME.

CLIMATE NORMAL PERIOD 1981 TO 2010
CLIMATE RECORD PERIOD 1996 TO 2017


WEATHER ITEM   OBSERVED TIME   NORMAL DEPARTURE LAST
                VALUE   (LST)  VALUE  FROM      YEAR
                                      NORMAL
......................................................
TEMPERATURE (F)
 TODAY
  MAXIMUM         44    326 PM  45     -1       40
  MINIMUM         31    157 AM  33     -2       33
  AVERAGE         38            39     -1       37

PRECIPITATION (IN)
  TODAY            0.00          0.10  -0.10     0.54
  MONTH TO DATE    2.68          2.82  -0.14     2.37
  SINCE SEP 1     14.09         10.31   3.78     7.04
  SINCE JAN 1     38.91         33.52   5.39    28.92

DEGREE DAYS
 HEATING
  TODAY           27            26      1       28
  MONTH TO DATE  597           503     94      405
  SINCE SEP 1    993          1013    -20      743
  SINCE JUL 1   1014          1028    -14      750

 COOLING
  TODAY            0             0      0        0
  MONTH TO DATE    0             0      0        0
  SINCE SEP 1    128            75     53      106
  SINCE JAN 1    613           693    -80      785
......................................................


WIND (MPH)
  RESULTANT WIND SPEED  10   RESULTANT WIND DIRECTION  SW (220)
  HIGHEST WIND SPEED    20   HIGHEST WIND DIRECTION    SW (230)
  HIGHEST GUST SPEED    25   HIGHEST GUST DIRECTION    SW (210)
  AVERAGE WIND SPEED    11.4


SKY COVER
  AVERAGE SKY COVER 0.7


WEATHER CONDITIONS
 THE FOLLOWING WEATHER WAS RECORDED TODAY.
  NO SIGNIFICANT WEATHER WAS OBSERVED.


RELATIVE HUMIDITY (PERCENT)
 HIGHEST    78           200 AM
 LOWEST     57           300 PM
 AVERAGE    68

..........................................................


THE HOLLAND/TULIP CITY MI CLIMATE NORMALS FOR TOMORROW
                         NORMAL
 MAXIMUM TEMPERATURE (F)   44
 MINIMUM TEMPERATURE (F)   32


SUNRISE AND SUNSET
NOVEMBER 23 2017......SUNRISE   747 AM EST   SUNSET   515 PM EST
NOVEMBER 24 2017......SUNRISE   748 AM EST   SUNSET   515 PM EST


-  INDICATES NEGATIVE NUMBERS.
R  INDICATES RECORD WAS SET OR TIED.
MM INDICATES DATA IS MISSING.
T  INDICATES TRACE AMOUNT.




$$
