000
CDUS46 KBOI 260932
CLIBKE


CLIMATE REPORT
NATIONAL WEATHER SERVICE BOISE ID
332 AM MDT THU MAR 26 2015


...................................

...THE BAKER OR CLIMATE SUMMARY FOR MARCH 25 2015...

CLIMATE NORMAL PERIOD 1981 TO 2010
CLIMATE RECORD PERIOD 1948 TO 2015


WEATHER ITEM   OBSERVED TIME   RECORD YEAR NORMAL DEPARTURE LAST
                VALUE   (LST)  VALUE       VALUE  FROM      YEAR
                                                  NORMAL
..................................................................
TEMPERATURE (F)
 YESTERDAY
  MAXIMUM         47    247 PM  73    1960  53     -6       60
  MINIMUM         26   1237 AM  15    1996  27     -1       25
  AVERAGE         37                        40     -3       43

PRECIPITATION (IN)
  YESTERDAY        T             0.68 1981   0.03  -0.03     0.00
  MONTH TO DATE    0.49                      0.66  -0.17     0.80
  SINCE OCT 1      3.79                      4.55  -0.76     3.66
  SINCE JAN 1      1.59                      2.04  -0.45     2.49

DEGREE DAYS
 HEATING
  YESTERDAY       28                        25      3       22
  MONTH TO DATE  590                       702   -112      604
  SINCE MAR 1    590                       702   -112      604
  SINCE JUL 1   5266                      6222   -956     6130

 COOLING
  YESTERDAY        0                         0      0        0
  MONTH TO DATE    0                         0      0        0
  SINCE MAR 1      0                         0      0        0
  SINCE JAN 1      0                         0      0        0
..................................................................


WIND (MPH)
  RESULTANT WIND SPEED   3   RESULTANT WIND DIRECTION   E (80)
  HIGHEST WIND SPEED    18   HIGHEST WIND DIRECTION    NE (40)
  HIGHEST GUST SPEED    22   HIGHEST GUST DIRECTION    NE (40)
  AVERAGE WIND SPEED     4.9


SKY COVER
  AVERAGE SKY COVER 0.7


WEATHER CONDITIONS
 THE FOLLOWING WEATHER WAS RECORDED YESTERDAY.
  LIGHT RAIN
  FOG


RELATIVE HUMIDITY (PERCENT)
 HIGHEST    96          1100 PM
 LOWEST     62          1000 AM
 AVERAGE    79

..........................................................


THE BAKER OR CLIMATE NORMALS FOR TODAY
                         NORMAL    RECORD    YEAR
 MAXIMUM TEMPERATURE (F)   53        73      1997
 MINIMUM TEMPERATURE (F)   27        16      1950


SUNRISE AND SUNSET
MARCH 26 2015.........SUNRISE   643 AM PDT   SUNSET   711 PM PDT
MARCH 27 2015.........SUNRISE   642 AM PDT   SUNSET   712 PM PDT


-  INDICATES NEGATIVE NUMBERS.
R  INDICATES RECORD WAS SET OR TIED.
MM INDICATES DATA IS MISSING.
T  INDICATES TRACE AMOUNT.




$$
