000
CDUS46 KBOI 290933
CLIBKE


CLIMATE REPORT
NATIONAL WEATHER SERVICE BOISE ID
332 AM MDT TUE JUL 29 2014


...................................

...THE BAKER OR CLIMATE SUMMARY FOR JULY 28 2014...

CLIMATE NORMAL PERIOD 1981 TO 2010
CLIMATE RECORD PERIOD 1948 TO 2014


WEATHER ITEM   OBSERVED TIME   RECORD YEAR NORMAL DEPARTURE LAST
                VALUE   (LST)  VALUE       VALUE  FROM      YEAR
                                                  NORMAL
..................................................................
TEMPERATURE (F)
 YESTERDAY
  MAXIMUM         97    256 PM 100    1999  87     10       84
  MINIMUM         58    525 AM  36    1959  47     11       41
  AVERAGE         78                        67     11       63

PRECIPITATION (IN)
  YESTERDAY        0.00          0.81 1970   0.01  -0.01     0.00
  MONTH TO DATE    0.05                      0.59  -0.54     0.05
  SINCE OCT 1      6.09                      8.81  -2.72     7.86
  SINCE JAN 1      4.92                      6.30  -1.38     5.68

DEGREE DAYS
 HEATING
  YESTERDAY        0                         1     -1        2
  MONTH TO DATE   13                        64    -51       17
  SINCE JUN 1    246                       290    -44      213
  SINCE JUL 1     13                        64    -51       17

 COOLING
  YESTERDAY       13                         3     10        0
  MONTH TO DATE  140                        65     75       98
  SINCE JUN 1    140                        81     59      125
  SINCE JAN 1    140                        83     57      129
..................................................................


WIND (MPH)
  RESULTANT WIND SPEED   4   RESULTANT WIND DIRECTION   W (270)
  HIGHEST WIND SPEED    23   HIGHEST WIND DIRECTION     W (270)
  HIGHEST GUST SPEED    32   HIGHEST GUST DIRECTION    NW (300)
  AVERAGE WIND SPEED     6.1


SKY COVER
  AVERAGE SKY COVER 0.0


WEATHER CONDITIONS
 THE FOLLOWING WEATHER WAS RECORDED YESTERDAY.
  NO SIGNIFICANT WEATHER WAS OBSERVED.


RELATIVE HUMIDITY (PERCENT)
 HIGHEST    57           500 AM
 LOWEST     14           300 PM
 AVERAGE    36

..........................................................


THE BAKER OR CLIMATE NORMALS FOR TODAY
                         NORMAL    RECORD    YEAR
 MAXIMUM TEMPERATURE (F)   87        98      2003
 MINIMUM TEMPERATURE (F)   47        35      1959


SUNRISE AND SUNSET
JULY 29 2014..........SUNRISE   534 AM PDT   SUNSET   821 PM PDT
JULY 30 2014..........SUNRISE   535 AM PDT   SUNSET   820 PM PDT


-  INDICATES NEGATIVE NUMBERS.
R  INDICATES RECORD WAS SET OR TIED.
MM INDICATES DATA IS MISSING.
T  INDICATES TRACE AMOUNT.




$$
