000
CDUS46 KBOI 280933
CLIBKE


CLIMATE REPORT
NATIONAL WEATHER SERVICE BOISE ID
332 AM MDT TUE MAR 28 2017


...................................

...THE BAKER OR CLIMATE SUMMARY FOR MARCH 27 2017...

CLIMATE NORMAL PERIOD 1981 TO 2010
CLIMATE RECORD PERIOD 1948 TO 2017


WEATHER ITEM   OBSERVED TIME   RECORD YEAR NORMAL DEPARTURE LAST
                VALUE   (LST)  VALUE       VALUE  FROM      YEAR
                                                  NORMAL
..................................................................
TEMPERATURE (F)
 YESTERDAY
  MAXIMUM         50   1149 AM  74    1966  53     -3       50
  MINIMUM         27   1003 PM  15    1976  27      0       22
  AVERAGE         39                        40     -1       36

PRECIPITATION (IN)
  YESTERDAY        0.03          0.42 1996   0.03   0.00     0.02
  MONTH TO DATE    0.88                      0.71   0.17     0.32
  SINCE OCT 1      5.19                      4.60   0.59     3.46
  SINCE JAN 1      2.45                      2.09   0.36     0.92

DEGREE DAYS
 HEATING
  YESTERDAY       26                        25      1       29
  MONTH TO DATE  636                       752   -116      698
  SINCE MAR 1    636                       752   -116      698
  SINCE JUL 1   6464                      6272    192     5742

 COOLING
  YESTERDAY        0                         0      0        0
  MONTH TO DATE    0                         0      0        0
  SINCE MAR 1      0                         0      0        0
  SINCE JAN 1      0                         0      0        0
..................................................................


WIND (MPH)
  RESULTANT WIND SPEED   5   RESULTANT WIND DIRECTION  NW (330)
  HIGHEST WIND SPEED    29   HIGHEST WIND DIRECTION    NW (320)
  HIGHEST GUST SPEED    35   HIGHEST GUST DIRECTION    NW (320)
  AVERAGE WIND SPEED     6.5


SKY COVER
  AVERAGE SKY COVER 0.4


WEATHER CONDITIONS
 THE FOLLOWING WEATHER WAS RECORDED YESTERDAY.
  LIGHT RAIN


RELATIVE HUMIDITY (PERCENT)
 HIGHEST   100           400 AM
 LOWEST     42           100 PM
 AVERAGE    71

..........................................................


THE BAKER OR CLIMATE NORMALS FOR TODAY
                         NORMAL    RECORD    YEAR
 MAXIMUM TEMPERATURE (F)   54        75      1966
 MINIMUM TEMPERATURE (F)   27        14      1988


SUNRISE AND SUNSET
MARCH 28 2017.........SUNRISE   639 AM PDT   SUNSET   714 PM PDT
MARCH 29 2017.........SUNRISE   637 AM PDT   SUNSET   716 PM PDT


-  INDICATES NEGATIVE NUMBERS.
R  INDICATES RECORD WAS SET OR TIED.
MM INDICATES DATA IS MISSING.
T  INDICATES TRACE AMOUNT.




$$
