000
CDUS46 KBOI 310937
CLIBKE


CLIMATE REPORT
NATIONAL WEATHER SERVICE BOISE ID
337 AM MDT MON AUG 31 2015


...................................

...THE BAKER OR CLIMATE SUMMARY FOR AUGUST 30 2015...

CLIMATE NORMAL PERIOD 1981 TO 2010
CLIMATE RECORD PERIOD 1948 TO 2015


WEATHER ITEM   OBSERVED TIME   RECORD YEAR NORMAL DEPARTURE LAST
                VALUE   (LST)  VALUE       VALUE  FROM      YEAR
                                                  NORMAL
..................................................................
TEMPERATURE (F)
 YESTERDAY
  MAXIMUM         69   1125 AM  96    1996  81    -12       75
  MINIMUM         40    538 AM  30    1965  42     -2       42
  AVERAGE         55                        61     -6       59

PRECIPITATION (IN)
  YESTERDAY        T             0.82 1984   0.03  -0.03     0.19
  MONTH TO DATE    0.02                      0.69  -0.67     0.70
  SINCE OCT 1      9.48                      9.56  -0.08     6.79
  SINCE JAN 1      7.28                      7.05   0.23     5.62

DEGREE DAYS
 HEATING
  YESTERDAY       10                         5      5        6
  MONTH TO DATE   49                        75    -26       54
  SINCE JUN 1    173                       371   -198      300
  SINCE JUL 1     89                       145    -56       67

 COOLING
  YESTERDAY        0                         1     -1        0
  MONTH TO DATE   71                        65      6       70
  SINCE JUN 1    222                       156     66      235
  SINCE JAN 1    223                       158     65      235
..................................................................


WIND (MPH)
  RESULTANT WIND SPEED   2   RESULTANT WIND DIRECTION  NW (310)
  HIGHEST WIND SPEED    25   HIGHEST WIND DIRECTION    NW (330)
  HIGHEST GUST SPEED    29   HIGHEST GUST DIRECTION    NW (330)
  AVERAGE WIND SPEED     7.3


SKY COVER
  AVERAGE SKY COVER 0.2


WEATHER CONDITIONS
 THE FOLLOWING WEATHER WAS RECORDED YESTERDAY.
  LIGHT RAIN


RELATIVE HUMIDITY (PERCENT)
 HIGHEST    89           200 AM
 LOWEST     35          1100 AM
 AVERAGE    62

..........................................................


THE BAKER OR CLIMATE NORMALS FOR TODAY
                         NORMAL    RECORD    YEAR
 MAXIMUM TEMPERATURE (F)   80        94      1998
 MINIMUM TEMPERATURE (F)   42        31      1999


SUNRISE AND SUNSET
AUGUST 31 2015........SUNRISE   612 AM PDT   SUNSET   730 PM PDT
SEPTEMBER  1 2015.....SUNRISE   613 AM PDT   SUNSET   728 PM PDT


-  INDICATES NEGATIVE NUMBERS.
R  INDICATES RECORD WAS SET OR TIED.
MM INDICATES DATA IS MISSING.
T  INDICATES TRACE AMOUNT.




$$
