000
CDUS46 KBOI 270931
CLIBKE


CLIMATE REPORT
NATIONAL WEATHER SERVICE BOISE ID
331 AM MDT SAT MAY 27 2017


...................................

...THE BAKER OR CLIMATE SUMMARY FOR MAY 26 2017...

CLIMATE NORMAL PERIOD 1981 TO 2010
CLIMATE RECORD PERIOD 1928 TO 2017


WEATHER ITEM   OBSERVED TIME   RECORD YEAR NORMAL DEPARTURE LAST
                VALUE   (LST)  VALUE       VALUE  FROM      YEAR
                                                  NORMAL
..................................................................
TEMPERATURE (F)
 YESTERDAY
  MAXIMUM         71    320 PM  91    1966  68      3       67
                                      1958
                                      1936
  MINIMUM         41   1159 PM  30    1964  39      2       40
  AVERAGE         56                        54      2       54

PRECIPITATION (IN)
  YESTERDAY        0.00          0.40 2013   0.05  -0.05     0.00
                                      1971
                                      1946
  MONTH TO DATE    0.33                      1.21  -0.88     1.07
  SINCE OCT 1      6.48                      6.77  -0.29     4.88
  SINCE JAN 1      3.74                      4.26  -0.52     2.34

DEGREE DAYS
 HEATING
  YESTERDAY        9                        12     -3       11
  MONTH TO DATE  407                       380     27      316
  SINCE MAR 1   1827                      1873    -46     1581
  SINCE JUL 1   7655                      7393    262     6625

 COOLING
  YESTERDAY        0                         0      0        0
  MONTH TO DATE    0                         0      0        0
  SINCE MAR 1      0                         0      0        0
  SINCE JAN 1      0                         0      0        0
..................................................................


WIND (MPH)
  RESULTANT WIND SPEED   9   RESULTANT WIND DIRECTION  NW (310)
  HIGHEST WIND SPEED    22   HIGHEST WIND DIRECTION    NW (330)
  HIGHEST GUST SPEED    28   HIGHEST GUST DIRECTION     N (340)
  AVERAGE WIND SPEED    10.4


SKY COVER
  AVERAGE SKY COVER 0.3


WEATHER CONDITIONS
 THE FOLLOWING WEATHER WAS RECORDED YESTERDAY.
  NO SIGNIFICANT WEATHER WAS OBSERVED.


RELATIVE HUMIDITY (PERCENT)
 HIGHEST    83          1200 AM
 LOWEST     29           200 PM
 AVERAGE    56

..........................................................


THE BAKER OR CLIMATE NORMALS FOR TODAY
                         NORMAL    RECORD    YEAR
 MAXIMUM TEMPERATURE (F)   69        89      1983
                                             1958
                                             1934
 MINIMUM TEMPERATURE (F)   39        29      1932


SUNRISE AND SUNSET
MAY 27 2017...........SUNRISE   511 AM PDT   SUNSET   826 PM PDT
MAY 28 2017...........SUNRISE   511 AM PDT   SUNSET   827 PM PDT


-  INDICATES NEGATIVE NUMBERS.
R  INDICATES RECORD WAS SET OR TIED.
MM INDICATES DATA IS MISSING.
T  INDICATES TRACE AMOUNT.




$$
