000
CDUS46 KBOI 240933
CLIBKE


CLIMATE REPORT
NATIONAL WEATHER SERVICE BOISE ID
233 AM MST FRI NOV 24 2017


...................................

...THE BAKER OR CLIMATE SUMMARY FOR NOVEMBER 23 2017...

CLIMATE NORMAL PERIOD 1981 TO 2010
CLIMATE RECORD PERIOD 1928 TO 2017


WEATHER ITEM   OBSERVED TIME   RECORD YEAR NORMAL DEPARTURE LAST
                VALUE   (LST)  VALUE       VALUE  FROM      YEAR
                                                  NORMAL
..................................................................
TEMPERATURE (F)
 YESTERDAY
  MAXIMUM         70R   145 PM  58    1939  40     30       46
  MINIMUM         46   1135 PM -15    1985  20     26       26
  AVERAGE         58                        30     28       36

PRECIPITATION (IN)
  YESTERDAY        0.07          0.61 1949   0.03   0.04     0.03
  MONTH TO DATE    0.46                      0.68  -0.22     0.44
  SINCE OCT 1      1.02                      1.31  -0.29     1.77
  SINCE JAN 1      6.76                      8.93  -2.17     5.47

DEGREE DAYS
 HEATING
  YESTERDAY        7                        35    -28       29
  MONTH TO DATE  557                       704   -147      537
  SINCE SEP 1   1415                      1632   -217     1420
  SINCE JUL 1   1427                      1783   -356     1566

 COOLING
  YESTERDAY        0                         0      0        0
  MONTH TO DATE    0                         0      0        0
  SINCE SEP 1     53                         9     44        0
  SINCE JAN 1    357                       169    188      132
..................................................................


WIND (MPH)
  RESULTANT WIND SPEED   7   RESULTANT WIND DIRECTION  SE (130)
  HIGHEST WIND SPEED    21   HIGHEST WIND DIRECTION    SW (210)
  HIGHEST GUST SPEED    28   HIGHEST GUST DIRECTION     S (170)
  AVERAGE WIND SPEED    10.0


SKY COVER
  AVERAGE SKY COVER 0.8


WEATHER CONDITIONS
 THE FOLLOWING WEATHER WAS RECORDED YESTERDAY.
  HEAVY RAIN
  LIGHT RAIN


RELATIVE HUMIDITY (PERCENT)
 HIGHEST    86          1200 AM
 LOWEST     36           200 PM
 AVERAGE    61

..........................................................


THE BAKER OR CLIMATE NORMALS FOR TODAY
                         NORMAL    RECORD    YEAR
 MAXIMUM TEMPERATURE (F)   39        65      1960
 MINIMUM TEMPERATURE (F)   20       -11      1985


SUNRISE AND SUNSET
NOVEMBER 24 2017......SUNRISE   701 AM PST   SUNSET   415 PM PST
NOVEMBER 25 2017......SUNRISE   702 AM PST   SUNSET   414 PM PST


-  INDICATES NEGATIVE NUMBERS.
R  INDICATES RECORD WAS SET OR TIED.
MM INDICATES DATA IS MISSING.
T  INDICATES TRACE AMOUNT.




$$
