529
CDUS46 KBOI 220931
CLIBKE


CLIMATE REPORT
NATIONAL WEATHER SERVICE BOISE ID
231 AM MST WED FEB 22 2017


...................................

...THE BAKER OR CLIMATE SUMMARY FOR FEBRUARY 21 2017...

CLIMATE NORMAL PERIOD 1981 TO 2010
CLIMATE RECORD PERIOD 1948 TO 2017


WEATHER ITEM   OBSERVED TIME   RECORD YEAR NORMAL DEPARTURE LAST
                VALUE   (LST)  VALUE       VALUE  FROM      YEAR
                                                  NORMAL
..................................................................
TEMPERATURE (F)
 YESTERDAY
  MAXIMUM         49   1005 AM  57    1991  42      7       44
  MINIMUM         32   1135 PM -12    1957  20     12       23
  AVERAGE         41                        31     10       34

PRECIPITATION (IN)
  YESTERDAY        0.03          0.26 1977   0.02   0.01     0.00
  MONTH TO DATE    0.88                      0.43   0.45     0.21
  SINCE OCT 1      4.30                      3.74   0.56     3.14
  SINCE JAN 1      1.56                      1.23   0.33     0.60

DEGREE DAYS
 HEATING
  YESTERDAY       24                        34    -10       31
  MONTH TO DATE  644                       766   -122      669
  SINCE DEC 1   3798                      3252    546     2964
  SINCE JUL 1   5572                      5289    283     4815

 COOLING
  YESTERDAY        0                         0      0        0
  MONTH TO DATE    0                         0      0        0
  SINCE DEC 1      0                         0      0        0
  SINCE JAN 1      0                         0      0        0
..................................................................


WIND (MPH)
  RESULTANT WIND SPEED   6   RESULTANT WIND DIRECTION  SE (150)
  HIGHEST WIND SPEED    32   HIGHEST WIND DIRECTION     S (190)
  HIGHEST GUST SPEED    41   HIGHEST GUST DIRECTION    SW (210)
  AVERAGE WIND SPEED    11.5


SKY COVER
  AVERAGE SKY COVER 0.8


WEATHER CONDITIONS
 THE FOLLOWING WEATHER WAS RECORDED YESTERDAY.
  LIGHT RAIN


RELATIVE HUMIDITY (PERCENT)
 HIGHEST    92          1200 AM
 LOWEST     49          1100 AM
 AVERAGE    71

..........................................................


THE BAKER OR CLIMATE NORMALS FOR TODAY
                         NORMAL    RECORD    YEAR
 MAXIMUM TEMPERATURE (F)   42        63      1995
 MINIMUM TEMPERATURE (F)   20       -10      1952


SUNRISE AND SUNSET
FEBRUARY 22 2017......SUNRISE   640 AM PST   SUNSET   530 PM PST
FEBRUARY 23 2017......SUNRISE   639 AM PST   SUNSET   531 PM PST


-  INDICATES NEGATIVE NUMBERS.
R  INDICATES RECORD WAS SET OR TIED.
MM INDICATES DATA IS MISSING.
T  INDICATES TRACE AMOUNT.




$$
