000
CDUS46 KBOI 030930
CLIBKE


CLIMATE REPORT
NATIONAL WEATHER SERVICE BOISE ID
330 AM MDT WED JUN 3 2015


...................................

...THE BAKER OR CLIMATE SUMMARY FOR JUNE 2 2015...

CLIMATE NORMAL PERIOD 1981 TO 2010
CLIMATE RECORD PERIOD 1948 TO 2015


WEATHER ITEM   OBSERVED TIME   RECORD YEAR NORMAL DEPARTURE LAST
                VALUE   (LST)  VALUE       VALUE  FROM      YEAR
                                                  NORMAL
..................................................................
TEMPERATURE (F)
 YESTERDAY
  MAXIMUM         66    235 PM  90    2007  70     -4       82
  MINIMUM         46   1147 PM  30    1954  40      6       35
  AVERAGE         56                        55      1       59

PRECIPITATION (IN)
  YESTERDAY        0.20          0.51 1968   0.05   0.15     0.07
  MONTH TO DATE    0.32                      0.10   0.22     0.07
  SINCE OCT 1      6.74                      7.14  -0.40     5.09
  SINCE JAN 1      4.54                      4.63  -0.09     3.92

DEGREE DAYS
 HEATING
  YESTERDAY        9                        10     -1        6
  MONTH TO DATE    9                        20    -11       14
  SINCE JUN 1      9                        20    -11       14
  SINCE JUL 1   6387                      7467  -1080     7331

 COOLING
  YESTERDAY        0                         0      0        0
  MONTH TO DATE    2                         0      2        0
  SINCE JUN 1      2                         0      2        0
  SINCE JAN 1      3                         2      1        0
..................................................................


WIND (MPH)
  RESULTANT WIND SPEED   3   RESULTANT WIND DIRECTION   W (280)
  HIGHEST WIND SPEED    22   HIGHEST WIND DIRECTION    NW (320)
  HIGHEST GUST SPEED    28   HIGHEST GUST DIRECTION    NW (300)
  AVERAGE WIND SPEED     4.5


SKY COVER
  AVERAGE SKY COVER 0.8


WEATHER CONDITIONS
 THE FOLLOWING WEATHER WAS RECORDED YESTERDAY.
  THUNDERSTORM
  LIGHT RAIN
  FOG


RELATIVE HUMIDITY (PERCENT)
 HIGHEST   100          1100 PM
 LOWEST     48           200 PM
 AVERAGE    74

..........................................................


THE BAKER OR CLIMATE NORMALS FOR TODAY
                         NORMAL    RECORD    YEAR
 MAXIMUM TEMPERATURE (F)   70        92      2007
 MINIMUM TEMPERATURE (F)   40        29      1951


SUNRISE AND SUNSET
JUNE  3 2015..........SUNRISE   507 AM PDT   SUNSET   832 PM PDT
JUNE  4 2015..........SUNRISE   507 AM PDT   SUNSET   832 PM PDT


-  INDICATES NEGATIVE NUMBERS.
R  INDICATES RECORD WAS SET OR TIED.
MM INDICATES DATA IS MISSING.
T  INDICATES TRACE AMOUNT.




$$
