000
CDUS46 KBOI 260931
CLIBKE


CLIMATE REPORT
NATIONAL WEATHER SERVICE BOISE ID
230 AM MST FRI DEC 26 2014


...................................

...THE BAKER OR CLIMATE SUMMARY FOR DECEMBER 25 2014...

CLIMATE NORMAL PERIOD 1981 TO 2010
CLIMATE RECORD PERIOD 1948 TO 2014


WEATHER ITEM   OBSERVED TIME   RECORD YEAR NORMAL DEPARTURE LAST
                VALUE   (LST)  VALUE       VALUE  FROM      YEAR
                                                  NORMAL
..................................................................
TEMPERATURE (F)
 YESTERDAY
  MAXIMUM         34    209 PM  51    1980  33      1       30
  MINIMUM         25    949 PM  -3    2008  15     10        4
  AVERAGE         30                        24      6       17

PRECIPITATION (IN)
  YESTERDAY        T             0.21 1983   0.04  -0.04     0.00
  MONTH TO DATE    1.35                      0.80   0.55     0.58
  SINCE OCT 1      2.07                      2.33  -0.26     1.12
  SINCE JAN 1      8.07                      9.95  -1.88     8.89

DEGREE DAYS
 HEATING
  YESTERDAY       35                        41     -6       48
  MONTH TO DATE  734                      1000   -266     1133
  SINCE DEC 1    734                      1000   -266     1133
  SINCE JUL 1   2537                      3037   -500     3058

 COOLING
  YESTERDAY        0                         0      0        0
  MONTH TO DATE    0                         0      0        0
  SINCE DEC 1      0                         0      0        0
  SINCE JAN 1    250                       169     81      258
..................................................................


WIND (MPH)
  RESULTANT WIND SPEED  12   RESULTANT WIND DIRECTION   N (340)
  HIGHEST WIND SPEED    24   HIGHEST WIND DIRECTION    NW (330)
  HIGHEST GUST SPEED    31   HIGHEST GUST DIRECTION    NW (320)
  AVERAGE WIND SPEED    12.9


SKY COVER
  AVERAGE SKY COVER 0.4


WEATHER CONDITIONS
 THE FOLLOWING WEATHER WAS RECORDED YESTERDAY.
  FOG


RELATIVE HUMIDITY (PERCENT)
 HIGHEST    92           900 PM
 LOWEST     69          1200 PM
 AVERAGE    81

..........................................................


THE BAKER OR CLIMATE NORMALS FOR TODAY
                         NORMAL    RECORD    YEAR
 MAXIMUM TEMPERATURE (F)   33        52      1980
 MINIMUM TEMPERATURE (F)   15        -6      1988


SUNRISE AND SUNSET
DECEMBER 26 2014......SUNRISE   728 AM PST   SUNSET   416 PM PST
DECEMBER 27 2014......SUNRISE   728 AM PST   SUNSET   417 PM PST


-  INDICATES NEGATIVE NUMBERS.
R  INDICATES RECORD WAS SET OR TIED.
MM INDICATES DATA IS MISSING.
T  INDICATES TRACE AMOUNT.




$$
