000
CDUS41 KRLX 270717
CLIBKW


CLIMATE REPORT
NATIONAL WEATHER SERVICE CHARLESTON WV
316 AM EDT WED JUL 27 2016


...................................

...THE BECKLEY WV CLIMATE SUMMARY FOR JULY 26 2016...

CLIMATE NORMAL PERIOD 1981 TO 2010
CLIMATE RECORD PERIOD 1963 TO 2016


WEATHER ITEM   OBSERVED TIME   RECORD YEAR NORMAL DEPARTURE LAST
                VALUE   (LST)  VALUE       VALUE  FROM      YEAR
                                                  NORMAL
..................................................................
TEMPERATURE (F)
 YESTERDAY
  MAXIMUM         87    448 PM  93    1934  80      7       83
  MINIMUM         67    441 AM  42    1911  61      6       60
  AVERAGE         77                        70      7       72

PRECIPITATION (IN)
  YESTERDAY        0.01          3.48 2001   0.16  -0.15     0.00
  MONTH TO DATE    4.68                      4.18   0.50     7.70
  SINCE JAN 1     29.86                     25.34   4.52    33.01

SNOWFALL (IN)
  YESTERDAY        0.0
  MONTH TO DATE    0.0
  SINCE SEP 1     45.5
  SNOW DEPTH       0

DEGREE DAYS
 HEATING
  YESTERDAY        0                         0      0        0
  MONTH TO DATE    0                         0      0        0
  SINCE JUN 1     16                        39    -23       10
  SINCE JUL 1      0                         0      0        0

 COOLING
  YESTERDAY       12                         6      6        7
  MONTH TO DATE  206                       156     50      166
  SINCE JUN 1    345                       267     78      354
  SINCE JAN 1    386                       308     78      460
..................................................................


WIND (MPH)
  HIGHEST WIND SPEED    22   HIGHEST WIND DIRECTION     N (360)
  HIGHEST GUST SPEED    27   HIGHEST GUST DIRECTION     N (360)
  AVERAGE WIND SPEED     3.6


SKY COVER
  POSSIBLE SUNSHINE  MM
  AVERAGE SKY COVER 0.3


WEATHER CONDITIONS
 THE FOLLOWING WEATHER WAS RECORDED YESTERDAY.
  THUNDERSTORM
  LIGHT RAIN
  FOG


RELATIVE HUMIDITY (PERCENT)
 HIGHEST    97          1000 PM
 LOWEST     57           300 PM
 AVERAGE    77

..........................................................


THE BECKLEY WV CLIMATE NORMALS FOR TODAY
                         NORMAL    RECORD    YEAR
 MAXIMUM TEMPERATURE (F)   80        95      1896
 MINIMUM TEMPERATURE (F)   61        42      1962


SUNRISE AND SUNSET
JULY 27 2016..........SUNRISE   624 AM EDT   SUNSET   837 PM EDT
JULY 28 2016..........SUNRISE   625 AM EDT   SUNSET   836 PM EDT


-  INDICATES NEGATIVE NUMBERS.
R  INDICATES RECORD WAS SET OR TIED.
MM INDICATES DATA IS MISSING.
T  INDICATES TRACE AMOUNT.




$$
