000
CDUS41 KRLX 240741
CLIBKW


CLIMATE REPORT
NATIONAL WEATHER SERVICE CHARLESTON WV
338 AM EDT SAT JUN 24 2017


...................................

...THE BECKLEY WV CLIMATE SUMMARY FOR JUNE 23 2017...

CLIMATE NORMAL PERIOD 1981 TO 2010
CLIMATE RECORD PERIOD 1963 TO 2017


WEATHER ITEM   OBSERVED TIME   RECORD YEAR NORMAL DEPARTURE LAST
                VALUE   (LST)  VALUE       VALUE  FROM      YEAR
                                                  NORMAL
..................................................................
TEMPERATURE (F)
 YESTERDAY
  MAXIMUM         80    529 PM  91    1931  79      1       81
                                      1914
  MINIMUM         64   1159 PM  39    1915  60      4       64
  AVERAGE         72                        69      3       73

PRECIPITATION (IN)
  YESTERDAY        0.46          1.67 2016   0.13   0.33     1.67
  MONTH TO DATE    7.37                      3.04   4.33     6.13
  SINCE JAN 1     27.83                     20.20   7.63    23.24

SNOWFALL (IN)
  YESTERDAY        0.0
  MONTH TO DATE    0.0
  SINCE SEP 1     26.0
  SNOW DEPTH       0

DEGREE DAYS
 HEATING
  YESTERDAY        0                         1     -1        0
  MONTH TO DATE   28                        38    -10       16
  SINCE JUN 1     28                        38    -10       16
  SINCE JUL 1   4245                      5339  -1094     4395

 COOLING
  YESTERDAY        7                         5      2        8
  MONTH TO DATE   82                        75      7      102
  SINCE JUN 1     82                        75      7      102
  SINCE JAN 1    147                       116     31      143
..................................................................


WIND (MPH)
  HIGHEST WIND SPEED    28   HIGHEST WIND DIRECTION    NW (330)
  HIGHEST GUST SPEED    38   HIGHEST GUST DIRECTION    NW (320)
  AVERAGE WIND SPEED    11.5


SKY COVER
  POSSIBLE SUNSHINE  MM
  AVERAGE SKY COVER 0.7


WEATHER CONDITIONS
 THE FOLLOWING WEATHER WAS RECORDED YESTERDAY.
  HEAVY RAIN
  RAIN
  LIGHT RAIN
  FOG


RELATIVE HUMIDITY (PERCENT)
 HIGHEST    93          1200 AM
 LOWEST     58           500 PM
 AVERAGE    76

..........................................................


THE BECKLEY WV CLIMATE NORMALS FOR TODAY
                         NORMAL    RECORD    YEAR
 MAXIMUM TEMPERATURE (F)   79        90      1949
                                             1931
                                             1914
 MINIMUM TEMPERATURE (F)   60        40      1918


SUNRISE AND SUNSET
JUNE 24 2017..........SUNRISE   604 AM EDT   SUNSET   850 PM EDT
JUNE 25 2017..........SUNRISE   604 AM EDT   SUNSET   850 PM EDT


-  INDICATES NEGATIVE NUMBERS.
R  INDICATES RECORD WAS SET OR TIED.
MM INDICATES DATA IS MISSING.
T  INDICATES TRACE AMOUNT.




$$
