000
CDUS41 KRLX 272231
CLIBKW


CLIMATE REPORT
NATIONAL WEATHER SERVICE CHARLESTON WV
528 PM EST TUE JAN 27 2015


...................................

...THE BECKLEY WV CLIMATE SUMMARY FOR JANUARY 27 2015...
VALID TODAY AS OF 0500 PM LOCAL TIME.

CLIMATE NORMAL PERIOD 1981 TO 2010
CLIMATE RECORD PERIOD 1963 TO 2015


WEATHER ITEM   OBSERVED TIME   RECORD YEAR NORMAL DEPARTURE LAST
                VALUE   (LST)  VALUE       VALUE  FROM      YEAR
                                                  NORMAL
..................................................................
TEMPERATURE (F)
 TODAY
  MAXIMUM         27    203 PM  69    1916  40    -13       42
  MINIMUM         16    748 AM -12    1936  23     -7        7
  AVERAGE         22                        32    -10       25

PRECIPITATION (IN)
  TODAY            T             1.19 1998   0.09  -0.09     0.03
  MONTH TO DATE    1.93                      2.45  -0.52     1.90
  SINCE DEC 1      4.92                      5.45  -0.53     8.26
  SINCE JAN 1      1.93                      2.45  -0.52     1.90

DEGREE DAYS
 HEATING
  TODAY           43                        34      9       40
  MONTH TO DATE  923                       918      5     1038
  SINCE DEC 1   1775                      1871    -96     1894
  SINCE JUL 1   3016                      3011      5     3076

 COOLING
  TODAY            0                         0      0        0
  MONTH TO DATE    0                         0      0        0
  SINCE DEC 1      0                         0      0        0
  SINCE JAN 1      0                         0      0        0
..................................................................


WIND (MPH)
  HIGHEST WIND SPEED    16   HIGHEST WIND DIRECTION    NW (320)
  HIGHEST GUST SPEED    21   HIGHEST GUST DIRECTION    NW (330)
  AVERAGE WIND SPEED    10.8


SKY COVER
  POSSIBLE SUNSHINE  MM
  AVERAGE SKY COVER 0.3


WEATHER CONDITIONS
 THE FOLLOWING WEATHER WAS RECORDED TODAY.
  LIGHT SNOW


RELATIVE HUMIDITY (PERCENT)
 HIGHEST    77           200 AM
 LOWEST     40          1200 PM
 AVERAGE    59

..........................................................


THE BECKLEY WV CLIMATE NORMALS FOR TOMORROW
                         NORMAL    RECORD    YEAR
 MAXIMUM TEMPERATURE (F)   40        70      1916
                                             1914
 MINIMUM TEMPERATURE (F)   23       -17      1963


SUNRISE AND SUNSET
JANUARY 27 2015.......SUNRISE   733 AM EST   SUNSET   542 PM EST
JANUARY 28 2015.......SUNRISE   732 AM EST   SUNSET   543 PM EST


-  INDICATES NEGATIVE NUMBERS.
R  INDICATES RECORD WAS SET OR TIED.
MM INDICATES DATA IS MISSING.
T  INDICATES TRACE AMOUNT.




$$
