000
CDUS41 KRLX 030729
CLIBKW


CLIMATE REPORT
NATIONAL WEATHER SERVICE CHARLESTON WV
327 AM EDT FRI JUL 3 2015


...................................

...THE BECKLEY WV CLIMATE SUMMARY FOR JULY 2 2015...

CLIMATE NORMAL PERIOD 1981 TO 2010
CLIMATE RECORD PERIOD 1963 TO 2015


WEATHER ITEM   OBSERVED TIME   RECORD YEAR NORMAL DEPARTURE LAST
                VALUE   (LST)  VALUE       VALUE  FROM      YEAR
                                                  NORMAL
..................................................................
TEMPERATURE (F)
 YESTERDAY
  MAXIMUM         68    418 PM  94    1931  80    -12       84
  MINIMUM         62    125 PM  42    1937  61      1       69
  AVERAGE         65                        70     -5       77

PRECIPITATION (IN)
  YESTERDAY        1.25          2.69 1984   0.15   1.10     0.00
  MONTH TO DATE    1.27                      0.30   0.97     0.07
  SINCE JAN 1     26.58                     21.46   5.12    18.05

SNOWFALL (IN)
  YESTERDAY        0.0
  MONTH TO DATE    0.0
  SINCE SEP 1     66.2
  SNOW DEPTH       0

DEGREE DAYS
 HEATING
  YESTERDAY        0                         0      0        0
  MONTH TO DATE    0                         0      0        0
  SINCE JUN 1     10                        39    -29       12
  SINCE JUL 1      0                         0      0        0

 COOLING
  YESTERDAY        0                         6     -6       12
  MONTH TO DATE    3                        12     -9       23
  SINCE JUN 1    191                       123     68      194
  SINCE JAN 1    297                       164    133      269
..................................................................


WIND (MPH)
  HIGHEST WIND SPEED    10   HIGHEST WIND DIRECTION     N (360)
  HIGHEST GUST SPEED    13   HIGHEST GUST DIRECTION     W (260)
  AVERAGE WIND SPEED     4.0


SKY COVER
  POSSIBLE SUNSHINE  MM
  AVERAGE SKY COVER 1.0


WEATHER CONDITIONS
 THE FOLLOWING WEATHER WAS RECORDED YESTERDAY.
  HEAVY RAIN
  RAIN
  LIGHT RAIN
  FOG
  HAZE


RELATIVE HUMIDITY (PERCENT)
 HIGHEST    93           100 AM
 LOWEST     76          1000 AM
 AVERAGE    85

..........................................................


THE BECKLEY WV CLIMATE NORMALS FOR TODAY
                         NORMAL    RECORD    YEAR
 MAXIMUM TEMPERATURE (F)   80        93      1931
 MINIMUM TEMPERATURE (F)   61        44      1957


SUNRISE AND SUNSET
JULY  3 2015..........SUNRISE   607 AM EDT   SUNSET   850 PM EDT
JULY  4 2015..........SUNRISE   608 AM EDT   SUNSET   850 PM EDT


-  INDICATES NEGATIVE NUMBERS.
R  INDICATES RECORD WAS SET OR TIED.
MM INDICATES DATA IS MISSING.
T  INDICATES TRACE AMOUNT.




$$
