292
CDUS41 KRLX 232132
CLIBKW


CLIMATE REPORT
NATIONAL WEATHER SERVICE CHARLESTON WV
531 PM EDT THU MAR 23 2017


...................................

...THE BECKLEY WV CLIMATE SUMMARY FOR MARCH 23 2017...
VALID TODAY AS OF 0500 PM LOCAL TIME.

CLIMATE NORMAL PERIOD 1981 TO 2010
CLIMATE RECORD PERIOD 1963 TO 2017


WEATHER ITEM   OBSERVED TIME   RECORD YEAR NORMAL DEPARTURE LAST
                VALUE   (LST)  VALUE       VALUE  FROM      YEAR
                                                  NORMAL
..................................................................
TEMPERATURE (F)
 TODAY
  MAXIMUM         55    353 PM  83    1907  54      1       70
  MINIMUM         25    300 AM  11    1940  34     -9       42
  AVERAGE         40                        44     -4       56

PRECIPITATION (IN)
  TODAY            0.00          1.20 1952   0.12  -0.12     0.00
  MONTH TO DATE    2.32                      2.62  -0.30     1.77
  SINCE MAR 1      2.32                      2.62  -0.30     1.77
  SINCE JAN 1      8.69                      8.19   0.50     7.63

DEGREE DAYS
 HEATING
  TODAY           25                        21      4        9
  MONTH TO DATE  635                       557     78      361
  SINCE MAR 1    635                       557     78      361
  SINCE JUL 1   3769                      4558   -789     3736

 COOLING
  TODAY            0                         0      0        0
  MONTH TO DATE    0                         0      0        2
  SINCE MAR 1      0                         0      0        2
  SINCE JAN 1      0                         0      0        2
..................................................................


WIND (MPH)
  HIGHEST WIND SPEED    18   HIGHEST WIND DIRECTION    SE (140)
  HIGHEST GUST SPEED    28   HIGHEST GUST DIRECTION     S (160)
  AVERAGE WIND SPEED     8.2


SKY COVER
  POSSIBLE SUNSHINE  MM
  AVERAGE SKY COVER 0.0


WEATHER CONDITIONS
 THE FOLLOWING WEATHER WAS RECORDED TODAY.
  NO SIGNIFICANT WEATHER WAS OBSERVED.


RELATIVE HUMIDITY (PERCENT)
 HIGHEST    57           100 AM
 LOWEST     26           300 PM
 AVERAGE    42

..........................................................


THE BECKLEY WV CLIMATE NORMALS FOR TOMORROW
                         NORMAL    RECORD    YEAR
 MAXIMUM TEMPERATURE (F)   55        80      1910
 MINIMUM TEMPERATURE (F)   35         6      1940


SUNRISE AND SUNSET
MARCH 23 2017.........SUNRISE   723 AM EDT   SUNSET   739 PM EDT
MARCH 24 2017.........SUNRISE   722 AM EDT   SUNSET   740 PM EDT


-  INDICATES NEGATIVE NUMBERS.
R  INDICATES RECORD WAS SET OR TIED.
MM INDICATES DATA IS MISSING.
T  INDICATES TRACE AMOUNT.




$$
