000
CDUS41 KRLX 012217
CLIBKW


CLIMATE REPORT
NATIONAL WEATHER SERVICE CHARLESTON WV
516 PM EST SUN MAR 1 2015


...................................

...THE BECKLEY WV CLIMATE SUMMARY FOR MARCH 1 2015...
VALID TODAY AS OF 0500 PM LOCAL TIME.

CLIMATE NORMAL PERIOD 1981 TO 2010
CLIMATE RECORD PERIOD 1963 TO 2015


WEATHER ITEM   OBSERVED TIME   RECORD YEAR NORMAL DEPARTURE LAST
                VALUE   (LST)  VALUE       VALUE  FROM      YEAR
                                                  NORMAL
..................................................................
TEMPERATURE (F)
 TODAY
  MAXIMUM         41   1153 AM  70    1976  47     -6       50
                                      1972
  MINIMUM         29    318 AM   4    1960  28      1       28
  AVERAGE         35                        38     -3       39

PRECIPITATION (IN)
  TODAY            0.08          1.15 1954   0.11  -0.03     0.00
  MONTH TO DATE    0.08                      0.11  -0.03     0.00
  SINCE MAR 1      0.08                      0.11  -0.03     0.00
  SINCE JAN 1      6.73                      5.68   1.05     5.10

DEGREE DAYS
 HEATING
  TODAY           30                        27      3       26
  MONTH TO DATE   30                        27      3       26
  SINCE MAR 1     30                        27      3       26
  SINCE JUL 1   4363                      4028    335     4234

 COOLING
  TODAY            0                         0      0        0
  MONTH TO DATE    0                         0      0        0
  SINCE MAR 1      0                         0      0        0
  SINCE JAN 1      0                         0      0        0
..................................................................


WIND (MPH)
  HIGHEST WIND SPEED    16   HIGHEST WIND DIRECTION    SE (150)
  HIGHEST GUST SPEED    26   HIGHEST GUST DIRECTION     S (160)
  AVERAGE WIND SPEED     8.8


SKY COVER
  POSSIBLE SUNSHINE  MM
  AVERAGE SKY COVER 1.0


WEATHER CONDITIONS
 THE FOLLOWING WEATHER WAS RECORDED TODAY.
  LIGHT RAIN
  LT FREEZING RAIN
  LIGHT SNOW
  FOG


RELATIVE HUMIDITY (PERCENT)
 HIGHEST    89           500 PM
 LOWEST     53           400 AM
 AVERAGE    71

..........................................................


THE BECKLEY WV CLIMATE NORMALS FOR TOMORROW
                         NORMAL    RECORD    YEAR
 MAXIMUM TEMPERATURE (F)   47        72      1976
 MINIMUM TEMPERATURE (F)   29         3      1980


SUNRISE AND SUNSET
MARCH  1 2015.........SUNRISE   656 AM EST   SUNSET   618 PM EST
MARCH  2 2015.........SUNRISE   655 AM EST   SUNSET   619 PM EST


-  INDICATES NEGATIVE NUMBERS.
R  INDICATES RECORD WAS SET OR TIED.
MM INDICATES DATA IS MISSING.
T  INDICATES TRACE AMOUNT.




$$
