000
CDUS41 KRLX 012124
CLIBKW


CLIMATE REPORT
NATIONAL WEATHER SERVICE CHARLESTON WV
521 PM EDT SAT AUG 1 2015


...................................

...THE BECKLEY WV CLIMATE SUMMARY FOR AUGUST 1 2015...
VALID TODAY AS OF 0500 PM LOCAL TIME.

CLIMATE NORMAL PERIOD 1981 TO 2010
CLIMATE RECORD PERIOD 1963 TO 2015


WEATHER ITEM   OBSERVED TIME   RECORD YEAR NORMAL DEPARTURE LAST
                VALUE   (LST)  VALUE       VALUE  FROM      YEAR
                                                  NORMAL
..................................................................
TEMPERATURE (F)
 TODAY
  MAXIMUM         79    332 PM  94    1931  80     -1       74
  MINIMUM         61    553 AM  46    1912  61      0       61
  AVERAGE         70                        70      0       68

PRECIPITATION (IN)
  TODAY            0.00          0.95 1932   0.14  -0.14     0.00
  MONTH TO DATE    0.00                      0.14  -0.14     0.00
  SINCE JUN 1     14.48                      9.17   5.31     6.27
  SINCE JAN 1     34.42                     26.33   8.09    20.39

DEGREE DAYS
 HEATING
  TODAY            0                         0      0        0
  MONTH TO DATE    0                         0      0        0
  SINCE JUN 1     10                        47    -37       34
  SINCE JUL 1      0                         8     -8       22

 COOLING
  TODAY            5                         6     -1        3
  MONTH TO DATE    5                         6     -1        3
  SINCE JUN 1    402                       298    104      325
  SINCE JAN 1    508                       339    169      400
..................................................................


WIND (MPH)
  HIGHEST WIND SPEED    14   HIGHEST WIND DIRECTION    NW (320)
  HIGHEST GUST SPEED    18   HIGHEST GUST DIRECTION     N (350)
  AVERAGE WIND SPEED     6.3


SKY COVER
  POSSIBLE SUNSHINE  MM
  AVERAGE SKY COVER 0.2


WEATHER CONDITIONS
 THE FOLLOWING WEATHER WAS RECORDED TODAY.
  NO SIGNIFICANT WEATHER WAS OBSERVED.


RELATIVE HUMIDITY (PERCENT)
 HIGHEST    84           600 AM
 LOWEST     39           200 PM
 AVERAGE    62

..........................................................


THE BECKLEY WV CLIMATE NORMALS FOR TOMORROW
                         NORMAL    RECORD    YEAR
 MAXIMUM TEMPERATURE (F)   80        95      1926
 MINIMUM TEMPERATURE (F)   61        42      1940


SUNRISE AND SUNSET
AUGUST  1 2015........SUNRISE   628 AM EDT   SUNSET   833 PM EDT
AUGUST  2 2015........SUNRISE   629 AM EDT   SUNSET   832 PM EDT


-  INDICATES NEGATIVE NUMBERS.
R  INDICATES RECORD WAS SET OR TIED.
MM INDICATES DATA IS MISSING.
T  INDICATES TRACE AMOUNT.




$$
