000
CDUS41 KRNK 280940
CLIBLF


CLIMATE REPORT
NATIONAL WEATHER SERVICE BLACKSBURG VA
530 AM EDT SAT MAR 28 2015


...................................

...THE BLUEFIELD WV CLIMATE SUMMARY FOR MARCH 27 2015...

CLIMATE NORMAL PERIOD 1981 TO 2010
CLIMATE RECORD PERIOD 1959 TO 2015


WEATHER ITEM   OBSERVED TIME   RECORD YEAR NORMAL DEPARTURE LAST
                VALUE   (LST)  VALUE       VALUE  FROM      YEAR
                                                  NORMAL
..................................................................
TEMPERATURE (F)
 YESTERDAY
  MAXIMUM         44    243 PM  81    2007  58    -14       57
  MINIMUM         28   1159 PM  18    1982  40    -12       24
  AVERAGE         36                        49    -13

PRECIPITATION (IN)
  YESTERDAY        0.06          1.02 1994   0.12  -0.06     0.00
  MONTH TO DATE    4.99                      3.06   1.93     1.54
  SINCE MAR 1      4.99                      3.06   1.93     1.54
  SINCE JAN 1      8.55                      8.72  -0.17     5.67

SNOWFALL (IN)
  YESTERDAY        0.1
  MONTH TO DATE    3.0
  SINCE MAR 1      3.0
  SINCE JUL 1     39.6
  SNOW DEPTH       0

DEGREE DAYS
 HEATING
  YESTERDAY       29                        16     13
  MONTH TO DATE  489                       553    -64
  SINCE MAR 1    489                       553    -64
  SINCE JUL 1   4409                      4046    363

 COOLING
  YESTERDAY        0                         0      0
  MONTH TO DATE    0                         0      0
  SINCE MAR 1      0                         0      0
  SINCE JAN 1      0                         0      0
..................................................................


WIND (MPH)
  HIGHEST WIND SPEED    17   HIGHEST WIND DIRECTION    NW (310)
  HIGHEST GUST SPEED    25   HIGHEST GUST DIRECTION    NW (310)
  AVERAGE WIND SPEED     8.1


SKY COVER
  POSSIBLE SUNSHINE  MM
  AVERAGE SKY COVER 0.9


WEATHER CONDITIONS
 THE FOLLOWING WEATHER WAS RECORDED YESTERDAY.
  LIGHT RAIN
  LIGHT SNOW
  FOG
  FOG W/VISIBILITY <= 1/4 MILE
  HAZE


RELATIVE HUMIDITY (PERCENT)
 HIGHEST    85          1200 AM
 LOWEST     43           300 PM
 AVERAGE    64

..........................................................


THE BLUEFIELD WV CLIMATE NORMALS FOR TODAY
                         NORMAL    RECORD    YEAR
 MAXIMUM TEMPERATURE (F)   59        81      1989
 MINIMUM TEMPERATURE (F)   40        14      1982


SUNRISE AND SUNSET
MARCH 28 2015.........SUNRISE   717 AM EDT   SUNSET   744 PM EDT
MARCH 29 2015.........SUNRISE   715 AM EDT   SUNSET   745 PM EDT


-  INDICATES NEGATIVE NUMBERS.
R  INDICATES RECORD WAS SET OR TIED.
MM INDICATES DATA IS MISSING.
T  INDICATES TRACE AMOUNT.




$$
