000
CDUS41 KRNK 020819
CLIBLF


CLIMATE REPORT
NATIONAL WEATHER SERVICE BLACKSBURG VA
414 AM EDT TUE JUN 2 2015


...................................

...THE BLUEFIELD WV CLIMATE SUMMARY FOR JUNE 1 2015...

CLIMATE NORMAL PERIOD 1981 TO 2010
CLIMATE RECORD PERIOD 1959 TO 2015


WEATHER ITEM   OBSERVED TIME   RECORD YEAR NORMAL DEPARTURE LAST
                VALUE   (LST)  VALUE       VALUE  FROM      YEAR
                                                  NORMAL
..................................................................
TEMPERATURE (F)
 YESTERDAY
  MAXIMUM         79    105 PM  87    2011  75      4       76
  MINIMUM         62    608 AM  39    1972  57      5       59
  AVERAGE         71                        66      5       68

PRECIPITATION (IN)
  YESTERDAY       MM             0.87 2002   0.15  MM        0.00
  MONTH TO DATE   MM                         0.15  MM        0.00
  SINCE JUN 1     MM                         0.15  MM        0.00
  SINCE JAN 1     15.79                     16.97  -1.18    11.66

SNOWFALL (IN)
  YESTERDAY        0.0                                       0.0
  MONTH TO DATE    0.0                                       0.0
  SINCE JUN 1      0.0                                       0.0
  SINCE JUL 1     39.7                                      47.0
  SNOW DEPTH       0

DEGREE DAYS
 HEATING
  YESTERDAY        0                         2     -2        0
  MONTH TO DATE    0                         2     -2        0
  SINCE JUN 1      0                         2     -2        0
  SINCE JUL 1   4835                      4568    267     4652

 COOLING
  YESTERDAY        6                         3      3        3
  MONTH TO DATE    6                         3      3        3
  SINCE JUN 1      6                         3      3        3
  SINCE JAN 1    163                        94     69      132
..................................................................


WIND (MPH)
  HIGHEST WIND SPEED    14   HIGHEST WIND DIRECTION    SE (140)
  HIGHEST GUST SPEED    22   HIGHEST GUST DIRECTION    SE (150)
  AVERAGE WIND SPEED     3.7


SKY COVER
  AVERAGE SKY COVER 0.7


WEATHER CONDITIONS
 THE FOLLOWING WEATHER WAS RECORDED YESTERDAY.
  THUNDERSTORM
  RAIN
  LIGHT RAIN
  FOG


RELATIVE HUMIDITY (PERCENT)
 HIGHEST    90          1100 PM
 LOWEST     57           900 AM
 AVERAGE    74

..........................................................


THE BLUEFIELD WV CLIMATE NORMALS FOR TODAY
                         NORMAL    RECORD    YEAR
 MAXIMUM TEMPERATURE (F)   76        86      2009
 MINIMUM TEMPERATURE (F)   58        40      2003


SUNRISE AND SUNSET
JUNE  2 2015..........SUNRISE   606 AM EDT   SUNSET   840 PM EDT
JUNE  3 2015..........SUNRISE   605 AM EDT   SUNSET   841 PM EDT


-  INDICATES NEGATIVE NUMBERS.
R  INDICATES RECORD WAS SET OR TIED.
MM INDICATES DATA IS MISSING.
T  INDICATES TRACE AMOUNT.

REMARKS:
DUE TO EQUIPMENT FAILURE RESULTING IN MISSING PRECIPIATION.


$$
