000
CDUS41 KRNK 172232
CLIBLF


CLIMATE REPORT
NATIONAL WEATHER SERVICE BLACKSBURG VA
530 PM EST FRI NOV 17 2017


...................................

...THE BLUEFIELD WV CLIMATE SUMMARY FOR NOVEMBER 17 2017...
VALID TODAY AS OF 0500 PM LOCAL TIME.

CLIMATE NORMAL PERIOD 1981 TO 2010
CLIMATE RECORD PERIOD 1959 TO 2017


WEATHER ITEM   OBSERVED TIME   RECORD YEAR NORMAL DEPARTURE LAST
                VALUE   (LST)  VALUE       VALUE  FROM      YEAR
                                                  NORMAL
..................................................................
TEMPERATURE (F)
 TODAY
  MAXIMUM         56    327 PM  71    2013  55      1       64
  MINIMUM         26    716 AM  11    1959  38    -12       40
  AVERAGE         41                        47     -6       52

PRECIPITATION (IN)
  TODAY            0.00          1.02 1987   0.10  -0.10     0.00
  MONTH TO DATE    0.99                      1.47  -0.48     0.35
  SINCE SEP 1      6.89                      7.11  -0.22     2.77
  SINCE JAN 1     38.95                     35.50   3.45    29.66

SNOWFALL (IN)
  TODAY            0.0                                       0.0
  MONTH TO DATE    0.0                                       0.0
  SINCE SEP 1      0.3                                       0.0
  SINCE JUL 1      0.3                                       0.0
  SNOW DEPTH       0

DEGREE DAYS
 HEATING
  TODAY           24                        18      6       13
  MONTH TO DATE  322                       266     56      230
  SINCE SEP 1    721                       624     97      496
  SINCE JUL 1    747                       630    117      496

 COOLING
  TODAY            0                         0      0        0
  MONTH TO DATE    0                         0      0        1
  SINCE SEP 1     64                       117    -53      129
  SINCE JAN 1    488                       851   -363      737
..................................................................


WIND (MPH)
  HIGHEST WIND SPEED     9   HIGHEST WIND DIRECTION    NW (310)
  HIGHEST GUST SPEED    14   HIGHEST GUST DIRECTION     W (290)
  AVERAGE WIND SPEED     4.3


SKY COVER
  AVERAGE SKY COVER 0.3


WEATHER CONDITIONS
 THE FOLLOWING WEATHER WAS RECORDED TODAY.
  NO SIGNIFICANT WEATHER WAS OBSERVED.


RELATIVE HUMIDITY (PERCENT)
 HIGHEST    92           700 AM
 LOWEST     19           300 PM
 AVERAGE    56

..........................................................


THE BLUEFIELD WV CLIMATE NORMALS FOR TOMORROW
                         NORMAL    RECORD    YEAR
 MAXIMUM TEMPERATURE (F)   55        72      2016
 MINIMUM TEMPERATURE (F)   38         9      1959


SUNRISE AND SUNSET
NOVEMBER 17 2017......SUNRISE   706 AM EST   SUNSET   513 PM EST
NOVEMBER 18 2017......SUNRISE   707 AM EST   SUNSET   512 PM EST


-  INDICATES NEGATIVE NUMBERS.
R  INDICATES RECORD WAS SET OR TIED.
MM INDICATES DATA IS MISSING.
T  INDICATES TRACE AMOUNT.

$$

RAB
