000
CDUS41 KRNK 220705
CLIBLF


CLIMATE REPORT
NATIONAL WEATHER SERVICE BLACKSBURG VA
304 AM EDT FRI SEP 22 2017


...................................

...THE BLUEFIELD WV CLIMATE SUMMARY FOR SEPTEMBER 21 2017...

CLIMATE NORMAL PERIOD 1981 TO 2010
CLIMATE RECORD PERIOD 1959 TO 2017


WEATHER ITEM   OBSERVED TIME   RECORD YEAR NORMAL DEPARTURE LAST
                VALUE   (LST)  VALUE       VALUE  FROM      YEAR
                                                  NORMAL
..................................................................
TEMPERATURE (F)
 YESTERDAY
  MAXIMUM         79    335 PM  86    2010  73      6       78
  MINIMUM         59    639 AM  36    1962  55      4       56
  AVERAGE         69                        64      5       67

PRECIPITATION (IN)
  YESTERDAY        T             1.36 1979   0.11  -0.11     0.00
  MONTH TO DATE    0.84                      2.19  -1.35     0.69
  SINCE SEP 1      0.84                      2.19  -1.35     0.69
  SINCE JAN 1     32.90                     30.58   2.32    27.58

SNOWFALL (IN)
  YESTERDAY        0.0                                       0.0
  MONTH TO DATE    0.0                                       0.0
  SINCE SEP 1      0.0                                       0.0
  SINCE JUL 1      0.0                                       0.0
  SNOW DEPTH       0

DEGREE DAYS
 HEATING
  YESTERDAY        0                         3     -3        0
  MONTH TO DATE  102                        32     70        8
  SINCE SEP 1    102                        32     70        8
  SINCE JUL 1    128                        38     90        8

 COOLING
  YESTERDAY        4                         2      2        2
  MONTH TO DATE   14                        83    -69       94
  SINCE SEP 1     14                        83    -69       94
  SINCE JAN 1    438                       817   -379      702
..................................................................


WIND (MPH)
  HIGHEST WIND SPEED     9   HIGHEST WIND DIRECTION     N (10)
  HIGHEST GUST SPEED    13   HIGHEST GUST DIRECTION     N (350)
  AVERAGE WIND SPEED     3.5


SKY COVER
  AVERAGE SKY COVER 0.3


WEATHER CONDITIONS
 THE FOLLOWING WEATHER WAS RECORDED YESTERDAY.
  THUNDERSTORM
  LIGHT RAIN


RELATIVE HUMIDITY (PERCENT)
 HIGHEST    90           100 AM
 LOWEST     48           300 PM
 AVERAGE    69

..........................................................


THE BLUEFIELD WV CLIMATE NORMALS FOR TODAY
                         NORMAL    RECORD    YEAR
 MAXIMUM TEMPERATURE (F)   72        85      2010
                                             2005
 MINIMUM TEMPERATURE (F)   55        36      1983


SUNRISE AND SUNSET
SEPTEMBER 22 2017.....SUNRISE   713 AM EDT   SUNSET   721 PM EDT
SEPTEMBER 23 2017.....SUNRISE   714 AM EDT   SUNSET   720 PM EDT


-  INDICATES NEGATIVE NUMBERS.
R  INDICATES RECORD WAS SET OR TIED.
MM INDICATES DATA IS MISSING.
T  INDICATES TRACE AMOUNT.




$$
