000
CDUS46 KSEW 060828
CLIBLI


CLIMATE REPORT
NATIONAL WEATHER SERVICE SEATTLE WA
128 AM PDT MON JUL 6 2015


...................................

...THE BELLINGHAM WA AIRPORT CLIMATE SUMMARY FOR JULY 5 2015...

CLIMATE NORMAL PERIOD 1981 TO 2010
CLIMATE RECORD PERIOD 1949 TO 2015


WEATHER ITEM   OBSERVED TIME   RECORD YEAR NORMAL DEPARTURE LAST
                VALUE   (LST)  VALUE       VALUE  FROM      YEAR
                                                  NORMAL
..................................................................
TEMPERATURE (F)
 YESTERDAY
  MAXIMUM         93R  1138 AM  87    1958  70     23       68
  MINIMUM         55    232 AM  41    1951  53      2       58
  AVERAGE         74                        61     13       63

PRECIPITATION (IN)
  YESTERDAY        0.00          1.59 1992   0.04  -0.04     0.01
  MONTH TO DATE    0.00                      0.23  -0.23     0.01
  SINCE OCT 1     29.63                     31.87  -2.24    28.28
  SINCE JAN 1     14.90                     18.17  -3.27    17.97

DEGREE DAYS
 HEATING
  YESTERDAY        0                         4     -4        2
  MONTH TO DATE    0                        20    -20       11
  SINCE JUN 1     69                       221   -152      147

 COOLING
  YESTERDAY        9                         0      9        0
  MONTH TO DATE   33                         0     33        4
  SINCE JUN 1     81                         4     77        5
  SINCE JAN 1     81                         4     77        6
..................................................................


WIND (MPH)
  RESULTANT WIND SPEED   3   RESULTANT WIND DIRECTION   N (20)
  HIGHEST WIND SPEED    23   HIGHEST WIND DIRECTION    NE (30)
  HIGHEST GUST SPEED    35   HIGHEST GUST DIRECTION    NE (30)
  AVERAGE WIND SPEED     6.0


SKY COVER
  AVERAGE SKY COVER 0.3


WEATHER CONDITIONS
 THE FOLLOWING WEATHER WAS RECORDED YESTERDAY.
  HAZE


RELATIVE HUMIDITY (PERCENT)
 HIGHEST    80           300 AM
 LOWEST     18          1100 AM
 AVERAGE    49

..........................................................


THE BELLINGHAM WA AIRPORT CLIMATE NORMALS FOR TODAY
                         NORMAL    RECORD    YEAR
 MAXIMUM TEMPERATURE (F)   70        87      1958
 MINIMUM TEMPERATURE (F)   53        40      1952


SUNRISE AND SUNSET
JULY  6 2015..........SUNRISE   514 AM PDT   SUNSET   915 PM PDT
JULY  7 2015..........SUNRISE   515 AM PDT   SUNSET   914 PM PDT


-  INDICATES NEGATIVE NUMBERS.
R  INDICATES RECORD WAS SET OR TIED.
MM INDICATES DATA IS MISSING.
T  INDICATES TRACE AMOUNT.




$$
