000
CDUS46 KSEW 200122
CLIBLI


CLIMATE REPORT
NATIONAL WEATHER SERVICE SEATTLE WA
622 PM PDT TUE AUG 19 2014


...................................

...THE BELLINGHAM WA AIRPORT CLIMATE SUMMARY FOR AUGUST 19 2014...
VALID TODAY AS OF 0600 PM LOCAL TIME.

CLIMATE NORMAL PERIOD 1981 TO 2010
CLIMATE RECORD PERIOD 1949 TO 2014


WEATHER ITEM   OBSERVED TIME   RECORD YEAR NORMAL DEPARTURE LAST
                VALUE   (LST)  VALUE       VALUE  FROM      YEAR
                                                  NORMAL
..................................................................
TEMPERATURE (F)
 TODAY
  MAXIMUM         77    255 PM  84    1950  72      5       72
  MINIMUM         61    517 AM  44    1973  53      8       58
  AVERAGE         69                        62      7       65

PRECIPITATION (IN)
  TODAY            T             1.05 1976   0.04  -0.04      T
  MONTH TO DATE    0.67                      0.66   0.01     0.44
  SINCE OCT 1     30.07                     33.48  -3.41    17.13
  SINCE JAN 1     19.76                     19.78  -0.02    15.35

DEGREE DAYS
 HEATING
  TODAY            0                         3     -3        0
  MONTH TO DATE    4                        38    -34       13
  SINCE JUN 1    175                       340   -165      189

 COOLING
  TODAY            4                         0      4        0
  MONTH TO DATE   49                         0     49       21
  SINCE JUN 1    101                        23     78       70
  SINCE JAN 1    102                        23     79       70
..................................................................


WIND (MPH)
  RESULTANT WIND SPEED   4   RESULTANT WIND DIRECTION   S (180)
  HIGHEST WIND SPEED    10   HIGHEST WIND DIRECTION     S (190)
  HIGHEST GUST SPEED    18   HIGHEST GUST DIRECTION     S (170)
  AVERAGE WIND SPEED     4.8


SKY COVER
  AVERAGE SKY COVER 0.3


WEATHER CONDITIONS
 THE FOLLOWING WEATHER WAS RECORDED TODAY.
  LIGHT RAIN


RELATIVE HUMIDITY (PERCENT)
 HIGHEST    90           400 AM
 LOWEST     54           100 PM
 AVERAGE    72

..........................................................


THE BELLINGHAM WA AIRPORT CLIMATE NORMALS FOR TOMORROW
                         NORMAL    RECORD    YEAR
 MAXIMUM TEMPERATURE (F)   72        83      1958
                                             1951
 MINIMUM TEMPERATURE (F)   53        44      1966
                                             1952


SUNRISE AND SUNSET
AUGUST 19 2014........SUNRISE   609 AM PDT   SUNSET   818 PM PDT
AUGUST 20 2014........SUNRISE   610 AM PDT   SUNSET   816 PM PDT


-  INDICATES NEGATIVE NUMBERS.
R  INDICATES RECORD WAS SET OR TIED.
MM INDICATES DATA IS MISSING.
T  INDICATES TRACE AMOUNT.




$$
