000
CDUS46 KSEW 040830
CLIBLI


CLIMATE REPORT
NATIONAL WEATHER SERVICE SEATTLE WA
1230 AM PST SUN DEC 4 2016


...................................

...THE BELLINGHAM WA AIRPORT CLIMATE SUMMARY FOR DECEMBER 3 2016...

CLIMATE NORMAL PERIOD 1981 TO 2010
CLIMATE RECORD PERIOD 1949 TO 2016


WEATHER ITEM   OBSERVED TIME   RECORD YEAR NORMAL DEPARTURE LAST
                VALUE   (LST)  VALUE       VALUE  FROM      YEAR
                                                  NORMAL
..................................................................
TEMPERATURE (F)
 YESTERDAY
  MAXIMUM         48   1151 AM  62    2015  46      2       62
  MINIMUM         42    422 AM  20    1994  33      9       48
  AVERAGE         45                        39      6       55

PRECIPITATION (IN)
  YESTERDAY        0.54          1.52 1982   0.17   0.37     0.16
  MONTH TO DATE    0.84                      0.51   0.33     0.52
  SINCE OCT 1     16.00                      9.99   6.01     8.49
  SINCE JAN 1     35.41                     32.12   3.29    28.07

DEGREE DAYS
 HEATING
  YESTERDAY       20                        26     -6       10
  MONTH TO DATE   64                        76    -12       45
  SINCE DEC 1     64                        76    -12       45

 COOLING
  YESTERDAY        0                         0      0        0
  MONTH TO DATE    0                         0      0        0
  SINCE DEC 1      0                         0      0        0
  SINCE JAN 1    101                        42     59      193
..................................................................


WIND (MPH)
  RESULTANT WIND SPEED   8   RESULTANT WIND DIRECTION   S (170)
  HIGHEST WIND SPEED    18   HIGHEST WIND DIRECTION    SE (150)
  HIGHEST GUST SPEED    26   HIGHEST GUST DIRECTION     S (160)
  AVERAGE WIND SPEED     8.6


SKY COVER
  AVERAGE SKY COVER 0.7


WEATHER CONDITIONS
 THE FOLLOWING WEATHER WAS RECORDED YESTERDAY.
  RAIN
  LIGHT RAIN
  FOG


RELATIVE HUMIDITY (PERCENT)
 HIGHEST   100           600 PM
 LOWEST     76           200 AM
 AVERAGE    88

..........................................................


THE BELLINGHAM WA AIRPORT CLIMATE NORMALS FOR TODAY
                         NORMAL    RECORD    YEAR
 MAXIMUM TEMPERATURE (F)   45        66      2006
 MINIMUM TEMPERATURE (F)   33        15      1956


SUNRISE AND SUNSET
DECEMBER  4 2016......SUNRISE   746 AM PST   SUNSET   415 PM PST
DECEMBER  5 2016......SUNRISE   748 AM PST   SUNSET   414 PM PST


-  INDICATES NEGATIVE NUMBERS.
R  INDICATES RECORD WAS SET OR TIED.
MM INDICATES DATA IS MISSING.
T  INDICATES TRACE AMOUNT.




$$
