000
CDUS46 KSEW 300839
CLIBLI


CLIMATE REPORT
NATIONAL WEATHER SERVICE SEATTLE WA
138 AM PDT SAT APR 30 2016


...................................

...THE BELLINGHAM WA AIRPORT CLIMATE SUMMARY FOR APRIL 29 2016...

CLIMATE NORMAL PERIOD 1981 TO 2010
CLIMATE RECORD PERIOD 1949 TO 2016


WEATHER ITEM   OBSERVED TIME   RECORD YEAR NORMAL DEPARTURE LAST
                VALUE   (LST)  VALUE       VALUE  FROM      YEAR
                                                  NORMAL
..................................................................
TEMPERATURE (F)
 YESTERDAY
  MAXIMUM         61    308 PM  75    1976  59      2       60
  MINIMUM         45   1155 PM  29    1975  42      3       48
                                      1955
  AVERAGE         53                        51      2       54

PRECIPITATION (IN)
  YESTERDAY        0.05          0.93 1992   0.08  -0.03     0.02
  MONTH TO DATE    2.44                      2.61  -0.17     1.23
  SINCE OCT 1     29.01                     27.22   1.79    28.70
  SINCE JAN 1     14.94                     13.52   1.42    13.97

DEGREE DAYS
 HEATING
  YESTERDAY       12                        14     -2       11
  MONTH TO DATE  313                       482   -169      461
  SINCE MAR 1    809                      1125   -316      964

 COOLING
  YESTERDAY        0                         0      0        0
  MONTH TO DATE    0                         0      0        0
  SINCE MAR 1      0                         0      0        0
  SINCE JAN 1      0                         0      0        0
..................................................................


WIND (MPH)
  RESULTANT WIND SPEED   6   RESULTANT WIND DIRECTION   S (160)
  HIGHEST WIND SPEED    12   HIGHEST WIND DIRECTION     S (160)
  HIGHEST GUST SPEED    17   HIGHEST GUST DIRECTION     W (280)
  AVERAGE WIND SPEED     6.0


SKY COVER
  AVERAGE SKY COVER 0.6


WEATHER CONDITIONS
 THE FOLLOWING WEATHER WAS RECORDED YESTERDAY.
  LIGHT RAIN


RELATIVE HUMIDITY (PERCENT)
 HIGHEST    93          1100 PM
 LOWEST     46           200 PM
 AVERAGE    70

..........................................................


THE BELLINGHAM WA AIRPORT CLIMATE NORMALS FOR TODAY
                         NORMAL    RECORD    YEAR
 MAXIMUM TEMPERATURE (F)   59        76      1989
 MINIMUM TEMPERATURE (F)   42        29      1954


SUNRISE AND SUNSET
APRIL 30 2016.........SUNRISE   550 AM PDT   SUNSET   825 PM PDT
MAY  1 2016...........SUNRISE   549 AM PDT   SUNSET   826 PM PDT


-  INDICATES NEGATIVE NUMBERS.
R  INDICATES RECORD WAS SET OR TIED.
MM INDICATES DATA IS MISSING.
T  INDICATES TRACE AMOUNT.




$$
