000
CDUS46 KSEW 300831
CLIBLI


CLIMATE REPORT
NATIONAL WEATHER SERVICE SEATTLE WA
130 AM PDT MON MAY 30 2016


...................................

...THE BELLINGHAM WA AIRPORT CLIMATE SUMMARY FOR MAY 29 2016...

CLIMATE NORMAL PERIOD 1981 TO 2010
CLIMATE RECORD PERIOD 1949 TO 2016


WEATHER ITEM   OBSERVED TIME   RECORD YEAR NORMAL DEPARTURE LAST
                VALUE   (LST)  VALUE       VALUE  FROM      YEAR
                                                  NORMAL
..................................................................
TEMPERATURE (F)
 YESTERDAY
  MAXIMUM         64    507 PM  82    1983  64      0       73
  MINIMUM         49   1159 PM  36    1949  48      1       55
  AVERAGE         57                        56      1       64

PRECIPITATION (IN)
  YESTERDAY        0.01          1.07 1969   0.08  -0.07     0.00
  MONTH TO DATE    1.06                      2.32  -1.26     0.67
  SINCE OCT 1     30.07                     29.62   0.45    29.37
  SINCE JAN 1     16.00                     15.92   0.08    14.64

DEGREE DAYS
 HEATING
  YESTERDAY        8                         9     -1        1
  MONTH TO DATE  214                       327   -113      217
  SINCE MAR 1   1034                      1468   -434     1192

 COOLING
  YESTERDAY        0                         0      0        0
  MONTH TO DATE    1                         0      1        0
  SINCE MAR 1      1                         0      1        0
  SINCE JAN 1      1                         0      1        0
..................................................................


WIND (MPH)
  RESULTANT WIND SPEED   6   RESULTANT WIND DIRECTION   S (170)
  HIGHEST WIND SPEED    13   HIGHEST WIND DIRECTION    SE (150)
  HIGHEST GUST SPEED    17   HIGHEST GUST DIRECTION     S (170)
  AVERAGE WIND SPEED     6.9


SKY COVER
  AVERAGE SKY COVER 0.2


WEATHER CONDITIONS
 THE FOLLOWING WEATHER WAS RECORDED YESTERDAY.
  LIGHT RAIN


RELATIVE HUMIDITY (PERCENT)
 HIGHEST    93           100 AM
 LOWEST     52           500 PM
 AVERAGE    73

..........................................................


THE BELLINGHAM WA AIRPORT CLIMATE NORMALS FOR TODAY
                         NORMAL    RECORD    YEAR
 MAXIMUM TEMPERATURE (F)   64        85      1956
 MINIMUM TEMPERATURE (F)   48        37      1953


SUNRISE AND SUNSET
MAY 30 2016...........SUNRISE   512 AM PDT   SUNSET   904 PM PDT
MAY 31 2016...........SUNRISE   512 AM PDT   SUNSET   905 PM PDT


-  INDICATES NEGATIVE NUMBERS.
R  INDICATES RECORD WAS SET OR TIED.
MM INDICATES DATA IS MISSING.
T  INDICATES TRACE AMOUNT.




$$
