000
CDUS46 KSEW 190121
CLIBLI


CLIMATE REPORT
NATIONAL WEATHER SERVICE SEATTLE WA
520 PM PST SUN FEB 18 2018


...................................

...THE BELLINGHAM WA AIRPORT CLIMATE SUMMARY FOR FEBRUARY 18 2018...
VALID TODAY AS OF 0500 PM LOCAL TIME.

CLIMATE NORMAL PERIOD 1981 TO 2010
CLIMATE RECORD PERIOD 1949 TO 2018


WEATHER ITEM   OBSERVED TIME   RECORD YEAR NORMAL DEPARTURE LAST
                VALUE   (LST)  VALUE       VALUE  FROM      YEAR
                                                  NORMAL
..................................................................
TEMPERATURE (F)
 TODAY
  MAXIMUM         36   1248 AM  65    1958  49    -13       44
  MINIMUM         29   1044 AM  12    1986  33     -4       38
  AVERAGE         33                        41     -8       41

PRECIPITATION (IN)
  TODAY            0.01          1.21 1995   0.11  -0.10     0.13
  MONTH TO DATE    3.81                      1.99   1.82     3.62
  SINCE OCT 1     26.43                     20.36   6.07    24.41
  SINCE JAN 1      8.81                      6.66   2.15     5.29

DEGREE DAYS
 HEATING
  TODAY           32                        24      8       24
  MONTH TO DATE  414                       443    -29      473
  SINCE DEC 1   1959                      2077   -118     2330

 COOLING
  TODAY            0                         0      0        0
  MONTH TO DATE    0                         0      0        0
  SINCE DEC 1      0                         0      0        0
  SINCE JAN 1      0                         0      0        0
..................................................................


WIND (MPH)
  RESULTANT WIND SPEED  23   RESULTANT WIND DIRECTION   N (20)
  HIGHEST WIND SPEED    39   HIGHEST WIND DIRECTION     N (20)
  HIGHEST GUST SPEED    60   HIGHEST GUST DIRECTION    NE (30)
  AVERAGE WIND SPEED    22.8


SKY COVER
  AVERAGE SKY COVER 0.6


WEATHER CONDITIONS
 THE FOLLOWING WEATHER WAS RECORDED TODAY.
  LIGHT RAIN
  LIGHT SNOW
  FOG


RELATIVE HUMIDITY (PERCENT)
 HIGHEST    96          1200 AM
 LOWEST     36           100 PM
 AVERAGE    66

..........................................................


THE BELLINGHAM WA AIRPORT CLIMATE NORMALS FOR TOMORROW
                         NORMAL    RECORD    YEAR
 MAXIMUM TEMPERATURE (F)   49        60      1981
                                             1978
                                             1977
 MINIMUM TEMPERATURE (F)   33         8      1986


SUNRISE AND SUNSET
FEBRUARY 18 2018......SUNRISE   712 AM PST   SUNSET   536 PM PST
FEBRUARY 19 2018......SUNRISE   711 AM PST   SUNSET   538 PM PST


-  INDICATES NEGATIVE NUMBERS.
R  INDICATES RECORD WAS SET OR TIED.
MM INDICATES DATA IS MISSING.
T  INDICATES TRACE AMOUNT.




$$
