000
CDUS46 KSEW 220829
CLIBLI


CLIMATE REPORT
NATIONAL WEATHER SERVICE SEATTLE WA
1229 AM PST SAT NOV 22 2014


...................................

...THE BELLINGHAM WA AIRPORT CLIMATE SUMMARY FOR NOVEMBER 21 2014...

CLIMATE NORMAL PERIOD 1981 TO 2010
CLIMATE RECORD PERIOD 1949 TO 2014


WEATHER ITEM   OBSERVED TIME   RECORD YEAR NORMAL DEPARTURE LAST
                VALUE   (LST)  VALUE       VALUE  FROM      YEAR
                                                  NORMAL
..................................................................
TEMPERATURE (F)
 YESTERDAY
  MAXIMUM         55    609 AM  58    1968  48      7       40
  MINIMUM         49   1159 PM  19    1985  36     13       23
  AVERAGE         52                        42     10       32

PRECIPITATION (IN)
  YESTERDAY        0.21          2.73 1980   0.19   0.02     0.00
  MONTH TO DATE    1.86                      4.13  -2.27     4.37
  SINCE OCT 1      7.43                      7.81  -0.38     6.54
  SINCE JAN 1     29.52                     29.94  -0.42    27.04

DEGREE DAYS
 HEATING
  YESTERDAY       13                        23    -10       33
  MONTH TO DATE  426                       436    -10      423
  SINCE SEP 1    799                      1143   -344     1055

 COOLING
  YESTERDAY        0                         0      0        0
  MONTH TO DATE    0                         0      0        0
  SINCE SEP 1      2                         2      0        6
  SINCE JAN 1    117                        42     75       95
..................................................................


WIND (MPH)
  RESULTANT WIND SPEED  14   RESULTANT WIND DIRECTION  SE (140)
  HIGHEST WIND SPEED    31   HIGHEST WIND DIRECTION    SE (140)
  HIGHEST GUST SPEED    40   HIGHEST GUST DIRECTION    SE (150)
  AVERAGE WIND SPEED    14.1


SKY COVER
  AVERAGE SKY COVER 0.9


WEATHER CONDITIONS
 THE FOLLOWING WEATHER WAS RECORDED YESTERDAY.
  LIGHT RAIN


RELATIVE HUMIDITY (PERCENT)
 HIGHEST    83           800 PM
 LOWEST     66           400 AM
 AVERAGE    75

..........................................................


THE BELLINGHAM WA AIRPORT CLIMATE NORMALS FOR TODAY
                         NORMAL    RECORD    YEAR
 MAXIMUM TEMPERATURE (F)   48        60      1995
                                             1949
 MINIMUM TEMPERATURE (F)   35        11      1985


SUNRISE AND SUNSET
NOVEMBER 22 2014......SUNRISE   730 AM PST   SUNSET   422 PM PST
NOVEMBER 23 2014......SUNRISE   731 AM PST   SUNSET   422 PM PST


-  INDICATES NEGATIVE NUMBERS.
R  INDICATES RECORD WAS SET OR TIED.
MM INDICATES DATA IS MISSING.
T  INDICATES TRACE AMOUNT.




$$
