000
CDUS46 KSEW 250119
CLIBLI


CLIMATE REPORT
NATIONAL WEATHER SERVICE SEATTLE WA
519 PM PST FRI NOV 24 2017


...................................

...THE BELLINGHAM WA AIRPORT CLIMATE SUMMARY FOR NOVEMBER 24 2017...
VALID TODAY AS OF 0500 PM LOCAL TIME.

CLIMATE NORMAL PERIOD 1981 TO 2010
CLIMATE RECORD PERIOD 1949 TO 2017


WEATHER ITEM   OBSERVED TIME   RECORD YEAR NORMAL DEPARTURE LAST
                VALUE   (LST)  VALUE       VALUE  FROM      YEAR
                                                  NORMAL
..................................................................
TEMPERATURE (F)
 TODAY
  MAXIMUM         51    221 PM  61    1954  48      3       51
  MINIMUM         47    709 AM   8    1985  35     12       45
  AVERAGE         49                        41      8       48

PRECIPITATION (IN)
  TODAY            T             2.64 2004   0.18  -0.18     0.20
  MONTH TO DATE    4.97                      4.69   0.28     5.56
  SINCE OCT 1     10.30                      8.37   1.93    12.96
  SINCE JAN 1     28.97                     30.50  -1.53    32.37

DEGREE DAYS
 HEATING
  TODAY           16                        24     -8       17
  MONTH TO DATE  481                       506    -25      317
  SINCE SEP 1   1076                      1213   -137      885

 COOLING
  TODAY            0                         0      0        0
  MONTH TO DATE    0                         0      0        0
  SINCE SEP 1     31                         2     29        0
  SINCE JAN 1     97                        42     55      101
..................................................................


WIND (MPH)
  RESULTANT WIND SPEED  12   RESULTANT WIND DIRECTION  SE (150)
  HIGHEST WIND SPEED    23   HIGHEST WIND DIRECTION    SE (140)
  HIGHEST GUST SPEED    32   HIGHEST GUST DIRECTION    SE (150)
  AVERAGE WIND SPEED    12.5


SKY COVER
  AVERAGE SKY COVER 0.9


WEATHER CONDITIONS
 THE FOLLOWING WEATHER WAS RECORDED TODAY.
  LIGHT RAIN


RELATIVE HUMIDITY (PERCENT)
 HIGHEST    93          1200 AM
 LOWEST     68           200 PM
 AVERAGE    81

..........................................................


THE BELLINGHAM WA AIRPORT CLIMATE NORMALS FOR TOMORROW
                         NORMAL    RECORD    YEAR
 MAXIMUM TEMPERATURE (F)   47        60      1949
 MINIMUM TEMPERATURE (F)   35        15      1993


SUNRISE AND SUNSET
NOVEMBER 24 2017......SUNRISE   733 AM PST   SUNSET   420 PM PST
NOVEMBER 25 2017......SUNRISE   734 AM PST   SUNSET   420 PM PST


-  INDICATES NEGATIVE NUMBERS.
R  INDICATES RECORD WAS SET OR TIED.
MM INDICATES DATA IS MISSING.
T  INDICATES TRACE AMOUNT.




$$
