000
CDUS46 KSEW 260827
CLIBLI


CLIMATE REPORT
NATIONAL WEATHER SERVICE SEATTLE WA
127 AM PDT WED JUL 26 2017


...................................

...THE BELLINGHAM WA AIRPORT CLIMATE SUMMARY FOR JULY 25 2017...

CLIMATE NORMAL PERIOD 1981 TO 2010
CLIMATE RECORD PERIOD 1949 TO 2017


WEATHER ITEM   OBSERVED TIME   RECORD YEAR NORMAL DEPARTURE LAST
                VALUE   (LST)  VALUE       VALUE  FROM      YEAR
                                                  NORMAL
..................................................................
TEMPERATURE (F)
 YESTERDAY
  MAXIMUM         80    253 PM  92    1988  72      8       80
  MINIMUM         56    459 AM  45    1954  54      2       59
                                      1952
  AVERAGE         68                        63      5       70

PRECIPITATION (IN)
  YESTERDAY        0.00          0.88 1995   0.03  -0.03     0.00
  MONTH TO DATE    0.08                      1.00  -0.92     0.65
  SINCE OCT 1     35.94                     32.64   3.30    31.64
  SINCE JAN 1     16.82                     18.94  -2.12    17.57

DEGREE DAYS
 HEATING
  YESTERDAY        0                         2     -2        0
  MONTH TO DATE   41                        73    -32       40
  SINCE JUN 1    178                       274    -96      186

 COOLING
  YESTERDAY        3                         0      3        5
  MONTH TO DATE   12                         0     12       15
  SINCE JUN 1     22                         4     18       32
  SINCE JAN 1     24                         4     20       33
..................................................................


WIND (MPH)
  RESULTANT WIND SPEED   4   RESULTANT WIND DIRECTION   S (160)
  HIGHEST WIND SPEED     9   HIGHEST WIND DIRECTION     W (290)
  HIGHEST GUST SPEED    13   HIGHEST GUST DIRECTION     S (170)
  AVERAGE WIND SPEED     4.7


SKY COVER
  AVERAGE SKY COVER 0.0


WEATHER CONDITIONS
 THE FOLLOWING WEATHER WAS RECORDED YESTERDAY.
  NO SIGNIFICANT WEATHER WAS OBSERVED.


RELATIVE HUMIDITY (PERCENT)
 HIGHEST   100           500 AM
 LOWEST     45           500 PM
 AVERAGE    73

..........................................................


THE BELLINGHAM WA AIRPORT CLIMATE NORMALS FOR TODAY
                         NORMAL    RECORD    YEAR
 MAXIMUM TEMPERATURE (F)   72        86      1988
                                             1971
 MINIMUM TEMPERATURE (F)   54        45      1969


SUNRISE AND SUNSET
JULY 26 2017..........SUNRISE   536 AM PDT   SUNSET   856 PM PDT
JULY 27 2017..........SUNRISE   538 AM PDT   SUNSET   855 PM PDT


-  INDICATES NEGATIVE NUMBERS.
R  INDICATES RECORD WAS SET OR TIED.
MM INDICATES DATA IS MISSING.
T  INDICATES TRACE AMOUNT.




$$
