000
CDUS43 KIND 280537
CLIBMG


CLIMATE REPORT
NATIONAL WEATHER SERVICE INDIANAPOLIS IN
135 AM EDT TUE JUL 28 2015


...................................

...THE BLOOMINGTON IN CLIMATE SUMMARY FOR JULY 27 2015...

CLIMATE NORMAL PERIOD 1981 TO 2010
CLIMATE RECORD PERIOD 9999 TO 9999


WEATHER ITEM   OBSERVED TIME   NORMAL DEPARTURE LAST
                VALUE   (LST)  VALUE  FROM      YEAR
                                      NORMAL
......................................................
TEMPERATURE (F)
 YESTERDAY
  MAXIMUM         88    524 PM  84      4       85
  MINIMUM         71    624 AM  63      8       68
  AVERAGE         80            74      6       77

PRECIPITATION (IN)
  YESTERDAY        T             0.11  -0.11     0.03
  MONTH TO DATE    6.09          4.51   1.58     3.75
  SINCE JUN 1     16.66          9.40   7.26     8.92
  SINCE JAN 1     31.22         29.29   1.93    27.52

DEGREE DAYS
 HEATING
  YESTERDAY        0             0      0        0
  MONTH TO DATE    0             0      0        3
  SINCE JUN 1     17            15      2        6
  SINCE JUL 1      0             0      0        3

 COOLING
  YESTERDAY       15             9      6       12
  MONTH TO DATE  244           243      1      149
  SINCE JUN 1    493           451     42      422
  SINCE JAN 1    620           533     87      548
......................................................


WIND (MPH)
  HIGHEST WIND SPEED     9   HIGHEST WIND DIRECTION    SE (150)
  HIGHEST GUST SPEED    11   HIGHEST GUST DIRECTION     S (160)
  AVERAGE WIND SPEED     2.3


SKY COVER
  AVERAGE SKY COVER 0.4


WEATHER CONDITIONS
 THE FOLLOWING WEATHER WAS RECORDED YESTERDAY.
  LIGHT RAIN
  FOG


RELATIVE HUMIDITY (PERCENT)
 HIGHEST   100           100 AM
 LOWEST     63           400 PM
 AVERAGE    82

..........................................................


THE BLOOMINGTON IN CLIMATE NORMALS FOR TODAY
                         NORMAL
 MAXIMUM TEMPERATURE (F)   84
 MINIMUM TEMPERATURE (F)   63


SUNRISE AND SUNSET
JULY 28 2015..........SUNRISE   643 AM EDT   SUNSET   902 PM EDT
JULY 29 2015..........SUNRISE   644 AM EDT   SUNSET   901 PM EDT


-  INDICATES NEGATIVE NUMBERS.
R  INDICATES RECORD WAS SET OR TIED.
MM INDICATES DATA IS MISSING.
T  INDICATES TRACE AMOUNT.




$$
