000
CDUS43 KIND 232048
CLIBMG


CLIMATE REPORT
NATIONAL WEATHER SERVICE INDIANAPOLIS IN
448 PM EDT WED APR 23 2014


...................................

...THE BLOOMINGTON IN CLIMATE SUMMARY FOR APRIL 23 2014...
VALID TODAY AS OF 0400 PM LOCAL TIME.

CLIMATE NORMAL PERIOD 1981 TO 2010
CLIMATE RECORD PERIOD 9999 TO 9999


WEATHER ITEM   OBSERVED TIME   NORMAL DEPARTURE LAST
                VALUE   (LST)  VALUE  FROM      YEAR
                                      NORMAL
......................................................
TEMPERATURE (F)
 TODAY
  MAXIMUM         62    259 PM  67     -5       66
  MINIMUM         36    636 AM  45     -9       46
  AVERAGE         49            56     -7       56

PRECIPITATION (IN)
  TODAY            0.00          0.17  -0.17     0.39
  MONTH TO DATE    5.75          3.53   2.22     4.36
  SINCE MAR 1      7.69          7.41   0.28     6.60
  SINCE JAN 1     12.34         13.48  -1.14    14.61

......................................................


WIND (MPH)
  HIGHEST WIND SPEED    13   HIGHEST WIND DIRECTION    NE (30)
  HIGHEST GUST SPEED    17   HIGHEST GUST DIRECTION    NE (30)
  AVERAGE WIND SPEED     7.0


SKY COVER
  AVERAGE SKY COVER 0.0


WEATHER CONDITIONS
 THE FOLLOWING WEATHER WAS RECORDED TODAY.
  NO SIGNIFICANT WEATHER WAS OBSERVED.


RELATIVE HUMIDITY (PERCENT)
 HIGHEST    70           400 AM
 LOWEST     25           200 PM

..........................................................


THE BLOOMINGTON IN CLIMATE NORMALS FOR TOMORROW
                         NORMAL
 MAXIMUM TEMPERATURE (F)   67
 MINIMUM TEMPERATURE (F)   45


SUNRISE AND SUNSET
APRIL 23 2014.........SUNRISE   658 AM EDT   SUNSET   832 PM EDT
APRIL 24 2014.........SUNRISE   657 AM EDT   SUNSET   833 PM EDT


-  INDICATES NEGATIVE NUMBERS.
R  INDICATES RECORD WAS SET OR TIED.
MM INDICATES DATA IS MISSING.
T  INDICATES TRACE AMOUNT.




$$
