000
CDUS43 KIND 010534
CLIBMG


CLIMATE REPORT
NATIONAL WEATHER SERVICE INDIANAPOLIS IN
133 AM EDT TUE SEP 1 2015


...................................

...THE BLOOMINGTON IN CLIMATE SUMMARY FOR AUGUST 31 2015...

CLIMATE NORMAL PERIOD 1981 TO 2010
CLIMATE RECORD PERIOD 9999 TO 9999


WEATHER ITEM   OBSERVED TIME   NORMAL DEPARTURE LAST
                VALUE   (LST)  VALUE  FROM      YEAR
                                      NORMAL
......................................................
TEMPERATURE (F)
 YESTERDAY
  MAXIMUM         85    450 PM  83      2       82
  MINIMUM         63    611 AM  59      4       69
  AVERAGE         74            71      3       76

PRECIPITATION (IN)
  YESTERDAY        0.00          0.12  -0.12     0.09
  MONTH TO DATE    4.17          3.52   0.65     3.11
  SINCE JUN 1     20.89         13.30   7.59    12.03
  SINCE JAN 1     35.45         33.19   2.26    30.63

DEGREE DAYS
 HEATING
  YESTERDAY        0             0      0        0
  MONTH TO DATE    3             0      3        1
  SINCE JUN 1     20            22     -2        9
  SINCE JUL 1      3             7     -4        6

 COOLING
  YESTERDAY        9             6      3       11
  MONTH TO DATE  207           251    -44      275
  SINCE JUN 1    751           735     16      704
  SINCE JAN 1    878           817     61      830
......................................................


WIND (MPH)
  HIGHEST WIND SPEED     9   HIGHEST WIND DIRECTION    SW (220)
  HIGHEST GUST SPEED    14   HIGHEST GUST DIRECTION    SW (220)
  AVERAGE WIND SPEED     2.5


SKY COVER
  AVERAGE SKY COVER 0.2


WEATHER CONDITIONS
 THE FOLLOWING WEATHER WAS RECORDED YESTERDAY.
  FOG
  HAZE


RELATIVE HUMIDITY (PERCENT)
 HIGHEST   100           100 AM
 LOWEST     55           500 PM
 AVERAGE    78

..........................................................


THE BLOOMINGTON IN CLIMATE NORMALS FOR TODAY
                         NORMAL
 MAXIMUM TEMPERATURE (F)   83
 MINIMUM TEMPERATURE (F)   59


SUNRISE AND SUNSET
SEPTEMBER  1 2015.....SUNRISE   715 AM EDT   SUNSET   817 PM EDT
SEPTEMBER  2 2015.....SUNRISE   716 AM EDT   SUNSET   816 PM EDT


-  INDICATES NEGATIVE NUMBERS.
R  INDICATES RECORD WAS SET OR TIED.
MM INDICATES DATA IS MISSING.
T  INDICATES TRACE AMOUNT.




$$
