000
CDUS43 KIND 280535
CLIBMG


CLIMATE REPORT
NATIONAL WEATHER SERVICE INDIANAPOLIS IN
1235 AM EST WED JAN 28 2015


...................................

...THE BLOOMINGTON IN CLIMATE SUMMARY FOR JANUARY 27 2015...

CLIMATE NORMAL PERIOD 1981 TO 2010
CLIMATE RECORD PERIOD 9999 TO 9999


WEATHER ITEM   OBSERVED TIME   NORMAL DEPARTURE LAST
                VALUE   (LST)  VALUE  FROM      YEAR
                                      NORMAL
......................................................
TEMPERATURE (F)
 YESTERDAY
  MAXIMUM         31    455 PM  39     -8       40
  MINIMUM         18   1159 PM  21     -3        1
  AVERAGE         25            30     -5       21

PRECIPITATION (IN)
  YESTERDAY        T             0.09  -0.09      T
  MONTH TO DATE    2.20          2.95  -0.75     2.32
  SINCE DEC 1      6.07          6.49  -0.42     9.06
  SINCE JAN 1      2.20          2.95  -0.75     2.32

DEGREE DAYS
 HEATING
  YESTERDAY       40            35      5       44
  MONTH TO DATE  998           967     31     1110
  SINCE DEC 1   1920          1984    -64     2121
  SINCE JUL 1   3196          3040    156     3261

 COOLING
  YESTERDAY        0             0      0        0
  MONTH TO DATE    0             0      0        0
  SINCE DEC 1      0             0      0        0
  SINCE JAN 1      0             0      0        0
......................................................


WIND (MPH)
  HIGHEST WIND SPEED     9   HIGHEST WIND DIRECTION     N (360)
  HIGHEST GUST SPEED    12   HIGHEST GUST DIRECTION     N (360)
  AVERAGE WIND SPEED     3.2


SKY COVER
  AVERAGE SKY COVER 0.8


WEATHER CONDITIONS
 THE FOLLOWING WEATHER WAS RECORDED YESTERDAY.
  LIGHT SNOW
  FOG
  HAZE


RELATIVE HUMIDITY (PERCENT)
 HIGHEST    92          1200 AM
 LOWEST     75           700 PM
 AVERAGE    84

..........................................................


THE BLOOMINGTON IN CLIMATE NORMALS FOR TODAY
                         NORMAL
 MAXIMUM TEMPERATURE (F)   39
 MINIMUM TEMPERATURE (F)   21


SUNRISE AND SUNSET
JANUARY 28 2015.......SUNRISE   757 AM EST   SUNSET   602 PM EST
JANUARY 29 2015.......SUNRISE   756 AM EST   SUNSET   604 PM EST


-  INDICATES NEGATIVE NUMBERS.
R  INDICATES RECORD WAS SET OR TIED.
MM INDICATES DATA IS MISSING.
T  INDICATES TRACE AMOUNT.




$$
