000
CDUS43 KIND 060532
CLIBMG


CLIMATE REPORT
NATIONAL WEATHER SERVICE INDIANAPOLIS IN
131 AM EDT FRI MAY 6 2016


...................................

...THE BLOOMINGTON IN CLIMATE SUMMARY FOR MAY 5 2016...

CLIMATE NORMAL PERIOD 1981 TO 2010
CLIMATE RECORD PERIOD 9999 TO 9999


WEATHER ITEM   OBSERVED TIME   NORMAL DEPARTURE LAST
                VALUE   (LST)  VALUE  FROM      YEAR
                                      NORMAL
......................................................
TEMPERATURE (F)
 YESTERDAY
  MAXIMUM         61        MM  70     -9       84
  MINIMUM         42        MM  48     -6       59
  AVERAGE         52            59     -7       72

PRECIPITATION (IN)
  YESTERDAY        0.02          0.19  -0.17     0.00
  MONTH TO DATE    0.60          0.90  -0.30      T
  SINCE MAR 1     10.66          9.48   1.18     9.44
  SINCE JAN 1     15.87         15.55   0.32    13.01

DEGREE DAYS
 HEATING
  YESTERDAY       13             6      7        0
  MONTH TO DATE   40            34      6       15
  SINCE MAR 1    847          1080   -233     1055
  SINCE JUL 1   4167          5148   -981     5626

 COOLING
  YESTERDAY        0             1     -1        7
  MONTH TO DATE    3             5     -2       11
  SINCE MAR 1     17            24     -7       17
  SINCE JAN 1     17            24     -7       17
......................................................


WIND (MPH)
  HIGHEST WIND SPEED    16   HIGHEST WIND DIRECTION     N (10)
  HIGHEST GUST SPEED    23   HIGHEST GUST DIRECTION     N (10)
  AVERAGE WIND SPEED     8.1


SKY COVER
  AVERAGE SKY COVER 0.7


WEATHER CONDITIONS
 THE FOLLOWING WEATHER WAS RECORDED YESTERDAY.
  LIGHT RAIN
  FOG
  HAZE


RELATIVE HUMIDITY (PERCENT)
 HIGHEST    89           700 AM
 LOWEST     55           500 PM
 AVERAGE    72

..........................................................


THE BLOOMINGTON IN CLIMATE NORMALS FOR TODAY
                         NORMAL
 MAXIMUM TEMPERATURE (F)   71
 MINIMUM TEMPERATURE (F)   48


SUNRISE AND SUNSET
MAY  6 2016...........SUNRISE   642 AM EDT   SUNSET   845 PM EDT
MAY  7 2016...........SUNRISE   641 AM EDT   SUNSET   846 PM EDT


-  INDICATES NEGATIVE NUMBERS.
R  INDICATES RECORD WAS SET OR TIED.
MM INDICATES DATA IS MISSING.
T  INDICATES TRACE AMOUNT.




$$
