000
CDUS44 KOHX 301236 AAA
CLIBNA

CLIMATE REPORT
NATIONAL WEATHER SERVICE NASHVILLE TN
636 AM CST FRI JAN 30 2015

.....................................

UPDATED FOR MORNING CLIMATE AT BOTTOM

.....................................

...THE NASHVILLE CLIMATE SUMMARY FOR JANUARY 29 2015...

CLIMATE NORMAL PERIOD 1981 TO 2010
CLIMATE RECORD PERIOD 1871 TO 2015


WEATHER ITEM   OBSERVED TIME   RECORD YEAR NORMAL DEPARTURE
                VALUE   (LST)  VALUE       VALUE  FROM
                                                  NORMAL
...............................................................
TEMPERATURE (F)
 YESTERDAY
  MAXIMUM         67    142 PM  78    1911  48     19
  MINIMUM         40   1159 PM  -1    1966  29     11
  AVERAGE         54                        38     16

PRECIPITATION (IN)
  YESTERDAY        T             3.69 1956   0.12  -0.12
  MONTH TO DATE    2.22                      3.48  -1.26
  SINCE DEC 1      5.43                      7.72  -2.29
  SINCE JAN 1      2.22                      3.48  -1.26

SNOWFALL (IN)
  YESTERDAY        0.0           8.5  1905   0.1   -0.1
  MONTH TO DATE    0.9                       2.4   -1.5
  SINCE DEC 1      0.9                       2.9   -2.0
  SINCE JUL 1      1.1                       2.9   -1.8
  SNOW DEPTH       0

DEGREE DAYS
 HEATING
  YESTERDAY       11                              -16
  MONTH TO DATE  784                              -13
  SINCE DEC 1   1455                             -105
  SINCE JUL 1   2229                               -5

 COOLING
  YESTERDAY        0                                0
  MONTH TO DATE    0                                0
  SINCE DEC 1      0                               -1
  SINCE JAN 1      0                                0
...............................................................


WIND (MPH)
  HIGHEST WIND SPEED    26   HIGHEST WIND DIRECTION     S (190)
  HIGHEST GUST SPEED    35   HIGHEST GUST DIRECTION     S (190)
  AVERAGE WIND SPEED    14.6




RELATIVE HUMIDITY (PERCENT)
 HIGHEST    70
 LOWEST     39
 AVERAGE    55

..........................................................


THE NASHVILLE CLIMATE NORMALS FOR TODAY
                         NORMAL    RECORD    YEAR
 MAXIMUM TEMPERATURE (F)   48        73      2013
 MINIMUM TEMPERATURE (F)   29        -6      1966


SUNRISE AND SUNSET
JANUARY 30 2015.......SUNRISE   649 AM CST   SUNSET   511 PM CST
JANUARY 31 2015.......SUNRISE   649 AM CST   SUNSET   512 PM CST


-  INDICATES NEGATIVE NUMBERS.
R  INDICATES RECORD WAS SET OR TIED.
MM INDICATES DATA IS MISSING.
T  INDICATES TRACE AMOUNT.

&&

THE LOW TEMPERATURE SINCE MIDNIGHT HAS BEEN 35 DEGREES.
NO PRECIPITATION HAS OCCURRED SINCE MIDNIGHT.

$$
