000
CDUS44 KOHX 190034
CLIBNA

CLIMATE REPORT
NATIONAL WEATHER SERVICE NASHVILLE TN
732 PM CDT FRI APR 18 2014


...................................

...THE NASHVILLE CLIMATE SUMMARY FOR APRIL 18 2014...
VALID TODAY AS OF 0700 PM LOCAL TIME.

CLIMATE NORMAL PERIOD 1981 TO 2010
CLIMATE RECORD PERIOD 1871 TO 2014


WEATHER ITEM   OBSERVED TIME   RECORD YEAR NORMAL DEPARTURE LAST
                VALUE   (LST)  VALUE       VALUE  FROM      YEAR
                                                  NORMAL
..................................................................
TEMPERATURE (F)
 TODAY
  MAXIMUM         69    333 PM  88    1955  71     -2       83
  MINIMUM         52   1259 AM  28    1875  48      4       67
  AVERAGE         61                        60      1       75

PRECIPITATION (IN)
  TODAY            0.00          2.00 1940   0.14  -0.14     0.23
  MONTH TO DATE    2.76                      2.20   0.56     2.36
  SINCE MAR 1      7.12                      6.31   0.81     6.68
  SINCE JAN 1     14.82                     14.00   0.82    16.40

SNOWFALL (IN)
  TODAY            0.0           0.0  2002   0.0    0.0      0.0
                                      2001
  MONTH TO DATE    0.0                       0.1   -0.1      0.0
  SINCE MAR 1      0.2                       1.0   -0.8      0.3
  SINCE JUL 1      1.6                       6.4   -4.8      1.3
  SNOW DEPTH       0

DEGREE DAYS
 HEATING
  TODAY            4                         7     -3        0
  MONTH TO DATE  125                       158    -33      116
  SINCE MAR 1    667                       631     36      732
  SINCE JUL 1   3852                      3569    283     3364

 COOLING
  TODAY            0                         1     -1       10
  MONTH TO DATE   24                        18      6       47
  SINCE MAR 1     24                        26     -2       48
  SINCE JAN 1     24                        26     -2       52
..................................................................


WIND (MPH)
  RESULTANT WIND SPEED   1   RESULTANT WIND DIRECTION   E (80)
  HIGHEST WIND SPEED    12   HIGHEST WIND DIRECTION    NE (30)
  HIGHEST GUST SPEED    15   HIGHEST GUST DIRECTION    NE (50)
  AVERAGE WIND SPEED     2.1


SKY COVER
  AVERAGE SKY COVER 1.0


WEATHER CONDITIONS
 THE FOLLOWING WEATHER WAS RECORDED TODAY.
  NO SIGNIFICANT WEATHER WAS OBSERVED.


RELATIVE HUMIDITY (PERCENT)
 HIGHEST    77           100 AM
 LOWEST     39           100 PM
 AVERAGE    58

..........................................................


THE NASHVILLE CLIMATE NORMALS FOR TOMORROW
                         NORMAL    RECORD    YEAR
 MAXIMUM TEMPERATURE (F)   72        88      2006
 MINIMUM TEMPERATURE (F)   49        27      1983


SUNRISE AND SUNSET
APRIL 18 2014.........SUNRISE   610 AM CDT   SUNSET   723 PM CDT
APRIL 19 2014.........SUNRISE   608 AM CDT   SUNSET   724 PM CDT


-  INDICATES NEGATIVE NUMBERS.
R  INDICATES RECORD WAS SET OR TIED.
MM INDICATES DATA IS MISSING.
T  INDICATES TRACE AMOUNT.




$$
