000
CDUS44 KOHX 011400
CLIBNA

CLIMATE REPORT
NATIONAL WEATHER SERVICE NASHVILLE TN
849 AM CDT WED JUL 1 2015


...................................

...THE NASHVILLE CLIMATE SUMMARY FOR JUNE 30 2015...

CLIMATE NORMAL PERIOD 1981 TO 2010
CLIMATE RECORD PERIOD 1871 TO 2015


WEATHER ITEM   OBSERVED TIME   RECORD YEAR NORMAL DEPARTURE
                VALUE   (LST)  VALUE       VALUE  FROM
                                                  NORMAL
...............................................................
TEMPERATURE (F)
 YESTERDAY
  MAXIMUM         86    137 PM 107    2012  89     -3
  MINIMUM         69    509 AM  53    1923  69      0
  AVERAGE         78                        79     -1

PRECIPITATION (IN)
  YESTERDAY        0.00          2.79 2003   0.13  -0.13
  MONTH TO DATE    3.38                      4.14  -0.76
  SINCE JUN 1      3.38                      4.14  -0.76
  SINCE JAN 1     24.38                     25.44  -1.06

SNOWFALL (IN)
  YESTERDAY        0.0           0.0  2002   0.0    0.0
  MONTH TO DATE    0.0                       0.0    0.0
  SINCE JUN 1      0.0                       0.0    0.0
  SINCE JUL 1      6.1                       6.3   -0.2
  SNOW DEPTH       0

DEGREE DAYS
 HEATING
  YESTERDAY        0                                0
  MONTH TO DATE    0                                0
  SINCE JUN 1      0                               -3
  SINCE JUL 1   3778                               90

 COOLING
  YESTERDAY       13                               -1
  MONTH TO DATE  393                               69
  SINCE JUN 1    393                               69
  SINCE JAN 1    649                              146
...............................................................


WIND (MPH)
  HIGHEST WIND SPEED    16   HIGHEST WIND DIRECTION     W (280)
  HIGHEST GUST SPEED    25   HIGHEST GUST DIRECTION     W (280)
  AVERAGE WIND SPEED     5.9




RELATIVE HUMIDITY (PERCENT)
 HIGHEST   100
 LOWEST     55
 AVERAGE    78

..........................................................


THE NASHVILLE CLIMATE NORMALS FOR TODAY
                         NORMAL    RECORD    YEAR
 MAXIMUM TEMPERATURE (F)   89       105      2012
 MINIMUM TEMPERATURE (F)   69        55      1937
                                             1923


SUNRISE AND SUNSET
JULY  1 2015..........SUNRISE   533 AM CDT   SUNSET   808 PM CDT
JULY  2 2015..........SUNRISE   534 AM CDT   SUNSET   808 PM CDT


-  INDICATES NEGATIVE NUMBERS.
R  INDICATES RECORD WAS SET OR TIED.
MM INDICATES DATA IS MISSING.
T  INDICATES TRACE AMOUNT.

&&
THE LOW THIS MORNING WAS 73 DEGREES.
THERE HAS BEEN NO RAINFALL SINCE MIDNIGHT.

$$
BOYD
