000
CDUS44 KOHX 300704
CLIBNA


CLIMATE REPORT
NATIONAL WEATHER SERVICE NASHVILLE TN
204 AM CDT SAT JUL 30 2016


...................................

...THE NASHVILLE CLIMATE SUMMARY FOR JULY 29 2016...

CLIMATE NORMAL PERIOD 1981 TO 2010
CLIMATE RECORD PERIOD 1871 TO 2016


WEATHER ITEM   OBSERVED TIME   RECORD YEAR NORMAL DEPARTURE
                VALUE   (LST)  VALUE       VALUE  FROM
                                                  NORMAL
...............................................................
TEMPERATURE (F)
 YESTERDAY
  MAXIMUM         89    152 PM 105    1952  89      0
  MINIMUM         74   1159 PM  58    1925  70      4
  AVERAGE         82                        80      2

PRECIPITATION (IN)
  YESTERDAY        T             1.25 1945   0.11  -0.11
  MONTH TO DATE    5.91                      3.43   2.48
  SINCE JAN 1     24.81                     28.87  -4.06

SNOWFALL (IN)
  YESTERDAY        0.0           0.0  2002
                                      2001
  MONTH TO DATE    0.0
  SINCE JUN 1      0.0
  SINCE JUL 1      0.0

DEGREE DAYS
 HEATING
  YESTERDAY        0                                0
  MONTH TO DATE    0                                0
  SINCE JUN 1      0                               -3
  SINCE JUL 1      0                                0

 COOLING
  YESTERDAY       17                                2
  MONTH TO DATE  515                               92
  SINCE JUN 1    953                              206
  SINCE JAN 1   1190                              264
...............................................................


WIND (MPH)
  HIGHEST WIND SPEED    16   HIGHEST WIND DIRECTION    SW (210)
  HIGHEST GUST SPEED    22   HIGHEST GUST DIRECTION    SW (210)
  AVERAGE WIND SPEED     6.2



WEATHER CONDITIONS
 THE FOLLOWING WEATHER WAS RECORDED YESTERDAY.
  THUNDERSTORM
  FOG


RELATIVE HUMIDITY (PERCENT)
 HIGHEST    88
 LOWEST     59

..........................................................


THE NASHVILLE CLIMATE NORMALS FOR TODAY
                         NORMAL    RECORD    YEAR
 MAXIMUM TEMPERATURE (F)   90       101      1999
 MINIMUM TEMPERATURE (F)   70        58      2014
                                             1965


SUNRISE AND SUNSET
JULY 30 2016..........SUNRISE   553 AM CDT   SUNSET   753 PM CDT
JULY 31 2016..........SUNRISE   553 AM CDT   SUNSET   752 PM CDT


-  INDICATES NEGATIVE NUMBERS.
R  INDICATES RECORD WAS SET OR TIED.
MM INDICATES DATA IS MISSING.
T  INDICATES TRACE AMOUNT.




$$
