897
CDUS44 KOHX 010621
CLIBNA


CLIMATE REPORT
NATIONAL WEATHER SERVICE NASHVILLE TN
121 AM CDT WED JUN 1 2016


...................................

...THE NASHVILLE CLIMATE SUMMARY FOR MAY 31 2016...

CLIMATE NORMAL PERIOD 1981 TO 2010
CLIMATE RECORD PERIOD 1871 TO 2016


WEATHER ITEM   OBSERVED TIME   RECORD YEAR NORMAL DEPARTURE
                VALUE   (LST)  VALUE       VALUE  FROM
                                                  NORMAL
...............................................................
TEMPERATURE (F)
 YESTERDAY
  MAXIMUM         90    301 PM  96    1937  82      8
  MINIMUM         65    500 AM  40    1984  61      4
  AVERAGE         78                        72      6

PRECIPITATION (IN)
  YESTERDAY        0.00          1.74 1893   0.17  -0.17
  MONTH TO DATE    2.37                      5.50  -3.13
  SINCE JAN 1     14.45                     21.30  -6.85

SNOWFALL (IN)
  YESTERDAY        0.0           0.0  2002
                                      2001
  MONTH TO DATE    0.0
  SINCE MAR 1      0.0
  SINCE JUL 1     11.3

DEGREE DAYS
 HEATING
  YESTERDAY        0                                0
  MONTH TO DATE   67                               10
  SINCE MAR 1    493                             -254
  SINCE JUL 1   2736                             -949

 COOLING
  YESTERDAY       13                                6
  MONTH TO DATE  158                               24
  SINCE MAR 1    237                               58
  SINCE JAN 1    237                               58
...............................................................


WIND (MPH)
  HIGHEST WIND SPEED    10   HIGHEST WIND DIRECTION    NE (60)
  HIGHEST GUST SPEED    14   HIGHEST GUST DIRECTION    NE (40)
  AVERAGE WIND SPEED     2.1



WEATHER CONDITIONS
 THE FOLLOWING WEATHER WAS RECORDED YESTERDAY.
  NO SIGNIFICANT WEATHER WAS OBSERVED.


RELATIVE HUMIDITY (PERCENT)
 HIGHEST    87
 LOWEST     34

..........................................................


THE NASHVILLE CLIMATE NORMALS FOR TODAY
                         NORMAL    RECORD    YEAR
 MAXIMUM TEMPERATURE (F)   82        98      1951
 MINIMUM TEMPERATURE (F)   62        42      1966
                                             1894


SUNRISE AND SUNSET
JUNE  1 2016..........SUNRISE   531 AM CDT   SUNSET   759 PM CDT
JUNE  2 2016..........SUNRISE   531 AM CDT   SUNSET   759 PM CDT


-  INDICATES NEGATIVE NUMBERS.
R  INDICATES RECORD WAS SET OR TIED.
MM INDICATES DATA IS MISSING.
T  INDICATES TRACE AMOUNT.




$$
