000
CDUS44 KOHX 220718
CLIBNA

CLIMATE REPORT
NATIONAL WEATHER SERVICE NASHVILLE TN
117 AM CST SUN JAN 22 2017

...THE NASHVILLE CLIMATE SUMMARY FOR JANUARY 21 2017...

CLIMATE NORMAL PERIOD 1981 TO 2010
CLIMATE RECORD PERIOD 1871 TO 2017


WEATHER ITEM   OBSERVED TIME   RECORD YEAR NORMAL DEPARTURE
                VALUE   (LST)  VALUE       VALUE  FROM
                                                  NORMAL
...............................................................
TEMPERATURE (F)
 YESTERDAY
  MAXIMUM         70    210 PM  74    1959  47     23
  MINIMUM         53   1130 PM -17    1985  28     25
  AVERAGE         62                        38     24

PRECIPITATION (IN)
  YESTERDAY        0.00          2.67 1926   0.13  -0.13
  MONTH TO DATE    3.23                      2.50   0.73
  SINCE JAN 1      3.23                      2.50   0.73

SNOWFALL (IN)
  YESTERDAY        0.0           6.1  1888
  MONTH TO DATE    0.4
  SINCE DEC 1      0.7
  SINCE JUL 1      0.7

DEGREE DAYS
 HEATING
  YESTERDAY        3                              -24
  MONTH TO DATE  366                             -215
  SINCE DEC 1   1049                             -295
  SINCE JUL 1   1403                             -615

 COOLING
  YESTERDAY        0                                0
  MONTH TO DATE    0                                0
  SINCE DEC 1      4                                3
  SINCE JAN 1      0                                0
...............................................................

WIND (MPH)
  HIGHEST WIND SPEED    20   HIGHEST WIND DIRECTION     S (180)
  HIGHEST GUST SPEED    24   HIGHEST GUST DIRECTION     S (170)
  AVERAGE WIND SPEED   6.8


RELATIVE HUMIDITY (PERCENT)
 HIGHEST    90
 LOWEST     45

..........................................................

THE NASHVILLE CLIMATE NORMALS FOR TODAY
                         NORMAL    RECORD    YEAR
 MAXIMUM TEMPERATURE (F)   47        72      1929
 MINIMUM TEMPERATURE (F)   28        -2      1885


SUNRISE AND SUNSET
JANUARY 22 2017.......SUNRISE   654 AM CST   SUNSET   503 PM CST
JANUARY 23 2017.......SUNRISE   653 AM CST   SUNSET   504 PM CST


-  INDICATES NEGATIVE NUMBERS.
R  INDICATES RECORD WAS SET OR TIED.
MM INDICATES DATA IS MISSING.
T  INDICATES TRACE AMOUNT.
$$
31
