000
CDUS44 KOHX 120624
CLIBNA


CLIMATE REPORT
NATIONAL WEATHER SERVICE NASHVILLE TN
1224 AM CST TUE DEC 12 2017


...................................

...THE NASHVILLE CLIMATE SUMMARY FOR DECEMBER 11 2017...

CLIMATE NORMAL PERIOD 1981 TO 2010
CLIMATE RECORD PERIOD 1871 TO 2017


WEATHER ITEM   OBSERVED TIME   RECORD YEAR NORMAL DEPARTURE
                VALUE   (LST)  VALUE       VALUE  FROM
                                                  NORMAL
...............................................................
TEMPERATURE (F)
 YESTERDAY
  MAXIMUM         60    312 PM  76    2007  50     10
  MINIMUM         29    527 AM   3    1962  32     -3
  AVERAGE         45                        41      4

PRECIPITATION (IN)
  YESTERDAY        0.00          2.00 1899   0.15  -0.15
  MONTH TO DATE    0.48                      1.70  -1.22
  SINCE JAN 1     48.84                     44.71   4.13

SNOWFALL (IN)
  YESTERDAY        0.0           3.9  1917
  MONTH TO DATE    0.0
  SINCE DEC 1      0.0
  SINCE JUL 1      0.0

DEGREE DAYS
 HEATING
  YESTERDAY       20                               -4
  MONTH TO DATE  232                              -15
  SINCE DEC 1    232                              -15
  SINCE JUL 1    806                             -115

 COOLING
  YESTERDAY        0                                0
  MONTH TO DATE    0                                0
  SINCE DEC 1      0                                0
  SINCE JAN 1   1923                              278
...............................................................


WIND (MPH)
  HIGHEST WIND SPEED    18   HIGHEST WIND DIRECTION    NW (320)
  HIGHEST GUST SPEED    26   HIGHEST GUST DIRECTION     S (180)
  AVERAGE WIND SPEED     8.1




RELATIVE HUMIDITY (PERCENT)
 HIGHEST    78
 LOWEST     31

..........................................................


THE NASHVILLE CLIMATE NORMALS FOR TODAY
                         NORMAL    RECORD    YEAR
 MAXIMUM TEMPERATURE (F)   50        70      2015
                                             1873
 MINIMUM TEMPERATURE (F)   32        -4      1962


SUNRISE AND SUNSET
DECEMBER 12 2017......SUNRISE   648 AM CST   SUNSET   433 PM CST
DECEMBER 13 2017......SUNRISE   649 AM CST   SUNSET   433 PM CST


-  INDICATES NEGATIVE NUMBERS.
R  INDICATES RECORD WAS SET OR TIED.
MM INDICATES DATA IS MISSING.
T  INDICATES TRACE AMOUNT.




$$
