000
CDUS44 KOHX 041304
CLIBNA

CLIMATE REPORT
NATIONAL WEATHER SERVICE NASHVILLE TN
210 AM CDT FRI SEP 4 2015


...................................

...THE NASHVILLE CLIMATE SUMMARY FOR SEPTEMBER 3 2015...

CLIMATE NORMAL PERIOD 1981 TO 2010
CLIMATE RECORD PERIOD 1871 TO 2015


WEATHER ITEM   OBSERVED TIME   RECORD YEAR NORMAL DEPARTURE
                VALUE   (LST)  VALUE       VALUE  FROM
                                                  NORMAL
...............................................................
TEMPERATURE (F)
 YESTERDAY
  MAXIMUM         95    231 PM 101    1954  87      8
                                      1925
  MINIMUM         73    546 AM  53    1952  65      8
                                      1919
  AVERAGE         84                        76      8

PRECIPITATION (IN)
  YESTERDAY        0.00          2.20 1933   0.10  -0.10
  MONTH TO DATE    0.00                      0.29  -0.29
  SINCE SEP 1      0.00                      0.29  -0.29
  SINCE JAN 1     34.44                     32.54   1.90

SNOWFALL (IN)
  YESTERDAY        0.0           0.0  2002   0.0    0.0
                                      2001
                                      2000
  MONTH TO DATE    0.0                       0.0    0.0
  SINCE SEP 1      0.0                       0.0    0.0
  SINCE JUL 1      0.0                       0.0    0.0
  SNOW DEPTH       0

DEGREE DAYS
 HEATING
  YESTERDAY        0                                0
  MONTH TO DATE    0                                0
  SINCE SEP 1      0                                0
  SINCE JUL 1      0                                0

 COOLING
  YESTERDAY       19                                8
  MONTH TO DATE   50                               16
  SINCE SEP 1     50                               16
  SINCE JAN 1   1585                              177
...............................................................


WIND (MPH)
  HIGHEST WIND SPEED    10   HIGHEST WIND DIRECTION     E (80)
  HIGHEST GUST SPEED    14   HIGHEST GUST DIRECTION    NE (40)
  AVERAGE WIND SPEED     2.5




RELATIVE HUMIDITY (PERCENT)
 HIGHEST    87
 LOWEST     33
 AVERAGE    60

..........................................................
LOW SINCE MIDNIGHT......................................71
PRECIPITATION SINCE MIDNIGHT..........................0.00

THE NASHVILLE CLIMATE NORMALS FOR TODAY
                         NORMAL    RECORD    YEAR
 MAXIMUM TEMPERATURE (F)   86       104      1954
 MINIMUM TEMPERATURE (F)   65        50      1952


SUNRISE AND SUNSET
SEPTEMBER  4 2015.....SUNRISE   620 AM CDT   SUNSET   710 PM CDT
SEPTEMBER  5 2015.....SUNRISE   621 AM CDT   SUNSET   709 PM CDT


-  INDICATES NEGATIVE NUMBERS.
R  INDICATES RECORD WAS SET OR TIED.
MM INDICATES DATA IS MISSING.
T  INDICATES TRACE AMOUNT.




$$
