000
CDUS44 KOHX 190037
CLIBNA


CLIMATE REPORT
NATIONAL WEATHER SERVICE NASHVILLE TN
736 PM CDT FRI AUG 18 2017


...................................

...THE NASHVILLE CLIMATE SUMMARY FOR AUGUST 18 2017...
VALID TODAY AS OF 0700 PM LOCAL TIME.

CLIMATE NORMAL PERIOD 1981 TO 2010
CLIMATE RECORD PERIOD 1871 TO 2017


WEATHER ITEM   OBSERVED TIME   RECORD YEAR NORMAL DEPARTURE
                VALUE   (LST)  VALUE       VALUE  FROM
                                                  NORMAL
...............................................................
TEMPERATURE (F)
 TODAY
  MAXIMUM         89    300 PM 102    1954  89      0
                                      1936
  MINIMUM         76    600 AM  58    1879  69      7
  AVERAGE         83                        79      4

PRECIPITATION (IN)
  TODAY            T             2.49 2010   0.11  -0.11
  MONTH TO DATE    4.13                      1.90   2.23
  SINCE JAN 1     32.65                     30.98   1.67

SNOWFALL (IN)
  TODAY            0.0           0.0  2002
                                      2001
                                      2000
  MONTH TO DATE    0.0
  SINCE JUN 1      0.0
  SINCE JUL 1      0.0

DEGREE DAYS
 HEATING
  TODAY            0                                0
  MONTH TO DATE    0                                0
  SINCE JUN 1      0                               -3
  SINCE JUL 1      0                                0

 COOLING
  TODAY           18                                4
  MONTH TO DATE  249                               -3
  SINCE JUN 1   1109                               87
  SINCE JAN 1   1428                              227
...............................................................


WIND (MPH)
  HIGHEST WIND SPEED    12   HIGHEST WIND DIRECTION     W (290)
  HIGHEST GUST SPEED    17   HIGHEST GUST DIRECTION    NW (300)
  AVERAGE WIND SPEED     6.5




RELATIVE HUMIDITY (PERCENT)
 HIGHEST    94
 LOWEST     40
 AVERAGE    67

..........................................................


THE NASHVILLE CLIMATE NORMALS FOR TOMORROW
                         NORMAL    RECORD    YEAR
 MAXIMUM TEMPERATURE (F)   89       102      1925
 MINIMUM TEMPERATURE (F)   68        57      1943


SUNRISE AND SUNSET
AUGUST 18 2017........SUNRISE   608 AM CDT   SUNSET   733 PM CDT
AUGUST 19 2017........SUNRISE   608 AM CDT   SUNSET   732 PM CDT


-  INDICATES NEGATIVE NUMBERS.
R  INDICATES RECORD WAS SET OR TIED.
MM INDICATES DATA IS MISSING.
T  INDICATES TRACE AMOUNT.




$$
