000
CDUS44 KOHX 190040
CLIBNA


CLIMATE REPORT
NATIONAL WEATHER SERVICE NASHVILLE TN
739 PM CDT WED OCT 18 2017


...................................

...THE NASHVILLE CLIMATE SUMMARY FOR OCTOBER 18 2017...
VALID TODAY AS OF 0400 PM LOCAL TIME.

CLIMATE NORMAL PERIOD 1981 TO 2010
CLIMATE RECORD PERIOD 1871 TO 2017


WEATHER ITEM   OBSERVED TIME   RECORD YEAR NORMAL DEPARTURE
                VALUE   (LST)  VALUE       VALUE  FROM
                                                  NORMAL
...............................................................
TEMPERATURE (F)
 TODAY
  MAXIMUM         74    249 PM  87    2016  71      3
                                      1953
  MINIMUM         42    600 AM  28    1948  48     -6
  AVERAGE         58                        60     -2

PRECIPITATION (IN)
  TODAY            0.00          2.33 1972   0.10  -0.10
  MONTH TO DATE    0.67                      1.74  -1.07
  SINCE JAN 1     41.09                     37.40   3.69

SNOWFALL (IN)
  TODAY            0.0           0.0  2002
                                      2001
                                      2000
  MONTH TO DATE    0.0
  SINCE SEP 1      0.0
  SINCE JUL 1      0.0

DEGREE DAYS
 HEATING
  TODAY            7                                0
  MONTH TO DATE   33                              -50
  SINCE SEP 1     45                              -62
  SINCE JUL 1     45                              -62

 COOLING
  TODAY            0                               -1
  MONTH TO DATE   90                               54
  SINCE SEP 1    313                               57
  SINCE JAN 1   1893                              263
...............................................................


WIND (MPH)
  HIGHEST WIND SPEED    14   HIGHEST WIND DIRECTION     S (200)
  HIGHEST GUST SPEED    MM   HIGHEST GUST DIRECTION    MM
  AVERAGE WIND SPEED     4.6




RELATIVE HUMIDITY (PERCENT)
 HIGHEST    96
 LOWEST     29
 AVERAGE    63

..........................................................


THE NASHVILLE CLIMATE NORMALS FOR TOMORROW
                         NORMAL    RECORD    YEAR
 MAXIMUM TEMPERATURE (F)   71        91      2016
 MINIMUM TEMPERATURE (F)   48        29      1948


SUNRISE AND SUNSET
OCTOBER 18 2017.......SUNRISE   657 AM CDT   SUNSET   607 PM CDT
OCTOBER 19 2017.......SUNRISE   657 AM CDT   SUNSET   605 PM CDT


-  INDICATES NEGATIVE NUMBERS.
R  INDICATES RECORD WAS SET OR TIED.
MM INDICATES DATA IS MISSING.
T  INDICATES TRACE AMOUNT.




$$
