000
CDUS44 KOHX 250657 RRA
CLIBNA

CLIMATE REPORT
NATIONAL WEATHER SERVICE NASHVILLE TN
152 AM CDT THU AUG 25 2016


...................................

...THE NASHVILLE CLIMATE SUMMARY FOR AUGUST 24 2016...

CLIMATE NORMAL PERIOD 1981 TO 2010
CLIMATE RECORD PERIOD 1871 TO 2016


WEATHER ITEM   OBSERVED TIME   RECORD YEAR NORMAL DEPARTURE
                VALUE   (LST)  VALUE       VALUE  FROM
                                                  NORMAL
...............................................................
TEMPERATURE (F)
 YESTERDAY
  MAXIMUM         92    412 PM 102    2007  89      3
  MINIMUM         71    604 AM  52    1891  68      3
  AVERAGE         82                        78      4

PRECIPITATION (IN)
  YESTERDAY        0.00          2.65 1876   0.10  -0.10
  MONTH TO DATE    4.29                      2.50   1.79
  SINCE JAN 1     29.47                     31.58  -2.11

SNOWFALL (IN)
  YESTERDAY        0.0           0.0  2002
                                      2001
                                      2000
  MONTH TO DATE    0.0
  SINCE JUN 1      0.0
  SINCE JUL 1      0.0

DEGREE DAYS
 HEATING
  YESTERDAY        0                                0
  MONTH TO DATE    0                                0
  SINCE JUN 1      0                               -3
  SINCE JUL 1      0                                0

 COOLING
  YESTERDAY       17                                4
  MONTH TO DATE  389                               56
  SINCE JUN 1   1376                              273
  SINCE JAN 1   1613                              331
...............................................................


WIND (MPH)
  HIGHEST WIND SPEED    14   HIGHEST WIND DIRECTION     S (190)
  HIGHEST GUST SPEED    17   HIGHEST GUST DIRECTION    SW (210)
  AVERAGE WIND SPEED     4.1



WEATHER CONDITIONS
 THE FOLLOWING WEATHER WAS RECORDED YESTERDAY.
  NO SIGNIFICANT WEATHER WAS OBSERVED.


RELATIVE HUMIDITY (PERCENT)
 HIGHEST    94
 LOWEST     52

..........................................................


THE NASHVILLE CLIMATE NORMALS FOR TODAY
                         NORMAL    RECORD    YEAR
 MAXIMUM TEMPERATURE (F)   89       102      1943
 MINIMUM TEMPERATURE (F)   68        51      1891


SUNRISE AND SUNSET
AUGUST 25 2016........SUNRISE   613 AM CDT   SUNSET   723 PM CDT
AUGUST 26 2016........SUNRISE   614 AM CDT   SUNSET   722 PM CDT


-  INDICATES NEGATIVE NUMBERS.
R  INDICATES RECORD WAS SET OR TIED.
MM INDICATES DATA IS MISSING.
T  INDICATES TRACE AMOUNT.

$$
BOYD
