000
CDUS45 KBOI 230932
CLIBNO


CLIMATE REPORT
NATIONAL WEATHER SERVICE BOISE ID
232 AM MST THU FEB 23 2017


...................................

...THE BURNS OR CLIMATE SUMMARY FOR FEBRUARY 22 2017...

CLIMATE NORMAL PERIOD 1981 TO 2010
CLIMATE RECORD PERIOD 1938 TO 2017


WEATHER ITEM   OBSERVED TIME   RECORD YEAR NORMAL DEPARTURE LAST
                VALUE   (LST)  VALUE       VALUE  FROM      YEAR
                                                  NORMAL
..................................................................
TEMPERATURE (F)
 YESTERDAY
  MAXIMUM         34   1125 AM  62    1995  41     -7       42
  MINIMUM         21   1159 PM   1    1952  20      1       17
  AVERAGE         28                        31     -3       30

PRECIPITATION (IN)
  YESTERDAY        T             0.25 1956   0.04  -0.04     0.00
  MONTH TO DATE    1.72                      0.79   0.93     0.19
  SINCE OCT 1      8.47                      5.48   2.99     6.54
  SINCE JAN 1      4.96                      1.98   2.98     1.67

DEGREE DAYS
 HEATING
  YESTERDAY       37                        34      3       35
  MONTH TO DATE  774                       815    -41      694
  SINCE DEC 1   3788                      3327    461     3093
  SINCE JUL 1   5601                      5328    273     4954

 COOLING
  YESTERDAY        0                         0      0        0
  MONTH TO DATE    0                         0      0        0
  SINCE DEC 1      0                         0      0        0
  SINCE JAN 1      0                         0      0        0
..................................................................


WIND (MPH)
  HIGHEST WIND SPEED    18   HIGHEST WIND DIRECTION    NW (320)
  HIGHEST GUST SPEED    22   HIGHEST GUST DIRECTION    NW (320)
  AVERAGE WIND SPEED     8.1


SKY COVER
  POSSIBLE SUNSHINE  MM
  AVERAGE SKY COVER 0.7


WEATHER CONDITIONS
 THE FOLLOWING WEATHER WAS RECORDED YESTERDAY.
  LIGHT SNOW
  FOG


RELATIVE HUMIDITY (PERCENT)
 HIGHEST    96           500 AM
 LOWEST     61           400 PM
 AVERAGE    79

..........................................................


THE BURNS OR CLIMATE NORMALS FOR TODAY
                         NORMAL    RECORD    YEAR
 MAXIMUM TEMPERATURE (F)   42        66      1995
 MINIMUM TEMPERATURE (F)   20         9      1969


SUNRISE AND SUNSET
FEBRUARY 23 2017......SUNRISE   642 AM PST   SUNSET   537 PM PST
FEBRUARY 24 2017......SUNRISE   640 AM PST   SUNSET   539 PM PST


-  INDICATES NEGATIVE NUMBERS.
R  INDICATES RECORD WAS SET OR TIED.
MM INDICATES DATA IS MISSING.
T  INDICATES TRACE AMOUNT.




$$
