000
CDUS45 KBOI 250930
CLIBNO


CLIMATE REPORT
NATIONAL WEATHER SERVICE BOISE ID
330 AM MDT MON MAY 25 2015


...................................

...THE BURNS OR CLIMATE SUMMARY FOR MAY 24 2015...

CLIMATE NORMAL PERIOD 1981 TO 2010
CLIMATE RECORD PERIOD 1938 TO 2015


WEATHER ITEM   OBSERVED TIME   RECORD YEAR NORMAL DEPARTURE LAST
                VALUE   (LST)  VALUE       VALUE  FROM      YEAR
                                                  NORMAL
..................................................................
TEMPERATURE (F)
 YESTERDAY
  MAXIMUM         76    414 PM  88    2001  68      8       74
                                      1992
  MINIMUM         45    458 AM  29    2004  38      7       36
                                      1990
                                      1978
  AVERAGE         61                        53      8       55

PRECIPITATION (IN)
  YESTERDAY        0.00          0.58 1945   0.05  -0.05     0.00
  MONTH TO DATE    1.68                      0.93   0.75     0.38
  SINCE OCT 1      8.43                      8.66  -0.23     5.90
  SINCE JAN 1      3.93                      5.16  -1.23     4.93

DEGREE DAYS
 HEATING
  YESTERDAY        4                        12     -8       10
  MONTH TO DATE  304                       352    -48      317
  SINCE MAR 1   1665                      1864   -199     1741
  SINCE JUL 1   6139                      7392  -1253     7024

 COOLING
  YESTERDAY        0                         0      0        0
  MONTH TO DATE    0                         0      0        0
  SINCE MAR 1      0                         0      0        0
  SINCE JAN 1      0                         0      0        0
..................................................................


WIND (MPH)
  HIGHEST WIND SPEED    18   HIGHEST WIND DIRECTION     W (290)
  HIGHEST GUST SPEED    23   HIGHEST GUST DIRECTION     W (290)
  AVERAGE WIND SPEED     7.0


SKY COVER
  POSSIBLE SUNSHINE  MM
  AVERAGE SKY COVER 0.2


WEATHER CONDITIONS
 THE FOLLOWING WEATHER WAS RECORDED YESTERDAY.
  NO SIGNIFICANT WEATHER WAS OBSERVED.


RELATIVE HUMIDITY (PERCENT)
 HIGHEST    86           200 AM
 LOWEST     25           300 PM
 AVERAGE    56

..........................................................


THE BURNS OR CLIMATE NORMALS FOR TODAY
                         NORMAL    RECORD    YEAR
 MAXIMUM TEMPERATURE (F)   69        90      1992
 MINIMUM TEMPERATURE (F)   39        23      1975


SUNRISE AND SUNSET
MAY 25 2015...........SUNRISE   522 AM PDT   SUNSET   824 PM PDT
MAY 26 2015...........SUNRISE   521 AM PDT   SUNSET   825 PM PDT


-  INDICATES NEGATIVE NUMBERS.
R  INDICATES RECORD WAS SET OR TIED.
MM INDICATES DATA IS MISSING.
T  INDICATES TRACE AMOUNT.




$$
