000
CDUS45 KBOI 230933
CLIBNO


CLIMATE REPORT
NATIONAL WEATHER SERVICE BOISE ID
233 AM MST TUE JAN 23 2018


...................................

...THE BURNS OR CLIMATE SUMMARY FOR JANUARY 22 2018...

CLIMATE NORMAL PERIOD 1981 TO 2010
CLIMATE RECORD PERIOD 1938 TO 2018


WEATHER ITEM   OBSERVED TIME   RECORD YEAR NORMAL DEPARTURE LAST
                VALUE   (LST)  VALUE       VALUE  FROM      YEAR
                                                  NORMAL
..................................................................
TEMPERATURE (F)
 YESTERDAY
  MAXIMUM         37    249 PM  55    1948  35      2       33
  MINIMUM         12   1159 PM -22    1962  15     -3        2
  AVERAGE         25                        25      0       18

PRECIPITATION (IN)
  YESTERDAY        0.01          0.93 1972   0.03  -0.02     0.24
  MONTH TO DATE    1.02                      0.88   0.14     3.19
  SINCE OCT 1      3.68                      4.38  -0.70     6.70
  SINCE JAN 1      1.02                      0.88   0.14     3.19

DEGREE DAYS
 HEATING
  YESTERDAY       40                        40      0       47
  MONTH TO DATE  741                       891   -150     1180
  SINCE DEC 1   2073                      2157    -84     2529
  SINCE JUL 1   3989                      4158   -169     4342

 COOLING
  YESTERDAY        0                         0      0        0
  MONTH TO DATE    0                         0      0        0
  SINCE DEC 1      0                         0      0        0
  SINCE JAN 1      0                         0      0        0
..................................................................


WIND (MPH)
  HIGHEST WIND SPEED    12   HIGHEST WIND DIRECTION     S (180)
  HIGHEST GUST SPEED    15   HIGHEST GUST DIRECTION     S (170)
  AVERAGE WIND SPEED     4.9


SKY COVER
  POSSIBLE SUNSHINE  MM
  AVERAGE SKY COVER 0.1


WEATHER CONDITIONS
 THE FOLLOWING WEATHER WAS RECORDED YESTERDAY.
  LIGHT SNOW
  FOG
  FOG W/VISIBILITY <= 1/4 MILE


RELATIVE HUMIDITY (PERCENT)
 HIGHEST   100           600 AM
 LOWEST     64           200 PM
 AVERAGE    82

..........................................................


THE BURNS OR CLIMATE NORMALS FOR TODAY
                         NORMAL    RECORD    YEAR
 MAXIMUM TEMPERATURE (F)   35        58      1959
 MINIMUM TEMPERATURE (F)   15       -22      1962


SUNRISE AND SUNSET
JANUARY 23 2018.......SUNRISE   721 AM PST   SUNSET   455 PM PST
JANUARY 24 2018.......SUNRISE   720 AM PST   SUNSET   457 PM PST


-  INDICATES NEGATIVE NUMBERS.
R  INDICATES RECORD WAS SET OR TIED.
MM INDICATES DATA IS MISSING.
T  INDICATES TRACE AMOUNT.




$$
