000
CDUS45 KBOI 240931
CLIBNO


CLIMATE REPORT
NATIONAL WEATHER SERVICE BOISE ID
331 AM MDT THU APR 24 2014


...................................

...THE BURNS OR CLIMATE SUMMARY FOR APRIL 23 2014...

CLIMATE NORMAL PERIOD 1981 TO 2010
CLIMATE RECORD PERIOD 1939 TO 2014


WEATHER ITEM   OBSERVED TIME   RECORD YEAR NORMAL DEPARTURE LAST
                VALUE   (LST)  VALUE       VALUE  FROM      YEAR
                                                  NORMAL
..................................................................
TEMPERATURE (F)
 YESTERDAY
  MAXIMUM         54    343 PM  82    2012  59     -5       58
  MINIMUM         22   1222 AM  13    2013  30     -8       13
  AVERAGE         38                        45     -7       36

PRECIPITATION (IN)
  YESTERDAY        0.02          0.49 2005   0.04  -0.02     0.00
  MONTH TO DATE    0.50                      0.72  -0.22     0.39
  SINCE OCT 1      4.91                      7.52  -2.61     5.21
  SINCE JAN 1      3.94                      4.02  -0.08     1.31

DEGREE DAYS
 HEATING
  YESTERDAY       27                        20      7       29
  MONTH TO DATE  487                       520    -33      529
  SINCE MAR 1   1271                      1377   -106     1361
  SINCE JUL 1   6554                      6905   -351     6718

 COOLING
  YESTERDAY        0                         0      0        0
  MONTH TO DATE    0                         0      0        0
  SINCE MAR 1      0                         0      0        0
  SINCE JAN 1      0                         0      0        0
..................................................................


WIND (MPH)
  HIGHEST WIND SPEED    26   HIGHEST WIND DIRECTION    SW (230)
  HIGHEST GUST SPEED    32   HIGHEST GUST DIRECTION    SW (210)
  AVERAGE WIND SPEED     9.0


SKY COVER
  POSSIBLE SUNSHINE  MM
  AVERAGE SKY COVER 0.9


WEATHER CONDITIONS
 THE FOLLOWING WEATHER WAS RECORDED YESTERDAY.
  LIGHT RAIN


RELATIVE HUMIDITY (PERCENT)
 HIGHEST    85           400 AM
 LOWEST     32           200 PM
 AVERAGE    59

..........................................................


THE BURNS OR CLIMATE NORMALS FOR TODAY
                         NORMAL    RECORD    YEAR
 MAXIMUM TEMPERATURE (F)   59        84      1977
 MINIMUM TEMPERATURE (F)   31        17      2002


SUNRISE AND SUNSET
APRIL 24 2014.........SUNRISE   559 AM PDT   SUNSET   750 PM PDT
APRIL 25 2014.........SUNRISE   557 AM PDT   SUNSET   751 PM PDT


-  INDICATES NEGATIVE NUMBERS.
R  INDICATES RECORD WAS SET OR TIED.
MM INDICATES DATA IS MISSING.
T  INDICATES TRACE AMOUNT.




$$
