000
CDUS45 KBOI 310937
CLIBNO


CLIMATE REPORT
NATIONAL WEATHER SERVICE BOISE ID
337 AM MDT MON AUG 31 2015


...................................

...THE BURNS OR CLIMATE SUMMARY FOR AUGUST 30 2015...

CLIMATE NORMAL PERIOD 1981 TO 2010
CLIMATE RECORD PERIOD 1938 TO 2015


WEATHER ITEM   OBSERVED TIME   RECORD YEAR NORMAL DEPARTURE LAST
                VALUE   (LST)  VALUE       VALUE  FROM      YEAR
                                                  NORMAL
..................................................................
TEMPERATURE (F)
 YESTERDAY
  MAXIMUM         74    301 PM  95    1950  81     -7       76
  MINIMUM         37    543 AM  31    1999  42     -5       42
                                      1951
  AVERAGE         56                        61     -5       59

PRECIPITATION (IN)
  YESTERDAY        0.00          0.99 1984   0.02  -0.02     0.02
  MONTH TO DATE    0.21                      0.35  -0.14     0.21
  SINCE OCT 1      9.28                     10.47  -1.19     6.96
  SINCE JAN 1      4.78                      6.97  -2.19     5.99

DEGREE DAYS
 HEATING
  YESTERDAY        9                         5      4        6
  MONTH TO DATE   25                        73    -48       43
  SINCE JUN 1    102                       349   -247      240
  SINCE JUL 1     53                       131    -78       55

 COOLING
  YESTERDAY        0                         1     -1        0
  MONTH TO DATE   88                        72     16       99
  SINCE JUN 1    310                       201    109      313
  SINCE JAN 1    313                       204    109      313
..................................................................


WIND (MPH)
  HIGHEST WIND SPEED    25   HIGHEST WIND DIRECTION    SW (210)
  HIGHEST GUST SPEED    34   HIGHEST GUST DIRECTION    SW (210)
  AVERAGE WIND SPEED     8.8


SKY COVER
  POSSIBLE SUNSHINE  MM
  AVERAGE SKY COVER 0.2


WEATHER CONDITIONS
 THE FOLLOWING WEATHER WAS RECORDED YESTERDAY.
  NO SIGNIFICANT WEATHER WAS OBSERVED.


RELATIVE HUMIDITY (PERCENT)
 HIGHEST    70           400 AM
 LOWEST     23           100 PM
 AVERAGE    47

..........................................................


THE BURNS OR CLIMATE NORMALS FOR TODAY
                         NORMAL    RECORD    YEAR
 MAXIMUM TEMPERATURE (F)   81        95      1987
 MINIMUM TEMPERATURE (F)   41        22      1999


SUNRISE AND SUNSET
AUGUST 31 2015........SUNRISE   618 AM PDT   SUNSET   733 PM PDT
SEPTEMBER  1 2015.....SUNRISE   619 AM PDT   SUNSET   731 PM PDT


-  INDICATES NEGATIVE NUMBERS.
R  INDICATES RECORD WAS SET OR TIED.
MM INDICATES DATA IS MISSING.
T  INDICATES TRACE AMOUNT.




$$
