000
CDUS45 KBOI 170933
CLIBNO


CLIMATE REPORT
NATIONAL WEATHER SERVICE BOISE ID
333 AM MDT WED SEP 17 2014


...................................

...THE BURNS OR CLIMATE SUMMARY FOR SEPTEMBER 16 2014...

CLIMATE NORMAL PERIOD 1981 TO 2010
CLIMATE RECORD PERIOD 1939 TO 2014


WEATHER ITEM   OBSERVED TIME   RECORD YEAR NORMAL DEPARTURE LAST
                VALUE   (LST)  VALUE       VALUE  FROM      YEAR
                                                  NORMAL
..................................................................
TEMPERATURE (F)
 YESTERDAY
  MAXIMUM         89    310 PM  91    1981  76     13       78
                                      1951
  MINIMUM         44    611 AM  24    1987  36      8       37
  AVERAGE         67                        56     11       58

PRECIPITATION (IN)
  YESTERDAY        0.00          0.37 1955   0.01  -0.01     0.00
  MONTH TO DATE    0.00                      0.22  -0.22     0.63
  SINCE OCT 1      6.96                     10.70  -3.74     8.45
  SINCE JAN 1      5.99                      7.20  -1.21     4.55

DEGREE DAYS
 HEATING
  YESTERDAY        0                         9     -9        7
  MONTH TO DATE  109                       113     -4       33
  SINCE SEP 1    109                       113     -4       33
  SINCE JUL 1    174                       250    -76       69

 COOLING
  YESTERDAY        2                         0      2        0
  MONTH TO DATE    3                         7     -4       21
  SINCE SEP 1      3                         7     -4       21
  SINCE JAN 1    316                       213    103      372
..................................................................


WIND (MPH)
  HIGHEST WIND SPEED    20   HIGHEST WIND DIRECTION    SW (220)
  HIGHEST GUST SPEED    24   HIGHEST GUST DIRECTION     S (160)
  AVERAGE WIND SPEED     5.4


SKY COVER
  POSSIBLE SUNSHINE  MM
  AVERAGE SKY COVER 0.1


WEATHER CONDITIONS
 THE FOLLOWING WEATHER WAS RECORDED YESTERDAY.
  NO SIGNIFICANT WEATHER WAS OBSERVED.


RELATIVE HUMIDITY (PERCENT)
 HIGHEST    71           500 AM
 LOWEST     15           300 PM
 AVERAGE    43

..........................................................


THE BURNS OR CLIMATE NORMALS FOR TODAY
                         NORMAL    RECORD    YEAR
 MAXIMUM TEMPERATURE (F)   75        93      1981
 MINIMUM TEMPERATURE (F)   36        23      1965


SUNRISE AND SUNSET
SEPTEMBER 17 2014.....SUNRISE   637 AM PDT   SUNSET   702 PM PDT
SEPTEMBER 18 2014.....SUNRISE   639 AM PDT   SUNSET   700 PM PDT


-  INDICATES NEGATIVE NUMBERS.
R  INDICATES RECORD WAS SET OR TIED.
MM INDICATES DATA IS MISSING.
T  INDICATES TRACE AMOUNT.




$$
