000
CDUS45 KBOI 270121
CLIBNO


CLIMATE REPORT
NATIONAL WEATHER SERVICE BOISE ID
621 PM MST THU FEB 26 2015


...................................

...THE BURNS OR CLIMATE SUMMARY FOR FEBRUARY 26 2015...
VALID TODAY AS OF 0600 PM LOCAL TIME.

CLIMATE NORMAL PERIOD 1981 TO 2010
CLIMATE RECORD PERIOD 1939 TO 2015


WEATHER ITEM   OBSERVED TIME   RECORD YEAR NORMAL DEPARTURE LAST
                VALUE   (LST)  VALUE       VALUE  FROM      YEAR
                                                  NORMAL
..................................................................
TEMPERATURE (F)
 TODAY
  MAXIMUM         49    228 PM  64    1953  43      6       57
  MINIMUM         33    512 AM -18    2011  21     12       29
  AVERAGE         41                        32      9       43

PRECIPITATION (IN)
  TODAY            0.00          0.46 2000   0.04  -0.04     0.00
  MONTH TO DATE    0.75                      0.94  -0.19     1.58
  SINCE OCT 1      5.65                      5.63   0.02     3.05
  SINCE JAN 1      1.15                      2.13  -0.98     2.08

DEGREE DAYS
 HEATING
  TODAY           24                        33     -9       22
  MONTH TO DATE  627                       949   -322      823
  SINCE DEC 1   2674                      3461   -787     3310
  SINCE JUL 1   4404                      5462  -1058     5233

 COOLING
  TODAY            0                         0      0        0
  MONTH TO DATE    0                         0      0        0
  SINCE DEC 1      0                         0      0        0
  SINCE JAN 1      0                         0      0        0
..................................................................


WIND (MPH)
  HIGHEST WIND SPEED    21   HIGHEST WIND DIRECTION     W (270)
  HIGHEST GUST SPEED    28   HIGHEST GUST DIRECTION     W (280)
  AVERAGE WIND SPEED     8.2



WEATHER CONDITIONS
 THE FOLLOWING WEATHER WAS RECORDED TODAY.
  HAZE


RELATIVE HUMIDITY (PERCENT)
 HIGHEST    82           500 AM
 LOWEST     45          1200 PM
 AVERAGE    64

..........................................................


THE BURNS OR CLIMATE NORMALS FOR TOMORROW
                         NORMAL    RECORD    YEAR
 MAXIMUM TEMPERATURE (F)   43        63      1992
 MINIMUM TEMPERATURE (F)   21       -15      1993


SUNRISE AND SUNSET
FEBRUARY 26 2015......SUNRISE   637 AM PST   SUNSET   540 PM PST
FEBRUARY 27 2015......SUNRISE   636 AM PST   SUNSET   542 PM PST


-  INDICATES NEGATIVE NUMBERS.
R  INDICATES RECORD WAS SET OR TIED.
MM INDICATES DATA IS MISSING.
T  INDICATES TRACE AMOUNT.




$$
