000
CDUS45 KBOI 200934
CLIBOI


CLIMATE REPORT
NATIONAL WEATHER SERVICE BOISE ID
234 AM MST MON FEB 20 2017


...................................

...THE BOISE ID CLIMATE SUMMARY FOR FEBRUARY 19 2017...

CLIMATE NORMAL PERIOD 1981 TO 2010
CLIMATE RECORD PERIOD 1875 TO 2017


WEATHER ITEM   OBSERVED TIME   RECORD YEAR NORMAL DEPARTURE LAST
                VALUE   (LST)  VALUE       VALUE  FROM      YEAR
                                                  NORMAL
..................................................................
TEMPERATURE (F)
 YESTERDAY
  MAXIMUM         52    145 PM  67    1995  46      6       58
  MINIMUM         38    720 AM  -5    1882  29      9       40
  AVERAGE         45                        38      7       49

PRECIPITATION (IN)
  YESTERDAY        0.06          0.76 1986   0.03   0.03     0.02
  MONTH TO DATE    1.09                      0.65   0.44     0.49
  SINCE OCT 1      7.55                      5.54   2.01     5.66
  SINCE JAN 1      4.05                      1.89   2.16     1.32

SNOWFALL (IN)
  YESTERDAY        T             3.8  1910   0.0    0.0      0.0
  MONTH TO DATE    2.1                       2.1    0.0      0.7
  SINCE OCT 1     37.6                      16.9   20.7     10.9
  SINCE JUL 1     37.6                      16.9   20.7     10.9
  SNOW DEPTH       0

DEGREE DAYS
 HEATING
  YESTERDAY       20                        27     -7       16
  MONTH TO DATE  495                       564    -69      475
  SINCE DEC 1   3124                      2671    453     2464
  SINCE JUL 1   4029                      3925    104     3536

 COOLING
  YESTERDAY        0                         0      0        0
  MONTH TO DATE    0                         0      0        0
  SINCE DEC 1      0                         0      0        0
  SINCE JAN 1      0                         0      0        0
..................................................................


WIND (MPH)
  HIGHEST WIND SPEED    24   HIGHEST WIND DIRECTION    SW (230)
  HIGHEST GUST SPEED    34   HIGHEST GUST DIRECTION    SW (230)
  AVERAGE WIND SPEED     8.2


SKY COVER
  POSSIBLE SUNSHINE  MM
  AVERAGE SKY COVER 0.8


WEATHER CONDITIONS
 THE FOLLOWING WEATHER WAS RECORDED YESTERDAY.
  THUNDERSTORM
  RAIN
  LIGHT RAIN
  HAIL


RELATIVE HUMIDITY (PERCENT)
 HIGHEST    92           700 AM
 LOWEST     41           200 PM
 AVERAGE    67

..........................................................


THE BOISE ID CLIMATE NORMALS FOR TODAY
                         NORMAL    RECORD    YEAR
 MAXIMUM TEMPERATURE (F)   47        69      1977
 MINIMUM TEMPERATURE (F)   29         6      1887


SUNRISE AND SUNSET
FEBRUARY 20 2017......SUNRISE   735 AM MST   SUNSET   622 PM MST
FEBRUARY 21 2017......SUNRISE   734 AM MST   SUNSET   624 PM MST


-  INDICATES NEGATIVE NUMBERS.
R  INDICATES RECORD WAS SET OR TIED.
MM INDICATES DATA IS MISSING.
T  INDICATES TRACE AMOUNT.




$$
