000
CDUS45 KBOI 200135
CLIBOI


CLIMATE REPORT
NATIONAL WEATHER SERVICE BOISE ID
635 PM MST MON FEB 19 2018


...................................

...THE BOISE ID CLIMATE SUMMARY FOR FEBRUARY 19 2018...
VALID TODAY AS OF 0600 PM LOCAL TIME.

CLIMATE NORMAL PERIOD 1981 TO 2010
CLIMATE RECORD PERIOD 1875 TO 2018


WEATHER ITEM   OBSERVED TIME   RECORD YEAR NORMAL DEPARTURE LAST
                VALUE   (LST)  VALUE       VALUE  FROM      YEAR
                                                  NORMAL
..................................................................
TEMPERATURE (F)
 TODAY
  MAXIMUM         33    118 PM  67    1995  46    -13       52
  MINIMUM         20    435 AM  -5    1882  29     -9       38
  AVERAGE         27                        38    -11       45

PRECIPITATION (IN)
  TODAY            T             0.76 1986   0.03  -0.03     0.06
  MONTH TO DATE    0.24                      0.65  -0.41     1.09
  SINCE OCT 1      4.99                      5.54  -0.55     7.55
  SINCE JAN 1      1.60                      1.89  -0.29     4.05

DEGREE DAYS
 HEATING
  TODAY           38                        27     11       20
  MONTH TO DATE  465                       564    -99      495
  SINCE DEC 1   2420                      2671   -251     3124
  SINCE JUL 1   3644                      3925   -281     4029

 COOLING
  TODAY            0                         0      0        0
  MONTH TO DATE    0                         0      0        0
  SINCE DEC 1      0                         0      0        0
  SINCE JAN 1      0                         0      0        0
..................................................................


WIND (MPH)
  HIGHEST WIND SPEED    26   HIGHEST WIND DIRECTION    NW (330)
  HIGHEST GUST SPEED    36   HIGHEST GUST DIRECTION    NW (310)
  AVERAGE WIND SPEED    10.5



WEATHER CONDITIONS
 THE FOLLOWING WEATHER WAS RECORDED TODAY.
  FOG


RELATIVE HUMIDITY (PERCENT)
 HIGHEST    84           200 AM
 LOWEST     31           500 PM
 AVERAGE    58

..........................................................


THE BOISE ID CLIMATE NORMALS FOR TOMORROW
                         NORMAL    RECORD    YEAR
 MAXIMUM TEMPERATURE (F)   47        69      1977
 MINIMUM TEMPERATURE (F)   29         6      1887


SUNRISE AND SUNSET
FEBRUARY 19 2018......SUNRISE   737 AM MST   SUNSET   621 PM MST
FEBRUARY 20 2018......SUNRISE   736 AM MST   SUNSET   622 PM MST


-  INDICATES NEGATIVE NUMBERS.
R  INDICATES RECORD WAS SET OR TIED.
MM INDICATES DATA IS MISSING.
T  INDICATES TRACE AMOUNT.




$$
