000
CDUS45 KBOI 230130
CLIBOI


CLIMATE REPORT
NATIONAL WEATHER SERVICE BOISE ID
629 PM MST SAT NOV 22 2014


...................................

...THE BOISE ID CLIMATE SUMMARY FOR NOVEMBER 22 2014...
VALID TODAY AS OF 0600 PM LOCAL TIME.

CLIMATE NORMAL PERIOD 1981 TO 2010
CLIMATE RECORD PERIOD 1878 TO 2014


WEATHER ITEM   OBSERVED TIME   RECORD YEAR NORMAL DEPARTURE LAST
                VALUE   (LST)  VALUE       VALUE  FROM      YEAR
                                                  NORMAL
..................................................................
TEMPERATURE (F)
 TODAY
  MAXIMUM         48   1042 AM  65    1892  45      3       39
  MINIMUM         39    818 AM  -3    1985  30      9       22
  AVERAGE         44                        37      7       31

PRECIPITATION (IN)
  TODAY            T             0.69 1953   0.05  -0.05     0.00
  MONTH TO DATE    1.94                      0.96   0.98     1.49
  SINCE OCT 1      2.34                      1.71   0.63     2.25
  SINCE JAN 1     11.87                      9.79   2.08     8.91

DEGREE DAYS
 HEATING
  TODAY           21                        28     -7       34
  MONTH TO DATE  690                       512    178      517
  SINCE SEP 1    955                      1000    -45     1060
  SINCE JUL 1    959                      1018    -59     1060

 COOLING
  TODAY            0                         0      0        0
  MONTH TO DATE    0                         0      0        0
  SINCE SEP 1    146                       108     38      148
  SINCE JAN 1   1129                       942    187     1320
..................................................................


WIND (MPH)
  HIGHEST WIND SPEED    22   HIGHEST WIND DIRECTION    SE (120)
  HIGHEST GUST SPEED    29   HIGHEST GUST DIRECTION    SE (120)
  AVERAGE WIND SPEED    10.4



WEATHER CONDITIONS
 THE FOLLOWING WEATHER WAS RECORDED TODAY.
  LIGHT RAIN
  FOG


RELATIVE HUMIDITY (PERCENT)
 HIGHEST   100           200 AM
 LOWEST     70           100 PM
 AVERAGE    85

..........................................................


THE BOISE ID CLIMATE NORMALS FOR TOMORROW
                         NORMAL    RECORD    YEAR
 MAXIMUM TEMPERATURE (F)   44        64      1897
 MINIMUM TEMPERATURE (F)   30         2      1985


SUNRISE AND SUNSET
NOVEMBER 22 2014......SUNRISE   748 AM MST   SUNSET   514 PM MST
NOVEMBER 23 2014......SUNRISE   749 AM MST   SUNSET   513 PM MST


-  INDICATES NEGATIVE NUMBERS.
R  INDICATES RECORD WAS SET OR TIED.
MM INDICATES DATA IS MISSING.
T  INDICATES TRACE AMOUNT.




$$
