000
CDUS45 KBOI 310137
CLIBOI


CLIMATE REPORT
NATIONAL WEATHER SERVICE BOISE ID
737 PM MDT THU MAR 30 2017


...................................

...THE BOISE ID CLIMATE SUMMARY FOR MARCH 30 2017...
VALID TODAY AS OF 0600 PM LOCAL TIME.

CLIMATE NORMAL PERIOD 1981 TO 2010
CLIMATE RECORD PERIOD 1875 TO 2017


WEATHER ITEM   OBSERVED TIME   RECORD YEAR NORMAL DEPARTURE LAST
                VALUE   (LST)  VALUE       VALUE  FROM      YEAR
                                                  NORMAL
..................................................................
TEMPERATURE (F)
 TODAY
  MAXIMUM         48    111 AM  79    2004  58    -10       64
  MINIMUM         33    937 AM  17    1954  37     -4       34
  AVERAGE         41                        48     -7       49

PRECIPITATION (IN)
  TODAY            1.39R         0.50 1931   0.05   1.34     0.00
  MONTH TO DATE    2.85                      1.35   1.50     1.46
  SINCE OCT 1     10.53                      7.23   3.30     7.30
  SINCE JAN 1      7.03                      3.58   3.45     2.96

DEGREE DAYS
 HEATING
  TODAY           24                        17      7       16
  MONTH TO DATE  478                       619   -141      523
  SINCE MAR 1    478                       619   -141      523
  SINCE JUL 1   4765                      4778    -13     4272

 COOLING
  TODAY            0                         0      0        0
  MONTH TO DATE    0                         0      0        0
  SINCE MAR 1      0                         0      0        0
  SINCE JAN 1      0                         0      0        0
..................................................................


WIND (MPH)
  HIGHEST WIND SPEED    37   HIGHEST WIND DIRECTION     N (340)
  HIGHEST GUST SPEED    52   HIGHEST GUST DIRECTION    NW (320)
  AVERAGE WIND SPEED    16.3



WEATHER CONDITIONS
 THE FOLLOWING WEATHER WAS RECORDED TODAY.
  HEAVY RAIN
  RAIN
  LIGHT RAIN
  SNOW
  LIGHT SNOW
  FOG


RELATIVE HUMIDITY (PERCENT)
 HIGHEST   100           700 AM
 LOWEST     86           100 AM
 AVERAGE    93

..........................................................


THE BOISE ID CLIMATE NORMALS FOR TOMORROW
                         NORMAL    RECORD    YEAR
 MAXIMUM TEMPERATURE (F)   58        77      2012
 MINIMUM TEMPERATURE (F)   37        19      1936
                                             1896


SUNRISE AND SUNSET
MARCH 30 2017.........SUNRISE   730 AM MDT   SUNSET   810 PM MDT
MARCH 31 2017.........SUNRISE   728 AM MDT   SUNSET   811 PM MDT


-  INDICATES NEGATIVE NUMBERS.
R  INDICATES RECORD WAS SET OR TIED.
MM INDICATES DATA IS MISSING.
T  INDICATES TRACE AMOUNT.




$$
