000
CDUS45 KBOI 010125
CLIBOI


CLIMATE REPORT
NATIONAL WEATHER SERVICE BOISE ID
725 PM MDT WED AUG 31 2016


...................................

...THE BOISE ID CLIMATE SUMMARY FOR AUGUST 31 2016...
VALID TODAY AS OF 0600 PM LOCAL TIME.

CLIMATE NORMAL PERIOD 1981 TO 2010
CLIMATE RECORD PERIOD 1875 TO 2016


WEATHER ITEM   OBSERVED TIME   RECORD YEAR NORMAL DEPARTURE LAST
                VALUE   (LST)  VALUE       VALUE  FROM      YEAR
                                                  NORMAL
..................................................................
TEMPERATURE (F)
 TODAY
  MAXIMUM         92    501 PM 102    2004  85      7       83
  MINIMUM         62    650 AM  39    1887  56      6       52
  AVERAGE         77                        71      6       68

PRECIPITATION (IN)
  TODAY            0.00          0.46 1964   0.01  -0.01     0.00
  MONTH TO DATE    T                         0.24  -0.24     0.18
  SINCE OCT 1      9.31                     11.15  -1.84    12.02
  SINCE JAN 1      4.97                      7.50  -2.53     6.11

DEGREE DAYS
 HEATING
  TODAY            0                         1     -1        0
  MONTH TO DATE    0                         6     -6        0
  SINCE JUN 1     45                        82    -37        2
  SINCE JUL 1      8                        18    -10        0

 COOLING
  TODAY           12                         6      6        3
  MONTH TO DATE  320                       309     11      394
  SINCE JUN 1    906                       790    116     1101
  SINCE JAN 1    937                       834    103     1136
..................................................................


WIND (MPH)
  HIGHEST WIND SPEED    20   HIGHEST WIND DIRECTION     S (200)
  HIGHEST GUST SPEED    24   HIGHEST GUST DIRECTION     S (200)
  AVERAGE WIND SPEED     7.2



WEATHER CONDITIONS
 THE FOLLOWING WEATHER WAS RECORDED TODAY.
  HAZE


RELATIVE HUMIDITY (PERCENT)
 HIGHEST    45           200 AM
 LOWEST     13          1200 PM
 AVERAGE    29

..........................................................


THE BOISE ID CLIMATE NORMALS FOR TOMORROW
                         NORMAL    RECORD    YEAR
 MAXIMUM TEMPERATURE (F)   85       102      1945
 MINIMUM TEMPERATURE (F)   56        39      1892


SUNRISE AND SUNSET
AUGUST 31 2016........SUNRISE   708 AM MDT   SUNSET   821 PM MDT
SEPTEMBER  1 2016.....SUNRISE   709 AM MDT   SUNSET   819 PM MDT


-  INDICATES NEGATIVE NUMBERS.
R  INDICATES RECORD WAS SET OR TIED.
MM INDICATES DATA IS MISSING.
T  INDICATES TRACE AMOUNT.




$$
