000
CDUS45 KBOI 190933
CLIBOI


CLIMATE REPORT
NATIONAL WEATHER SERVICE BOISE ID
233 AM MST FRI DEC 19 2014


...................................

...THE BOISE ID CLIMATE SUMMARY FOR DECEMBER 18 2014...

CLIMATE NORMAL PERIOD 1981 TO 2010
CLIMATE RECORD PERIOD 1878 TO 2014


WEATHER ITEM   OBSERVED TIME   RECORD YEAR NORMAL DEPARTURE LAST
                VALUE   (LST)  VALUE       VALUE  FROM      YEAR
                                                  NORMAL
..................................................................
TEMPERATURE (F)
 YESTERDAY
  MAXIMUM         47    359 PM  58    1917  37     10       26
  MINIMUM         34    411 AM  -5    1924  23     11       21
  AVERAGE         41                        30     11       24

PRECIPITATION (IN)
  YESTERDAY        T             0.64 1884   0.05  -0.05      T
  MONTH TO DATE    1.04                      0.89   0.15     0.39
  SINCE OCT 1      3.61                      2.99   0.62     2.64
  SINCE JAN 1     13.14                     11.07   2.07     9.30

SNOWFALL (IN)
  YESTERDAY        0.0           4.3  1913   0.3   -0.3       T
  MONTH TO DATE    0.5                       3.8   -3.3      2.4
  SINCE OCT 1      8.1                       6.5    1.6      4.4
  SINCE JUL 1      8.1                       6.5    1.6      4.4
  SNOW DEPTH       0

DEGREE DAYS
 HEATING
  YESTERDAY       24                        35    -11       41
  MONTH TO DATE  421                       603   -182      784
  SINCE DEC 1    421                       603   -182      784
  SINCE JUL 1   1560                      1857   -297     2078

 COOLING
  YESTERDAY        0                         0      0        0
  MONTH TO DATE    0                         0      0        0
  SINCE DEC 1      0                         0      0        0
  SINCE JAN 1   1129                       942    187     1320
..................................................................


WIND (MPH)
  HIGHEST WIND SPEED    15   HIGHEST WIND DIRECTION    SE (150)
  HIGHEST GUST SPEED    18   HIGHEST GUST DIRECTION    SE (150)
  AVERAGE WIND SPEED     8.4


SKY COVER
  POSSIBLE SUNSHINE  MM
  AVERAGE SKY COVER 0.9


WEATHER CONDITIONS
 THE FOLLOWING WEATHER WAS RECORDED YESTERDAY.
  LIGHT RAIN


RELATIVE HUMIDITY (PERCENT)
 HIGHEST    89           400 AM
 LOWEST     53           100 PM
 AVERAGE    71

..........................................................


THE BOISE ID CLIMATE NORMALS FOR TODAY
                         NORMAL    RECORD    YEAR
 MAXIMUM TEMPERATURE (F)   37        60      1917
 MINIMUM TEMPERATURE (F)   23        -6      1984


SUNRISE AND SUNSET
DECEMBER 19 2014......SUNRISE   814 AM MST   SUNSET   510 PM MST
DECEMBER 20 2014......SUNRISE   814 AM MST   SUNSET   511 PM MST


-  INDICATES NEGATIVE NUMBERS.
R  INDICATES RECORD WAS SET OR TIED.
MM INDICATES DATA IS MISSING.
T  INDICATES TRACE AMOUNT.




$$
