000
CDUS45 KBOI 040932
CLIBOI


CLIMATE REPORT
NATIONAL WEATHER SERVICE BOISE ID
332 AM MDT WED MAY 4 2016


...................................

...THE BOISE ID CLIMATE SUMMARY FOR MAY 3 2016...

CLIMATE NORMAL PERIOD 1981 TO 2010
CLIMATE RECORD PERIOD 1875 TO 2016


WEATHER ITEM   OBSERVED TIME   RECORD YEAR NORMAL DEPARTURE LAST
                VALUE   (LST)  VALUE       VALUE  FROM      YEAR
                                                  NORMAL
..................................................................
TEMPERATURE (F)
 YESTERDAY
  MAXIMUM         81    511 PM  90    1966  68     13       79
  MINIMUM         52    449 AM  28    1969  43      9       47
                                      1965
                                      1959
  AVERAGE         67                        55     12       63

PRECIPITATION (IN)
  YESTERDAY        0.00          0.54 1910   0.05  -0.05     0.00
  MONTH TO DATE    0.00                      0.14  -0.14     0.00
  SINCE OCT 1      7.99                      8.64  -0.65     9.20
  SINCE JAN 1      3.65                      4.99  -1.34     3.29

SNOWFALL (IN)
  YESTERDAY        0.0           0.9  1975   0.0    0.0      0.0
  MONTH TO DATE    0.0                       0.0    0.0      0.0
  SINCE OCT 1     10.9                      19.2   -8.3     13.3
  SINCE JUL 1     10.9                      19.2   -8.3     13.3
  SNOW DEPTH       0

DEGREE DAYS
 HEATING
  YESTERDAY        0                        10    -10        2
  MONTH TO DATE   12                        32    -20        7
  SINCE MAR 1    801                      1097   -296      881
  SINCE JUL 1   4550                      5256   -706     4476

 COOLING
  YESTERDAY        2                         1      1        0
  MONTH TO DATE    2                         2      0        0
  SINCE MAR 1      7                         5      2        0
  SINCE JAN 1      7                         5      2        0
..................................................................


WIND (MPH)
  HIGHEST WIND SPEED    18   HIGHEST WIND DIRECTION     S (160)
  HIGHEST GUST SPEED    24   HIGHEST GUST DIRECTION    SE (140)
  AVERAGE WIND SPEED     7.3


SKY COVER
  POSSIBLE SUNSHINE  MM
  AVERAGE SKY COVER 0.0


WEATHER CONDITIONS
 THE FOLLOWING WEATHER WAS RECORDED YESTERDAY.
  NO SIGNIFICANT WEATHER WAS OBSERVED.


RELATIVE HUMIDITY (PERCENT)
 HIGHEST    45           300 AM
 LOWEST     14           400 PM
 AVERAGE    30

..........................................................


THE BOISE ID CLIMATE NORMALS FOR TODAY
                         NORMAL    RECORD    YEAR
 MAXIMUM TEMPERATURE (F)   68        93      1966
 MINIMUM TEMPERATURE (F)   43        26      1982


SUNRISE AND SUNSET
MAY  4 2016...........SUNRISE   633 AM MDT   SUNSET   851 PM MDT
MAY  5 2016...........SUNRISE   631 AM MDT   SUNSET   852 PM MDT


-  INDICATES NEGATIVE NUMBERS.
R  INDICATES RECORD WAS SET OR TIED.
MM INDICATES DATA IS MISSING.
T  INDICATES TRACE AMOUNT.




$$
