000
CDUS45 KBOI 230933
CLIBOI


CLIMATE REPORT
NATIONAL WEATHER SERVICE BOISE ID
333 AM MDT THU OCT 23 2014


...................................

...THE BOISE ID CLIMATE SUMMARY FOR OCTOBER 22 2014...

CLIMATE NORMAL PERIOD 1981 TO 2010
CLIMATE RECORD PERIOD 1878 TO 2014


WEATHER ITEM   OBSERVED TIME   RECORD YEAR NORMAL DEPARTURE LAST
                VALUE   (LST)  VALUE       VALUE  FROM      YEAR
                                                  NORMAL
..................................................................
TEMPERATURE (F)
 YESTERDAY
  MAXIMUM         63    934 PM  82    1915  62      1       69
  MINIMUM         44    707 AM  20    1980  39      5       42
  AVERAGE         54                        50      4       56

PRECIPITATION (IN)
  YESTERDAY        0.00          0.48 1985   0.02  -0.02     0.00
  MONTH TO DATE    0.32                      0.48  -0.16     0.02
  SINCE OCT 1      0.32                      0.48  -0.16     0.02
  SINCE JAN 1      9.85                      8.56   1.29     6.68

SNOWFALL (IN)
  YESTERDAY        0.0           0.0  2006   0.0    0.0      0.0
  MONTH TO DATE    0.0                       0.0    0.0      0.0
  SINCE OCT 1      0.0                       0.0    0.0      0.0
  SINCE JUL 1      0.0                       0.0    0.0      0.0
  SNOW DEPTH       0

DEGREE DAYS
 HEATING
  YESTERDAY       11                        15     -4        9
  MONTH TO DATE  115                       235   -120      321
  SINCE SEP 1    167                       338   -171      412
  SINCE JUL 1    171                       356   -185      412

 COOLING
  YESTERDAY        0                         0      0        0
  MONTH TO DATE   10                         7      3        0
  SINCE SEP 1    146                       107     39      148
  SINCE JAN 1   1129                       941    188     1320
..................................................................


WIND (MPH)
  HIGHEST WIND SPEED    21   HIGHEST WIND DIRECTION    SE (140)
  HIGHEST GUST SPEED    31   HIGHEST GUST DIRECTION     W (250)
  AVERAGE WIND SPEED    12.3


SKY COVER
  POSSIBLE SUNSHINE  MM
  AVERAGE SKY COVER 0.3


WEATHER CONDITIONS
 THE FOLLOWING WEATHER WAS RECORDED YESTERDAY.
  LIGHT RAIN


RELATIVE HUMIDITY (PERCENT)
 HIGHEST    76          1200 AM
 LOWEST     27           300 PM
 AVERAGE    52

..........................................................


THE BOISE ID CLIMATE NORMALS FOR TODAY
                         NORMAL    RECORD    YEAR
 MAXIMUM TEMPERATURE (F)   61        79      1960
                                             1948
                                             1939
 MINIMUM TEMPERATURE (F)   39        20      1945


SUNRISE AND SUNSET
OCTOBER 23 2014.......SUNRISE   809 AM MDT   SUNSET   649 PM MDT
OCTOBER 24 2014.......SUNRISE   810 AM MDT   SUNSET   647 PM MDT


-  INDICATES NEGATIVE NUMBERS.
R  INDICATES RECORD WAS SET OR TIED.
MM INDICATES DATA IS MISSING.
T  INDICATES TRACE AMOUNT.




$$
