000
CDUS41 KBOX 240543
CLIBOS


CLIMATE REPORT
NATIONAL WEATHER SERVICE TAUNTON MA
139 AM EDT WED MAY 24 2017


...................................

...THE BOSTON MA CLIMATE SUMMARY FOR MAY 23 2017...

CLIMATE NORMAL PERIOD 1981 TO 2010
CLIMATE RECORD PERIOD 1872 TO 2017


WEATHER ITEM   OBSERVED TIME   RECORD YEAR NORMAL DEPARTURE LAST
                VALUE   (LST)  VALUE       VALUE  FROM      YEAR
                                                  NORMAL
..................................................................
TEMPERATURE (F)
 YESTERDAY
  MAXIMUM         68   1111 AM  93    1964  68      0       73
  MINIMUM         53    557 AM  40    1967  52      1       51
                                      1882
                                      1876
  AVERAGE         61                        60      1       62

PRECIPITATION (IN)
  YESTERDAY        T             1.09 1913   0.13  -0.13     0.00
  MONTH TO DATE    2.16                      2.47  -0.31     1.44
  SINCE MAR 1     12.07                     10.53   1.54     7.51
  SINCE JAN 1     19.54                     17.14   2.40    14.95

SNOWFALL (IN)
  YESTERDAY        0.0           0.0  2002   0.0    0.0      0.0
                                      2001
                                      2000
  MONTH TO DATE    0.0                       0.1   -0.1      0.0
  SINCE MAR 1     11.3                       9.8    1.5     10.7
  SINCE JUL 1     47.6                      43.9    3.7     36.1
  SNOW DEPTH       0

DEGREE DAYS
 HEATING
  YESTERDAY        4                         6     -2        3
  MONTH TO DATE  236                       205     31      224
  SINCE MAR 1   1597                      1544     53     1447
  SINCE JUL 1   5136                      5586   -450     4777

 COOLING
  YESTERDAY        0                         1     -1        0
  MONTH TO DATE   41                        10     31        3
  SINCE MAR 1     60                        13     47        6
  SINCE JAN 1     60                        13     47        6
..................................................................


WIND (MPH)
  RESULTANT WIND SPEED   2   RESULTANT WIND DIRECTION  NE (30)
  HIGHEST WIND SPEED    15   HIGHEST WIND DIRECTION     N (350)
  HIGHEST GUST SPEED    20   HIGHEST GUST DIRECTION     N (350)
  AVERAGE WIND SPEED     6.5


SKY COVER
  POSSIBLE SUNSHINE  MM
  AVERAGE SKY COVER 0.7


WEATHER CONDITIONS
 THE FOLLOWING WEATHER WAS RECORDED YESTERDAY.
  LIGHT RAIN
  FOG


RELATIVE HUMIDITY (PERCENT)
 HIGHEST    93           300 AM
 LOWEST     52          1100 AM
 AVERAGE    73

..........................................................


THE BOSTON MA CLIMATE NORMALS FOR TODAY
                         NORMAL    RECORD    YEAR
 MAXIMUM TEMPERATURE (F)   69        93      1964
 MINIMUM TEMPERATURE (F)   52        36      1882


SUNRISE AND SUNSET
MAY 24 2017...........SUNRISE   515 AM EDT   SUNSET   808 PM EDT
MAY 25 2017...........SUNRISE   514 AM EDT   SUNSET   809 PM EDT


-  INDICATES NEGATIVE NUMBERS.
R  INDICATES RECORD WAS SET OR TIED.
MM INDICATES DATA IS MISSING.
T  INDICATES TRACE AMOUNT.




$$
