000
CDUS41 KBOX 230550
CLIBOS


CLIMATE REPORT
NATIONAL WEATHER SERVICE TAUNTON MA
146 AM EDT THU MAR 23 2017


...................................

...THE BOSTON MA CLIMATE SUMMARY FOR MARCH 22 2017...

CLIMATE NORMAL PERIOD 1981 TO 2010
CLIMATE RECORD PERIOD 1872 TO 2017


WEATHER ITEM   OBSERVED TIME   RECORD YEAR NORMAL DEPARTURE LAST
                VALUE   (LST)  VALUE       VALUE  FROM      YEAR
                                                  NORMAL
..................................................................
TEMPERATURE (F)
 YESTERDAY
  MAXIMUM         43    259 AM  83    2012  47     -4       49
  MINIMUM         18   1159 PM   8    1885  33    -15       33
  AVERAGE         31                        40     -9       41

PRECIPITATION (IN)
  YESTERDAY        T             2.59 2001   0.15  -0.15     0.00
  MONTH TO DATE    1.94                      3.00  -1.06     2.59
  SINCE MAR 1      1.94                      3.00  -1.06     2.59
  SINCE JAN 1      9.41                      9.61  -0.20    10.03

SNOWFALL (IN)
  YESTERDAY        T             3.9  1916   0.2   -0.2      0.0
  MONTH TO DATE    9.5                       6.3    3.2      4.1
  SINCE MAR 1      9.5                       6.3    3.2      4.1
  SINCE JUL 1     45.8                      40.4    5.4     29.5
  SNOW DEPTH      MM

DEGREE DAYS
 HEATING
  YESTERDAY       34                        25      9       24
  MONTH TO DATE  706                       616     90      507
  SINCE MAR 1    706                       616     90      507
  SINCE JUL 1   4245                      4658   -413     3837

 COOLING
  YESTERDAY        0                         0      0        0
  MONTH TO DATE    0                         0      0        0
  SINCE MAR 1      0                         0      0        0
  SINCE JAN 1      0                         0      0        0
..................................................................


WIND (MPH)
  RESULTANT WIND SPEED  19   RESULTANT WIND DIRECTION  NW (300)
  HIGHEST WIND SPEED    37   HIGHEST WIND DIRECTION    NW (310)
  HIGHEST GUST SPEED    48   HIGHEST GUST DIRECTION     W (290)
  AVERAGE WIND SPEED    20.8


SKY COVER
  POSSIBLE SUNSHINE  MM
  AVERAGE SKY COVER 0.2


WEATHER CONDITIONS
 THE FOLLOWING WEATHER WAS RECORDED YESTERDAY.
  HAZE


RELATIVE HUMIDITY (PERCENT)
 HIGHEST    59           200 AM
 LOWEST     25           400 PM
 AVERAGE    42

..........................................................


THE BOSTON MA CLIMATE NORMALS FOR TODAY
                         NORMAL    RECORD    YEAR
 MAXIMUM TEMPERATURE (F)   47        78      1938
 MINIMUM TEMPERATURE (F)   33         6      1934


SUNRISE AND SUNSET
MARCH 23 2017.........SUNRISE   642 AM EDT   SUNSET   700 PM EDT
MARCH 24 2017.........SUNRISE   640 AM EDT   SUNSET   701 PM EDT


-  INDICATES NEGATIVE NUMBERS.
R  INDICATES RECORD WAS SET OR TIED.
MM INDICATES DATA IS MISSING.
T  INDICATES TRACE AMOUNT.




$$
