000
CDUS41 KBOX 090552
CLIBOS


CLIMATE REPORT
NATIONAL WEATHER SERVICE TAUNTON MA
1241 AM EST FRI DEC 9 2016


...................................

...THE BOSTON MA CLIMATE SUMMARY FOR DECEMBER 8 2016...

CLIMATE NORMAL PERIOD 1981 TO 2010
CLIMATE RECORD PERIOD 1872 TO 2016


WEATHER ITEM   OBSERVED TIME   RECORD YEAR NORMAL DEPARTURE LAST
                VALUE   (LST)  VALUE       VALUE  FROM      YEAR
                                                  NORMAL
..................................................................
TEMPERATURE (F)
 YESTERDAY
  MAXIMUM         43    150 PM  65    1927  44     -1       44
  MINIMUM         34   1159 PM  -4    1902  31      3       37
  AVERAGE         39                        37      2       41

PRECIPITATION (IN)
  YESTERDAY        0.00          1.33 1969   0.12  -0.12      T
  MONTH TO DATE    0.53                      1.05  -0.52     0.46
  SINCE DEC 1      0.53                      1.05  -0.52     0.46
  SINCE JAN 1     30.33                     41.04 -10.71    30.98

SNOWFALL (IN)
  YESTERDAY        0.0           1.7  1922   0.3   -0.3      0.0
  MONTH TO DATE    0.3                       1.6   -1.3      0.0
  SINCE DEC 1      0.3                       1.6   -1.3      0.0
  SINCE JUL 1      0.3                       2.9   -2.6       T
  SNOW DEPTH      MM

DEGREE DAYS
 HEATING
  YESTERDAY       26                        28     -2       24
  MONTH TO DATE  195                       212    -17      164
  SINCE DEC 1    195                       212    -17      164
  SINCE JUL 1   1110                      1267   -157     1019

 COOLING
  YESTERDAY        0                         0      0        0
  MONTH TO DATE    0                         0      0        0
  SINCE DEC 1      0                         0      0        0
  SINCE JAN 1   1035                       747    288      921
..................................................................


WIND (MPH)
  RESULTANT WIND SPEED   9   RESULTANT WIND DIRECTION   W (260)
  HIGHEST WIND SPEED    24   HIGHEST WIND DIRECTION     W (270)
  HIGHEST GUST SPEED    33   HIGHEST GUST DIRECTION     W (270)
  AVERAGE WIND SPEED    10.9


SKY COVER
  POSSIBLE SUNSHINE  MM
  AVERAGE SKY COVER 0.5


WEATHER CONDITIONS
 THE FOLLOWING WEATHER WAS RECORDED YESTERDAY.
  NO SIGNIFICANT WEATHER WAS OBSERVED.


RELATIVE HUMIDITY (PERCENT)
 HIGHEST    96           600 AM
 LOWEST     48           900 PM
 AVERAGE    72

..........................................................


THE BOSTON MA CLIMATE NORMALS FOR TODAY
                         NORMAL    RECORD    YEAR
 MAXIMUM TEMPERATURE (F)   43        70      1966
 MINIMUM TEMPERATURE (F)   31        -8      1902


SUNRISE AND SUNSET
DECEMBER  9 2016......SUNRISE   702 AM EST   SUNSET   411 PM EST
DECEMBER 10 2016......SUNRISE   703 AM EST   SUNSET   411 PM EST


-  INDICATES NEGATIVE NUMBERS.
R  INDICATES RECORD WAS SET OR TIED.
MM INDICATES DATA IS MISSING.
T  INDICATES TRACE AMOUNT.




$$
