000
CDUS41 KBOX 290542
CLIBOS


CLIMATE REPORT
NATIONAL WEATHER SERVICE TAUNTON MA
1237 AM EST MON DEC 29 2014


...................................

...THE BOSTON MA CLIMATE SUMMARY FOR DECEMBER 28 2014...

CLIMATE NORMAL PERIOD 1981 TO 2010
CLIMATE RECORD PERIOD 1872 TO 2014


WEATHER ITEM   OBSERVED TIME   RECORD YEAR NORMAL DEPARTURE LAST
                VALUE   (LST)  VALUE       VALUE  FROM      YEAR
                                                  NORMAL
..................................................................
TEMPERATURE (F)
 YESTERDAY
  MAXIMUM         52    254 PM  63    1982  38     14       48
  MINIMUM         40   1159 PM  -2    1872  24     16       27
  AVERAGE         46                        31     15       38

PRECIPITATION (IN)
  YESTERDAY        0.01          1.70 1967   0.11  -0.10     0.00
  MONTH TO DATE    6.56                      3.46   3.10     3.30
  SINCE DEC 1      6.56                      3.46   3.10     3.30
  SINCE JAN 1     45.25                     43.45   1.80    39.04

SNOWFALL (IN)
  YESTERDAY        0.0           6.0  1967   0.4   -0.4      0.0
  MONTH TO DATE    0.3                       7.8   -7.5     11.7
  SINCE DEC 1      0.3                       7.8   -7.5     11.7
  SINCE JUL 1      2.9                       9.1   -6.2     11.7
  SNOW DEPTH       0

DEGREE DAYS
 HEATING
  YESTERDAY       19                        34    -15       27
  MONTH TO DATE  715                       834   -119      869
  SINCE DEC 1    715                       834   -119      869
  SINCE JUL 1   1728                      1889   -161     1885

 COOLING
  YESTERDAY        0                         0      0        0
  MONTH TO DATE    0                         0      0        0
  SINCE DEC 1      0                         0      0        0
  SINCE JAN 1    769                       747     22      920
..................................................................


WIND (MPH)
  RESULTANT WIND SPEED  12   RESULTANT WIND DIRECTION   W (250)
  HIGHEST WIND SPEED    22   HIGHEST WIND DIRECTION     W (290)
  HIGHEST GUST SPEED    31   HIGHEST GUST DIRECTION     W (280)
  AVERAGE WIND SPEED    13.5


SKY COVER
  POSSIBLE SUNSHINE  MM
  AVERAGE SKY COVER 1.0


WEATHER CONDITIONS
 THE FOLLOWING WEATHER WAS RECORDED YESTERDAY.
  LIGHT RAIN


RELATIVE HUMIDITY (PERCENT)
 HIGHEST    76           900 AM
 LOWEST     53           700 PM
 AVERAGE    65

..........................................................


THE BOSTON MA CLIMATE NORMALS FOR TODAY
                         NORMAL    RECORD    YEAR
 MAXIMUM TEMPERATURE (F)   37        73      1984
 MINIMUM TEMPERATURE (F)   24       -17      1933


SUNRISE AND SUNSET
DECEMBER 29 2014......SUNRISE   713 AM EST   SUNSET   420 PM EST
DECEMBER 30 2014......SUNRISE   713 AM EST   SUNSET   420 PM EST


-  INDICATES NEGATIVE NUMBERS.
R  INDICATES RECORD WAS SET OR TIED.
MM INDICATES DATA IS MISSING.
T  INDICATES TRACE AMOUNT.




$$
