000
CDUS41 KBOX 222119
CLIBOS


CLIMATE REPORT
NATIONAL WEATHER SERVICE TAUNTON MA
419 PM EST SAT NOV 22 2014


...................................

...THE BOSTON MA CLIMATE SUMMARY FOR NOVEMBER 22 2014...
VALID AS OF 0400 PM LOCAL TIME.

CLIMATE NORMAL PERIOD 1981 TO 2010
CLIMATE RECORD PERIOD 1872 TO 2014


WEATHER ITEM   OBSERVED TIME   RECORD YEAR NORMAL DEPARTURE LAST
                VALUE   (LST)  VALUE       VALUE  FROM      YEAR
                                                  NORMAL
..................................................................
TEMPERATURE (F)
 TODAY
  MAXIMUM         44    314 PM  74    1931  49     -5       48
  MINIMUM         24    632 AM   9    1879  36    -12       42
  AVERAGE         34                        43     -9       45

PRECIPITATION (IN)
  TODAY            0.00          2.18 1878   0.14  -0.14     0.25
  MONTH TO DATE    3.42                      2.90   0.52     0.83
  SINCE SEP 1      9.95                     10.28  -0.33     3.65
  SINCE JAN 1     36.84                     38.90  -2.06    33.85

SNOWFALL (IN)
  TODAY            0.0           1.0  1939   0.1   -0.1      0.0
  MONTH TO DATE    T                         0.6   -0.6       T
  SINCE SEP 1      T                         0.6   -0.6       T
  SINCE JUL 1      T                         0.6   -0.6       T
  SNOW DEPTH       0

DEGREE DAYS
 HEATING
  TODAY           31                        22      9       20
  MONTH TO DATE  488                       419     69      416
  SINCE SEP 1    835                       853    -18      766
  SINCE JUL 1    835                       866    -31      768

 COOLING
  TODAY            0                         0      0        0
  MONTH TO DATE    0                         0      0        1
  SINCE SEP 1    130                        88     42       99
  SINCE JAN 1    769                       747     22      920
..................................................................


WIND (MPH)
  HIGHEST WIND SPEED    24   HIGHEST WIND DIRECTION    SW (230)
  HIGHEST GUST SPEED    32   HIGHEST GUST DIRECTION    SW (240)
  AVERAGE WIND SPEED    14.0


SKY COVER
  POSSIBLE SUNSHINE  MM
  AVERAGE SKY COVER 0.4


WEATHER CONDITIONS
 THE FOLLOWING WEATHER WAS RECORDED TODAY.
  NO SIGNIFICANT WEATHER WAS OBSERVED.


RELATIVE HUMIDITY (PERCENT)
 HIGHEST    60           600 AM
 LOWEST     22           200 PM
 AVERAGE    41

..........................................................


THE BOSTON MA CLIMATE NORMALS FOR TOMORROW
                         NORMAL    RECORD    YEAR
 MAXIMUM TEMPERATURE (F)   49        77      1931
 MINIMUM TEMPERATURE (F)   36        11      1880


SUNRISE AND SUNSET
NOVEMBER 22 2014......SUNRISE   643 AM EST   SUNSET   417 PM EST
NOVEMBER 23 2014......SUNRISE   645 AM EST   SUNSET   416 PM EST


-  INDICATES NEGATIVE NUMBERS.
R  INDICATES RECORD WAS SET OR TIED.
MM INDICATES DATA IS MISSING.
T  INDICATES TRACE AMOUNT.




$$
