000
CDUS41 KBOX 220544
CLIBOS


CLIMATE REPORT
NATIONAL WEATHER SERVICE TAUNTON MA
1239 AM EST SUN JAN 22 2017


...................................

...THE BOSTON MA CLIMATE SUMMARY FOR JANUARY 21 2017...

CLIMATE NORMAL PERIOD 1981 TO 2010
CLIMATE RECORD PERIOD 1872 TO 2017


WEATHER ITEM   OBSERVED TIME   RECORD YEAR NORMAL DEPARTURE LAST
                VALUE   (LST)  VALUE       VALUE  FROM      YEAR
                                                  NORMAL
..................................................................
TEMPERATURE (F)
 YESTERDAY
  MAXIMUM         55    407 PM  68    1906  35     20       33
  MINIMUM         37    317 AM   0    1888  22     15       21
  AVERAGE         46                        29     17       27

PRECIPITATION (IN)
  YESTERDAY        0.00          2.52 1979   0.11  -0.11     0.00
  MONTH TO DATE    2.66                      2.30   0.36     2.90
  SINCE DEC 1      5.91                      6.08  -0.17     7.18
  SINCE JAN 1      2.66                      2.30   0.36     2.90

SNOWFALL (IN)
  YESTERDAY        0.0           7.3  2011   0.5   -0.5      0.0
  MONTH TO DATE    8.3                       9.0   -0.7      3.4
  SINCE DEC 1     14.2                      18.0   -3.8      4.3
  SINCE JUL 1     14.2                      19.3   -5.1      4.3
  SNOW DEPTH       0

DEGREE DAYS
 HEATING
  YESTERDAY       19                        36    -17       38
  MONTH TO DATE  641                       752   -111      695
  SINCE DEC 1   1557                      1691   -134     1298
  SINCE JUL 1   2472                      2746   -274     2153

 COOLING
  YESTERDAY        0                         0      0        0
  MONTH TO DATE    0                         0      0        0
  SINCE DEC 1      0                         0      0        0
  SINCE JAN 1      0                         0      0        0
..................................................................


WIND (MPH)
  RESULTANT WIND SPEED   7   RESULTANT WIND DIRECTION  SW (240)
  HIGHEST WIND SPEED    16   HIGHEST WIND DIRECTION     W (280)
  HIGHEST GUST SPEED    21   HIGHEST GUST DIRECTION     W (270)
  AVERAGE WIND SPEED     7.2


SKY COVER
  POSSIBLE SUNSHINE  MM
  AVERAGE SKY COVER 0.8


WEATHER CONDITIONS
 THE FOLLOWING WEATHER WAS RECORDED YESTERDAY.
  FOG


RELATIVE HUMIDITY (PERCENT)
 HIGHEST   100           200 AM
 LOWEST     61           400 PM
 AVERAGE    81

..........................................................


THE BOSTON MA CLIMATE NORMALS FOR TODAY
                         NORMAL    RECORD    YEAR
 MAXIMUM TEMPERATURE (F)   36        66      1916
 MINIMUM TEMPERATURE (F)   22        -3      1888


SUNRISE AND SUNSET
JANUARY 22 2017.......SUNRISE   706 AM EST   SUNSET   446 PM EST
JANUARY 23 2017.......SUNRISE   706 AM EST   SUNSET   447 PM EST


-  INDICATES NEGATIVE NUMBERS.
R  INDICATES RECORD WAS SET OR TIED.
MM INDICATES DATA IS MISSING.
T  INDICATES TRACE AMOUNT.




$$
