000
CDUS41 KBOX 070545
CLIBOS


CLIMATE REPORT
NATIONAL WEATHER SERVICE TAUNTON MA
1238 AM EST SUN FEB 7 2016


...................................

...THE BOSTON MA CLIMATE SUMMARY FOR FEBRUARY 6 2016...

CLIMATE NORMAL PERIOD 1981 TO 2010
CLIMATE RECORD PERIOD 1872 TO 2016


WEATHER ITEM   OBSERVED TIME   RECORD YEAR NORMAL DEPARTURE LAST
                VALUE   (LST)  VALUE       VALUE  FROM      YEAR
                                                  NORMAL
..................................................................
TEMPERATURE (F)
 YESTERDAY
  MAXIMUM         35    355 PM  57    1909  37     -2       21
  MINIMUM         24    600 AM  -6    1895  23      1        5
  AVERAGE         30                        30      0       13

PRECIPITATION (IN)
  YESTERDAY        0.00          1.40 1896   0.11  -0.11      T
  MONTH TO DATE    1.30                      0.65   0.65     0.88
  SINCE DEC 1      8.85                      7.79   1.06    11.01
  SINCE JAN 1      4.57                      4.01   0.56     4.45

SNOWFALL (IN)
  YESTERDAY        0.0           8.1  1978   0.3   -0.3       T
  MONTH TO DATE    6.8                       2.3    4.5     17.0
  SINCE DEC 1     17.2                      24.2   -7.0     51.6
  SINCE JUL 1     17.2                      25.5   -8.3     54.2
  SNOW DEPTH      MM

DEGREE DAYS
 HEATING
  YESTERDAY       35                        35      0       52
  MONTH TO DATE  135                       210    -75      273
  SINCE DEC 1   1739                      2265   -526     2294
  SINCE JUL 1   2594                      3320   -726     3307

 COOLING
  YESTERDAY        0                         0      0        0
  MONTH TO DATE    0                         0      0        0
  SINCE DEC 1      0                         0      0        0
  SINCE JAN 1      0                         0      0        0
..................................................................


WIND (MPH)
  RESULTANT WIND SPEED   9   RESULTANT WIND DIRECTION  SW (240)
  HIGHEST WIND SPEED    18   HIGHEST WIND DIRECTION    SW (210)
  HIGHEST GUST SPEED    23   HIGHEST GUST DIRECTION    NW (320)
  AVERAGE WIND SPEED    10.4


SKY COVER
  POSSIBLE SUNSHINE  MM
  AVERAGE SKY COVER 0.3


WEATHER CONDITIONS
 THE FOLLOWING WEATHER WAS RECORDED YESTERDAY.
  NO SIGNIFICANT WEATHER WAS OBSERVED.


RELATIVE HUMIDITY (PERCENT)
 HIGHEST    78           800 PM
 LOWEST     59           400 PM
 AVERAGE    69

..........................................................


THE BOSTON MA CLIMATE NORMALS FOR TODAY
                         NORMAL    RECORD    YEAR
 MAXIMUM TEMPERATURE (F)   37        56      1925
                                             1878
 MINIMUM TEMPERATURE (F)   23        -5      1875


SUNRISE AND SUNSET
FEBRUARY  7 2016......SUNRISE   652 AM EST   SUNSET   505 PM EST
FEBRUARY  8 2016......SUNRISE   650 AM EST   SUNSET   507 PM EST


-  INDICATES NEGATIVE NUMBERS.
R  INDICATES RECORD WAS SET OR TIED.
MM INDICATES DATA IS MISSING.
T  INDICATES TRACE AMOUNT.




$$
