000
CDUS45 KRIW 240042
CLIBPI


CLIMATE REPORT
NATIONAL WEATHER SERVICE RIVERTON WY
636 PM MDT TUE SEP 23 2014


...................................

...THE BIG PINEY WY CLIMATE SUMMARY FOR SEPTEMBER 23 2014...
VALID TODAY AS OF 0500 PM LOCAL TIME.

CLIMATE NORMAL PERIOD 1981 TO 2010
CLIMATE RECORD PERIOD 1976 TO 2014


WEATHER ITEM   OBSERVED TIME   RECORD YEAR NORMAL DEPARTURE LAST
                VALUE   (LST)  VALUE       VALUE  FROM      YEAR
                                                  NORMAL
..................................................................
TEMPERATURE (F)
 TODAY
  MAXIMUM         74        MM  80    1987  65      9       61
  MINIMUM         37        MM  13    1996  29      8       33
  AVERAGE         56

PRECIPITATION (IN)
  TODAY            T             0.44 2000   0.03  -0.03     0.00
  MONTH TO DATE    0.18                      0.60  -0.42     0.77
  SINCE SEP 1      0.18                      0.60  -0.42     0.77
  SINCE JAN 1      3.55                      5.26  -1.71     3.77

DEGREE DAYS
 HEATING
  TODAY            9                        18     -9       18
  MONTH TO DATE  260                       321    -61      189
  SINCE SEP 1    260                       321    -61      189
  SINCE JUL 1    489                       614   -125      290

 COOLING
  TODAY            0                         0      0        0
  MONTH TO DATE    0                         0      0        5
  SINCE SEP 1      0                         0      0        5
  SINCE JAN 1     26                        35     -9       89
..................................................................


WIND (MPH)
  HIGHEST WIND SPEED    10   HIGHEST WIND DIRECTION     N (350)
  HIGHEST GUST SPEED    MM   HIGHEST GUST DIRECTION    MM
  AVERAGE WIND SPEED     4.1


SKY COVER
  POSSIBLE SUNSHINE  MM
  AVERAGE SKY COVER 0.3


WEATHER CONDITIONS
 THE FOLLOWING WEATHER WAS RECORDED TODAY.
  FOG
  FOG W/VISIBILITY <= 1/4 MILE


RELATIVE HUMIDITY (PERCENT)
 HIGHEST   100           600 AM
 LOWEST     29           300 PM
 AVERAGE    65

..........................................................


THE BIG PINEY WY CLIMATE NORMALS FOR TOMORROW
                         NORMAL    RECORD    YEAR
 MAXIMUM TEMPERATURE (F)   65        81      1987
 MINIMUM TEMPERATURE (F)   29        16      1984


SUNRISE AND SUNSET
SEPTEMBER 23 2014.....SUNRISE   709 AM MDT   SUNSET   716 PM MDT
SEPTEMBER 24 2014.....SUNRISE   710 AM MDT   SUNSET   714 PM MDT


-  INDICATES NEGATIVE NUMBERS.
R  INDICATES RECORD WAS SET OR TIED.
MM INDICATES DATA IS MISSING.
T  INDICATES TRACE AMOUNT.




$$
