000
CDUS45 KRIW 230741
CLIBPI


CLIMATE REPORT
NATIONAL WEATHER SERVICE RIVERTON WY
137 AM MDT WED AUG 23 2017


...................................

...THE BIG PINEY WY CLIMATE SUMMARY FOR AUGUST 22 2017...

CLIMATE NORMAL PERIOD 1981 TO 2010
CLIMATE RECORD PERIOD 1976 TO 2017


WEATHER ITEM   OBSERVED TIME   RECORD YEAR NORMAL DEPARTURE LAST
                VALUE   (LST)  VALUE       VALUE  FROM      YEAR
                                                  NORMAL
..................................................................
TEMPERATURE (F)
 YESTERDAY
  MAXIMUM         85    242 PM  90    2009  78      7       83
  MINIMUM         32    544 AM  24    1988  39     -7       36
  AVERAGE         59                        58      1       60

PRECIPITATION (IN)
  YESTERDAY        0.00          0.52 1983   0.02  -0.02     0.00
  MONTH TO DATE    0.60                      0.50   0.10     0.38
  SINCE JUN 1      1.60                      2.00  -0.40     1.36
  SINCE JAN 1      7.06                      4.47   2.59     7.41

DEGREE DAYS
 HEATING
  YESTERDAY        6                         7     -1        5
  MONTH TO DATE  114                       102     12       97
  SINCE JUN 1    417                       524   -107      379
  SINCE JUL 1    146                       219    -73      201

 COOLING
  YESTERDAY        0                         0      0        0
  MONTH TO DATE    2                        12    -10        2
  SINCE JUN 1     27                        36     -9       23
  SINCE JAN 1     27                        36     -9       23
..................................................................


WIND (MPH)
  HIGHEST WIND SPEED    17   HIGHEST WIND DIRECTION     N (340)
  HIGHEST GUST SPEED    21   HIGHEST GUST DIRECTION    NW (320)
  AVERAGE WIND SPEED     6.8


SKY COVER
  POSSIBLE SUNSHINE  MM
  AVERAGE SKY COVER 0.0


WEATHER CONDITIONS
 THE FOLLOWING WEATHER WAS RECORDED YESTERDAY.
  NO SIGNIFICANT WEATHER WAS OBSERVED.


RELATIVE HUMIDITY (PERCENT)
 HIGHEST    69           600 AM
 LOWEST     11           300 PM
 AVERAGE    40

..........................................................


THE BIG PINEY WY CLIMATE NORMALS FOR TODAY
                         NORMAL    RECORD    YEAR
 MAXIMUM TEMPERATURE (F)   78        88      2011
 MINIMUM TEMPERATURE (F)   39        27      1988


SUNRISE AND SUNSET
AUGUST 23 2017........SUNRISE   636 AM MDT   SUNSET   809 PM MDT
AUGUST 24 2017........SUNRISE   637 AM MDT   SUNSET   807 PM MDT


-  INDICATES NEGATIVE NUMBERS.
R  INDICATES RECORD WAS SET OR TIED.
MM INDICATES DATA IS MISSING.
T  INDICATES TRACE AMOUNT.




$$
