000
CDUS45 KRIW 280730
CLIBPI


CLIMATE REPORT
NATIONAL WEATHER SERVICE RIVERTON WY
130 AM MDT THU AUG 28 2014


...................................

...THE BIG PINEY WY CLIMATE SUMMARY FOR AUGUST 27 2014...

CLIMATE NORMAL PERIOD 1981 TO 2010
CLIMATE RECORD PERIOD 1976 TO 2014


WEATHER ITEM   OBSERVED TIME   RECORD YEAR NORMAL DEPARTURE LAST
                VALUE   (LST)  VALUE       VALUE  FROM      YEAR
                                                  NORMAL
..................................................................
TEMPERATURE (F)
 YESTERDAY
  MAXIMUM         57    400 PM  87    2001  76    -19       78
  MINIMUM         44   1157 PM  19    1992  38      6       47
  AVERAGE         51                        57     -6       63

PRECIPITATION (IN)
  YESTERDAY        T             0.50 2010   0.02  -0.02      T
  MONTH TO DATE    1.41                      0.59   0.82     0.39
  SINCE JUN 1      2.03                      2.09  -0.06     1.28
  SINCE JAN 1      3.18                      4.56  -1.38     2.98

DEGREE DAYS
 HEATING
  YESTERDAY       14                         8      6        2
  MONTH TO DATE  137                       140     -3       71
  SINCE JUN 1    538                       562    -24      312
  SINCE JUL 1    191                       257    -66       95

 COOLING
  YESTERDAY        0                         0      0        0
  MONTH TO DATE    0                        12    -12        7
  SINCE JUN 1     26                        36    -10       84
  SINCE JAN 1     26                        36    -10       84
..................................................................


WIND (MPH)
  HIGHEST WIND SPEED    13   HIGHEST WIND DIRECTION    SE (150)
  HIGHEST GUST SPEED    14   HIGHEST GUST DIRECTION     S (180)
  AVERAGE WIND SPEED     4.6


SKY COVER
  POSSIBLE SUNSHINE  MM
  AVERAGE SKY COVER 0.8


WEATHER CONDITIONS
 THE FOLLOWING WEATHER WAS RECORDED YESTERDAY.
  LIGHT RAIN
  FOG


RELATIVE HUMIDITY (PERCENT)
 HIGHEST   100          1100 PM
 LOWEST     72           100 PM
 AVERAGE    86

..........................................................


THE BIG PINEY WY CLIMATE NORMALS FOR TODAY
                         NORMAL    RECORD    YEAR
 MAXIMUM TEMPERATURE (F)   76        88      2012
 MINIMUM TEMPERATURE (F)   37        26      1976


SUNRISE AND SUNSET
AUGUST 28 2014........SUNRISE   641 AM MDT   SUNSET   801 PM MDT
AUGUST 29 2014........SUNRISE   642 AM MDT   SUNSET   800 PM MDT


-  INDICATES NEGATIVE NUMBERS.
R  INDICATES RECORD WAS SET OR TIED.
MM INDICATES DATA IS MISSING.
T  INDICATES TRACE AMOUNT.




$$
