000
CDUS45 KRIW 200742
CLIBPI


CLIMATE REPORT
NATIONAL WEATHER SERVICE RIVERTON WY
1240 AM MST TUE FEB 20 2018


...................................

...THE BIG PINEY WY CLIMATE SUMMARY FOR FEBRUARY 19 2018...

CLIMATE NORMAL PERIOD 1981 TO 2010
CLIMATE RECORD PERIOD 1976 TO 2018


WEATHER ITEM   OBSERVED TIME   RECORD YEAR NORMAL DEPARTURE LAST
                VALUE   (LST)  VALUE       VALUE  FROM      YEAR
                                                  NORMAL
..................................................................
TEMPERATURE (F)
 YESTERDAY
  MAXIMUM         20    144 AM  52    2015  30    -10       38
  MINIMUM         -1   1159 PM -21    2006   2     -3       11
  AVERAGE         10                        16     -6       25

PRECIPITATION (IN)
  YESTERDAY        T             0.11 1999   0.02  -0.02     0.01
  MONTH TO DATE    T                         0.24  -0.24     0.56
  SINCE DEC 1      0.12                      0.85  -0.73     2.10
  SINCE JAN 1      0.05                      0.55  -0.50     1.55

DEGREE DAYS
 HEATING
  YESTERDAY       55                        49      6       40
  MONTH TO DATE  768                       986   -218      851
  SINCE DEC 1   3430                      4284   -854     4503
  SINCE JUL 1   5986                      7099  -1113     6952

 COOLING
  YESTERDAY        0                         0      0        0
  MONTH TO DATE    0                         0      0        0
  SINCE DEC 1      0                         0      0        0
  SINCE JAN 1      0                         0      0        0
..................................................................


WIND (MPH)
  HIGHEST WIND SPEED    23   HIGHEST WIND DIRECTION     S (200)
  HIGHEST GUST SPEED    27   HIGHEST GUST DIRECTION     S (200)
  AVERAGE WIND SPEED     9.5


SKY COVER
  POSSIBLE SUNSHINE  MM
  AVERAGE SKY COVER 1.0


WEATHER CONDITIONS
 THE FOLLOWING WEATHER WAS RECORDED YESTERDAY.
  LIGHT SNOW
  FOG
  HAZE


RELATIVE HUMIDITY (PERCENT)
 HIGHEST    92           400 AM
 LOWEST     76           100 PM
 AVERAGE    84

..........................................................


THE BIG PINEY WY CLIMATE NORMALS FOR TODAY
                         NORMAL    RECORD    YEAR
 MAXIMUM TEMPERATURE (F)   30        42      1981
 MINIMUM TEMPERATURE (F)    2       -27      2006


SUNRISE AND SUNSET
FEBRUARY 20 2018......SUNRISE   710 AM MST   SUNSET   559 PM MST
FEBRUARY 21 2018......SUNRISE   708 AM MST   SUNSET   600 PM MST


-  INDICATES NEGATIVE NUMBERS.
R  INDICATES RECORD WAS SET OR TIED.
MM INDICATES DATA IS MISSING.
T  INDICATES TRACE AMOUNT.




$$
