000
CDUS45 KRIW 280735
CLIBPI


CLIMATE REPORT
NATIONAL WEATHER SERVICE RIVERTON WY
135 AM MDT MON JUL 28 2014


...................................

...THE BIG PINEY WY CLIMATE SUMMARY FOR JULY 27 2014...

CLIMATE NORMAL PERIOD 1981 TO 2010
CLIMATE RECORD PERIOD 1976 TO 2014


WEATHER ITEM   OBSERVED TIME   RECORD YEAR NORMAL DEPARTURE LAST
                VALUE   (LST)  VALUE       VALUE  FROM      YEAR
                                                  NORMAL
..................................................................
TEMPERATURE (F)
 YESTERDAY
  MAXIMUM         88    426 PM  89    2008  82      6       75
                                      1978
  MINIMUM         35    521 AM  33    2001  44     -9       47
                                      1999
  AVERAGE         62                        63     -1       61

PRECIPITATION (IN)
  YESTERDAY        0.00          0.25 2004   0.03  -0.03      T
  MONTH TO DATE    0.28                      0.60  -0.32     0.54
  SINCE JUN 1      0.46                      1.39  -0.93     0.54
  SINCE JAN 1      1.61                      3.86  -2.25     2.24

DEGREE DAYS
 HEATING
  YESTERDAY        3                         3      0        4
  MONTH TO DATE   34                       103    -69       13
  SINCE JUN 1    381                       408    -27      230
  SINCE JUL 1     34                       103    -69       13

 COOLING
  YESTERDAY        0                         1     -1        0
  MONTH TO DATE   23                        19      4       57
  SINCE JUN 1     23                        21      2       77
  SINCE JAN 1     23                        21      2       77
..................................................................


WIND (MPH)
  HIGHEST WIND SPEED    14   HIGHEST WIND DIRECTION    NE (60)
  HIGHEST GUST SPEED    20   HIGHEST GUST DIRECTION     N (10)
  AVERAGE WIND SPEED     6.2


SKY COVER
  POSSIBLE SUNSHINE  MM
  AVERAGE SKY COVER 0.0


WEATHER CONDITIONS
 THE FOLLOWING WEATHER WAS RECORDED YESTERDAY.
  NO SIGNIFICANT WEATHER WAS OBSERVED.


RELATIVE HUMIDITY (PERCENT)
 HIGHEST    54           500 AM
 LOWEST      8           200 PM
 AVERAGE    31

..........................................................


THE BIG PINEY WY CLIMATE NORMALS FOR TODAY
                         NORMAL    RECORD    YEAR
 MAXIMUM TEMPERATURE (F)   82        92      2006
 MINIMUM TEMPERATURE (F)   44        35      1980


SUNRISE AND SUNSET
JULY 28 2014..........SUNRISE   608 AM MDT   SUNSET   845 PM MDT
JULY 29 2014..........SUNRISE   609 AM MDT   SUNSET   844 PM MDT


-  INDICATES NEGATIVE NUMBERS.
R  INDICATES RECORD WAS SET OR TIED.
MM INDICATES DATA IS MISSING.
T  INDICATES TRACE AMOUNT.




$$
