000
CDUS45 KRIW 250738
CLIBPI


CLIMATE REPORT
NATIONAL WEATHER SERVICE RIVERTON WY
137 AM MDT MON MAY 25 2015


...................................

...THE BIG PINEY WY CLIMATE SUMMARY FOR MAY 24 2015...

CLIMATE NORMAL PERIOD 1981 TO 2010
CLIMATE RECORD PERIOD 1976 TO 2015


WEATHER ITEM   OBSERVED TIME   RECORD YEAR NORMAL DEPARTURE LAST
                VALUE   (LST)  VALUE       VALUE  FROM      YEAR
                                                  NORMAL
..................................................................
TEMPERATURE (F)
 YESTERDAY
  MAXIMUM         58   1228 PM  80    2001  64     -6       67
  MINIMUM         36    325 AM  20    2007  32      4       40
  AVERAGE         47                        48     -1       54

PRECIPITATION (IN)
  YESTERDAY        0.06          0.24 2011   0.03   0.03      T
  MONTH TO DATE    1.88                      0.65   1.23     0.73
  SINCE MAR 1      2.50                      1.62   0.88     1.10
  SINCE JAN 1      2.56                      2.28   0.28     1.14

DEGREE DAYS
 HEATING
  YESTERDAY       18                        17      1       11
  MONTH TO DATE  468                       486    -18      446
  SINCE MAR 1   2178                      2494   -316     2364
  SINCE JUL 1   8278                     10017  -1739     9308

 COOLING
  YESTERDAY        0                         0      0        0
  MONTH TO DATE    0                         0      0        0
  SINCE MAR 1      0                         0      0        0
  SINCE JAN 1      0                         0      0        0
..................................................................


WIND (MPH)
  HIGHEST WIND SPEED    18   HIGHEST WIND DIRECTION    SW (240)
  HIGHEST GUST SPEED    24   HIGHEST GUST DIRECTION    NE (30)
  AVERAGE WIND SPEED     7.3


SKY COVER
  POSSIBLE SUNSHINE  MM
  AVERAGE SKY COVER 0.9


WEATHER CONDITIONS
 THE FOLLOWING WEATHER WAS RECORDED YESTERDAY.
  LIGHT RAIN
  FOG


RELATIVE HUMIDITY (PERCENT)
 HIGHEST    96          1100 PM
 LOWEST     47          1200 PM
 AVERAGE    72

..........................................................


THE BIG PINEY WY CLIMATE NORMALS FOR TODAY
                         NORMAL    RECORD    YEAR
 MAXIMUM TEMPERATURE (F)   65        78      2006
                                             2001
 MINIMUM TEMPERATURE (F)   33        21      2004
                                             1990
                                             1989


SUNRISE AND SUNSET
MAY 25 2015...........SUNRISE   550 AM MDT   SUNSET   845 PM MDT
MAY 26 2015...........SUNRISE   549 AM MDT   SUNSET   846 PM MDT


-  INDICATES NEGATIVE NUMBERS.
R  INDICATES RECORD WAS SET OR TIED.
MM INDICATES DATA IS MISSING.
T  INDICATES TRACE AMOUNT.




$$
