000
CDUS45 KRIW 280731
CLIBPI


CLIMATE REPORT
NATIONAL WEATHER SERVICE RIVERTON WY
130 AM MDT WED JUN 28 2017


...................................

...THE BIG PINEY WY CLIMATE SUMMARY FOR JUNE 27 2017...

CLIMATE NORMAL PERIOD 1981 TO 2010
CLIMATE RECORD PERIOD 1976 TO 2017


WEATHER ITEM   OBSERVED TIME   RECORD YEAR NORMAL DEPARTURE LAST
                VALUE   (LST)  VALUE       VALUE  FROM      YEAR
                                                  NORMAL
..................................................................
TEMPERATURE (F)
 YESTERDAY
  MAXIMUM         77   1208 PM  90    2013  76      1       84
  MINIMUM         43   1156 PM  27    1976  40      3       37
  AVERAGE         60                        58      2       61

PRECIPITATION (IN)
  YESTERDAY        T             0.74 2004   0.02  -0.02     0.00
  MONTH TO DATE    0.14                      0.73  -0.59     0.51
  SINCE JUN 1      0.14                      0.73  -0.59     0.51
  SINCE JAN 1      5.60                      3.20   2.40     6.56

DEGREE DAYS
 HEATING
  YESTERDAY        5                         7     -2        4
  MONTH TO DATE  232                       285    -53      174
  SINCE JUN 1    232                       285    -53      174
  SINCE JUL 1  10195                     10411   -216     9439

 COOLING
  YESTERDAY        0                         0      0        0
  MONTH TO DATE    1                         0      1        1
  SINCE JUN 1      1                         0      1        1
  SINCE JAN 1      1                         0      1        1
..................................................................


WIND (MPH)
  HIGHEST WIND SPEED    44   HIGHEST WIND DIRECTION     W (270)
  HIGHEST GUST SPEED    54   HIGHEST GUST DIRECTION     W (270)
  AVERAGE WIND SPEED    13.4


SKY COVER
  POSSIBLE SUNSHINE  MM
  AVERAGE SKY COVER 0.1


WEATHER CONDITIONS
 THE FOLLOWING WEATHER WAS RECORDED YESTERDAY.
  THUNDERSTORM
  LIGHT RAIN


RELATIVE HUMIDITY (PERCENT)
 HIGHEST    66          1000 PM
 LOWEST     21           400 PM
 AVERAGE    44

..........................................................


THE BIG PINEY WY CLIMATE NORMALS FOR TODAY
                         NORMAL    RECORD    YEAR
 MAXIMUM TEMPERATURE (F)   77        93      2013
 MINIMUM TEMPERATURE (F)   41        30      1984
                                             1980


SUNRISE AND SUNSET
JUNE 28 2017..........SUNRISE   545 AM MDT   SUNSET   902 PM MDT
JUNE 29 2017..........SUNRISE   546 AM MDT   SUNSET   902 PM MDT


-  INDICATES NEGATIVE NUMBERS.
R  INDICATES RECORD WAS SET OR TIED.
MM INDICATES DATA IS MISSING.
T  INDICATES TRACE AMOUNT.




$$
