000
CDUS45 KRIW 290739
CLIBPI


CLIMATE REPORT
NATIONAL WEATHER SERVICE RIVERTON WY
137 AM MDT THU SEP 29 2016


...................................

...THE BIG PINEY WY CLIMATE SUMMARY FOR SEPTEMBER 28 2016...

CLIMATE NORMAL PERIOD 1981 TO 2010
CLIMATE RECORD PERIOD 1976 TO 2016


WEATHER ITEM   OBSERVED TIME   RECORD YEAR NORMAL DEPARTURE LAST
                VALUE   (LST)  VALUE       VALUE  FROM      YEAR
                                                  NORMAL
..................................................................
TEMPERATURE (F)
 YESTERDAY
  MAXIMUM         74    300 PM  84    2010  63     11       74
  MINIMUM         33    625 AM  14    1999  27      6       39
  AVERAGE         54                        45      9       57

PRECIPITATION (IN)
  YESTERDAY        0.00          0.54 1982   0.02  -0.02     0.06
  MONTH TO DATE    1.56                      0.73   0.83     0.30
  SINCE SEP 1      1.56                      0.73   0.83     0.30
  SINCE JAN 1      9.04                      5.39   3.65     5.63

DEGREE DAYS
 HEATING
  YESTERDAY       11                        20     -9        8
  MONTH TO DATE  346                       417    -71      293
  SINCE SEP 1    346                       417    -71      293
  SINCE JUL 1    629                       710    -81      570

 COOLING
  YESTERDAY        0                         0      0        0
  MONTH TO DATE    0                         0      0        0
  SINCE SEP 1      0                         0      0        0
  SINCE JAN 1     23                        35    -12       53
..................................................................


WIND (MPH)
  HIGHEST WIND SPEED    15   HIGHEST WIND DIRECTION    SW (210)
  HIGHEST GUST SPEED    20   HIGHEST GUST DIRECTION    SW (210)
  AVERAGE WIND SPEED     4.4


SKY COVER
  POSSIBLE SUNSHINE  MM
  AVERAGE SKY COVER 0.0


WEATHER CONDITIONS
 THE FOLLOWING WEATHER WAS RECORDED YESTERDAY.
  NO SIGNIFICANT WEATHER WAS OBSERVED.


RELATIVE HUMIDITY (PERCENT)
 HIGHEST    92           700 AM
 LOWEST     19           100 PM
 AVERAGE    56

..........................................................


THE BIG PINEY WY CLIMATE NORMALS FOR TODAY
                         NORMAL    RECORD    YEAR
 MAXIMUM TEMPERATURE (F)   63        78      2010
                                             2001
 MINIMUM TEMPERATURE (F)   27        11      1999


SUNRISE AND SUNSET
SEPTEMBER 29 2016.....SUNRISE   716 AM MDT   SUNSET   704 PM MDT
SEPTEMBER 30 2016.....SUNRISE   717 AM MDT   SUNSET   703 PM MDT


-  INDICATES NEGATIVE NUMBERS.
R  INDICATES RECORD WAS SET OR TIED.
MM INDICATES DATA IS MISSING.
T  INDICATES TRACE AMOUNT.




$$
